[INFO] cloning repository https://github.com/Mandar-Shinde/rust-alerts
[INFO] running `Command { std: "git" "-c" "credential.helper=" "-c" "credential.helper=/workspace/cargo-home/bin/git-credential-null" "clone" "--bare" "https://github.com/Mandar-Shinde/rust-alerts" "/workspace/cache/git-repos/https%3A%2F%2Fgithub.com%2FMandar-Shinde%2Frust-alerts", kill_on_drop: false }`
[INFO] [stderr] Cloning into bare repository '/workspace/cache/git-repos/https%3A%2F%2Fgithub.com%2FMandar-Shinde%2Frust-alerts'...
[INFO] running `Command { std: "git" "rev-parse" "HEAD", kill_on_drop: false }`
[INFO] [stdout] 5ff886e60b719e9250a50ac41abe3c8b70195b93
[INFO] testing Mandar-Shinde/rust-alerts against beta-2021-08-01 for beta-1.55-1
[INFO] running `Command { std: "git" "clone" "/workspace/cache/git-repos/https%3A%2F%2Fgithub.com%2FMandar-Shinde%2Frust-alerts" "/workspace/builds/worker-11/source", kill_on_drop: false }`
[INFO] [stderr] Cloning into '/workspace/builds/worker-11/source'...
[INFO] [stderr] done.
[INFO] validating manifest of git repo https://github.com/Mandar-Shinde/rust-alerts on toolchain beta-2021-08-01
[INFO] running `Command { std: "/workspace/cargo-home/bin/cargo" "+beta-2021-08-01" "metadata" "--manifest-path" "Cargo.toml" "--no-deps", kill_on_drop: false }`
[INFO] started tweaking git repo https://github.com/Mandar-Shinde/rust-alerts
[INFO] finished tweaking git repo https://github.com/Mandar-Shinde/rust-alerts
[INFO] tweaked toml for git repo https://github.com/Mandar-Shinde/rust-alerts written to /workspace/builds/worker-11/source/Cargo.toml
[INFO] crate git repo https://github.com/Mandar-Shinde/rust-alerts already has a lockfile, it will not be regenerated
[INFO] running `Command { std: "/workspace/cargo-home/bin/cargo" "+beta-2021-08-01" "fetch" "--manifest-path" "Cargo.toml", kill_on_drop: false }`
[INFO] running `Command { std: "docker" "create" "-v" "/var/lib/crater-agent-workspace/builds/worker-11/target:/opt/rustwide/target:rw,Z" "-v" "/var/lib/crater-agent-workspace/builds/worker-11/source:/opt/rustwide/workdir:ro,Z" "-v" "/var/lib/crater-agent-workspace/cargo-home:/opt/rustwide/cargo-home:ro,Z" "-v" "/var/lib/crater-agent-workspace/rustup-home:/opt/rustwide/rustup-home:ro,Z" "-e" "SOURCE_DIR=/opt/rustwide/workdir" "-e" "CARGO_TARGET_DIR=/opt/rustwide/target" "-e" "CARGO_HOME=/opt/rustwide/cargo-home" "-e" "RUSTUP_HOME=/opt/rustwide/rustup-home" "-w" "/opt/rustwide/workdir" "-m" "1610612736" "--user" "0:0" "--network" "none" "ghcr.io/rust-lang/crates-build-env/linux@sha256:34b6a614d2c27851fe6cbf88fbd1137609cefab8b10d0615aaeb6fd47975d74e" "/opt/rustwide/cargo-home/bin/cargo" "+beta-2021-08-01" "metadata" "--no-deps" "--format-version=1", kill_on_drop: false }`
[INFO] [stdout] 60d13fdf410535d25960200f3ea52096818bfb5ec0802f6732919a2a585359b9
[INFO] running `Command { std: "docker" "start" "-a" "60d13fdf410535d25960200f3ea52096818bfb5ec0802f6732919a2a585359b9", kill_on_drop: false }`
[INFO] running `Command { std: "docker" "inspect" "60d13fdf410535d25960200f3ea52096818bfb5ec0802f6732919a2a585359b9", kill_on_drop: false }`
[INFO] running `Command { std: "docker" "rm" "-f" "60d13fdf410535d25960200f3ea52096818bfb5ec0802f6732919a2a585359b9", kill_on_drop: false }`
[INFO] [stdout] 60d13fdf410535d25960200f3ea52096818bfb5ec0802f6732919a2a585359b9
[INFO] running `Command { std: "docker" "create" "-v" "/var/lib/crater-agent-workspace/builds/worker-11/target:/opt/rustwide/target:rw,Z" "-v" "/var/lib/crater-agent-workspace/builds/worker-11/source:/opt/rustwide/workdir:ro,Z" "-v" "/var/lib/crater-agent-workspace/cargo-home:/opt/rustwide/cargo-home:ro,Z" "-v" "/var/lib/crater-agent-workspace/rustup-home:/opt/rustwide/rustup-home:ro,Z" "-e" "SOURCE_DIR=/opt/rustwide/workdir" "-e" "CARGO_TARGET_DIR=/opt/rustwide/target" "-e" "CARGO_INCREMENTAL=0" "-e" "RUST_BACKTRACE=full" "-e" "RUSTFLAGS=--cap-lints=warn" "-e" "CARGO_HOME=/opt/rustwide/cargo-home" "-e" "RUSTUP_HOME=/opt/rustwide/rustup-home" "-w" "/opt/rustwide/workdir" "-m" "1610612736" "--user" "0:0" "--network" "none" "ghcr.io/rust-lang/crates-build-env/linux@sha256:34b6a614d2c27851fe6cbf88fbd1137609cefab8b10d0615aaeb6fd47975d74e" "/opt/rustwide/cargo-home/bin/cargo" "+beta-2021-08-01" "build" "--frozen" "--message-format=json", kill_on_drop: false }`
[INFO] [stdout] 1586bb1848a7e13a4f573ecf72b0c6047f295676e7310090c8c0c287f9a4261f
[INFO] running `Command { std: "docker" "start" "-a" "1586bb1848a7e13a4f573ecf72b0c6047f295676e7310090c8c0c287f9a4261f", kill_on_drop: false }`
[INFO] [stderr]    Compiling alerts v0.1.0 (/opt/rustwide/workdir)
[INFO] [stdout] warning: unused variable: `head`
[INFO] [stdout]   --> src/alert.rs:33:18
[INFO] [stdout]    |
[INFO] [stdout] 33 | fn alert_message(head: &str,msg: &str,_wflags: i32) -> Result<(), Error> {
[INFO] [stdout]    |                  ^^^^ help: if this is intentional, prefix it with an underscore: `_head`
[INFO] [stdout]    |
[INFO] [stdout]    = note: `#[warn(unused_variables)]` on by default
[INFO] [stdout] 
[INFO] [stdout] 
[INFO] [stdout] warning: 1 warning emitted
[INFO] [stdout] 
[INFO] [stdout] 
[INFO] [stderr]     Finished dev [unoptimized + debuginfo] target(s) in 0.33s
[INFO] running `Command { std: "docker" "inspect" "1586bb1848a7e13a4f573ecf72b0c6047f295676e7310090c8c0c287f9a4261f", kill_on_drop: false }`
[INFO] running `Command { std: "docker" "rm" "-f" "1586bb1848a7e13a4f573ecf72b0c6047f295676e7310090c8c0c287f9a4261f", kill_on_drop: false }`
[INFO] [stdout] 1586bb1848a7e13a4f573ecf72b0c6047f295676e7310090c8c0c287f9a4261f
[INFO] running `Command { std: "docker" "create" "-v" "/var/lib/crater-agent-workspace/builds/worker-11/target:/opt/rustwide/target:rw,Z" "-v" "/var/lib/crater-agent-workspace/builds/worker-11/source:/opt/rustwide/workdir:ro,Z" "-v" "/var/lib/crater-agent-workspace/cargo-home:/opt/rustwide/cargo-home:ro,Z" "-v" "/var/lib/crater-agent-workspace/rustup-home:/opt/rustwide/rustup-home:ro,Z" "-e" "SOURCE_DIR=/opt/rustwide/workdir" "-e" "CARGO_TARGET_DIR=/opt/rustwide/target" "-e" "CARGO_INCREMENTAL=0" "-e" "RUST_BACKTRACE=full" "-e" "RUSTFLAGS=--cap-lints=warn" "-e" "CARGO_HOME=/opt/rustwide/cargo-home" "-e" "RUSTUP_HOME=/opt/rustwide/rustup-home" "-w" "/opt/rustwide/workdir" "-m" "1610612736" "--user" "0:0" "--network" "none" "ghcr.io/rust-lang/crates-build-env/linux@sha256:34b6a614d2c27851fe6cbf88fbd1137609cefab8b10d0615aaeb6fd47975d74e" "/opt/rustwide/cargo-home/bin/cargo" "+beta-2021-08-01" "test" "--frozen" "--no-run" "--message-format=json", kill_on_drop: false }`
[INFO] [stdout] 061c00bbd01158c88084d63603d49d895786760fa592afa178bd4c747066e0a9
[INFO] running `Command { std: "docker" "start" "-a" "061c00bbd01158c88084d63603d49d895786760fa592afa178bd4c747066e0a9", kill_on_drop: false }`
[INFO] [stdout] warning: unused variable: `head`
[INFO] [stdout]   --> src/alert.rs:33:18
[INFO] [stdout]    |
[INFO] [stdout] 33 | fn alert_message(head: &str,msg: &str,_wflags: i32) -> Result<(), Error> {
[INFO] [stdout]    |                  ^^^^ help: if this is intentional, prefix it with an underscore: `_head`
[INFO] [stdout]    |
[INFO] [stdout]    = note: `#[warn(unused_variables)]` on by default
[INFO] [stdout] 
[INFO] [stdout] 
[INFO] [stderr]    Compiling alerts v0.1.0 (/opt/rustwide/workdir)
[INFO] [stdout] warning: 1 warning emitted
[INFO] [stdout] 
[INFO] [stdout] 
[INFO] [stdout] warning: unused variable: `head`
[INFO] [stdout]   --> src/alert.rs:33:18
[INFO] [stdout]    |
[INFO] [stdout] 33 | fn alert_message(head: &str,msg: &str,_wflags: i32) -> Result<(), Error> {
[INFO] [stdout]    |                  ^^^^ help: if this is intentional, prefix it with an underscore: `_head`
[INFO] [stdout]    |
[INFO] [stdout]    = note: `#[warn(unused_variables)]` on by default
[INFO] [stdout] 
[INFO] [stdout] 
[INFO] [stdout] warning: 1 warning emitted
[INFO] [stdout] 
[INFO] [stdout] 
[INFO] [stderr]     Finished test [unoptimized + debuginfo] target(s) in 0.61s
[INFO] running `Command { std: "docker" "inspect" "061c00bbd01158c88084d63603d49d895786760fa592afa178bd4c747066e0a9", kill_on_drop: false }`
[INFO] running `Command { std: "docker" "rm" "-f" "061c00bbd01158c88084d63603d49d895786760fa592afa178bd4c747066e0a9", kill_on_drop: false }`
[INFO] [stdout] 061c00bbd01158c88084d63603d49d895786760fa592afa178bd4c747066e0a9
[INFO] running `Command { std: "docker" "create" "-v" "/var/lib/crater-agent-workspace/builds/worker-11/target:/opt/rustwide/target:rw,Z" "-v" "/var/lib/crater-agent-workspace/builds/worker-11/source:/opt/rustwide/workdir:ro,Z" "-v" "/var/lib/crater-agent-workspace/cargo-home:/opt/rustwide/cargo-home:ro,Z" "-v" "/var/lib/crater-agent-workspace/rustup-home:/opt/rustwide/rustup-home:ro,Z" "-e" "SOURCE_DIR=/opt/rustwide/workdir" "-e" "CARGO_TARGET_DIR=/opt/rustwide/target" "-e" "CARGO_INCREMENTAL=0" "-e" "RUST_BACKTRACE=full" "-e" "RUSTFLAGS=--cap-lints=warn" "-e" "CARGO_HOME=/opt/rustwide/cargo-home" "-e" "RUSTUP_HOME=/opt/rustwide/rustup-home" "-w" "/opt/rustwide/workdir" "-m" "1610612736" "--user" "0:0" "--network" "none" "ghcr.io/rust-lang/crates-build-env/linux@sha256:34b6a614d2c27851fe6cbf88fbd1137609cefab8b10d0615aaeb6fd47975d74e" "/opt/rustwide/cargo-home/bin/cargo" "+beta-2021-08-01" "test" "--frozen", kill_on_drop: false }`
[INFO] [stdout] 1307094797f9cc64a5c2fd768c47ef24e5eda09a02c4b1811cd8e364387d19dd
[INFO] running `Command { std: "docker" "start" "-a" "1307094797f9cc64a5c2fd768c47ef24e5eda09a02c4b1811cd8e364387d19dd", kill_on_drop: false }`
[INFO] [stdout] 
[INFO] [stderr] warning: unused variable: `head`
[INFO] [stdout] running 0 tests
[INFO] [stderr]   --> src/alert.rs:33:18
[INFO] [stdout] 
[INFO] [stderr]    |
[INFO] [stdout] test result: ok. 0 passed; 0 failed; 0 ignored; 0 measured; 0 filtered out; finished in 0.00s
[INFO] [stderr] 33 | fn alert_message(head: &str,msg: &str,_wflags: i32) -> Result<(), Error> {
[INFO] [stdout] 
[INFO] [stderr]    |                  ^^^^ help: if this is intentional, prefix it with an underscore: `_head`
[INFO] [stderr]    |
[INFO] [stderr]    = note: `#[warn(unused_variables)]` on by default
[INFO] [stderr] 
[INFO] [stderr] warning: `alerts` (lib) generated 1 warning
[INFO] [stderr] warning: `alerts` (lib test) generated 1 warning (1 duplicate)
[INFO] [stderr]     Finished test [unoptimized + debuginfo] target(s) in 0.01s
[INFO] [stderr]      Running unittests (/opt/rustwide/target/debug/deps/alert-af1597079370ac5e)
[INFO] [stderr]    Doc-tests alert
[INFO] [stdout] 
[INFO] [stdout] running 1 test
[INFO] [stdout] test src/alert.rs - (line 6) ... FAILED
[INFO] [stdout] 
[INFO] [stdout] failures:
[INFO] [stdout] 
[INFO] [stdout] ---- src/alert.rs - (line 6) stdout ----
[INFO] [stdout] error[E0463]: can't find crate for `alerts`
[INFO] [stdout]  --> src/alert.rs:6:1
[INFO] [stdout]   |
[INFO] [stdout] 2 | extern crate alerts;
[INFO] [stdout]   | ^^^^^^^^^^^^^^^^^^^^ can't find crate
[INFO] [stdout] 
[INFO] [stdout] error: aborting due to previous error
[INFO] [stdout] 
[INFO] [stdout] For more information about this error, try `rustc --explain E0463`.
[INFO] [stdout] Couldn't compile the test.
[INFO] [stdout] 
[INFO] [stdout] failures:
[INFO] [stdout]     src/alert.rs - (line 6)
[INFO] [stdout] 
[INFO] [stdout] test result: FAILED. 0 passed; 1 failed; 0 ignored; 0 measured; 0 filtered out; finished in 0.08s
[INFO] [stdout] 
[INFO] [stderr] error: test failed, to rerun pass '--doc'
[INFO] running `Command { std: "docker" "inspect" "1307094797f9cc64a5c2fd768c47ef24e5eda09a02c4b1811cd8e364387d19dd", kill_on_drop: false }`
[INFO] running `Command { std: "docker" "rm" "-f" "1307094797f9cc64a5c2fd768c47ef24e5eda09a02c4b1811cd8e364387d19dd", kill_on_drop: false }`
[INFO] [stdout] 1307094797f9cc64a5c2fd768c47ef24e5eda09a02c4b1811cd8e364387d19dd
