[INFO] cloning repository https://github.com/MEANyehoon/rust-design-pattern
[INFO] running `Command { std: "git" "-c" "credential.helper=" "-c" "credential.helper=/workspace/cargo-home/bin/git-credential-null" "clone" "--bare" "https://github.com/MEANyehoon/rust-design-pattern" "/workspace/cache/git-repos/https%3A%2F%2Fgithub.com%2FMEANyehoon%2Frust-design-pattern", kill_on_drop: false }`
[INFO] [stderr] Cloning into bare repository '/workspace/cache/git-repos/https%3A%2F%2Fgithub.com%2FMEANyehoon%2Frust-design-pattern'...
[INFO] running `Command { std: "git" "rev-parse" "HEAD", kill_on_drop: false }`
[INFO] [stdout] 4429598e5a23a52a0d4ba0e0fc2f00fa37d7b33d
[INFO] testing MEANyehoon/rust-design-pattern against 1.54.0 for beta-1.55-1
[INFO] running `Command { std: "git" "clone" "/workspace/cache/git-repos/https%3A%2F%2Fgithub.com%2FMEANyehoon%2Frust-design-pattern" "/workspace/builds/worker-9/source", kill_on_drop: false }`
[INFO] [stderr] Cloning into '/workspace/builds/worker-9/source'...
[INFO] [stderr] done.
[INFO] validating manifest of git repo https://github.com/MEANyehoon/rust-design-pattern on toolchain 1.54.0
[INFO] running `Command { std: "/workspace/cargo-home/bin/cargo" "+1.54.0" "metadata" "--manifest-path" "Cargo.toml" "--no-deps", kill_on_drop: false }`
[INFO] started tweaking git repo https://github.com/MEANyehoon/rust-design-pattern
[INFO] finished tweaking git repo https://github.com/MEANyehoon/rust-design-pattern
[INFO] tweaked toml for git repo https://github.com/MEANyehoon/rust-design-pattern written to /workspace/builds/worker-9/source/Cargo.toml
[INFO] crate git repo https://github.com/MEANyehoon/rust-design-pattern already has a lockfile, it will not be regenerated
[INFO] running `Command { std: "/workspace/cargo-home/bin/cargo" "+1.54.0" "fetch" "--manifest-path" "Cargo.toml", kill_on_drop: false }`
[INFO] [stderr]     Blocking waiting for file lock on package cache
[INFO] running `Command { std: "docker" "create" "-v" "/var/lib/crater-agent-workspace/builds/worker-9/target:/opt/rustwide/target:rw,Z" "-v" "/var/lib/crater-agent-workspace/builds/worker-9/source:/opt/rustwide/workdir:ro,Z" "-v" "/var/lib/crater-agent-workspace/cargo-home:/opt/rustwide/cargo-home:ro,Z" "-v" "/var/lib/crater-agent-workspace/rustup-home:/opt/rustwide/rustup-home:ro,Z" "-e" "SOURCE_DIR=/opt/rustwide/workdir" "-e" "CARGO_TARGET_DIR=/opt/rustwide/target" "-e" "CARGO_HOME=/opt/rustwide/cargo-home" "-e" "RUSTUP_HOME=/opt/rustwide/rustup-home" "-w" "/opt/rustwide/workdir" "-m" "1610612736" "--user" "0:0" "--network" "none" "ghcr.io/rust-lang/crates-build-env/linux@sha256:34b6a614d2c27851fe6cbf88fbd1137609cefab8b10d0615aaeb6fd47975d74e" "/opt/rustwide/cargo-home/bin/cargo" "+1.54.0" "metadata" "--no-deps" "--format-version=1", kill_on_drop: false }`
[INFO] [stdout] 7687b157087761d5597c40e585e9f6d4176681683d8a514cccbf777cb97a1a8b
[INFO] running `Command { std: "docker" "start" "-a" "7687b157087761d5597c40e585e9f6d4176681683d8a514cccbf777cb97a1a8b", kill_on_drop: false }`
[INFO] running `Command { std: "docker" "inspect" "7687b157087761d5597c40e585e9f6d4176681683d8a514cccbf777cb97a1a8b", kill_on_drop: false }`
[INFO] running `Command { std: "docker" "rm" "-f" "7687b157087761d5597c40e585e9f6d4176681683d8a514cccbf777cb97a1a8b", kill_on_drop: false }`
[INFO] [stdout] 7687b157087761d5597c40e585e9f6d4176681683d8a514cccbf777cb97a1a8b
[INFO] running `Command { std: "docker" "create" "-v" "/var/lib/crater-agent-workspace/builds/worker-9/target:/opt/rustwide/target:rw,Z" "-v" "/var/lib/crater-agent-workspace/builds/worker-9/source:/opt/rustwide/workdir:ro,Z" "-v" "/var/lib/crater-agent-workspace/cargo-home:/opt/rustwide/cargo-home:ro,Z" "-v" "/var/lib/crater-agent-workspace/rustup-home:/opt/rustwide/rustup-home:ro,Z" "-e" "SOURCE_DIR=/opt/rustwide/workdir" "-e" "CARGO_TARGET_DIR=/opt/rustwide/target" "-e" "CARGO_INCREMENTAL=0" "-e" "RUST_BACKTRACE=full" "-e" "RUSTFLAGS=--cap-lints=warn" "-e" "CARGO_HOME=/opt/rustwide/cargo-home" "-e" "RUSTUP_HOME=/opt/rustwide/rustup-home" "-w" "/opt/rustwide/workdir" "-m" "1610612736" "--user" "0:0" "--network" "none" "ghcr.io/rust-lang/crates-build-env/linux@sha256:34b6a614d2c27851fe6cbf88fbd1137609cefab8b10d0615aaeb6fd47975d74e" "/opt/rustwide/cargo-home/bin/cargo" "+1.54.0" "build" "--frozen" "--message-format=json", kill_on_drop: false }`
[INFO] [stdout] deaddab05fb85c8199361be98ca55aa8e11ad7baf37316e0a3c83488578765f7
[INFO] running `Command { std: "docker" "start" "-a" "deaddab05fb85c8199361be98ca55aa8e11ad7baf37316e0a3c83488578765f7", kill_on_drop: false }`
[INFO] [stderr]    Compiling decorator-pattern v0.1.0 (/opt/rustwide/workdir/decorator-pattern)
[INFO] [stderr]    Compiling factory v0.1.0 (/opt/rustwide/workdir/factory)
[INFO] [stderr]    Compiling simple-factory-pattern v0.1.0 (/opt/rustwide/workdir/simple-factory-pattern)
[INFO] [stdout] warning: unused import: `store::OrderPizza`
[INFO] [stdout]  --> factory/src/lib.rs:7:5
[INFO] [stdout]   |
[INFO] [stdout] 7 | use store::OrderPizza;
[INFO] [stdout]   |     ^^^^^^^^^^^^^^^^^
[INFO] [stdout]   |
[INFO] [stdout]   = note: `#[warn(unused_imports)]` on by default
[INFO] [stdout] 
[INFO] [stdout] 
[INFO] [stdout] warning: unused imports: `NyPizzaStore`, `PizzaType as NyPizzaType`
[INFO] [stdout]   --> factory/src/lib.rs:9:5
[INFO] [stdout]    |
[INFO] [stdout] 9  |     NyPizzaStore,
[INFO] [stdout]    |     ^^^^^^^^^^^^
[INFO] [stdout] 10 |     PizzaType as NyPizzaType
[INFO] [stdout]    |     ^^^^^^^^^^^^^^^^^^^^^^^^
[INFO] [stdout] 
[INFO] [stdout] 
[INFO] [stdout] warning: unused imports: `ChicagoPizzaStore`, `PizzaType as ChicagoPizzaType`
[INFO] [stdout]   --> factory/src/lib.rs:13:5
[INFO] [stdout]    |
[INFO] [stdout] 13 |     ChicagoPizzaStore,
[INFO] [stdout]    |     ^^^^^^^^^^^^^^^^^
[INFO] [stdout] 14 |     PizzaType as ChicagoPizzaType
[INFO] [stdout]    |     ^^^^^^^^^^^^^^^^^^^^^^^^^^^^^
[INFO] [stdout] 
[INFO] [stdout] 
[INFO] [stdout] warning: enum is never used: `ShapeType`
[INFO] [stdout]  --> simple-factory-pattern/src/lib.rs:1:6
[INFO] [stdout]   |
[INFO] [stdout] 1 | enum ShapeType {
[INFO] [stdout]   |      ^^^^^^^^^
[INFO] [stdout]   |
[INFO] [stdout]   = note: `#[warn(dead_code)]` on by default
[INFO] [stdout] 
[INFO] [stdout] 
[INFO] [stdout] warning: associated function is never used: `new`
[INFO] [stdout]   --> simple-factory-pattern/src/lib.rs:16:8
[INFO] [stdout]    |
[INFO] [stdout] 16 |     fn new() -> Self {
[INFO] [stdout]    |        ^^^
[INFO] [stdout] 
[INFO] [stdout] 
[INFO] [stdout] warning: associated function is never used: `new`
[INFO] [stdout]   --> simple-factory-pattern/src/lib.rs:39:8
[INFO] [stdout]    |
[INFO] [stdout] 39 |     fn new() -> Self { Self { is_draw: false } }
[INFO] [stdout]    |        ^^^
[INFO] [stdout] 
[INFO] [stdout] 
[INFO] [stdout] warning: struct is never constructed: `ShapeFactory`
[INFO] [stdout]   --> simple-factory-pattern/src/lib.rs:54:8
[INFO] [stdout]    |
[INFO] [stdout] 54 | struct ShapeFactory;
[INFO] [stdout]    |        ^^^^^^^^^^^^
[INFO] [stdout] 
[INFO] [stdout] 
[INFO] [stdout] warning: associated function is never used: `create_shape`
[INFO] [stdout]   --> simple-factory-pattern/src/lib.rs:56:8
[INFO] [stdout]    |
[INFO] [stdout] 56 |     fn create_shape(shape_type: ShapeType) -> Box<dyn Shape> {
[INFO] [stdout]    |        ^^^^^^^^^^^^
[INFO] [stdout] 
[INFO] [stdout] 
[INFO] [stdout] warning: variant is never constructed: `Cheese`
[INFO] [stdout]  --> factory/src/new_york/pizza.rs:4:5
[INFO] [stdout]   |
[INFO] [stdout] 4 |     Cheese,
[INFO] [stdout]   |     ^^^^^^
[INFO] [stdout]   |
[INFO] [stdout]   = note: `#[warn(dead_code)]` on by default
[INFO] [stdout] 
[INFO] [stdout] 
[INFO] [stdout] warning: variant is never constructed: `Fruit`
[INFO] [stdout]  --> factory/src/new_york/pizza.rs:5:5
[INFO] [stdout]   |
[INFO] [stdout] 5 |     Fruit
[INFO] [stdout]   |     ^^^^^
[INFO] [stdout] 
[INFO] [stdout] 
[INFO] [stdout] warning: variant is never constructed: `Cheese`
[INFO] [stdout]  --> factory/src/chicago/pizza.rs:4:5
[INFO] [stdout]   |
[INFO] [stdout] 4 |     Cheese,
[INFO] [stdout]   |     ^^^^^^
[INFO] [stdout] 
[INFO] [stdout] 
[INFO] [stdout] warning: variant is never constructed: `Fruit`
[INFO] [stdout]  --> factory/src/chicago/pizza.rs:5:5
[INFO] [stdout]   |
[INFO] [stdout] 5 |     Fruit
[INFO] [stdout]   |     ^^^^^
[INFO] [stdout] 
[INFO] [stdout] 
[INFO] [stdout] warning: 5 warnings emitted
[INFO] [stdout] 
[INFO] [stdout] 
[INFO] [stdout] warning: 7 warnings emitted
[INFO] [stdout] 
[INFO] [stdout] 
[INFO] [stderr]     Finished dev [unoptimized + debuginfo] target(s) in 0.39s
[INFO] running `Command { std: "docker" "inspect" "deaddab05fb85c8199361be98ca55aa8e11ad7baf37316e0a3c83488578765f7", kill_on_drop: false }`
[INFO] running `Command { std: "docker" "rm" "-f" "deaddab05fb85c8199361be98ca55aa8e11ad7baf37316e0a3c83488578765f7", kill_on_drop: false }`
[INFO] [stdout] deaddab05fb85c8199361be98ca55aa8e11ad7baf37316e0a3c83488578765f7
[INFO] running `Command { std: "docker" "create" "-v" "/var/lib/crater-agent-workspace/builds/worker-9/target:/opt/rustwide/target:rw,Z" "-v" "/var/lib/crater-agent-workspace/builds/worker-9/source:/opt/rustwide/workdir:ro,Z" "-v" "/var/lib/crater-agent-workspace/cargo-home:/opt/rustwide/cargo-home:ro,Z" "-v" "/var/lib/crater-agent-workspace/rustup-home:/opt/rustwide/rustup-home:ro,Z" "-e" "SOURCE_DIR=/opt/rustwide/workdir" "-e" "CARGO_TARGET_DIR=/opt/rustwide/target" "-e" "CARGO_INCREMENTAL=0" "-e" "RUST_BACKTRACE=full" "-e" "RUSTFLAGS=--cap-lints=warn" "-e" "CARGO_HOME=/opt/rustwide/cargo-home" "-e" "RUSTUP_HOME=/opt/rustwide/rustup-home" "-w" "/opt/rustwide/workdir" "-m" "1610612736" "--user" "0:0" "--network" "none" "ghcr.io/rust-lang/crates-build-env/linux@sha256:34b6a614d2c27851fe6cbf88fbd1137609cefab8b10d0615aaeb6fd47975d74e" "/opt/rustwide/cargo-home/bin/cargo" "+1.54.0" "test" "--frozen" "--no-run" "--message-format=json", kill_on_drop: false }`
[INFO] [stdout] 165329ae3ee2cc65bfa576826e39bcd3989b2d0518bcd4742a1b539498d7f1a8
[INFO] running `Command { std: "docker" "start" "-a" "165329ae3ee2cc65bfa576826e39bcd3989b2d0518bcd4742a1b539498d7f1a8", kill_on_drop: false }`
[INFO] [stdout] warning: enum is never used: `ShapeType`
[INFO] [stdout]  --> simple-factory-pattern/src/lib.rs:1:6
[INFO] [stdout]   |
[INFO] [stdout] 1 | enum ShapeType {
[INFO] [stdout]   |      ^^^^^^^^^
[INFO] [stdout]   |
[INFO] [stdout]   = note: `#[warn(dead_code)]` on by default
[INFO] [stdout] 
[INFO] [stdout] 
[INFO] [stdout] warning: associated function is never used: `new`
[INFO] [stdout]   --> simple-factory-pattern/src/lib.rs:16:8
[INFO] [stdout]    |
[INFO] [stdout] 16 |     fn new() -> Self {
[INFO] [stdout]    |        ^^^
[INFO] [stdout] 
[INFO] [stdout] 
[INFO] [stdout] warning: associated function is never used: `new`
[INFO] [stdout]   --> simple-factory-pattern/src/lib.rs:39:8
[INFO] [stdout]    |
[INFO] [stdout] 39 |     fn new() -> Self { Self { is_draw: false } }
[INFO] [stdout]    |        ^^^
[INFO] [stdout] 
[INFO] [stdout] 
[INFO] [stdout] warning: struct is never constructed: `ShapeFactory`
[INFO] [stdout]   --> simple-factory-pattern/src/lib.rs:54:8
[INFO] [stdout]    |
[INFO] [stdout] 54 | struct ShapeFactory;
[INFO] [stdout]    |        ^^^^^^^^^^^^
[INFO] [stdout] 
[INFO] [stdout] 
[INFO] [stdout] warning: associated function is never used: `create_shape`
[INFO] [stdout]   --> simple-factory-pattern/src/lib.rs:56:8
[INFO] [stdout]    |
[INFO] [stdout] 56 |     fn create_shape(shape_type: ShapeType) -> Box<dyn Shape> {
[INFO] [stdout]    |        ^^^^^^^^^^^^
[INFO] [stdout] 
[INFO] [stdout] 
[INFO] [stdout] warning: 5 warnings emitted
[INFO] [stdout] 
[INFO] [stdout] 
[INFO] [stdout] warning: unused import: `store::OrderPizza`
[INFO] [stdout]  --> factory/src/lib.rs:7:5
[INFO] [stdout]   |
[INFO] [stdout] 7 | use store::OrderPizza;
[INFO] [stdout]   |     ^^^^^^^^^^^^^^^^^
[INFO] [stdout]   |
[INFO] [stdout]   = note: `#[warn(unused_imports)]` on by default
[INFO] [stdout] 
[INFO] [stdout] 
[INFO] [stdout] warning: unused imports: `NyPizzaStore`, `PizzaType as NyPizzaType`
[INFO] [stdout]   --> factory/src/lib.rs:9:5
[INFO] [stdout]    |
[INFO] [stdout] 9  |     NyPizzaStore,
[INFO] [stdout]    |     ^^^^^^^^^^^^
[INFO] [stdout] 10 |     PizzaType as NyPizzaType
[INFO] [stdout]    |     ^^^^^^^^^^^^^^^^^^^^^^^^
[INFO] [stdout] 
[INFO] [stdout] 
[INFO] [stdout] warning: unused imports: `ChicagoPizzaStore`, `PizzaType as ChicagoPizzaType`
[INFO] [stdout]   --> factory/src/lib.rs:13:5
[INFO] [stdout]    |
[INFO] [stdout] 13 |     ChicagoPizzaStore,
[INFO] [stdout]    |     ^^^^^^^^^^^^^^^^^
[INFO] [stdout] 14 |     PizzaType as ChicagoPizzaType
[INFO] [stdout]    |     ^^^^^^^^^^^^^^^^^^^^^^^^^^^^^
[INFO] [stdout] 
[INFO] [stdout] 
[INFO] [stdout] warning: variant is never constructed: `Cheese`
[INFO] [stdout]  --> factory/src/new_york/pizza.rs:4:5
[INFO] [stdout]   |
[INFO] [stdout] 4 |     Cheese,
[INFO] [stdout]   |     ^^^^^^
[INFO] [stdout]   |
[INFO] [stdout]   = note: `#[warn(dead_code)]` on by default
[INFO] [stdout] 
[INFO] [stdout] 
[INFO] [stdout] warning: variant is never constructed: `Fruit`
[INFO] [stdout]  --> factory/src/new_york/pizza.rs:5:5
[INFO] [stdout]   |
[INFO] [stdout] 5 |     Fruit
[INFO] [stdout]   |     ^^^^^
[INFO] [stdout] 
[INFO] [stdout] 
[INFO] [stdout] warning: variant is never constructed: `Cheese`
[INFO] [stdout]  --> factory/src/chicago/pizza.rs:4:5
[INFO] [stdout]   |
[INFO] [stdout] 4 |     Cheese,
[INFO] [stdout]   |     ^^^^^^
[INFO] [stdout] 
[INFO] [stdout] 
[INFO] [stderr]    Compiling decorator-pattern v0.1.0 (/opt/rustwide/workdir/decorator-pattern)
[INFO] [stdout] warning: variant is never constructed: `Fruit`
[INFO] [stdout]  --> factory/src/chicago/pizza.rs:5:5
[INFO] [stdout]   |
[INFO] [stdout] 5 |     Fruit
[INFO] [stdout]   |     ^^^^^
[INFO] [stdout] 
[INFO] [stdout] 
[INFO] [stderr]    Compiling simple-factory-pattern v0.1.0 (/opt/rustwide/workdir/simple-factory-pattern)
[INFO] [stdout] warning: 7 warnings emitted
[INFO] [stdout] 
[INFO] [stdout] 
[INFO] [stderr]    Compiling factory v0.1.0 (/opt/rustwide/workdir/factory)
[INFO] [stderr]     Finished test [unoptimized + debuginfo] target(s) in 0.44s
[INFO] running `Command { std: "docker" "inspect" "165329ae3ee2cc65bfa576826e39bcd3989b2d0518bcd4742a1b539498d7f1a8", kill_on_drop: false }`
[INFO] running `Command { std: "docker" "rm" "-f" "165329ae3ee2cc65bfa576826e39bcd3989b2d0518bcd4742a1b539498d7f1a8", kill_on_drop: false }`
[INFO] [stdout] 165329ae3ee2cc65bfa576826e39bcd3989b2d0518bcd4742a1b539498d7f1a8
[INFO] running `Command { std: "docker" "create" "-v" "/var/lib/crater-agent-workspace/builds/worker-9/target:/opt/rustwide/target:rw,Z" "-v" "/var/lib/crater-agent-workspace/builds/worker-9/source:/opt/rustwide/workdir:ro,Z" "-v" "/var/lib/crater-agent-workspace/cargo-home:/opt/rustwide/cargo-home:ro,Z" "-v" "/var/lib/crater-agent-workspace/rustup-home:/opt/rustwide/rustup-home:ro,Z" "-e" "SOURCE_DIR=/opt/rustwide/workdir" "-e" "CARGO_TARGET_DIR=/opt/rustwide/target" "-e" "CARGO_INCREMENTAL=0" "-e" "RUST_BACKTRACE=full" "-e" "RUSTFLAGS=--cap-lints=warn" "-e" "CARGO_HOME=/opt/rustwide/cargo-home" "-e" "RUSTUP_HOME=/opt/rustwide/rustup-home" "-w" "/opt/rustwide/workdir" "-m" "1610612736" "--user" "0:0" "--network" "none" "ghcr.io/rust-lang/crates-build-env/linux@sha256:34b6a614d2c27851fe6cbf88fbd1137609cefab8b10d0615aaeb6fd47975d74e" "/opt/rustwide/cargo-home/bin/cargo" "+1.54.0" "test" "--frozen", kill_on_drop: false }`
[INFO] [stdout] 39dbeed47b5503abfae61ac7da7d50e49fb28b700808f5a29daad71ace3380b2
[INFO] running `Command { std: "docker" "start" "-a" "39dbeed47b5503abfae61ac7da7d50e49fb28b700808f5a29daad71ace3380b2", kill_on_drop: false }`
[INFO] [stderr]     Blocking waiting for file lock on package cache
[INFO] [stderr] warning: enum is never used: `ShapeType`
[INFO] [stderr]  --> simple-factory-pattern/src/lib.rs:1:6
[INFO] [stderr]   |
[INFO] [stderr] 1 | enum ShapeType {
[INFO] [stderr]   |      ^^^^^^^^^
[INFO] [stderr]   |
[INFO] [stderr]   = note: `#[warn(dead_code)]` on by default
[INFO] [stderr] 
[INFO] [stderr] warning: associated function is never used: `new`
[INFO] [stderr]   --> simple-factory-pattern/src/lib.rs:16:8
[INFO] [stderr]    |
[INFO] [stderr] 16 |     fn new() -> Self {
[INFO] [stderr]    |        ^^^
[INFO] [stderr] 
[INFO] [stderr] warning: associated function is never used: `new`
[INFO] [stderr]   --> simple-factory-pattern/src/lib.rs:39:8
[INFO] [stderr]    |
[INFO] [stderr] 39 |     fn new() -> Self { Self { is_draw: false } }
[INFO] [stderr]    |        ^^^
[INFO] [stderr] 
[INFO] [stderr] warning: struct is never constructed: `ShapeFactory`
[INFO] [stderr]   --> simple-factory-pattern/src/lib.rs:54:8
[INFO] [stderr]    |
[INFO] [stderr] 54 | struct ShapeFactory;
[INFO] [stderr]    |        ^^^^^^^^^^^^
[INFO] [stderr] 
[INFO] [stderr] warning: associated function is never used: `create_shape`
[INFO] [stderr]   --> simple-factory-pattern/src/lib.rs:56:8
[INFO] [stderr]    |
[INFO] [stderr] 56 |     fn create_shape(shape_type: ShapeType) -> Box<dyn Shape> {
[INFO] [stderr]    |        ^^^^^^^^^^^^
[INFO] [stderr] 
[INFO] [stderr] warning: 5 warnings emitted
[INFO] [stderr] 
[INFO] [stderr] warning: unused import: `store::OrderPizza`
[INFO] [stderr]  --> factory/src/lib.rs:7:5
[INFO] [stderr]   |
[INFO] [stderr] 7 | use store::OrderPizza;
[INFO] [stderr]   |     ^^^^^^^^^^^^^^^^^
[INFO] [stderr]   |
[INFO] [stderr]   = note: `#[warn(unused_imports)]` on by default
[INFO] [stderr] 
[INFO] [stderr] warning: unused imports: `NyPizzaStore`, `PizzaType as NyPizzaType`
[INFO] [stderr]   --> factory/src/lib.rs:9:5
[INFO] [stderr]    |
[INFO] [stderr] 9  |     NyPizzaStore,
[INFO] [stderr]    |     ^^^^^^^^^^^^
[INFO] [stderr] 10 |     PizzaType as NyPizzaType
[INFO] [stderr]    |     ^^^^^^^^^^^^^^^^^^^^^^^^
[INFO] [stderr] 
[INFO] [stderr] warning: unused imports: `ChicagoPizzaStore`, `PizzaType as ChicagoPizzaType`
[INFO] [stderr]   --> factory/src/lib.rs:13:5
[INFO] [stderr]    |
[INFO] [stderr] 13 |     ChicagoPizzaStore,
[INFO] [stderr]    |     ^^^^^^^^^^^^^^^^^
[INFO] [stderr] 14 |     PizzaType as ChicagoPizzaType
[INFO] [stderr]    |     ^^^^^^^^^^^^^^^^^^^^^^^^^^^^^
[INFO] [stderr] 
[INFO] [stderr] warning: variant is never constructed: `Cheese`
[INFO] [stderr]  --> factory/src/new_york/pizza.rs:4:5
[INFO] [stderr]   |
[INFO] [stderr] 4 |     Cheese,
[INFO] [stderr]   |     ^^^^^^
[INFO] [stderr]   |
[INFO] [stderr]   = note: `#[warn(dead_code)]` on by default
[INFO] [stderr] 
[INFO] [stderr] warning: variant is never constructed: `Fruit`
[INFO] [stderr]  --> factory/src/new_york/pizza.rs:5:5
[INFO] [stderr]   |
[INFO] [stderr] 5 |     Fruit
[INFO] [stderr]   |     ^^^^^
[INFO] [stderr] 
[INFO] [stderr] warning: variant is never constructed: `Cheese`
[INFO] [stderr]  --> factory/src/chicago/pizza.rs:4:5
[INFO] [stderr]   |
[INFO] [stderr] 4 |     Cheese,
[INFO] [stderr]   |     ^^^^^^
[INFO] [stderr] 
[INFO] [stderr] warning: variant is never constructed: `Fruit`
[INFO] [stderr]  --> factory/src/chicago/pizza.rs:5:5
[INFO] [stderr]   |
[INFO] [stderr] 5 |     Fruit
[INFO] [stderr]   |     ^^^^^
[INFO] [stderr] 
[INFO] [stderr] warning: 7 warnings emitted
[INFO] [stderr] 
[INFO] [stderr]     Finished test [unoptimized + debuginfo] target(s) in 0.48s
[INFO] [stderr]      Running unittests (/opt/rustwide/target/debug/deps/decorator_pattern-ce568402b6282d3e)
[INFO] [stdout] 
[INFO] [stdout] running 1 test
[INFO] [stdout] test tests::it_works ... ok
[INFO] [stdout] 
[INFO] [stdout] test result: ok. 1 passed; 0 failed; 0 ignored; 0 measured; 0 filtered out; finished in 0.00s
[INFO] [stdout] 
[INFO] [stderr]      Running unittests (/opt/rustwide/target/debug/deps/factory-0f3505bae7f666f4)
[INFO] [stdout] 
[INFO] [stdout] running 1 test
[INFO] [stdout] test tests::print_something ... FAILED
[INFO] [stdout] 
[INFO] [stdout] failures:
[INFO] [stdout] 
[INFO] [stdout] ---- tests::print_something stdout ----
[INFO] [stdout] NewYorkCheesePizza prepare Cheese 
[INFO] [stdout] NewYorkCheesePizza bake Cheese 
[INFO] [stdout] NewYorkCheesePizza cut Cheese 
[INFO] [stdout] NewYorkFruitPizza prepare Fruit 
[INFO] [stdout] NewYorkFruitPizza bake Fruit 
[INFO] [stdout] NewYorkFruitPizza cut Fruit 
[INFO] [stdout] ChicagoCheesePizza prepare Chicago Cheese 
[INFO] [stdout] ChicagoCheesePizza bake Chicago Cheese 
[INFO] [stdout] ChicagoCheesePizza cut Chicago Cheese 
[INFO] [stdout] ChicagoFruitPizza prepare Chicago Fruit 
[INFO] [stdout] ChicagoFruitPizza bake Chicago Fruit 
[INFO] [stdout] ChicagoFruitPizza cut Chicago Fruit 
[INFO] [stdout] thread 'tests::print_something' panicked at 'assertion failed: `(left == right)`
[INFO] [stdout]   left: `1`,
[INFO] [stdout]  right: `2`', factory/src/lib.rs:32:9
[INFO] [stdout] stack backtrace:
[INFO] [stdout]    0:     0x564e87543180 - std::backtrace_rs::backtrace::libunwind::trace::h34055254b57d8e79
[INFO] [stdout]                                at /rustc/a178d0322ce20e33eac124758e837cbd80a6f633/library/std/src/../../backtrace/src/backtrace/libunwind.rs:90:5
[INFO] [stdout]    1:     0x564e87543180 - std::backtrace_rs::backtrace::trace_unsynchronized::h8f1e3fbd9afff6ec
[INFO] [stdout]                                at /rustc/a178d0322ce20e33eac124758e837cbd80a6f633/library/std/src/../../backtrace/src/backtrace/mod.rs:66:5
[INFO] [stdout]    2:     0x564e87543180 - std::sys_common::backtrace::_print_fmt::h3a99a796b770c360
[INFO] [stdout]                                at /rustc/a178d0322ce20e33eac124758e837cbd80a6f633/library/std/src/sys_common/backtrace.rs:67:5
[INFO] [stdout]    3:     0x564e87543180 - <std::sys_common::backtrace::_print::DisplayBacktrace as core::fmt::Display>::fmt::h32d1f94a80615d18
[INFO] [stdout]                                at /rustc/a178d0322ce20e33eac124758e837cbd80a6f633/library/std/src/sys_common/backtrace.rs:46:22
[INFO] [stdout]    4:     0x564e8756597c - core::fmt::write::h306731c068f7162c
[INFO] [stdout]                                at /rustc/a178d0322ce20e33eac124758e837cbd80a6f633/library/core/src/fmt/mod.rs:1110:17
[INFO] [stdout]    5:     0x564e875400a5 - std::io::Write::write_fmt::h87f19b0a2cd190bc
[INFO] [stdout]                                at /rustc/a178d0322ce20e33eac124758e837cbd80a6f633/library/std/src/io/mod.rs:1588:15
[INFO] [stdout]    6:     0x564e875452eb - std::sys_common::backtrace::_print::h5abaa2601a852287
[INFO] [stdout]                                at /rustc/a178d0322ce20e33eac124758e837cbd80a6f633/library/std/src/sys_common/backtrace.rs:49:5
[INFO] [stdout]    7:     0x564e875452eb - std::sys_common::backtrace::print::h8d81445442bb638f
[INFO] [stdout]                                at /rustc/a178d0322ce20e33eac124758e837cbd80a6f633/library/std/src/sys_common/backtrace.rs:36:9
[INFO] [stdout]    8:     0x564e875452eb - std::panicking::default_hook::{{closure}}::hcfe804496a9fa747
[INFO] [stdout]                                at /rustc/a178d0322ce20e33eac124758e837cbd80a6f633/library/std/src/panicking.rs:208:50
[INFO] [stdout]    9:     0x564e87544dfc - std::panicking::default_hook::hbea8e3ccf2ba8901
[INFO] [stdout]                                at /rustc/a178d0322ce20e33eac124758e837cbd80a6f633/library/std/src/panicking.rs:222:9
[INFO] [stdout]   10:     0x564e875459b4 - std::panicking::rust_panic_with_hook::h7ee9e1a2d0f8975a
[INFO] [stdout]                                at /rustc/a178d0322ce20e33eac124758e837cbd80a6f633/library/std/src/panicking.rs:622:17
[INFO] [stdout]   11:     0x564e87545497 - std::panicking::begin_panic_handler::{{closure}}::h8ab3b4491718b2c7
[INFO] [stdout]                                at /rustc/a178d0322ce20e33eac124758e837cbd80a6f633/library/std/src/panicking.rs:519:13
[INFO] [stdout]   12:     0x564e8754367c - std::sys_common::backtrace::__rust_end_short_backtrace::hd489062ffa586a9f
[INFO] [stdout]                                at /rustc/a178d0322ce20e33eac124758e837cbd80a6f633/library/std/src/sys_common/backtrace.rs:141:18
[INFO] [stdout]   13:     0x564e875453f9 - rust_begin_unwind
[INFO] [stdout]                                at /rustc/a178d0322ce20e33eac124758e837cbd80a6f633/library/std/src/panicking.rs:515:5
[INFO] [stdout]   14:     0x564e874ee641 - core::panicking::panic_fmt::hca6330e3e14086b4
[INFO] [stdout]                                at /rustc/a178d0322ce20e33eac124758e837cbd80a6f633/library/core/src/panicking.rs:92:14
[INFO] [stdout]   15:     0x564e87564298 - core::panicking::assert_failed_inner::h33b45280069a80ed
[INFO] [stdout]   16:     0x564e874efbaa - core::panicking::assert_failed::h60e1a678567d01c3
[INFO] [stdout]                                at /rustc/a178d0322ce20e33eac124758e837cbd80a6f633/library/core/src/panicking.rs:117:5
[INFO] [stdout]   17:     0x564e874f1eaf - factory::tests::print_something::hefd9913fe2bedc8a
[INFO] [stdout]                                at /opt/rustwide/workdir/factory/src/lib.rs:32:9
[INFO] [stdout]   18:     0x564e874f1d9a - factory::tests::print_something::{{closure}}::h98d631abaca3c755
[INFO] [stdout]                                at /opt/rustwide/workdir/factory/src/lib.rs:23:5
[INFO] [stdout]   19:     0x564e874f04fe - core::ops::function::FnOnce::call_once::h4591788a1aa44e32
[INFO] [stdout]                                at /rustc/a178d0322ce20e33eac124758e837cbd80a6f633/library/core/src/ops/function.rs:227:5
[INFO] [stdout]   20:     0x564e8751a683 - core::ops::function::FnOnce::call_once::h152e7e439ff59e19
[INFO] [stdout]                                at /rustc/a178d0322ce20e33eac124758e837cbd80a6f633/library/core/src/ops/function.rs:227:5
[INFO] [stdout]   21:     0x564e8751a683 - test::__rust_begin_short_backtrace::h0908f3b1fdbb72ab
[INFO] [stdout]                                at /rustc/a178d0322ce20e33eac124758e837cbd80a6f633/library/test/src/lib.rs:577:5
[INFO] [stdout]   22:     0x564e87519140 - <alloc::boxed::Box<F,A> as core::ops::function::FnOnce<Args>>::call_once::hf6d2a51e5587546c
[INFO] [stdout]                                at /rustc/a178d0322ce20e33eac124758e837cbd80a6f633/library/alloc/src/boxed.rs:1575:9
[INFO] [stdout]   23:     0x564e87519140 - <std::panic::AssertUnwindSafe<F> as core::ops::function::FnOnce<()>>::call_once::h8af660f3a89ef593
[INFO] [stdout]                                at /rustc/a178d0322ce20e33eac124758e837cbd80a6f633/library/std/src/panic.rs:347:9
[INFO] [stdout]   24:     0x564e87519140 - std::panicking::try::do_call::hd36aef60f84b6d36
[INFO] [stdout]                                at /rustc/a178d0322ce20e33eac124758e837cbd80a6f633/library/std/src/panicking.rs:401:40
[INFO] [stdout]   25:     0x564e87519140 - std::panicking::try::h9932b4480e69817c
[INFO] [stdout]                                at /rustc/a178d0322ce20e33eac124758e837cbd80a6f633/library/std/src/panicking.rs:365:19
[INFO] [stdout]   26:     0x564e87519140 - std::panic::catch_unwind::h6aa177099cfff5f8
[INFO] [stdout]                                at /rustc/a178d0322ce20e33eac124758e837cbd80a6f633/library/std/src/panic.rs:434:14
[INFO] [stdout]   27:     0x564e87519140 - test::run_test_in_process::h5884d6f2d99e20c3
[INFO] [stdout]                                at /rustc/a178d0322ce20e33eac124758e837cbd80a6f633/library/test/src/lib.rs:600:18
[INFO] [stdout]   28:     0x564e87519140 - test::run_test::run_test_inner::{{closure}}::h6fdc58c6d5f5b6e3
[INFO] [stdout]                                at /rustc/a178d0322ce20e33eac124758e837cbd80a6f633/library/test/src/lib.rs:492:39
[INFO] [stdout]   29:     0x564e874f27f2 - test::run_test::run_test_inner::{{closure}}::h408365d67a78ade8
[INFO] [stdout]                                at /rustc/a178d0322ce20e33eac124758e837cbd80a6f633/library/test/src/lib.rs:519:37
[INFO] [stdout]   30:     0x564e874f27f2 - std::sys_common::backtrace::__rust_begin_short_backtrace::hb560b77c4f701523
[INFO] [stdout]                                at /rustc/a178d0322ce20e33eac124758e837cbd80a6f633/library/std/src/sys_common/backtrace.rs:125:18
[INFO] [stdout]   31:     0x564e874f63a8 - std::thread::Builder::spawn_unchecked::{{closure}}::{{closure}}::hf2e7831dad93c597
[INFO] [stdout]                                at /rustc/a178d0322ce20e33eac124758e837cbd80a6f633/library/std/src/thread/mod.rs:481:17
[INFO] [stdout]   32:     0x564e874f63a8 - <std::panic::AssertUnwindSafe<F> as core::ops::function::FnOnce<()>>::call_once::hd2e08783d8be4d02
[INFO] [stdout]                                at /rustc/a178d0322ce20e33eac124758e837cbd80a6f633/library/std/src/panic.rs:347:9
[INFO] [stdout]   33:     0x564e874f63a8 - std::panicking::try::do_call::h062597b7acfd6b82
[INFO] [stdout]                                at /rustc/a178d0322ce20e33eac124758e837cbd80a6f633/library/std/src/panicking.rs:401:40
[INFO] [stdout]   34:     0x564e874f63a8 - std::panicking::try::h0d7b79db04c14552
[INFO] [stdout]                                at /rustc/a178d0322ce20e33eac124758e837cbd80a6f633/library/std/src/panicking.rs:365:19
[INFO] [stdout]   35:     0x564e874f63a8 - std::panic::catch_unwind::hb01a0b5e7c8cd43b
[INFO] [stdout]                                at /rustc/a178d0322ce20e33eac124758e837cbd80a6f633/library/std/src/panic.rs:434:14
[INFO] [stdout]   36:     0x564e874f63a8 - std::thread::Builder::spawn_unchecked::{{closure}}::h5bde48cc887e0d1e
[INFO] [stdout]                                at /rustc/a178d0322ce20e33eac124758e837cbd80a6f633/library/std/src/thread/mod.rs:480:30
[INFO] [stdout]   37:     0x564e874f63a8 - core::ops::function::FnOnce::call_once{{vtable.shim}}::h745ea30807a29e55
[INFO] [stdout]                                at /rustc/a178d0322ce20e33eac124758e837cbd80a6f633/library/core/src/ops/function.rs:227:5
[INFO] [stdout]   38:     0x564e8754a477 - <alloc::boxed::Box<F,A> as core::ops::function::FnOnce<Args>>::call_once::h7ece6cfefaff1005
[INFO] [stdout]                                at /rustc/a178d0322ce20e33eac124758e837cbd80a6f633/library/alloc/src/boxed.rs:1575:9
[INFO] [stdout]   39:     0x564e8754a477 - <alloc::boxed::Box<F,A> as core::ops::function::FnOnce<Args>>::call_once::hb8b48e55c21f193e
[INFO] [stdout]                                at /rustc/a178d0322ce20e33eac124758e837cbd80a6f633/library/alloc/src/boxed.rs:1575:9
[INFO] [stdout]   40:     0x564e8754a477 - std::sys::unix::thread::Thread::new::thread_start::h8c7c4450dba62914
[INFO] [stdout]                                at /rustc/a178d0322ce20e33eac124758e837cbd80a6f633/library/std/src/sys/unix/thread.rs:71:17
[INFO] [stdout]   41:     0x7f622a5eb609 - start_thread
[INFO] [stdout]   42:     0x7f622a3bd293 - clone
[INFO] [stdout]   43:                0x0 - <unknown>
[INFO] [stdout] 
[INFO] [stdout] 
[INFO] [stdout] failures:
[INFO] [stdout]     tests::print_something
[INFO] [stdout] 
[INFO] [stdout] test result: FAILED. 0 passed; 1 failed; 0 ignored; 0 measured; 0 filtered out; finished in 0.01s
[INFO] [stdout] 
[INFO] [stderr] error: test failed, to rerun pass '-p factory --lib'
[INFO] running `Command { std: "docker" "inspect" "39dbeed47b5503abfae61ac7da7d50e49fb28b700808f5a29daad71ace3380b2", kill_on_drop: false }`
[INFO] running `Command { std: "docker" "rm" "-f" "39dbeed47b5503abfae61ac7da7d50e49fb28b700808f5a29daad71ace3380b2", kill_on_drop: false }`
[INFO] [stdout] 39dbeed47b5503abfae61ac7da7d50e49fb28b700808f5a29daad71ace3380b2
