[INFO] cloning repository https://github.com/Lyr3x/soa
[INFO] running `Command { std: "git" "-c" "credential.helper=" "-c" "credential.helper=/workspace/cargo-home/bin/git-credential-null" "clone" "--bare" "https://github.com/Lyr3x/soa" "/workspace/cache/git-repos/https%3A%2F%2Fgithub.com%2FLyr3x%2Fsoa", kill_on_drop: false }`
[INFO] [stderr] Cloning into bare repository '/workspace/cache/git-repos/https%3A%2F%2Fgithub.com%2FLyr3x%2Fsoa'...
[INFO] running `Command { std: "git" "rev-parse" "HEAD", kill_on_drop: false }`
[INFO] [stdout] 5e17eb6f39e4e751825bc0e260370eb9d053aa41
[INFO] testing Lyr3x/soa against 1.54.0 for beta-1.55-1
[INFO] running `Command { std: "git" "clone" "/workspace/cache/git-repos/https%3A%2F%2Fgithub.com%2FLyr3x%2Fsoa" "/workspace/builds/worker-10/source", kill_on_drop: false }`
[INFO] [stderr] Cloning into '/workspace/builds/worker-10/source'...
[INFO] [stderr] done.
[INFO] validating manifest of git repo https://github.com/Lyr3x/soa on toolchain 1.54.0
[INFO] running `Command { std: "/workspace/cargo-home/bin/cargo" "+1.54.0" "metadata" "--manifest-path" "Cargo.toml" "--no-deps", kill_on_drop: false }`
[INFO] started tweaking git repo https://github.com/Lyr3x/soa
[INFO] finished tweaking git repo https://github.com/Lyr3x/soa
[INFO] tweaked toml for git repo https://github.com/Lyr3x/soa written to /workspace/builds/worker-10/source/Cargo.toml
[INFO] crate git repo https://github.com/Lyr3x/soa already has a lockfile, it will not be regenerated
[INFO] running `Command { std: "/workspace/cargo-home/bin/cargo" "+1.54.0" "fetch" "--manifest-path" "Cargo.toml", kill_on_drop: false }`
[INFO] running `Command { std: "docker" "create" "-v" "/var/lib/crater-agent-workspace/builds/worker-10/target:/opt/rustwide/target:rw,Z" "-v" "/var/lib/crater-agent-workspace/builds/worker-10/source:/opt/rustwide/workdir:ro,Z" "-v" "/var/lib/crater-agent-workspace/cargo-home:/opt/rustwide/cargo-home:ro,Z" "-v" "/var/lib/crater-agent-workspace/rustup-home:/opt/rustwide/rustup-home:ro,Z" "-e" "SOURCE_DIR=/opt/rustwide/workdir" "-e" "CARGO_TARGET_DIR=/opt/rustwide/target" "-e" "CARGO_HOME=/opt/rustwide/cargo-home" "-e" "RUSTUP_HOME=/opt/rustwide/rustup-home" "-w" "/opt/rustwide/workdir" "-m" "1610612736" "--user" "0:0" "--network" "none" "ghcr.io/rust-lang/crates-build-env/linux@sha256:34b6a614d2c27851fe6cbf88fbd1137609cefab8b10d0615aaeb6fd47975d74e" "/opt/rustwide/cargo-home/bin/cargo" "+1.54.0" "metadata" "--no-deps" "--format-version=1", kill_on_drop: false }`
[INFO] [stdout] a7e37f17014109108efee7bb263ec24d6b16f0ca70b3834e3ce5092306f6856e
[INFO] running `Command { std: "docker" "start" "-a" "a7e37f17014109108efee7bb263ec24d6b16f0ca70b3834e3ce5092306f6856e", kill_on_drop: false }`
[INFO] running `Command { std: "docker" "inspect" "a7e37f17014109108efee7bb263ec24d6b16f0ca70b3834e3ce5092306f6856e", kill_on_drop: false }`
[INFO] running `Command { std: "docker" "rm" "-f" "a7e37f17014109108efee7bb263ec24d6b16f0ca70b3834e3ce5092306f6856e", kill_on_drop: false }`
[INFO] [stdout] a7e37f17014109108efee7bb263ec24d6b16f0ca70b3834e3ce5092306f6856e
[INFO] running `Command { std: "docker" "create" "-v" "/var/lib/crater-agent-workspace/builds/worker-10/target:/opt/rustwide/target:rw,Z" "-v" "/var/lib/crater-agent-workspace/builds/worker-10/source:/opt/rustwide/workdir:ro,Z" "-v" "/var/lib/crater-agent-workspace/cargo-home:/opt/rustwide/cargo-home:ro,Z" "-v" "/var/lib/crater-agent-workspace/rustup-home:/opt/rustwide/rustup-home:ro,Z" "-e" "SOURCE_DIR=/opt/rustwide/workdir" "-e" "CARGO_TARGET_DIR=/opt/rustwide/target" "-e" "CARGO_INCREMENTAL=0" "-e" "RUST_BACKTRACE=full" "-e" "RUSTFLAGS=--cap-lints=warn" "-e" "CARGO_HOME=/opt/rustwide/cargo-home" "-e" "RUSTUP_HOME=/opt/rustwide/rustup-home" "-w" "/opt/rustwide/workdir" "-m" "1610612736" "--user" "0:0" "--network" "none" "ghcr.io/rust-lang/crates-build-env/linux@sha256:34b6a614d2c27851fe6cbf88fbd1137609cefab8b10d0615aaeb6fd47975d74e" "/opt/rustwide/cargo-home/bin/cargo" "+1.54.0" "build" "--frozen" "--message-format=json", kill_on_drop: false }`
[INFO] [stdout] 34051492a078683db370e3066ff112794add7c74f073c85e51609a338c0b4f83
[INFO] running `Command { std: "docker" "start" "-a" "34051492a078683db370e3066ff112794add7c74f073c85e51609a338c0b4f83", kill_on_drop: false }`
[INFO] [stderr]    Compiling libc v0.2.58
[INFO] [stderr]    Compiling autocfg v0.1.4
[INFO] [stderr]    Compiling cfg-if v0.1.9
[INFO] [stderr]    Compiling rand_core v0.4.0
[INFO] [stderr]    Compiling lazy_static v1.3.0
[INFO] [stderr]    Compiling cc v1.0.37
[INFO] [stderr]    Compiling futures v0.1.27
[INFO] [stderr]    Compiling byteorder v1.3.2
[INFO] [stderr]    Compiling version_check v0.1.5
[INFO] [stderr]    Compiling smallvec v0.6.10
[INFO] [stderr]    Compiling either v1.5.2
[INFO] [stderr]    Compiling scopeguard v0.3.3
[INFO] [stderr]    Compiling slab v0.4.2
[INFO] [stderr]    Compiling fnv v1.0.6
[INFO] [stderr]    Compiling syn v0.15.36
[INFO] [stderr]    Compiling stable_deref_trait v1.1.1
[INFO] [stderr]    Compiling arrayvec v0.4.10
[INFO] [stderr]    Compiling nodrop v0.1.13
[INFO] [stderr]    Compiling memoffset v0.2.1
[INFO] [stderr]    Compiling pkg-config v0.3.14
[INFO] [stderr]    Compiling itoa v0.4.4
[INFO] [stderr]    Compiling matches v0.1.8
[INFO] [stderr]    Compiling serde v1.0.92
[INFO] [stderr]    Compiling siphasher v0.2.3
[INFO] [stderr]    Compiling rustc-demangle v0.1.15
[INFO] [stderr]    Compiling bitflags v1.1.0
[INFO] [stderr]    Compiling memchr v2.2.0
[INFO] [stderr]    Compiling percent-encoding v1.0.1
[INFO] [stderr]    Compiling foreign-types-shared v0.1.1
[INFO] [stderr]    Compiling build_const v0.2.1
[INFO] [stderr]    Compiling httparse v1.3.3
[INFO] [stderr]    Compiling ryu v0.2.8
[INFO] [stderr]    Compiling openssl v0.10.23
[INFO] [stderr]    Compiling try-lock v0.2.2
[INFO] [stderr]    Compiling ucd-util v0.1.3
[INFO] [stderr]    Compiling failure_derive v0.1.5
[INFO] [stderr]    Compiling indexmap v1.0.2
[INFO] [stderr]    Compiling native-tls v0.2.3
[INFO] [stderr]    Compiling regex v1.1.7
[INFO] [stderr]    Compiling openssl-probe v0.1.2
[INFO] [stderr]    Compiling adler32 v1.0.3
[INFO] [stderr]    Compiling utf8-ranges v1.0.3
[INFO] [stderr]    Compiling crc32fast v1.2.0
[INFO] [stderr]    Compiling encoding_rs v0.8.17
[INFO] [stderr]    Compiling scoped-tls v0.1.2
[INFO] [stderr]    Compiling dtoa v0.4.4
[INFO] [stderr]    Compiling bitflags v0.7.0
[INFO] [stderr]    Compiling rustc-serialize v0.3.24
[INFO] [stderr]    Compiling xml-rs v0.8.0
[INFO] [stderr]    Compiling log v0.4.6
[INFO] [stderr]    Compiling try_from v0.3.2
[INFO] [stderr]    Compiling unicode-bidi v0.3.4
[INFO] [stderr]    Compiling owning_ref v0.4.0
[INFO] [stderr]    Compiling foreign-types v0.3.2
[INFO] [stderr]    Compiling crossbeam-utils v0.6.5
[INFO] [stderr]    Compiling tokio-trace-core v0.2.0
[INFO] [stderr]    Compiling thread_local v0.3.6
[INFO] [stderr]    Compiling rand_core v0.3.1
[INFO] [stderr]    Compiling rand_jitter v0.1.4
[INFO] [stderr]    Compiling miniz_oxide v0.2.1
[INFO] [stderr]    Compiling regex-syntax v0.6.7
[INFO] [stderr]    Compiling unicode-normalization v0.1.8
[INFO] [stderr]    Compiling crc v1.8.1
[INFO] [stderr]    Compiling xml-rs v0.3.6
[INFO] [stderr]    Compiling rand_pcg v0.1.2
[INFO] [stderr]    Compiling rand_chacha v0.1.1
[INFO] [stderr]    Compiling rand v0.6.5
[INFO] [stderr]    Compiling backtrace v0.3.30
[INFO] [stderr]    Compiling rand_xorshift v0.1.1
[INFO] [stderr]    Compiling rand_hc v0.1.0
[INFO] [stderr]    Compiling rand_isaac v0.1.1
[INFO] [stderr]    Compiling parking_lot_core v0.4.0
[INFO] [stderr]    Compiling quote v0.6.12
[INFO] [stderr]    Compiling lock_api v0.1.5
[INFO] [stderr]    Compiling unicase v1.4.2
[INFO] [stderr]    Compiling unicase v2.4.0
[INFO] [stderr]    Compiling error-chain v0.12.1
[INFO] [stderr]    Compiling crossbeam-queue v0.1.2
[INFO] [stderr]    Compiling tokio-executor v0.1.7
[INFO] [stderr]    Compiling tokio-sync v0.1.6
[INFO] [stderr]    Compiling want v0.0.6
[INFO] [stderr]    Compiling crossbeam-epoch v0.7.1
[INFO] [stderr]    Compiling aho-corasick v0.7.3
[INFO] [stderr]    Compiling idna v0.1.5
[INFO] [stderr]    Compiling tokio-current-thread v0.1.6
[INFO] [stderr]    Compiling tokio-timer v0.2.11
[INFO] [stderr]    Compiling iovec v0.1.2
[INFO] [stderr]    Compiling rand_os v0.1.3
[INFO] [stderr]    Compiling num_cpus v1.10.1
[INFO] [stderr]    Compiling net2 v0.2.33
[INFO] [stderr]    Compiling time v0.1.42
[INFO] [stderr]    Compiling phf_shared v0.7.24
[INFO] [stderr]    Compiling base64 v0.10.1
[INFO] [stderr]    Compiling backtrace-sys v0.1.28
[INFO] [stderr]    Compiling openssl-sys v0.9.47
[INFO] [stderr]    Compiling miniz_oxide_c_api v0.2.1
[INFO] [stderr]    Compiling bytes v0.4.12
[INFO] [stderr]    Compiling crossbeam-deque v0.7.1
[INFO] [stderr]    Compiling phf v0.7.24
[INFO] [stderr]    Compiling futures-cpupool v0.1.8
[INFO] [stderr]    Compiling mime v0.3.13
[INFO] [stderr]    Compiling mio v0.6.19
[INFO] [stderr]    Compiling xmlJSON v0.2.0
[INFO] [stderr]    Compiling tokio-io v0.1.12
[INFO] [stderr]    Compiling http v0.1.17
[INFO] [stderr]    Compiling tokio-buf v0.1.1
[INFO] [stderr]    Compiling string v0.2.0
[INFO] [stderr]    Compiling flate2 v1.0.9
[INFO] [stderr]    Compiling url v1.7.2
[INFO] [stderr]    Compiling cookie v0.12.0
[INFO] [stderr]    Compiling mio-uds v0.6.7
[INFO] [stderr]    Compiling tokio-codec v0.1.1
[INFO] [stderr]    Compiling error-chain v0.10.0
[INFO] [stderr]    Compiling tokio-threadpool v0.1.14
[INFO] [stderr]    Compiling phf_generator v0.7.24
[INFO] [stderr]    Compiling uuid v0.7.4
[INFO] [stderr]    Compiling phf_codegen v0.7.24
[INFO] [stderr]    Compiling parking_lot v0.7.1
[INFO] [stderr]    Compiling mime_guess v2.0.0-alpha.6
[INFO] [stderr]    Compiling tokio-reactor v0.1.9
[INFO] [stderr]    Compiling tokio-fs v0.1.6
[INFO] [stderr]    Compiling publicsuffix v1.5.2
[INFO] [stderr]    Compiling tokio-tcp v0.1.3
[INFO] [stderr]    Compiling tokio-udp v0.1.3
[INFO] [stderr]    Compiling tokio-uds v0.2.5
[INFO] [stderr]    Compiling synstructure v0.10.2
[INFO] [stderr]    Compiling tokio v0.1.21
[INFO] [stderr]    Compiling tokio-core v0.1.17
[INFO] [stderr]    Compiling http-body v0.1.0
[INFO] [stderr]    Compiling h2 v0.1.24
[INFO] [stderr]    Compiling serde_derive v1.0.92
[INFO] [stderr]    Compiling failure v0.1.5
[INFO] [stderr]    Compiling hyper v0.12.30
[INFO] [stderr]    Compiling hyper-tls v0.3.2
[INFO] [stderr]    Compiling serde_json v1.0.39
[INFO] [stderr]    Compiling serde_urlencoded v0.5.5
[INFO] [stderr]    Compiling serde-xml-rs v0.3.1
[INFO] [stderr]    Compiling cookie_store v0.7.0
[INFO] [stderr]    Compiling restson v0.5.3
[INFO] [stderr]    Compiling reqwest v0.9.18
[INFO] [stderr]    Compiling rest_api v0.1.0 (/opt/rustwide/workdir)
[INFO] [stdout] warning: trait objects without an explicit `dyn` are deprecated
[INFO] [stdout]   --> src/openCRX/get.rs:25:32
[INFO] [stdout]    |
[INFO] [stdout] 25 | pub fn get() -> Result<(), Box<std::error::Error>> {
[INFO] [stdout]    |                                ^^^^^^^^^^^^^^^^^ help: use `dyn`: `dyn std::error::Error`
[INFO] [stdout]    |
[INFO] [stdout]    = note: `#[warn(bare_trait_objects)]` on by default
[INFO] [stdout]    = warning: this was previously accepted by the compiler but is being phased out; it will become a hard error in the 2021 edition!
[INFO] [stdout]    = note: for more information, see issue #80165 <https://github.com/rust-lang/rust/issues/80165>
[INFO] [stdout] 
[INFO] [stdout] 
[INFO] [stdout] warning: unused import: `RestClient`
[INFO] [stdout]  --> src/openCRX/auth.rs:3:22
[INFO] [stdout]   |
[INFO] [stdout] 3 | use restson::{Error, RestClient, RestPath};
[INFO] [stdout]   |                      ^^^^^^^^^^
[INFO] [stdout]   |
[INFO] [stdout]   = note: `#[warn(unused_imports)]` on by default
[INFO] [stdout] 
[INFO] [stdout] 
[INFO] [stdout] warning: unused variable: `orangeHrmDocker`
[INFO] [stdout]   --> src/main.rs:16:9
[INFO] [stdout]    |
[INFO] [stdout] 16 |     let orangeHrmDocker = "https://orangehrm.ironmanserver.de";
[INFO] [stdout]    |         ^^^^^^^^^^^^^^^ help: if this is intentional, prefix it with an underscore: `_orangeHrmDocker`
[INFO] [stdout]    |
[INFO] [stdout]    = note: `#[warn(unused_variables)]` on by default
[INFO] [stdout] 
[INFO] [stdout] 
[INFO] [stdout] warning: function is never used: `write_to_file`
[INFO] [stdout]   --> src/openCRX/get.rs:12:4
[INFO] [stdout]    |
[INFO] [stdout] 12 | fn write_to_file(body : &String) -> std::io::Result<()>{
[INFO] [stdout]    |    ^^^^^^^^^^^^^
[INFO] [stdout]    |
[INFO] [stdout]    = note: `#[warn(dead_code)]` on by default
[INFO] [stdout] 
[INFO] [stdout] 
[INFO] [stdout] warning: function is never used: `build_header`
[INFO] [stdout]   --> src/openCRX/get.rs:19:8
[INFO] [stdout]    |
[INFO] [stdout] 19 | pub fn build_header() -> hyper::HeaderMap{
[INFO] [stdout]    |        ^^^^^^^^^^^^
[INFO] [stdout] 
[INFO] [stdout] 
[INFO] [stdout] warning: function is never used: `get`
[INFO] [stdout]   --> src/openCRX/get.rs:25:8
[INFO] [stdout]    |
[INFO] [stdout] 25 | pub fn get() -> Result<(), Box<std::error::Error>> {
[INFO] [stdout]    |        ^^^
[INFO] [stdout] 
[INFO] [stdout] 
[INFO] [stdout] warning: function is never used: `get_json`
[INFO] [stdout]   --> src/openCRX/get.rs:40:8
[INFO] [stdout]    |
[INFO] [stdout] 40 | pub fn get_json(){
[INFO] [stdout]    |        ^^^^^^^^
[INFO] [stdout] 
[INFO] [stdout] 
[INFO] [stdout] warning: function is never used: `write_to_file`
[INFO] [stdout]   --> src/openCRX/get_json.rs:36:4
[INFO] [stdout]    |
[INFO] [stdout] 36 | fn write_to_file(body : &Vec<User>) -> std::io::Result<()>{
[INFO] [stdout]    |    ^^^^^^^^^^^^^
[INFO] [stdout] 
[INFO] [stdout] 
[INFO] [stdout] warning: module `orangeHrm` should have a snake case name
[INFO] [stdout]  --> src/main.rs:1:5
[INFO] [stdout]   |
[INFO] [stdout] 1 | mod orangeHrm;
[INFO] [stdout]   |     ^^^^^^^^^ help: convert the identifier to snake case: `orange_hrm`
[INFO] [stdout]   |
[INFO] [stdout]   = note: `#[warn(non_snake_case)]` on by default
[INFO] [stdout] 
[INFO] [stdout] 
[INFO] [stdout] warning: module `openCRX` should have a snake case name
[INFO] [stdout]  --> src/main.rs:2:5
[INFO] [stdout]   |
[INFO] [stdout] 2 | mod openCRX;
[INFO] [stdout]   |     ^^^^^^^ help: convert the identifier to snake case: `open_crx`
[INFO] [stdout] 
[INFO] [stdout] 
[INFO] [stdout] warning: variable `orangeHrm` should have a snake case name
[INFO] [stdout]   --> src/main.rs:15:9
[INFO] [stdout]    |
[INFO] [stdout] 15 |     let orangeHrm = "https://sepp-hrm.inf.h-brs.de";
[INFO] [stdout]    |         ^^^^^^^^^ help: convert the identifier to snake case: `orange_hrm`
[INFO] [stdout] 
[INFO] [stdout] 
[INFO] [stdout] warning: variable `orangeHrmDocker` should have a snake case name
[INFO] [stdout]   --> src/main.rs:16:9
[INFO] [stdout]    |
[INFO] [stdout] 16 |     let orangeHrmDocker = "https://orangehrm.ironmanserver.de";
[INFO] [stdout]    |         ^^^^^^^^^^^^^^^ help: convert the identifier to snake case: `orange_hrm_docker`
[INFO] [stdout] 
[INFO] [stdout] 
[INFO] [stdout] warning: unused `Result` that must be used
[INFO] [stdout]   --> src/orangeHrm/post.rs:37:5
[INFO] [stdout]    |
[INFO] [stdout] 37 |     write_to_file(&resp.access_token);
[INFO] [stdout]    |     ^^^^^^^^^^^^^^^^^^^^^^^^^^^^^^^^^^
[INFO] [stdout]    |
[INFO] [stdout]    = note: `#[warn(unused_must_use)]` on by default
[INFO] [stdout]    = note: this `Result` may be an `Err` variant, which should be handled
[INFO] [stdout] 
[INFO] [stdout] 
[INFO] [stdout] warning: structure field `userName` should have a snake case name
[INFO] [stdout]   --> src/orangeHrm/get.rs:16:5
[INFO] [stdout]    |
[INFO] [stdout] 16 |     userName: String,
[INFO] [stdout]    |     ^^^^^^^^ help: convert the identifier to snake case: `user_name`
[INFO] [stdout] 
[INFO] [stdout] 
[INFO] [stdout] warning: structure field `userRole` should have a snake case name
[INFO] [stdout]   --> src/orangeHrm/get.rs:17:5
[INFO] [stdout]    |
[INFO] [stdout] 17 |     userRole: String,
[INFO] [stdout]    |     ^^^^^^^^ help: convert the identifier to snake case: `user_role`
[INFO] [stdout] 
[INFO] [stdout] 
[INFO] [stdout] warning: structure field `employeeName` should have a snake case name
[INFO] [stdout]   --> src/orangeHrm/get.rs:19:5
[INFO] [stdout]    |
[INFO] [stdout] 19 |     employeeName: String,
[INFO] [stdout]    |     ^^^^^^^^^^^^ help: convert the identifier to snake case: `employee_name`
[INFO] [stdout] 
[INFO] [stdout] 
[INFO] [stdout] warning: structure field `employeeId` should have a snake case name
[INFO] [stdout]   --> src/orangeHrm/get.rs:20:5
[INFO] [stdout]    |
[INFO] [stdout] 20 |     employeeId: String
[INFO] [stdout]    |     ^^^^^^^^^^ help: convert the identifier to snake case: `employee_id`
[INFO] [stdout] 
[INFO] [stdout] 
[INFO] [stdout] warning: unused `Result` that must be used
[INFO] [stdout]   --> src/orangeHrm/get.rs:37:5
[INFO] [stdout]    |
[INFO] [stdout] 37 |     write!(&mut writer, "{:#?}", &body);
[INFO] [stdout]    |     ^^^^^^^^^^^^^^^^^^^^^^^^^^^^^^^^^^^^
[INFO] [stdout]    |
[INFO] [stdout]    = note: this `Result` may be an `Err` variant, which should be handled
[INFO] [stdout]    = note: this warning originates in the macro `write` (in Nightly builds, run with -Z macro-backtrace for more info)
[INFO] [stdout] 
[INFO] [stdout] 
[INFO] [stdout] warning: function `getUserList` should have a snake case name
[INFO] [stdout]   --> src/orangeHrm/get.rs:41:8
[INFO] [stdout]    |
[INFO] [stdout] 41 | pub fn getUserList(url: &str, access_token: &str) {
[INFO] [stdout]    |        ^^^^^^^^^^^ help: convert the identifier to snake case: `get_user_list`
[INFO] [stdout] 
[INFO] [stdout] 
[INFO] [stdout] warning: unused `Result` that must be used
[INFO] [stdout]   --> src/openCRX/get.rs:35:5
[INFO] [stdout]    |
[INFO] [stdout] 35 |     write_to_file(&body);
[INFO] [stdout]    |     ^^^^^^^^^^^^^^^^^^^^^
[INFO] [stdout]    |
[INFO] [stdout]    = note: this `Result` may be an `Err` variant, which should be handled
[INFO] [stdout] 
[INFO] [stdout] 
[INFO] [stdout] warning: structure field `userName` should have a snake case name
[INFO] [stdout]   --> src/openCRX/get_json.rs:16:5
[INFO] [stdout]    |
[INFO] [stdout] 16 |     userName: String,
[INFO] [stdout]    |     ^^^^^^^^ help: convert the identifier to snake case: `user_name`
[INFO] [stdout] 
[INFO] [stdout] 
[INFO] [stdout] warning: structure field `userRole` should have a snake case name
[INFO] [stdout]   --> src/openCRX/get_json.rs:17:5
[INFO] [stdout]    |
[INFO] [stdout] 17 |     userRole: String,
[INFO] [stdout]    |     ^^^^^^^^ help: convert the identifier to snake case: `user_role`
[INFO] [stdout] 
[INFO] [stdout] 
[INFO] [stdout] warning: structure field `employeeName` should have a snake case name
[INFO] [stdout]   --> src/openCRX/get_json.rs:19:5
[INFO] [stdout]    |
[INFO] [stdout] 19 |     employeeName: String,
[INFO] [stdout]    |     ^^^^^^^^^^^^ help: convert the identifier to snake case: `employee_name`
[INFO] [stdout] 
[INFO] [stdout] 
[INFO] [stdout] warning: structure field `employeeId` should have a snake case name
[INFO] [stdout]   --> src/openCRX/get_json.rs:20:5
[INFO] [stdout]    |
[INFO] [stdout] 20 |     employeeId: String
[INFO] [stdout]    |     ^^^^^^^^^^ help: convert the identifier to snake case: `employee_id`
[INFO] [stdout] 
[INFO] [stdout] 
[INFO] [stdout] warning: unused `Result` that must be used
[INFO] [stdout]   --> src/openCRX/get_json.rs:39:5
[INFO] [stdout]    |
[INFO] [stdout] 39 |     write!(&mut writer, "{:#?}", &body);
[INFO] [stdout]    |     ^^^^^^^^^^^^^^^^^^^^^^^^^^^^^^^^^^^^
[INFO] [stdout]    |
[INFO] [stdout]    = note: this `Result` may be an `Err` variant, which should be handled
[INFO] [stdout]    = note: this warning originates in the macro `write` (in Nightly builds, run with -Z macro-backtrace for more info)
[INFO] [stdout] 
[INFO] [stdout] 
[INFO] [stdout] warning: function `getUserList` should have a snake case name
[INFO] [stdout]   --> src/openCRX/get_json.rs:43:8
[INFO] [stdout]    |
[INFO] [stdout] 43 | pub fn getUserList(url: &str) {
[INFO] [stdout]    |        ^^^^^^^^^^^ help: convert the identifier to snake case: `get_user_list`
[INFO] [stdout] 
[INFO] [stdout] 
[INFO] [stdout] warning: 26 warnings emitted
[INFO] [stdout] 
[INFO] [stdout] 
[INFO] [stderr]     Finished dev [unoptimized + debuginfo] target(s) in 1m 24s
[INFO] running `Command { std: "docker" "inspect" "34051492a078683db370e3066ff112794add7c74f073c85e51609a338c0b4f83", kill_on_drop: false }`
[INFO] running `Command { std: "docker" "rm" "-f" "34051492a078683db370e3066ff112794add7c74f073c85e51609a338c0b4f83", kill_on_drop: false }`
[INFO] [stdout] 34051492a078683db370e3066ff112794add7c74f073c85e51609a338c0b4f83
[INFO] running `Command { std: "docker" "create" "-v" "/var/lib/crater-agent-workspace/builds/worker-10/target:/opt/rustwide/target:rw,Z" "-v" "/var/lib/crater-agent-workspace/builds/worker-10/source:/opt/rustwide/workdir:ro,Z" "-v" "/var/lib/crater-agent-workspace/cargo-home:/opt/rustwide/cargo-home:ro,Z" "-v" "/var/lib/crater-agent-workspace/rustup-home:/opt/rustwide/rustup-home:ro,Z" "-e" "SOURCE_DIR=/opt/rustwide/workdir" "-e" "CARGO_TARGET_DIR=/opt/rustwide/target" "-e" "CARGO_INCREMENTAL=0" "-e" "RUST_BACKTRACE=full" "-e" "RUSTFLAGS=--cap-lints=warn" "-e" "CARGO_HOME=/opt/rustwide/cargo-home" "-e" "RUSTUP_HOME=/opt/rustwide/rustup-home" "-w" "/opt/rustwide/workdir" "-m" "1610612736" "--user" "0:0" "--network" "none" "ghcr.io/rust-lang/crates-build-env/linux@sha256:34b6a614d2c27851fe6cbf88fbd1137609cefab8b10d0615aaeb6fd47975d74e" "/opt/rustwide/cargo-home/bin/cargo" "+1.54.0" "test" "--frozen" "--no-run" "--message-format=json", kill_on_drop: false }`
[INFO] [stdout] 855d4175e4dbaecefefdcdcac650c15957cadb7549c7c51ecd23aa676774cc7c
[INFO] running `Command { std: "docker" "start" "-a" "855d4175e4dbaecefefdcdcac650c15957cadb7549c7c51ecd23aa676774cc7c", kill_on_drop: false }`
[INFO] [stderr]    Compiling rest_api v0.1.0 (/opt/rustwide/workdir)
[INFO] [stdout] warning: trait objects without an explicit `dyn` are deprecated
[INFO] [stdout]   --> src/openCRX/get.rs:25:32
[INFO] [stdout]    |
[INFO] [stdout] 25 | pub fn get() -> Result<(), Box<std::error::Error>> {
[INFO] [stdout]    |                                ^^^^^^^^^^^^^^^^^ help: use `dyn`: `dyn std::error::Error`
[INFO] [stdout]    |
[INFO] [stdout]    = note: `#[warn(bare_trait_objects)]` on by default
[INFO] [stdout]    = warning: this was previously accepted by the compiler but is being phased out; it will become a hard error in the 2021 edition!
[INFO] [stdout]    = note: for more information, see issue #80165 <https://github.com/rust-lang/rust/issues/80165>
[INFO] [stdout] 
[INFO] [stdout] 
[INFO] [stdout] warning: unused variable: `orangeHrmDocker`
[INFO] [stdout]   --> src/main.rs:16:9
[INFO] [stdout]    |
[INFO] [stdout] 16 |     let orangeHrmDocker = "https://orangehrm.ironmanserver.de";
[INFO] [stdout]    |         ^^^^^^^^^^^^^^^ help: if this is intentional, prefix it with an underscore: `_orangeHrmDocker`
[INFO] [stdout]    |
[INFO] [stdout]    = note: `#[warn(unused_variables)]` on by default
[INFO] [stdout] 
[INFO] [stdout] 
[INFO] [stdout] warning: function is never used: `write_to_file`
[INFO] [stdout]   --> src/openCRX/get.rs:12:4
[INFO] [stdout]    |
[INFO] [stdout] 12 | fn write_to_file(body : &String) -> std::io::Result<()>{
[INFO] [stdout]    |    ^^^^^^^^^^^^^
[INFO] [stdout]    |
[INFO] [stdout]    = note: `#[warn(dead_code)]` on by default
[INFO] [stdout] 
[INFO] [stdout] 
[INFO] [stdout] warning: function is never used: `build_header`
[INFO] [stdout]   --> src/openCRX/get.rs:19:8
[INFO] [stdout]    |
[INFO] [stdout] 19 | pub fn build_header() -> hyper::HeaderMap{
[INFO] [stdout]    |        ^^^^^^^^^^^^
[INFO] [stdout] 
[INFO] [stdout] 
[INFO] [stdout] warning: function is never used: `get`
[INFO] [stdout]   --> src/openCRX/get.rs:25:8
[INFO] [stdout]    |
[INFO] [stdout] 25 | pub fn get() -> Result<(), Box<std::error::Error>> {
[INFO] [stdout]    |        ^^^
[INFO] [stdout] 
[INFO] [stdout] 
[INFO] [stdout] warning: function is never used: `get_json`
[INFO] [stdout]   --> src/openCRX/get.rs:40:8
[INFO] [stdout]    |
[INFO] [stdout] 40 | pub fn get_json(){
[INFO] [stdout]    |        ^^^^^^^^
[INFO] [stdout] 
[INFO] [stdout] 
[INFO] [stdout] warning: function is never used: `write_to_file`
[INFO] [stdout]   --> src/openCRX/get_json.rs:36:4
[INFO] [stdout]    |
[INFO] [stdout] 36 | fn write_to_file(body : &Vec<User>) -> std::io::Result<()>{
[INFO] [stdout]    |    ^^^^^^^^^^^^^
[INFO] [stdout] 
[INFO] [stdout] 
[INFO] [stdout] warning: module `orangeHrm` should have a snake case name
[INFO] [stdout]  --> src/main.rs:1:5
[INFO] [stdout]   |
[INFO] [stdout] 1 | mod orangeHrm;
[INFO] [stdout]   |     ^^^^^^^^^ help: convert the identifier to snake case: `orange_hrm`
[INFO] [stdout]   |
[INFO] [stdout]   = note: `#[warn(non_snake_case)]` on by default
[INFO] [stdout] 
[INFO] [stdout] 
[INFO] [stdout] warning: module `openCRX` should have a snake case name
[INFO] [stdout]  --> src/main.rs:2:5
[INFO] [stdout]   |
[INFO] [stdout] 2 | mod openCRX;
[INFO] [stdout]   |     ^^^^^^^ help: convert the identifier to snake case: `open_crx`
[INFO] [stdout] 
[INFO] [stdout] 
[INFO] [stdout] warning: variable `orangeHrm` should have a snake case name
[INFO] [stdout]   --> src/main.rs:15:9
[INFO] [stdout]    |
[INFO] [stdout] 15 |     let orangeHrm = "https://sepp-hrm.inf.h-brs.de";
[INFO] [stdout]    |         ^^^^^^^^^ help: convert the identifier to snake case: `orange_hrm`
[INFO] [stdout] 
[INFO] [stdout] 
[INFO] [stdout] warning: variable `orangeHrmDocker` should have a snake case name
[INFO] [stdout]   --> src/main.rs:16:9
[INFO] [stdout]    |
[INFO] [stdout] 16 |     let orangeHrmDocker = "https://orangehrm.ironmanserver.de";
[INFO] [stdout]    |         ^^^^^^^^^^^^^^^ help: convert the identifier to snake case: `orange_hrm_docker`
[INFO] [stdout] 
[INFO] [stdout] 
[INFO] [stdout] warning: unused `Result` that must be used
[INFO] [stdout]   --> src/orangeHrm/post.rs:37:5
[INFO] [stdout]    |
[INFO] [stdout] 37 |     write_to_file(&resp.access_token);
[INFO] [stdout]    |     ^^^^^^^^^^^^^^^^^^^^^^^^^^^^^^^^^^
[INFO] [stdout]    |
[INFO] [stdout]    = note: `#[warn(unused_must_use)]` on by default
[INFO] [stdout]    = note: this `Result` may be an `Err` variant, which should be handled
[INFO] [stdout] 
[INFO] [stdout] 
[INFO] [stdout] warning: structure field `userName` should have a snake case name
[INFO] [stdout]   --> src/orangeHrm/get.rs:16:5
[INFO] [stdout]    |
[INFO] [stdout] 16 |     userName: String,
[INFO] [stdout]    |     ^^^^^^^^ help: convert the identifier to snake case: `user_name`
[INFO] [stdout] 
[INFO] [stdout] 
[INFO] [stdout] warning: structure field `userRole` should have a snake case name
[INFO] [stdout]   --> src/orangeHrm/get.rs:17:5
[INFO] [stdout]    |
[INFO] [stdout] 17 |     userRole: String,
[INFO] [stdout]    |     ^^^^^^^^ help: convert the identifier to snake case: `user_role`
[INFO] [stdout] 
[INFO] [stdout] 
[INFO] [stdout] warning: structure field `employeeName` should have a snake case name
[INFO] [stdout]   --> src/orangeHrm/get.rs:19:5
[INFO] [stdout]    |
[INFO] [stdout] 19 |     employeeName: String,
[INFO] [stdout]    |     ^^^^^^^^^^^^ help: convert the identifier to snake case: `employee_name`
[INFO] [stdout] 
[INFO] [stdout] 
[INFO] [stdout] warning: structure field `employeeId` should have a snake case name
[INFO] [stdout]   --> src/orangeHrm/get.rs:20:5
[INFO] [stdout]    |
[INFO] [stdout] 20 |     employeeId: String
[INFO] [stdout]    |     ^^^^^^^^^^ help: convert the identifier to snake case: `employee_id`
[INFO] [stdout] 
[INFO] [stdout] 
[INFO] [stdout] warning: unused `Result` that must be used
[INFO] [stdout]   --> src/orangeHrm/get.rs:37:5
[INFO] [stdout]    |
[INFO] [stdout] 37 |     write!(&mut writer, "{:#?}", &body);
[INFO] [stdout]    |     ^^^^^^^^^^^^^^^^^^^^^^^^^^^^^^^^^^^^
[INFO] [stdout]    |
[INFO] [stdout]    = note: this `Result` may be an `Err` variant, which should be handled
[INFO] [stdout]    = note: this warning originates in the macro `write` (in Nightly builds, run with -Z macro-backtrace for more info)
[INFO] [stdout] 
[INFO] [stdout] 
[INFO] [stdout] warning: function `getUserList` should have a snake case name
[INFO] [stdout]   --> src/orangeHrm/get.rs:41:8
[INFO] [stdout]    |
[INFO] [stdout] 41 | pub fn getUserList(url: &str, access_token: &str) {
[INFO] [stdout]    |        ^^^^^^^^^^^ help: convert the identifier to snake case: `get_user_list`
[INFO] [stdout] 
[INFO] [stdout] 
[INFO] [stdout] warning: unused `Result` that must be used
[INFO] [stdout]   --> src/openCRX/get.rs:35:5
[INFO] [stdout]    |
[INFO] [stdout] 35 |     write_to_file(&body);
[INFO] [stdout]    |     ^^^^^^^^^^^^^^^^^^^^^
[INFO] [stdout]    |
[INFO] [stdout]    = note: this `Result` may be an `Err` variant, which should be handled
[INFO] [stdout] 
[INFO] [stdout] 
[INFO] [stdout] warning: structure field `userName` should have a snake case name
[INFO] [stdout]   --> src/openCRX/get_json.rs:16:5
[INFO] [stdout]    |
[INFO] [stdout] 16 |     userName: String,
[INFO] [stdout]    |     ^^^^^^^^ help: convert the identifier to snake case: `user_name`
[INFO] [stdout] 
[INFO] [stdout] 
[INFO] [stdout] warning: structure field `userRole` should have a snake case name
[INFO] [stdout]   --> src/openCRX/get_json.rs:17:5
[INFO] [stdout]    |
[INFO] [stdout] 17 |     userRole: String,
[INFO] [stdout]    |     ^^^^^^^^ help: convert the identifier to snake case: `user_role`
[INFO] [stdout] 
[INFO] [stdout] 
[INFO] [stdout] warning: structure field `employeeName` should have a snake case name
[INFO] [stdout]   --> src/openCRX/get_json.rs:19:5
[INFO] [stdout]    |
[INFO] [stdout] 19 |     employeeName: String,
[INFO] [stdout]    |     ^^^^^^^^^^^^ help: convert the identifier to snake case: `employee_name`
[INFO] [stdout] 
[INFO] [stdout] 
[INFO] [stdout] warning: structure field `employeeId` should have a snake case name
[INFO] [stdout]   --> src/openCRX/get_json.rs:20:5
[INFO] [stdout]    |
[INFO] [stdout] 20 |     employeeId: String
[INFO] [stdout]    |     ^^^^^^^^^^ help: convert the identifier to snake case: `employee_id`
[INFO] [stdout] 
[INFO] [stdout] 
[INFO] [stdout] warning: unused `Result` that must be used
[INFO] [stdout]   --> src/openCRX/get_json.rs:39:5
[INFO] [stdout]    |
[INFO] [stdout] 39 |     write!(&mut writer, "{:#?}", &body);
[INFO] [stdout]    |     ^^^^^^^^^^^^^^^^^^^^^^^^^^^^^^^^^^^^
[INFO] [stdout]    |
[INFO] [stdout]    = note: this `Result` may be an `Err` variant, which should be handled
[INFO] [stdout]    = note: this warning originates in the macro `write` (in Nightly builds, run with -Z macro-backtrace for more info)
[INFO] [stdout] 
[INFO] [stdout] 
[INFO] [stdout] warning: function `getUserList` should have a snake case name
[INFO] [stdout]   --> src/openCRX/get_json.rs:43:8
[INFO] [stdout]    |
[INFO] [stdout] 43 | pub fn getUserList(url: &str) {
[INFO] [stdout]    |        ^^^^^^^^^^^ help: convert the identifier to snake case: `get_user_list`
[INFO] [stdout] 
[INFO] [stdout] 
[INFO] [stdout] warning: 25 warnings emitted
[INFO] [stdout] 
[INFO] [stdout] 
[INFO] [stderr]     Finished test [unoptimized + debuginfo] target(s) in 5.52s
[INFO] running `Command { std: "docker" "inspect" "855d4175e4dbaecefefdcdcac650c15957cadb7549c7c51ecd23aa676774cc7c", kill_on_drop: false }`
[INFO] running `Command { std: "docker" "rm" "-f" "855d4175e4dbaecefefdcdcac650c15957cadb7549c7c51ecd23aa676774cc7c", kill_on_drop: false }`
[INFO] [stdout] 855d4175e4dbaecefefdcdcac650c15957cadb7549c7c51ecd23aa676774cc7c
[INFO] running `Command { std: "docker" "create" "-v" "/var/lib/crater-agent-workspace/builds/worker-10/target:/opt/rustwide/target:rw,Z" "-v" "/var/lib/crater-agent-workspace/builds/worker-10/source:/opt/rustwide/workdir:ro,Z" "-v" "/var/lib/crater-agent-workspace/cargo-home:/opt/rustwide/cargo-home:ro,Z" "-v" "/var/lib/crater-agent-workspace/rustup-home:/opt/rustwide/rustup-home:ro,Z" "-e" "SOURCE_DIR=/opt/rustwide/workdir" "-e" "CARGO_TARGET_DIR=/opt/rustwide/target" "-e" "CARGO_INCREMENTAL=0" "-e" "RUST_BACKTRACE=full" "-e" "RUSTFLAGS=--cap-lints=warn" "-e" "CARGO_HOME=/opt/rustwide/cargo-home" "-e" "RUSTUP_HOME=/opt/rustwide/rustup-home" "-w" "/opt/rustwide/workdir" "-m" "1610612736" "--user" "0:0" "--network" "none" "ghcr.io/rust-lang/crates-build-env/linux@sha256:34b6a614d2c27851fe6cbf88fbd1137609cefab8b10d0615aaeb6fd47975d74e" "/opt/rustwide/cargo-home/bin/cargo" "+1.54.0" "test" "--frozen", kill_on_drop: false }`
[INFO] [stdout] 00630ce7d93608c1e850feb7e76996a75b984d22f90fe379c3903f97f0f6c74e
[INFO] running `Command { std: "docker" "start" "-a" "00630ce7d93608c1e850feb7e76996a75b984d22f90fe379c3903f97f0f6c74e", kill_on_drop: false }`
[INFO] [stderr] warning: trait objects without an explicit `dyn` are deprecated
[INFO] [stderr]   --> src/openCRX/get.rs:25:32
[INFO] [stderr]    |
[INFO] [stderr] 25 | pub fn get() -> Result<(), Box<std::error::Error>> {
[INFO] [stderr]    |                                ^^^^^^^^^^^^^^^^^ help: use `dyn`: `dyn std::error::Error`
[INFO] [stderr]    |
[INFO] [stderr]    = note: `#[warn(bare_trait_objects)]` on by default
[INFO] [stderr]    = warning: this was previously accepted by the compiler but is being phased out; it will become a hard error in the 2021 edition!
[INFO] [stderr]    = note: for more information, see issue #80165 <https://github.com/rust-lang/rust/issues/80165>
[INFO] [stderr] 
[INFO] [stderr] warning: unused variable: `orangeHrmDocker`
[INFO] [stderr]   --> src/main.rs:16:9
[INFO] [stderr]    |
[INFO] [stderr] 16 |     let orangeHrmDocker = "https://orangehrm.ironmanserver.de";
[INFO] [stderr]    |         ^^^^^^^^^^^^^^^ help: if this is intentional, prefix it with an underscore: `_orangeHrmDocker`
[INFO] [stderr]    |
[INFO] [stderr]    = note: `#[warn(unused_variables)]` on by default
[INFO] [stderr] 
[INFO] [stderr] warning: function is never used: `write_to_file`
[INFO] [stderr]   --> src/openCRX/get.rs:12:4
[INFO] [stderr]    |
[INFO] [stderr] 12 | fn write_to_file(body : &String) -> std::io::Result<()>{
[INFO] [stderr]    |    ^^^^^^^^^^^^^
[INFO] [stderr]    |
[INFO] [stderr]    = note: `#[warn(dead_code)]` on by default
[INFO] [stderr] 
[INFO] [stderr] warning: function is never used: `build_header`
[INFO] [stderr]   --> src/openCRX/get.rs:19:8
[INFO] [stderr]    |
[INFO] [stderr] 19 | pub fn build_header() -> hyper::HeaderMap{
[INFO] [stderr]    |        ^^^^^^^^^^^^
[INFO] [stderr] 
[INFO] [stderr] warning: function is never used: `get`
[INFO] [stderr]   --> src/openCRX/get.rs:25:8
[INFO] [stderr]    |
[INFO] [stderr] 25 | pub fn get() -> Result<(), Box<std::error::Error>> {
[INFO] [stderr]    |        ^^^
[INFO] [stderr] 
[INFO] [stderr] warning: function is never used: `get_json`
[INFO] [stderr]   --> src/openCRX/get.rs:40:8
[INFO] [stderr]    |
[INFO] [stderr] 40 | pub fn get_json(){
[INFO] [stderr]    |        ^^^^^^^^
[INFO] [stderr] 
[INFO] [stderr] warning: function is never used: `write_to_file`
[INFO] [stderr]   --> src/openCRX/get_json.rs:36:4
[INFO] [stderr]    |
[INFO] [stderr] 36 | fn write_to_file(body : &Vec<User>) -> std::io::Result<()>{
[INFO] [stderr]    |    ^^^^^^^^^^^^^
[INFO] [stderr] 
[INFO] [stderr] warning: module `orangeHrm` should have a snake case name
[INFO] [stderr]  --> src/main.rs:1:5
[INFO] [stderr]   |
[INFO] [stderr] 1 | mod orangeHrm;
[INFO] [stderr]   |     ^^^^^^^^^ help: convert the identifier to snake case: `orange_hrm`
[INFO] [stderr]   |
[INFO] [stderr]   = note: `#[warn(non_snake_case)]` on by default
[INFO] [stderr] 
[INFO] [stderr] warning: module `openCRX` should have a snake case name
[INFO] [stderr]  --> src/main.rs:2:5
[INFO] [stderr]   |
[INFO] [stderr] 2 | mod openCRX;
[INFO] [stderr]   |     ^^^^^^^ help: convert the identifier to snake case: `open_crx`
[INFO] [stderr] 
[INFO] [stderr] warning: variable `orangeHrm` should have a snake case name
[INFO] [stderr]   --> src/main.rs:15:9
[INFO] [stderr]    |
[INFO] [stderr] 15 |     let orangeHrm = "https://sepp-hrm.inf.h-brs.de";
[INFO] [stderr]    |         ^^^^^^^^^ help: convert the identifier to snake case: `orange_hrm`
[INFO] [stderr] 
[INFO] [stderr] warning: variable `orangeHrmDocker` should have a snake case name
[INFO] [stderr]   --> src/main.rs:16:9
[INFO] [stderr]    |
[INFO] [stderr] 16 |     let orangeHrmDocker = "https://orangehrm.ironmanserver.de";
[INFO] [stderr]    |         ^^^^^^^^^^^^^^^ help: convert the identifier to snake case: `orange_hrm_docker`
[INFO] [stderr] 
[INFO] [stderr] warning: unused `Result` that must be used
[INFO] [stderr]   --> src/orangeHrm/post.rs:37:5
[INFO] [stderr]    |
[INFO] [stderr] 37 |     write_to_file(&resp.access_token);
[INFO] [stderr]    |     ^^^^^^^^^^^^^^^^^^^^^^^^^^^^^^^^^^
[INFO] [stderr]    |
[INFO] [stderr]    = note: `#[warn(unused_must_use)]` on by default
[INFO] [stderr]    = note: this `Result` may be an `Err` variant, which should be handled
[INFO] [stderr] 
[INFO] [stderr] warning: structure field `userName` should have a snake case name
[INFO] [stderr]   --> src/orangeHrm/get.rs:16:5
[INFO] [stderr]    |
[INFO] [stderr] 16 |     userName: String,
[INFO] [stderr]    |     ^^^^^^^^ help: convert the identifier to snake case: `user_name`
[INFO] [stderr] 
[INFO] [stderr] warning: structure field `userRole` should have a snake case name
[INFO] [stderr]   --> src/orangeHrm/get.rs:17:5
[INFO] [stderr]    |
[INFO] [stderr] 17 |     userRole: String,
[INFO] [stderr]    |     ^^^^^^^^ help: convert the identifier to snake case: `user_role`
[INFO] [stderr] 
[INFO] [stderr] warning: structure field `employeeName` should have a snake case name
[INFO] [stderr]   --> src/orangeHrm/get.rs:19:5
[INFO] [stderr]    |
[INFO] [stderr] 19 |     employeeName: String,
[INFO] [stderr]    |     ^^^^^^^^^^^^ help: convert the identifier to snake case: `employee_name`
[INFO] [stderr] 
[INFO] [stderr] warning: structure field `employeeId` should have a snake case name
[INFO] [stderr]   --> src/orangeHrm/get.rs:20:5
[INFO] [stderr]    |
[INFO] [stderr] 20 |     employeeId: String
[INFO] [stderr]    |     ^^^^^^^^^^ help: convert the identifier to snake case: `employee_id`
[INFO] [stderr] 
[INFO] [stderr] warning: unused `Result` that must be used
[INFO] [stderr]   --> src/orangeHrm/get.rs:37:5
[INFO] [stderr]    |
[INFO] [stderr] 37 |     write!(&mut writer, "{:#?}", &body);
[INFO] [stderr]    |     ^^^^^^^^^^^^^^^^^^^^^^^^^^^^^^^^^^^^
[INFO] [stderr]    |
[INFO] [stderr]    = note: this `Result` may be an `Err` variant, which should be handled
[INFO] [stderr]    = note: this warning originates in the macro `write` (in Nightly builds, run with -Z macro-backtrace for more info)
[INFO] [stderr] 
[INFO] [stderr] warning: function `getUserList` should have a snake case name
[INFO] [stderr]   --> src/orangeHrm/get.rs:41:8
[INFO] [stderr]    |
[INFO] [stderr] 41 | pub fn getUserList(url: &str, access_token: &str) {
[INFO] [stderr]    |        ^^^^^^^^^^^ help: convert the identifier to snake case: `get_user_list`
[INFO] [stderr] 
[INFO] [stderr] warning: unused `Result` that must be used
[INFO] [stderr]   --> src/openCRX/get.rs:35:5
[INFO] [stderr]    |
[INFO] [stderr] 35 |     write_to_file(&body);
[INFO] [stderr]    |     ^^^^^^^^^^^^^^^^^^^^^
[INFO] [stderr]    |
[INFO] [stderr]    = note: this `Result` may be an `Err` variant, which should be handled
[INFO] [stderr] 
[INFO] [stderr] warning: structure field `userName` should have a snake case name
[INFO] [stderr]   --> src/openCRX/get_json.rs:16:5
[INFO] [stderr]    |
[INFO] [stderr] 16 |     userName: String,
[INFO] [stderr]    |     ^^^^^^^^ help: convert the identifier to snake case: `user_name`
[INFO] [stderr] 
[INFO] [stderr] warning: structure field `userRole` should have a snake case name
[INFO] [stderr]   --> src/openCRX/get_json.rs:17:5
[INFO] [stderr]    |
[INFO] [stderr] 17 |     userRole: String,
[INFO] [stderr]    |     ^^^^^^^^ help: convert the identifier to snake case: `user_role`
[INFO] [stderr] 
[INFO] [stderr] warning: structure field `employeeName` should have a snake case name
[INFO] [stderr]   --> src/openCRX/get_json.rs:19:5
[INFO] [stderr]    |
[INFO] [stderr] 19 |     employeeName: String,
[INFO] [stderr]    |     ^^^^^^^^^^^^ help: convert the identifier to snake case: `employee_name`
[INFO] [stderr] 
[INFO] [stderr] warning: structure field `employeeId` should have a snake case name
[INFO] [stderr]   --> src/openCRX/get_json.rs:20:5
[INFO] [stderr]    |
[INFO] [stderr] 20 |     employeeId: String
[INFO] [stderr]    |     ^^^^^^^^^^ help: convert the identifier to snake case: `employee_id`
[INFO] [stderr] 
[INFO] [stderr] warning: unused `Result` that must be used
[INFO] [stderr]   --> src/openCRX/get_json.rs:39:5
[INFO] [stderr]    |
[INFO] [stderr] 39 |     write!(&mut writer, "{:#?}", &body);
[INFO] [stderr]    |     ^^^^^^^^^^^^^^^^^^^^^^^^^^^^^^^^^^^^
[INFO] [stderr]    |
[INFO] [stderr]    = note: this `Result` may be an `Err` variant, which should be handled
[INFO] [stderr]    = note: this warning originates in the macro `write` (in Nightly builds, run with -Z macro-backtrace for more info)
[INFO] [stderr] 
[INFO] [stderr] warning: function `getUserList` should have a snake case name
[INFO] [stderr]   --> src/openCRX/get_json.rs:43:8
[INFO] [stderr]    |
[INFO] [stderr] 43 | pub fn getUserList(url: &str) {
[INFO] [stderr]    |        ^^^^^^^^^^^ help: convert the identifier to snake case: `get_user_list`
[INFO] [stderr] 
[INFO] [stderr] warning: 25 warnings emitted
[INFO] [stderr] 
[INFO] [stderr]     Finished test [unoptimized + debuginfo] target(s) in 0.17s
[INFO] [stderr]      Running unittests (/opt/rustwide/target/debug/deps/rest_api-a70c5e93ff442c56)
[INFO] [stdout] 
[INFO] [stdout] running 2 tests
[INFO] [stdout] test openCRX::auth::basic_auth_fail ... FAILED
[INFO] [stdout] test openCRX::auth::basic_auth ... FAILED
[INFO] [stdout] 
[INFO] [stdout] failures:
[INFO] [stdout] 
[INFO] [stdout] ---- openCRX::auth::basic_auth_fail stdout ----
[INFO] [stdout] thread 'openCRX::auth::basic_auth_fail' panicked at 'Expected Unauthorized/Forbidden HTTP error', src/openCRX/auth.rs:32:14
[INFO] [stdout] stack backtrace:
[INFO] [stdout]    0:     0x56220b77da20 - std::backtrace_rs::backtrace::libunwind::trace::h34055254b57d8e79
[INFO] [stdout]                                at /rustc/a178d0322ce20e33eac124758e837cbd80a6f633/library/std/src/../../backtrace/src/backtrace/libunwind.rs:90:5
[INFO] [stdout]    1:     0x56220b77da20 - std::backtrace_rs::backtrace::trace_unsynchronized::h8f1e3fbd9afff6ec
[INFO] [stdout]                                at /rustc/a178d0322ce20e33eac124758e837cbd80a6f633/library/std/src/../../backtrace/src/backtrace/mod.rs:66:5
[INFO] [stdout]    2:     0x56220b77da20 - std::sys_common::backtrace::_print_fmt::h3a99a796b770c360
[INFO] [stdout]                                at /rustc/a178d0322ce20e33eac124758e837cbd80a6f633/library/std/src/sys_common/backtrace.rs:67:5
[INFO] [stdout]    3:     0x56220b77da20 - <std::sys_common::backtrace::_print::DisplayBacktrace as core::fmt::Display>::fmt::h32d1f94a80615d18
[INFO] [stdout]                                at /rustc/a178d0322ce20e33eac124758e837cbd80a6f633/library/std/src/sys_common/backtrace.rs:46:22
[INFO] [stdout]    4:     0x56220b7a0fcc - core::fmt::write::h306731c068f7162c
[INFO] [stdout]                                at /rustc/a178d0322ce20e33eac124758e837cbd80a6f633/library/core/src/fmt/mod.rs:1110:17
[INFO] [stdout]    5:     0x56220b7774d5 - std::io::Write::write_fmt::h87f19b0a2cd190bc
[INFO] [stdout]                                at /rustc/a178d0322ce20e33eac124758e837cbd80a6f633/library/std/src/io/mod.rs:1588:15
[INFO] [stdout]    6:     0x56220b77fbdb - std::sys_common::backtrace::_print::h5abaa2601a852287
[INFO] [stdout]                                at /rustc/a178d0322ce20e33eac124758e837cbd80a6f633/library/std/src/sys_common/backtrace.rs:49:5
[INFO] [stdout]    7:     0x56220b77fbdb - std::sys_common::backtrace::print::h8d81445442bb638f
[INFO] [stdout]                                at /rustc/a178d0322ce20e33eac124758e837cbd80a6f633/library/std/src/sys_common/backtrace.rs:36:9
[INFO] [stdout]    8:     0x56220b77fbdb - std::panicking::default_hook::{{closure}}::hcfe804496a9fa747
[INFO] [stdout]                                at /rustc/a178d0322ce20e33eac124758e837cbd80a6f633/library/std/src/panicking.rs:208:50
[INFO] [stdout]    9:     0x56220b77f6ec - std::panicking::default_hook::hbea8e3ccf2ba8901
[INFO] [stdout]                                at /rustc/a178d0322ce20e33eac124758e837cbd80a6f633/library/std/src/panicking.rs:222:9
[INFO] [stdout]   10:     0x56220b7802a4 - std::panicking::rust_panic_with_hook::h7ee9e1a2d0f8975a
[INFO] [stdout]                                at /rustc/a178d0322ce20e33eac124758e837cbd80a6f633/library/std/src/panicking.rs:622:17
[INFO] [stdout]   11:     0x56220b50a933 - std::panicking::begin_panic::{{closure}}::h4cdd2000dfaccc72
[INFO] [stdout]                                at /rustc/a178d0322ce20e33eac124758e837cbd80a6f633/library/std/src/panicking.rs:542:9
[INFO] [stdout]   12:     0x56220b50ad39 - std::sys_common::backtrace::__rust_end_short_backtrace::hd3db3ea98b8cc362
[INFO] [stdout]                                at /rustc/a178d0322ce20e33eac124758e837cbd80a6f633/library/std/src/sys_common/backtrace.rs:141:18
[INFO] [stdout]   13:     0x56220b50a869 - std::panicking::begin_panic::h29ac2cfed49dc731
[INFO] [stdout]                                at /rustc/a178d0322ce20e33eac124758e837cbd80a6f633/library/std/src/panicking.rs:541:12
[INFO] [stdout]   14:     0x56220b339af6 - rest_api::openCRX::auth::basic_auth_fail::hbd887d563410602f
[INFO] [stdout]                                at /opt/rustwide/workdir/src/openCRX/auth.rs:32:14
[INFO] [stdout]   15:     0x56220b3399ba - rest_api::openCRX::auth::basic_auth_fail::{{closure}}::hf2c3f937c821690e
[INFO] [stdout]                                at /opt/rustwide/workdir/src/openCRX/auth.rs:26:1
[INFO] [stdout]   16:     0x56220b33a71e - core::ops::function::FnOnce::call_once::h86625459b80e12bd
[INFO] [stdout]                                at /rustc/a178d0322ce20e33eac124758e837cbd80a6f633/library/core/src/ops/function.rs:227:5
[INFO] [stdout]   17:     0x56220b362ca3 - core::ops::function::FnOnce::call_once::h152e7e439ff59e19
[INFO] [stdout]                                at /rustc/a178d0322ce20e33eac124758e837cbd80a6f633/library/core/src/ops/function.rs:227:5
[INFO] [stdout]   18:     0x56220b362ca3 - test::__rust_begin_short_backtrace::h0908f3b1fdbb72ab
[INFO] [stdout]                                at /rustc/a178d0322ce20e33eac124758e837cbd80a6f633/library/test/src/lib.rs:577:5
[INFO] [stdout]   19:     0x56220b361760 - <alloc::boxed::Box<F,A> as core::ops::function::FnOnce<Args>>::call_once::hf6d2a51e5587546c
[INFO] [stdout]                                at /rustc/a178d0322ce20e33eac124758e837cbd80a6f633/library/alloc/src/boxed.rs:1575:9
[INFO] [stdout]   20:     0x56220b361760 - <std::panic::AssertUnwindSafe<F> as core::ops::function::FnOnce<()>>::call_once::h8af660f3a89ef593
[INFO] [stdout]                                at /rustc/a178d0322ce20e33eac124758e837cbd80a6f633/library/std/src/panic.rs:347:9
[INFO] [stdout]   21:     0x56220b361760 - std::panicking::try::do_call::hd36aef60f84b6d36
[INFO] [stdout]                                at /rustc/a178d0322ce20e33eac124758e837cbd80a6f633/library/std/src/panicking.rs:401:40
[INFO] [stdout]   22:     0x56220b361760 - std::panicking::try::h9932b4480e69817c
[INFO] [stdout]                                at /rustc/a178d0322ce20e33eac124758e837cbd80a6f633/library/std/src/panicking.rs:365:19
[INFO] [stdout]   23:     0x56220b361760 - std::panic::catch_unwind::h6aa177099cfff5f8
[INFO] [stdout]                                at /rustc/a178d0322ce20e33eac124758e837cbd80a6f633/library/std/src/panic.rs:434:14
[INFO] [stdout]   24:     0x56220b361760 - test::run_test_in_process::h5884d6f2d99e20c3
[INFO] [stdout]                                at /rustc/a178d0322ce20e33eac124758e837cbd80a6f633/library/test/src/lib.rs:600:18
[INFO] [stdout]   25:     0x56220b361760 - test::run_test::run_test_inner::{{closure}}::h6fdc58c6d5f5b6e3
[INFO] [stdout]                                at /rustc/a178d0322ce20e33eac124758e837cbd80a6f633/library/test/src/lib.rs:492:39
[INFO] [stdout]   26:     0x56220b33ae12 - test::run_test::run_test_inner::{{closure}}::h408365d67a78ade8
[INFO] [stdout]                                at /rustc/a178d0322ce20e33eac124758e837cbd80a6f633/library/test/src/lib.rs:519:37
[INFO] [stdout]   27:     0x56220b33ae12 - std::sys_common::backtrace::__rust_begin_short_backtrace::hb560b77c4f701523
[INFO] [stdout]                                at /rustc/a178d0322ce20e33eac124758e837cbd80a6f633/library/std/src/sys_common/backtrace.rs:125:18
[INFO] [stdout]   28:     0x56220b33e9c8 - std::thread::Builder::spawn_unchecked::{{closure}}::{{closure}}::hf2e7831dad93c597
[INFO] [stdout]                                at /rustc/a178d0322ce20e33eac124758e837cbd80a6f633/library/std/src/thread/mod.rs:481:17
[INFO] [stdout]   29:     0x56220b33e9c8 - <std::panic::AssertUnwindSafe<F> as core::ops::function::FnOnce<()>>::call_once::hd2e08783d8be4d02
[INFO] [stdout]                                at /rustc/a178d0322ce20e33eac124758e837cbd80a6f633/library/std/src/panic.rs:347:9
[INFO] [stdout]   30:     0x56220b33e9c8 - std::panicking::try::do_call::h062597b7acfd6b82
[INFO] [stdout]                                at /rustc/a178d0322ce20e33eac124758e837cbd80a6f633/library/std/src/panicking.rs:401:40
[INFO] [stdout]   31:     0x56220b33e9c8 - std::panicking::try::h0d7b79db04c14552
[INFO] [stdout]                                at /rustc/a178d0322ce20e33eac124758e837cbd80a6f633/library/std/src/panicking.rs:365:19
[INFO] [stdout]   32:     0x56220b33e9c8 - std::panic::catch_unwind::hb01a0b5e7c8cd43b
[INFO] [stdout]                                at /rustc/a178d0322ce20e33eac124758e837cbd80a6f633/library/std/src/panic.rs:434:14
[INFO] [stdout]   33:     0x56220b33e9c8 - std::thread::Builder::spawn_unchecked::{{closure}}::h5bde48cc887e0d1e
[INFO] [stdout]                                at /rustc/a178d0322ce20e33eac124758e837cbd80a6f633/library/std/src/thread/mod.rs:480:30
[INFO] [stdout]   34:     0x56220b33e9c8 - core::ops::function::FnOnce::call_once{{vtable.shim}}::h745ea30807a29e55
[INFO] [stdout]                                at /rustc/a178d0322ce20e33eac124758e837cbd80a6f633/library/core/src/ops/function.rs:227:5
[INFO] [stdout]   35:     0x56220b785617 - <alloc::boxed::Box<F,A> as core::ops::function::FnOnce<Args>>::call_once::h7ece6cfefaff1005
[INFO] [stdout]                                at /rustc/a178d0322ce20e33eac124758e837cbd80a6f633/library/alloc/src/boxed.rs:1575:9
[INFO] [stdout]   36:     0x56220b785617 - <alloc::boxed::Box<F,A> as core::ops::function::FnOnce<Args>>::call_once::hb8b48e55c21f193e
[INFO] [stdout]                                at /rustc/a178d0322ce20e33eac124758e837cbd80a6f633/library/alloc/src/boxed.rs:1575:9
[INFO] [stdout]   37:     0x56220b785617 - std::sys::unix::thread::Thread::new::thread_start::h8c7c4450dba62914
[INFO] [stdout]                                at /rustc/a178d0322ce20e33eac124758e837cbd80a6f633/library/std/src/sys/unix/thread.rs:71:17
[INFO] [stdout]   38:     0x7f166b9c6609 - start_thread
[INFO] [stdout]   39:     0x7f166b796293 - clone
[INFO] [stdout]   40:                0x0 - <unknown>
[INFO] [stdout] 
[INFO] [stdout] ---- openCRX::auth::basic_auth stdout ----
[INFO] [stdout] thread 'openCRX::auth::basic_auth' panicked at 'called `Result::unwrap()` on an `Err` value: HyperError(Error(Connect, Custom { kind: Other, error: "failed to lookup address information: Temporary failure in name resolution" }))', src/openCRX/auth.rs:22:10
[INFO] [stdout] stack backtrace:
[INFO] [stdout]    0:     0x56220b77da20 - std::backtrace_rs::backtrace::libunwind::trace::h34055254b57d8e79
[INFO] [stdout]                                at /rustc/a178d0322ce20e33eac124758e837cbd80a6f633/library/std/src/../../backtrace/src/backtrace/libunwind.rs:90:5
[INFO] [stdout]    1:     0x56220b77da20 - std::backtrace_rs::backtrace::trace_unsynchronized::h8f1e3fbd9afff6ec
[INFO] [stdout]                                at /rustc/a178d0322ce20e33eac124758e837cbd80a6f633/library/std/src/../../backtrace/src/backtrace/mod.rs:66:5
[INFO] [stdout]    2:     0x56220b77da20 - std::sys_common::backtrace::_print_fmt::h3a99a796b770c360
[INFO] [stdout]                                at /rustc/a178d0322ce20e33eac124758e837cbd80a6f633/library/std/src/sys_common/backtrace.rs:67:5
[INFO] [stdout]    3:     0x56220b77da20 - <std::sys_common::backtrace::_print::DisplayBacktrace as core::fmt::Display>::fmt::h32d1f94a80615d18
[INFO] [stdout]                                at /rustc/a178d0322ce20e33eac124758e837cbd80a6f633/library/std/src/sys_common/backtrace.rs:46:22
[INFO] [stdout]    4:     0x56220b7a0fcc - core::fmt::write::h306731c068f7162c
[INFO] [stdout]                                at /rustc/a178d0322ce20e33eac124758e837cbd80a6f633/library/core/src/fmt/mod.rs:1110:17
[INFO] [stdout]    5:     0x56220b7774d5 - std::io::Write::write_fmt::h87f19b0a2cd190bc
[INFO] [stdout]                                at /rustc/a178d0322ce20e33eac124758e837cbd80a6f633/library/std/src/io/mod.rs:1588:15
[INFO] [stdout]    6:     0x56220b77fbdb - std::sys_common::backtrace::_print::h5abaa2601a852287
[INFO] [stdout]                                at /rustc/a178d0322ce20e33eac124758e837cbd80a6f633/library/std/src/sys_common/backtrace.rs:49:5
[INFO] [stdout]    7:     0x56220b77fbdb - std::sys_common::backtrace::print::h8d81445442bb638f
[INFO] [stdout]                                at /rustc/a178d0322ce20e33eac124758e837cbd80a6f633/library/std/src/sys_common/backtrace.rs:36:9
[INFO] [stdout]    8:     0x56220b77fbdb - std::panicking::default_hook::{{closure}}::hcfe804496a9fa747
[INFO] [stdout]                                at /rustc/a178d0322ce20e33eac124758e837cbd80a6f633/library/std/src/panicking.rs:208:50
[INFO] [stdout]    9:     0x56220b77f6ec - std::panicking::default_hook::hbea8e3ccf2ba8901
[INFO] [stdout]                                at /rustc/a178d0322ce20e33eac124758e837cbd80a6f633/library/std/src/panicking.rs:222:9
[INFO] [stdout]   10:     0x56220b7802a4 - std::panicking::rust_panic_with_hook::h7ee9e1a2d0f8975a
[INFO] [stdout]                                at /rustc/a178d0322ce20e33eac124758e837cbd80a6f633/library/std/src/panicking.rs:622:17
[INFO] [stdout]   11:     0x56220b77fd87 - std::panicking::begin_panic_handler::{{closure}}::h8ab3b4491718b2c7
[INFO] [stdout]                                at /rustc/a178d0322ce20e33eac124758e837cbd80a6f633/library/std/src/panicking.rs:519:13
[INFO] [stdout]   12:     0x56220b77df1c - std::sys_common::backtrace::__rust_end_short_backtrace::hd489062ffa586a9f
[INFO] [stdout]                                at /rustc/a178d0322ce20e33eac124758e837cbd80a6f633/library/std/src/sys_common/backtrace.rs:141:18
[INFO] [stdout]   13:     0x56220b77fce9 - rust_begin_unwind
[INFO] [stdout]                                at /rustc/a178d0322ce20e33eac124758e837cbd80a6f633/library/std/src/panicking.rs:515:5
[INFO] [stdout]   14:     0x56220b332c91 - core::panicking::panic_fmt::hca6330e3e14086b4
[INFO] [stdout]                                at /rustc/a178d0322ce20e33eac124758e837cbd80a6f633/library/core/src/panicking.rs:92:14
[INFO] [stdout]   15:     0x56220b332d83 - core::result::unwrap_failed::h6160d2b4bfbb0e87
[INFO] [stdout]                                at /rustc/a178d0322ce20e33eac124758e837cbd80a6f633/library/core/src/result.rs:1355:5
[INFO] [stdout]   16:     0x56220b3362cc - core::result::Result<T,E>::unwrap::h1a087fa0f6150a5d
[INFO] [stdout]                                at /rustc/a178d0322ce20e33eac124758e837cbd80a6f633/library/core/src/result.rs:1037:23
[INFO] [stdout]   17:     0x56220b33997c - rest_api::openCRX::auth::basic_auth::hd612236850c9e559
[INFO] [stdout]                                at /opt/rustwide/workdir/src/openCRX/auth.rs:20:5
[INFO] [stdout]   18:     0x56220b33987a - rest_api::openCRX::auth::basic_auth::{{closure}}::h8337b4f788a5701d
[INFO] [stdout]                                at /opt/rustwide/workdir/src/openCRX/auth.rs:16:1
[INFO] [stdout]   19:     0x56220b33a75e - core::ops::function::FnOnce::call_once::hcc332ce985845e09
[INFO] [stdout]                                at /rustc/a178d0322ce20e33eac124758e837cbd80a6f633/library/core/src/ops/function.rs:227:5
[INFO] [stdout]   20:     0x56220b362ca3 - core::ops::function::FnOnce::call_once::h152e7e439ff59e19
[INFO] [stdout]                                at /rustc/a178d0322ce20e33eac124758e837cbd80a6f633/library/core/src/ops/function.rs:227:5
[INFO] [stdout]   21:     0x56220b362ca3 - test::__rust_begin_short_backtrace::h0908f3b1fdbb72ab
[INFO] [stdout]                                at /rustc/a178d0322ce20e33eac124758e837cbd80a6f633/library/test/src/lib.rs:577:5
[INFO] [stdout]   22:     0x56220b361760 - <alloc::boxed::Box<F,A> as core::ops::function::FnOnce<Args>>::call_once::hf6d2a51e5587546c
[INFO] [stdout]                                at /rustc/a178d0322ce20e33eac124758e837cbd80a6f633/library/alloc/src/boxed.rs:1575:9
[INFO] [stdout]   23:     0x56220b361760 - <std::panic::AssertUnwindSafe<F> as core::ops::function::FnOnce<()>>::call_once::h8af660f3a89ef593
[INFO] [stdout]                                at /rustc/a178d0322ce20e33eac124758e837cbd80a6f633/library/std/src/panic.rs:347:9
[INFO] [stdout]   24:     0x56220b361760 - std::panicking::try::do_call::hd36aef60f84b6d36
[INFO] [stdout]                                at /rustc/a178d0322ce20e33eac124758e837cbd80a6f633/library/std/src/panicking.rs:401:40
[INFO] [stdout]   25:     0x56220b361760 - std::panicking::try::h9932b4480e69817c
[INFO] [stdout]                                at /rustc/a178d0322ce20e33eac124758e837cbd80a6f633/library/std/src/panicking.rs:365:19
[INFO] [stdout]   26:     0x56220b361760 - std::panic::catch_unwind::h6aa177099cfff5f8
[INFO] [stdout]                                at /rustc/a178d0322ce20e33eac124758e837cbd80a6f633/library/std/src/panic.rs:434:14
[INFO] [stdout]   27:     0x56220b361760 - test::run_test_in_process::h5884d6f2d99e20c3
[INFO] [stdout]                                at /rustc/a178d0322ce20e33eac124758e837cbd80a6f633/library/test/src/lib.rs:600:18
[INFO] [stdout]   28:     0x56220b361760 - test::run_test::run_test_inner::{{closure}}::h6fdc58c6d5f5b6e3
[INFO] [stdout]                                at /rustc/a178d0322ce20e33eac124758e837cbd80a6f633/library/test/src/lib.rs:492:39
[INFO] [stdout]   29:     0x56220b33ae12 - test::run_test::run_test_inner::{{closure}}::h408365d67a78ade8
[INFO] [stdout]                                at /rustc/a178d0322ce20e33eac124758e837cbd80a6f633/library/test/src/lib.rs:519:37
[INFO] [stdout]   30:     0x56220b33ae12 - std::sys_common::backtrace::__rust_begin_short_backtrace::hb560b77c4f701523
[INFO] [stdout]                                at /rustc/a178d0322ce20e33eac124758e837cbd80a6f633/library/std/src/sys_common/backtrace.rs:125:18
[INFO] [stdout]   31:     0x56220b33e9c8 - std::thread::Builder::spawn_unchecked::{{closure}}::{{closure}}::hf2e7831dad93c597
[INFO] [stdout]                                at /rustc/a178d0322ce20e33eac124758e837cbd80a6f633/library/std/src/thread/mod.rs:481:17
[INFO] [stdout]   32:     0x56220b33e9c8 - <std::panic::AssertUnwindSafe<F> as core::ops::function::FnOnce<()>>::call_once::hd2e08783d8be4d02
[INFO] [stdout]                                at /rustc/a178d0322ce20e33eac124758e837cbd80a6f633/library/std/src/panic.rs:347:9
[INFO] [stdout]   33:     0x56220b33e9c8 - std::panicking::try::do_call::h062597b7acfd6b82
[INFO] [stdout]                                at /rustc/a178d0322ce20e33eac124758e837cbd80a6f633/library/std/src/panicking.rs:401:40
[INFO] [stdout]   34:     0x56220b33e9c8 - std::panicking::try::h0d7b79db04c14552
[INFO] [stdout]                                at /rustc/a178d0322ce20e33eac124758e837cbd80a6f633/library/std/src/panicking.rs:365:19
[INFO] [stdout]   35:     0x56220b33e9c8 - std::panic::catch_unwind::hb01a0b5e7c8cd43b
[INFO] [stdout]                                at /rustc/a178d0322ce20e33eac124758e837cbd80a6f633/library/std/src/panic.rs:434:14
[INFO] [stdout]   36:     0x56220b33e9c8 - std::thread::Builder::spawn_unchecked::{{closure}}::h5bde48cc887e0d1e
[INFO] [stdout]                                at /rustc/a178d0322ce20e33eac124758e837cbd80a6f633/library/std/src/thread/mod.rs:480:30
[INFO] [stdout]   37:     0x56220b33e9c8 - core::ops::function::FnOnce::call_once{{vtable.shim}}::h745ea30807a29e55
[INFO] [stdout]                                at /rustc/a178d0322ce20e33eac124758e837cbd80a6f633/library/core/src/ops/function.rs:227:5
[INFO] [stdout]   38:     0x56220b785617 - <alloc::boxed::Box<F,A> as core::ops::function::FnOnce<Args>>::call_once::h7ece6cfefaff1005
[INFO] [stdout]                                at /rustc/a178d0322ce20e33eac124758e837cbd80a6f633/library/alloc/src/boxed.rs:1575:9
[INFO] [stdout]   39:     0x56220b785617 - <alloc::boxed::Box<F,A> as core::ops::function::FnOnce<Args>>::call_once::hb8b48e55c21f193e
[INFO] [stdout]                                at /rustc/a178d0322ce20e33eac124758e837cbd80a6f633/library/alloc/src/boxed.rs:1575:9
[INFO] [stdout]   40:     0x56220b785617 - std::sys::unix::thread::Thread::new::thread_start::h8c7c4450dba62914
[INFO] [stdout]                                at /rustc/a178d0322ce20e33eac124758e837cbd80a6f633/library/std/src/sys/unix/thread.rs:71:17
[INFO] [stdout]   41:     0x7f166b9c6609 - start_thread
[INFO] [stdout]   42:     0x7f166b796293 - clone
[INFO] [stdout]   43:                0x0 - <unknown>
[INFO] [stdout] 
[INFO] [stdout] 
[INFO] [stdout] failures:
[INFO] [stdout]     openCRX::auth::basic_auth
[INFO] [stdout]     openCRX::auth::basic_auth_fail
[INFO] [stdout] 
[INFO] [stdout] test result: FAILED. 0 passed; 2 failed; 0 ignored; 0 measured; 0 filtered out; finished in 0.21s
[INFO] [stdout] 
[INFO] [stderr] error: test failed, to rerun pass '--bin rest_api'
[INFO] running `Command { std: "docker" "inspect" "00630ce7d93608c1e850feb7e76996a75b984d22f90fe379c3903f97f0f6c74e", kill_on_drop: false }`
[INFO] running `Command { std: "docker" "rm" "-f" "00630ce7d93608c1e850feb7e76996a75b984d22f90fe379c3903f97f0f6c74e", kill_on_drop: false }`
[INFO] [stdout] 00630ce7d93608c1e850feb7e76996a75b984d22f90fe379c3903f97f0f6c74e
