[INFO] cloning repository https://github.com/Lucifier129/rust-ray-tracing-demo
[INFO] running `Command { std: "git" "-c" "credential.helper=" "-c" "credential.helper=/workspace/cargo-home/bin/git-credential-null" "clone" "--bare" "https://github.com/Lucifier129/rust-ray-tracing-demo" "/workspace/cache/git-repos/https%3A%2F%2Fgithub.com%2FLucifier129%2Frust-ray-tracing-demo", kill_on_drop: false }`
[INFO] [stderr] Cloning into bare repository '/workspace/cache/git-repos/https%3A%2F%2Fgithub.com%2FLucifier129%2Frust-ray-tracing-demo'...
[INFO] running `Command { std: "git" "rev-parse" "HEAD", kill_on_drop: false }`
[INFO] [stdout] 38fc2625d8621960e3bbbac62b1add97db0918bf
[INFO] testing Lucifier129/rust-ray-tracing-demo against 1.54.0 for beta-1.55-1
[INFO] running `Command { std: "git" "clone" "/workspace/cache/git-repos/https%3A%2F%2Fgithub.com%2FLucifier129%2Frust-ray-tracing-demo" "/workspace/builds/worker-12/source", kill_on_drop: false }`
[INFO] [stderr] Cloning into '/workspace/builds/worker-12/source'...
[INFO] [stderr] done.
[INFO] validating manifest of git repo https://github.com/Lucifier129/rust-ray-tracing-demo on toolchain 1.54.0
[INFO] running `Command { std: "/workspace/cargo-home/bin/cargo" "+1.54.0" "metadata" "--manifest-path" "Cargo.toml" "--no-deps", kill_on_drop: false }`
[INFO] removed /workspace/builds/worker-12/source/.cargo/config
[INFO] started tweaking git repo https://github.com/Lucifier129/rust-ray-tracing-demo
[INFO] finished tweaking git repo https://github.com/Lucifier129/rust-ray-tracing-demo
[INFO] tweaked toml for git repo https://github.com/Lucifier129/rust-ray-tracing-demo written to /workspace/builds/worker-12/source/Cargo.toml
[INFO] crate git repo https://github.com/Lucifier129/rust-ray-tracing-demo already has a lockfile, it will not be regenerated
[INFO] running `Command { std: "/workspace/cargo-home/bin/cargo" "+1.54.0" "fetch" "--manifest-path" "Cargo.toml", kill_on_drop: false }`
[INFO] running `Command { std: "docker" "create" "-v" "/var/lib/crater-agent-workspace/builds/worker-12/target:/opt/rustwide/target:rw,Z" "-v" "/var/lib/crater-agent-workspace/builds/worker-12/source:/opt/rustwide/workdir:ro,Z" "-v" "/var/lib/crater-agent-workspace/cargo-home:/opt/rustwide/cargo-home:ro,Z" "-v" "/var/lib/crater-agent-workspace/rustup-home:/opt/rustwide/rustup-home:ro,Z" "-e" "SOURCE_DIR=/opt/rustwide/workdir" "-e" "CARGO_TARGET_DIR=/opt/rustwide/target" "-e" "CARGO_HOME=/opt/rustwide/cargo-home" "-e" "RUSTUP_HOME=/opt/rustwide/rustup-home" "-w" "/opt/rustwide/workdir" "-m" "1610612736" "--user" "0:0" "--network" "none" "ghcr.io/rust-lang/crates-build-env/linux@sha256:34b6a614d2c27851fe6cbf88fbd1137609cefab8b10d0615aaeb6fd47975d74e" "/opt/rustwide/cargo-home/bin/cargo" "+1.54.0" "metadata" "--no-deps" "--format-version=1", kill_on_drop: false }`
[INFO] [stdout] 0c890fc6ec43e29317fc07d7d50e9c60972c9a9c81ff9ceeac3edb929efefa8e
[INFO] running `Command { std: "docker" "start" "-a" "0c890fc6ec43e29317fc07d7d50e9c60972c9a9c81ff9ceeac3edb929efefa8e", kill_on_drop: false }`
[INFO] running `Command { std: "docker" "inspect" "0c890fc6ec43e29317fc07d7d50e9c60972c9a9c81ff9ceeac3edb929efefa8e", kill_on_drop: false }`
[INFO] running `Command { std: "docker" "rm" "-f" "0c890fc6ec43e29317fc07d7d50e9c60972c9a9c81ff9ceeac3edb929efefa8e", kill_on_drop: false }`
[INFO] [stdout] 0c890fc6ec43e29317fc07d7d50e9c60972c9a9c81ff9ceeac3edb929efefa8e
[INFO] running `Command { std: "docker" "create" "-v" "/var/lib/crater-agent-workspace/builds/worker-12/target:/opt/rustwide/target:rw,Z" "-v" "/var/lib/crater-agent-workspace/builds/worker-12/source:/opt/rustwide/workdir:ro,Z" "-v" "/var/lib/crater-agent-workspace/cargo-home:/opt/rustwide/cargo-home:ro,Z" "-v" "/var/lib/crater-agent-workspace/rustup-home:/opt/rustwide/rustup-home:ro,Z" "-e" "SOURCE_DIR=/opt/rustwide/workdir" "-e" "CARGO_TARGET_DIR=/opt/rustwide/target" "-e" "CARGO_INCREMENTAL=0" "-e" "RUST_BACKTRACE=full" "-e" "RUSTFLAGS=--cap-lints=warn" "-e" "CARGO_HOME=/opt/rustwide/cargo-home" "-e" "RUSTUP_HOME=/opt/rustwide/rustup-home" "-w" "/opt/rustwide/workdir" "-m" "1610612736" "--user" "0:0" "--network" "none" "ghcr.io/rust-lang/crates-build-env/linux@sha256:34b6a614d2c27851fe6cbf88fbd1137609cefab8b10d0615aaeb6fd47975d74e" "/opt/rustwide/cargo-home/bin/cargo" "+1.54.0" "build" "--frozen" "--message-format=json", kill_on_drop: false }`
[INFO] [stdout] 9fe1962f7d2180be9c80bb47cc24920dcf11ce320f34b7af94c76463bf35d46a
[INFO] running `Command { std: "docker" "start" "-a" "9fe1962f7d2180be9c80bb47cc24920dcf11ce320f34b7af94c76463bf35d46a", kill_on_drop: false }`
[INFO] [stderr]    Compiling getrandom v0.1.14
[INFO] [stderr]    Compiling ppv-lite86 v0.2.8
[INFO] [stderr]    Compiling num_cpus v1.13.0
[INFO] [stderr]    Compiling threadpool v1.8.1
[INFO] [stderr]    Compiling rand_core v0.5.1
[INFO] [stderr]    Compiling rand_chacha v0.2.2
[INFO] [stderr]    Compiling rand v0.7.3
[INFO] [stderr]    Compiling ray_tracing v0.1.0 (/opt/rustwide/workdir)
[INFO] [stdout] warning: panic message contains an unused formatting placeholder
[INFO] [stdout]   --> src/main.rs:21:51
[INFO] [stdout]    |
[INFO] [stdout] 21 |         panic!("Expected one arguments. cargo run {number}");
[INFO] [stdout]    |                                                   ^^^^^^^^
[INFO] [stdout]    |
[INFO] [stdout]    = note: `#[warn(non_fmt_panic)]` on by default
[INFO] [stdout]    = note: this message is not used as a format string when given without arguments, but will be in Rust 2021
[INFO] [stdout] help: add the missing argument
[INFO] [stdout]    |
[INFO] [stdout] 21 |         panic!("Expected one arguments. cargo run {number}", ...);
[INFO] [stdout]    |                                                            ^^^^^
[INFO] [stdout] help: or add a "{}" format string to use the message literally
[INFO] [stdout]    |
[INFO] [stdout] 21 |         panic!("{}", "Expected one arguments. cargo run {number}");
[INFO] [stdout]    |                ^^^^^
[INFO] [stdout] 
[INFO] [stdout] 
[INFO] [stdout] warning: panic message contains an unused formatting placeholder
[INFO] [stdout]   --> src/main.rs:62:46
[INFO] [stdout]    |
[INFO] [stdout] 62 |         panic!("Expected a number. cargo run {number}");
[INFO] [stdout]    |                                              ^^^^^^^^
[INFO] [stdout]    |
[INFO] [stdout]    = note: this message is not used as a format string when given without arguments, but will be in Rust 2021
[INFO] [stdout] help: add the missing argument
[INFO] [stdout]    |
[INFO] [stdout] 62 |         panic!("Expected a number. cargo run {number}", ...);
[INFO] [stdout]    |                                                       ^^^^^
[INFO] [stdout] help: or add a "{}" format string to use the message literally
[INFO] [stdout]    |
[INFO] [stdout] 62 |         panic!("{}", "Expected a number. cargo run {number}");
[INFO] [stdout]    |                ^^^^^
[INFO] [stdout] 
[INFO] [stdout] 
[INFO] [stdout] warning: 2 warnings emitted
[INFO] [stdout] 
[INFO] [stdout] 
[INFO] [stderr]     Finished dev [unoptimized + debuginfo] target(s) in 7.35s
[INFO] running `Command { std: "docker" "inspect" "9fe1962f7d2180be9c80bb47cc24920dcf11ce320f34b7af94c76463bf35d46a", kill_on_drop: false }`
[INFO] running `Command { std: "docker" "rm" "-f" "9fe1962f7d2180be9c80bb47cc24920dcf11ce320f34b7af94c76463bf35d46a", kill_on_drop: false }`
[INFO] [stdout] 9fe1962f7d2180be9c80bb47cc24920dcf11ce320f34b7af94c76463bf35d46a
[INFO] running `Command { std: "docker" "create" "-v" "/var/lib/crater-agent-workspace/builds/worker-12/target:/opt/rustwide/target:rw,Z" "-v" "/var/lib/crater-agent-workspace/builds/worker-12/source:/opt/rustwide/workdir:ro,Z" "-v" "/var/lib/crater-agent-workspace/cargo-home:/opt/rustwide/cargo-home:ro,Z" "-v" "/var/lib/crater-agent-workspace/rustup-home:/opt/rustwide/rustup-home:ro,Z" "-e" "SOURCE_DIR=/opt/rustwide/workdir" "-e" "CARGO_TARGET_DIR=/opt/rustwide/target" "-e" "CARGO_INCREMENTAL=0" "-e" "RUST_BACKTRACE=full" "-e" "RUSTFLAGS=--cap-lints=warn" "-e" "CARGO_HOME=/opt/rustwide/cargo-home" "-e" "RUSTUP_HOME=/opt/rustwide/rustup-home" "-w" "/opt/rustwide/workdir" "-m" "1610612736" "--user" "0:0" "--network" "none" "ghcr.io/rust-lang/crates-build-env/linux@sha256:34b6a614d2c27851fe6cbf88fbd1137609cefab8b10d0615aaeb6fd47975d74e" "/opt/rustwide/cargo-home/bin/cargo" "+1.54.0" "test" "--frozen" "--no-run" "--message-format=json", kill_on_drop: false }`
[INFO] [stdout] 72bd421eb2862618d798d687f7cb0941d98c3cd94bb7c76c26514b28cd6cb403
[INFO] running `Command { std: "docker" "start" "-a" "72bd421eb2862618d798d687f7cb0941d98c3cd94bb7c76c26514b28cd6cb403", kill_on_drop: false }`
[INFO] [stderr]    Compiling ray_tracing v0.1.0 (/opt/rustwide/workdir)
[INFO] [stdout] warning: panic message contains an unused formatting placeholder
[INFO] [stdout]   --> src/main.rs:21:51
[INFO] [stdout]    |
[INFO] [stdout] 21 |         panic!("Expected one arguments. cargo run {number}");
[INFO] [stdout]    |                                                   ^^^^^^^^
[INFO] [stdout]    |
[INFO] [stdout]    = note: `#[warn(non_fmt_panic)]` on by default
[INFO] [stdout]    = note: this message is not used as a format string when given without arguments, but will be in Rust 2021
[INFO] [stdout] help: add the missing argument
[INFO] [stdout]    |
[INFO] [stdout] 21 |         panic!("Expected one arguments. cargo run {number}", ...);
[INFO] [stdout]    |                                                            ^^^^^
[INFO] [stdout] help: or add a "{}" format string to use the message literally
[INFO] [stdout]    |
[INFO] [stdout] 21 |         panic!("{}", "Expected one arguments. cargo run {number}");
[INFO] [stdout]    |                ^^^^^
[INFO] [stdout] 
[INFO] [stdout] 
[INFO] [stdout] warning: panic message contains an unused formatting placeholder
[INFO] [stdout]   --> src/main.rs:62:46
[INFO] [stdout]    |
[INFO] [stdout] 62 |         panic!("Expected a number. cargo run {number}");
[INFO] [stdout]    |                                              ^^^^^^^^
[INFO] [stdout]    |
[INFO] [stdout]    = note: this message is not used as a format string when given without arguments, but will be in Rust 2021
[INFO] [stdout] help: add the missing argument
[INFO] [stdout]    |
[INFO] [stdout] 62 |         panic!("Expected a number. cargo run {number}", ...);
[INFO] [stdout]    |                                                       ^^^^^
[INFO] [stdout] help: or add a "{}" format string to use the message literally
[INFO] [stdout]    |
[INFO] [stdout] 62 |         panic!("{}", "Expected a number. cargo run {number}");
[INFO] [stdout]    |                ^^^^^
[INFO] [stdout] 
[INFO] [stdout] 
[INFO] [stdout] warning: 2 warnings emitted
[INFO] [stdout] 
[INFO] [stdout] 
[INFO] [stderr]     Finished test [unoptimized + debuginfo] target(s) in 1.45s
[INFO] running `Command { std: "docker" "inspect" "72bd421eb2862618d798d687f7cb0941d98c3cd94bb7c76c26514b28cd6cb403", kill_on_drop: false }`
[INFO] running `Command { std: "docker" "rm" "-f" "72bd421eb2862618d798d687f7cb0941d98c3cd94bb7c76c26514b28cd6cb403", kill_on_drop: false }`
[INFO] [stdout] 72bd421eb2862618d798d687f7cb0941d98c3cd94bb7c76c26514b28cd6cb403
[INFO] running `Command { std: "docker" "create" "-v" "/var/lib/crater-agent-workspace/builds/worker-12/target:/opt/rustwide/target:rw,Z" "-v" "/var/lib/crater-agent-workspace/builds/worker-12/source:/opt/rustwide/workdir:ro,Z" "-v" "/var/lib/crater-agent-workspace/cargo-home:/opt/rustwide/cargo-home:ro,Z" "-v" "/var/lib/crater-agent-workspace/rustup-home:/opt/rustwide/rustup-home:ro,Z" "-e" "SOURCE_DIR=/opt/rustwide/workdir" "-e" "CARGO_TARGET_DIR=/opt/rustwide/target" "-e" "CARGO_INCREMENTAL=0" "-e" "RUST_BACKTRACE=full" "-e" "RUSTFLAGS=--cap-lints=warn" "-e" "CARGO_HOME=/opt/rustwide/cargo-home" "-e" "RUSTUP_HOME=/opt/rustwide/rustup-home" "-w" "/opt/rustwide/workdir" "-m" "1610612736" "--user" "0:0" "--network" "none" "ghcr.io/rust-lang/crates-build-env/linux@sha256:34b6a614d2c27851fe6cbf88fbd1137609cefab8b10d0615aaeb6fd47975d74e" "/opt/rustwide/cargo-home/bin/cargo" "+1.54.0" "test" "--frozen", kill_on_drop: false }`
[INFO] [stdout] 0967fa644f1accc38766eb7603b2e6f9ffb0112eda1040cb33e655874b5c6812
[INFO] running `Command { std: "docker" "start" "-a" "0967fa644f1accc38766eb7603b2e6f9ffb0112eda1040cb33e655874b5c6812", kill_on_drop: false }`
[INFO] [stdout] 
[INFO] [stderr] warning: panic message contains an unused formatting placeholder
[INFO] [stdout] running 2 tests
[INFO] [stderr]   --> src/main.rs:21:51
[INFO] [stderr]    |
[INFO] [stderr] 21 |         panic!("Expected one arguments. cargo run {number}");
[INFO] [stderr]    |                                                   ^^^^^^^^
[INFO] [stderr]    |
[INFO] [stderr]    = note: `#[warn(non_fmt_panic)]` on by default
[INFO] [stderr]    = note: this message is not used as a format string when given without arguments, but will be in Rust 2021
[INFO] [stderr] help: add the missing argument
[INFO] [stderr]    |
[INFO] [stderr] 21 |         panic!("Expected one arguments. cargo run {number}", ...);
[INFO] [stderr]    |                                                            ^^^^^
[INFO] [stderr] help: or add a "{}" format string to use the message literally
[INFO] [stderr]    |
[INFO] [stderr] 21 |         panic!("{}", "Expected one arguments. cargo run {number}");
[INFO] [stderr]    |                ^^^^^
[INFO] [stderr] 
[INFO] [stderr] warning: panic message contains an unused formatting placeholder
[INFO] [stderr]   --> src/main.rs:62:46
[INFO] [stderr]    |
[INFO] [stderr] 62 |         panic!("Expected a number. cargo run {number}");
[INFO] [stderr]    |                                              ^^^^^^^^
[INFO] [stderr]    |
[INFO] [stderr]    = note: this message is not used as a format string when given without arguments, but will be in Rust 2021
[INFO] [stderr] help: add the missing argument
[INFO] [stderr]    |
[INFO] [stderr] 62 |         panic!("Expected a number. cargo run {number}", ...);
[INFO] [stderr]    |                                                       ^^^^^
[INFO] [stderr] help: or add a "{}" format string to use the message literally
[INFO] [stderr]    |
[INFO] [stderr] 62 |         panic!("{}", "Expected a number. cargo run {number}");
[INFO] [stderr]    |                ^^^^^
[INFO] [stderr] 
[INFO] [stderr] warning: 2 warnings emitted
[INFO] [stderr] 
[INFO] [stderr]     Finished test [unoptimized + debuginfo] target(s) in 0.02s
[INFO] [stderr]      Running unittests (/opt/rustwide/target/debug/deps/ray_tracing-636cac20c4b204f8)
[INFO] [stdout] test vec3::tests::test_vec3_operators ... ok
[INFO] [stdout] test vec3::tests::test_vec3_methods ... FAILED
[INFO] [stdout] 
[INFO] [stdout] failures:
[INFO] [stdout] 
[INFO] [stdout] ---- vec3::tests::test_vec3_methods stdout ----
[INFO] [stdout] thread 'vec3::tests::test_vec3_methods' panicked at 'assertion failed: `(left == right)`
[INFO] [stdout]   left: `"0.37"`,
[INFO] [stdout]  right: `"1.85"`', src/vec3.rs:237:5
[INFO] [stdout] stack backtrace:
[INFO] [stdout]    0:     0x55a924147d40 - std::backtrace_rs::backtrace::libunwind::trace::h34055254b57d8e79
[INFO] [stdout]                                at /rustc/a178d0322ce20e33eac124758e837cbd80a6f633/library/std/src/../../backtrace/src/backtrace/libunwind.rs:90:5
[INFO] [stdout]    1:     0x55a924147d40 - std::backtrace_rs::backtrace::trace_unsynchronized::h8f1e3fbd9afff6ec
[INFO] [stdout]                                at /rustc/a178d0322ce20e33eac124758e837cbd80a6f633/library/std/src/../../backtrace/src/backtrace/mod.rs:66:5
[INFO] [stdout]    2:     0x55a924147d40 - std::sys_common::backtrace::_print_fmt::h3a99a796b770c360
[INFO] [stdout]                                at /rustc/a178d0322ce20e33eac124758e837cbd80a6f633/library/std/src/sys_common/backtrace.rs:67:5
[INFO] [stdout]    3:     0x55a924147d40 - <std::sys_common::backtrace::_print::DisplayBacktrace as core::fmt::Display>::fmt::h32d1f94a80615d18
[INFO] [stdout]                                at /rustc/a178d0322ce20e33eac124758e837cbd80a6f633/library/std/src/sys_common/backtrace.rs:46:22
[INFO] [stdout]    4:     0x55a92416a53c - core::fmt::write::h306731c068f7162c
[INFO] [stdout]                                at /rustc/a178d0322ce20e33eac124758e837cbd80a6f633/library/core/src/fmt/mod.rs:1110:17
[INFO] [stdout]    5:     0x55a924144c65 - std::io::Write::write_fmt::h87f19b0a2cd190bc
[INFO] [stdout]                                at /rustc/a178d0322ce20e33eac124758e837cbd80a6f633/library/std/src/io/mod.rs:1588:15
[INFO] [stdout]    6:     0x55a924149eab - std::sys_common::backtrace::_print::h5abaa2601a852287
[INFO] [stdout]                                at /rustc/a178d0322ce20e33eac124758e837cbd80a6f633/library/std/src/sys_common/backtrace.rs:49:5
[INFO] [stdout]    7:     0x55a924149eab - std::sys_common::backtrace::print::h8d81445442bb638f
[INFO] [stdout]                                at /rustc/a178d0322ce20e33eac124758e837cbd80a6f633/library/std/src/sys_common/backtrace.rs:36:9
[INFO] [stdout]    8:     0x55a924149eab - std::panicking::default_hook::{{closure}}::hcfe804496a9fa747
[INFO] [stdout]                                at /rustc/a178d0322ce20e33eac124758e837cbd80a6f633/library/std/src/panicking.rs:208:50
[INFO] [stdout]    9:     0x55a9241499bc - std::panicking::default_hook::hbea8e3ccf2ba8901
[INFO] [stdout]                                at /rustc/a178d0322ce20e33eac124758e837cbd80a6f633/library/std/src/panicking.rs:222:9
[INFO] [stdout]   10:     0x55a92414a574 - std::panicking::rust_panic_with_hook::h7ee9e1a2d0f8975a
[INFO] [stdout]                                at /rustc/a178d0322ce20e33eac124758e837cbd80a6f633/library/std/src/panicking.rs:622:17
[INFO] [stdout]   11:     0x55a92414a057 - std::panicking::begin_panic_handler::{{closure}}::h8ab3b4491718b2c7
[INFO] [stdout]                                at /rustc/a178d0322ce20e33eac124758e837cbd80a6f633/library/std/src/panicking.rs:519:13
[INFO] [stdout]   12:     0x55a92414823c - std::sys_common::backtrace::__rust_end_short_backtrace::hd489062ffa586a9f
[INFO] [stdout]                                at /rustc/a178d0322ce20e33eac124758e837cbd80a6f633/library/std/src/sys_common/backtrace.rs:141:18
[INFO] [stdout]   13:     0x55a924149fb9 - rust_begin_unwind
[INFO] [stdout]                                at /rustc/a178d0322ce20e33eac124758e837cbd80a6f633/library/std/src/panicking.rs:515:5
[INFO] [stdout]   14:     0x55a9240f0651 - core::panicking::panic_fmt::hca6330e3e14086b4
[INFO] [stdout]                                at /rustc/a178d0322ce20e33eac124758e837cbd80a6f633/library/core/src/panicking.rs:92:14
[INFO] [stdout]   15:     0x55a924168e58 - core::panicking::assert_failed_inner::h33b45280069a80ed
[INFO] [stdout]   16:     0x55a9240f200a - core::panicking::assert_failed::h47a264a144752399
[INFO] [stdout]                                at /rustc/a178d0322ce20e33eac124758e837cbd80a6f633/library/core/src/panicking.rs:117:5
[INFO] [stdout]   17:     0x55a9240f36f7 - ray_tracing::vec3::tests::test_vec3_methods::he9dc1253df818c8a
[INFO] [stdout]                                at /opt/rustwide/workdir/src/vec3.rs:237:5
[INFO] [stdout]   18:     0x55a9240f310a - ray_tracing::vec3::tests::test_vec3_methods::{{closure}}::h5ef67b3953115d64
[INFO] [stdout]                                at /opt/rustwide/workdir/src/vec3.rs:226:3
[INFO] [stdout]   19:     0x55a9240f1dfe - core::ops::function::FnOnce::call_once::h5747e5b3bfa499b4
[INFO] [stdout]                                at /rustc/a178d0322ce20e33eac124758e837cbd80a6f633/library/core/src/ops/function.rs:227:5
[INFO] [stdout]   20:     0x55a92411d153 - core::ops::function::FnOnce::call_once::h152e7e439ff59e19
[INFO] [stdout]                                at /rustc/a178d0322ce20e33eac124758e837cbd80a6f633/library/core/src/ops/function.rs:227:5
[INFO] [stdout]   21:     0x55a92411d153 - test::__rust_begin_short_backtrace::h0908f3b1fdbb72ab
[INFO] [stdout]                                at /rustc/a178d0322ce20e33eac124758e837cbd80a6f633/library/test/src/lib.rs:577:5
[INFO] [stdout]   22:     0x55a92411bc10 - <alloc::boxed::Box<F,A> as core::ops::function::FnOnce<Args>>::call_once::hf6d2a51e5587546c
[INFO] [stdout]                                at /rustc/a178d0322ce20e33eac124758e837cbd80a6f633/library/alloc/src/boxed.rs:1575:9
[INFO] [stdout]   23:     0x55a92411bc10 - <std::panic::AssertUnwindSafe<F> as core::ops::function::FnOnce<()>>::call_once::h8af660f3a89ef593
[INFO] [stdout]                                at /rustc/a178d0322ce20e33eac124758e837cbd80a6f633/library/std/src/panic.rs:347:9
[INFO] [stdout]   24:     0x55a92411bc10 - std::panicking::try::do_call::hd36aef60f84b6d36
[INFO] [stdout]                                at /rustc/a178d0322ce20e33eac124758e837cbd80a6f633/library/std/src/panicking.rs:401:40
[INFO] [stdout]   25:     0x55a92411bc10 - std::panicking::try::h9932b4480e69817c
[INFO] [stdout]                                at /rustc/a178d0322ce20e33eac124758e837cbd80a6f633/library/std/src/panicking.rs:365:19
[INFO] [stdout]   26:     0x55a92411bc10 - std::panic::catch_unwind::h6aa177099cfff5f8
[INFO] [stdout]                                at /rustc/a178d0322ce20e33eac124758e837cbd80a6f633/library/std/src/panic.rs:434:14
[INFO] [stdout]   27:     0x55a92411bc10 - test::run_test_in_process::h5884d6f2d99e20c3
[INFO] [stdout]                                at /rustc/a178d0322ce20e33eac124758e837cbd80a6f633/library/test/src/lib.rs:600:18
[INFO] [stdout]   28:     0x55a92411bc10 - test::run_test::run_test_inner::{{closure}}::h6fdc58c6d5f5b6e3
[INFO] [stdout]                                at /rustc/a178d0322ce20e33eac124758e837cbd80a6f633/library/test/src/lib.rs:492:39
[INFO] [stdout]   29:     0x55a9240f52c2 - test::run_test::run_test_inner::{{closure}}::h408365d67a78ade8
[INFO] [stdout]                                at /rustc/a178d0322ce20e33eac124758e837cbd80a6f633/library/test/src/lib.rs:519:37
[INFO] [stdout]   30:     0x55a9240f52c2 - std::sys_common::backtrace::__rust_begin_short_backtrace::hb560b77c4f701523
[INFO] [stdout]                                at /rustc/a178d0322ce20e33eac124758e837cbd80a6f633/library/std/src/sys_common/backtrace.rs:125:18
[INFO] [stdout]   31:     0x55a9240f8e78 - std::thread::Builder::spawn_unchecked::{{closure}}::{{closure}}::hf2e7831dad93c597
[INFO] [stdout]                                at /rustc/a178d0322ce20e33eac124758e837cbd80a6f633/library/std/src/thread/mod.rs:481:17
[INFO] [stdout]   32:     0x55a9240f8e78 - <std::panic::AssertUnwindSafe<F> as core::ops::function::FnOnce<()>>::call_once::hd2e08783d8be4d02
[INFO] [stdout]                                at /rustc/a178d0322ce20e33eac124758e837cbd80a6f633/library/std/src/panic.rs:347:9
[INFO] [stdout]   33:     0x55a9240f8e78 - std::panicking::try::do_call::h062597b7acfd6b82
[INFO] [stdout]                                at /rustc/a178d0322ce20e33eac124758e837cbd80a6f633/library/std/src/panicking.rs:401:40
[INFO] [stdout]   34:     0x55a9240f8e78 - std::panicking::try::h0d7b79db04c14552
[INFO] [stdout]                                at /rustc/a178d0322ce20e33eac124758e837cbd80a6f633/library/std/src/panicking.rs:365:19
[INFO] [stdout]   35:     0x55a9240f8e78 - std::panic::catch_unwind::hb01a0b5e7c8cd43b
[INFO] [stdout]                                at /rustc/a178d0322ce20e33eac124758e837cbd80a6f633/library/std/src/panic.rs:434:14
[INFO] [stdout]   36:     0x55a9240f8e78 - std::thread::Builder::spawn_unchecked::{{closure}}::h5bde48cc887e0d1e
[INFO] [stdout]                                at /rustc/a178d0322ce20e33eac124758e837cbd80a6f633/library/std/src/thread/mod.rs:480:30
[INFO] [stdout]   37:     0x55a9240f8e78 - core::ops::function::FnOnce::call_once{{vtable.shim}}::h745ea30807a29e55
[INFO] [stdout]                                at /rustc/a178d0322ce20e33eac124758e837cbd80a6f633/library/core/src/ops/function.rs:227:5
[INFO] [stdout]   38:     0x55a92414f037 - <alloc::boxed::Box<F,A> as core::ops::function::FnOnce<Args>>::call_once::h7ece6cfefaff1005
[INFO] [stdout]                                at /rustc/a178d0322ce20e33eac124758e837cbd80a6f633/library/alloc/src/boxed.rs:1575:9
[INFO] [stdout]   39:     0x55a92414f037 - <alloc::boxed::Box<F,A> as core::ops::function::FnOnce<Args>>::call_once::hb8b48e55c21f193e
[INFO] [stdout]                                at /rustc/a178d0322ce20e33eac124758e837cbd80a6f633/library/alloc/src/boxed.rs:1575:9
[INFO] [stdout]   40:     0x55a92414f037 - std::sys::unix::thread::Thread::new::thread_start::h8c7c4450dba62914
[INFO] [stdout]                                at /rustc/a178d0322ce20e33eac124758e837cbd80a6f633/library/std/src/sys/unix/thread.rs:71:17
[INFO] [stdout]   41:     0x7f9d248f2609 - start_thread
[INFO] [stdout]   42:     0x7f9d246ca293 - clone
[INFO] [stdout]   43:                0x0 - <unknown>
[INFO] [stdout] 
[INFO] [stdout] 
[INFO] [stdout] failures:
[INFO] [stdout]     vec3::tests::test_vec3_methods
[INFO] [stdout] 
[INFO] [stdout] test result: FAILED. 1 passed; 1 failed; 0 ignored; 0 measured; 0 filtered out; finished in 0.02s
[INFO] [stdout] 
[INFO] [stderr] error: test failed, to rerun pass '--lib'
[INFO] running `Command { std: "docker" "inspect" "0967fa644f1accc38766eb7603b2e6f9ffb0112eda1040cb33e655874b5c6812", kill_on_drop: false }`
[INFO] running `Command { std: "docker" "rm" "-f" "0967fa644f1accc38766eb7603b2e6f9ffb0112eda1040cb33e655874b5c6812", kill_on_drop: false }`
[INFO] [stdout] 0967fa644f1accc38766eb7603b2e6f9ffb0112eda1040cb33e655874b5c6812
