[INFO] cloning repository https://github.com/Leonqn/leetcode-solutions
[INFO] running `Command { std: "git" "-c" "credential.helper=" "-c" "credential.helper=/workspace/cargo-home/bin/git-credential-null" "clone" "--bare" "https://github.com/Leonqn/leetcode-solutions" "/workspace/cache/git-repos/https%3A%2F%2Fgithub.com%2FLeonqn%2Fleetcode-solutions", kill_on_drop: false }`
[INFO] [stderr] Cloning into bare repository '/workspace/cache/git-repos/https%3A%2F%2Fgithub.com%2FLeonqn%2Fleetcode-solutions'...
[INFO] running `Command { std: "git" "rev-parse" "HEAD", kill_on_drop: false }`
[INFO] [stdout] 327dce05b1577551a968059463587853b87d87ef
[INFO] testing Leonqn/leetcode-solutions against 1.54.0 for beta-1.55-1
[INFO] running `Command { std: "git" "clone" "/workspace/cache/git-repos/https%3A%2F%2Fgithub.com%2FLeonqn%2Fleetcode-solutions" "/workspace/builds/worker-10/source", kill_on_drop: false }`
[INFO] [stderr] Cloning into '/workspace/builds/worker-10/source'...
[INFO] [stderr] done.
[INFO] validating manifest of git repo https://github.com/Leonqn/leetcode-solutions on toolchain 1.54.0
[INFO] running `Command { std: "/workspace/cargo-home/bin/cargo" "+1.54.0" "metadata" "--manifest-path" "Cargo.toml" "--no-deps", kill_on_drop: false }`
[INFO] started tweaking git repo https://github.com/Leonqn/leetcode-solutions
[INFO] finished tweaking git repo https://github.com/Leonqn/leetcode-solutions
[INFO] tweaked toml for git repo https://github.com/Leonqn/leetcode-solutions written to /workspace/builds/worker-10/source/Cargo.toml
[INFO] crate git repo https://github.com/Leonqn/leetcode-solutions already has a lockfile, it will not be regenerated
[INFO] running `Command { std: "/workspace/cargo-home/bin/cargo" "+1.54.0" "fetch" "--manifest-path" "Cargo.toml", kill_on_drop: false }`
[INFO] running `Command { std: "docker" "create" "-v" "/var/lib/crater-agent-workspace/builds/worker-10/target:/opt/rustwide/target:rw,Z" "-v" "/var/lib/crater-agent-workspace/builds/worker-10/source:/opt/rustwide/workdir:ro,Z" "-v" "/var/lib/crater-agent-workspace/cargo-home:/opt/rustwide/cargo-home:ro,Z" "-v" "/var/lib/crater-agent-workspace/rustup-home:/opt/rustwide/rustup-home:ro,Z" "-e" "SOURCE_DIR=/opt/rustwide/workdir" "-e" "CARGO_TARGET_DIR=/opt/rustwide/target" "-e" "CARGO_HOME=/opt/rustwide/cargo-home" "-e" "RUSTUP_HOME=/opt/rustwide/rustup-home" "-w" "/opt/rustwide/workdir" "-m" "1610612736" "--user" "0:0" "--network" "none" "ghcr.io/rust-lang/crates-build-env/linux@sha256:34b6a614d2c27851fe6cbf88fbd1137609cefab8b10d0615aaeb6fd47975d74e" "/opt/rustwide/cargo-home/bin/cargo" "+1.54.0" "metadata" "--no-deps" "--format-version=1", kill_on_drop: false }`
[INFO] [stderr] WARNING: Your kernel does not support swap limit capabilities or the cgroup is not mounted. Memory limited without swap.
[INFO] [stdout] 4aeceea05461f791d6ff5cbb6ccf5f1c6dc2b1153dd9d030ef851c9907cd9bb5
[INFO] running `Command { std: "docker" "start" "-a" "4aeceea05461f791d6ff5cbb6ccf5f1c6dc2b1153dd9d030ef851c9907cd9bb5", kill_on_drop: false }`
[INFO] running `Command { std: "docker" "inspect" "4aeceea05461f791d6ff5cbb6ccf5f1c6dc2b1153dd9d030ef851c9907cd9bb5", kill_on_drop: false }`
[INFO] running `Command { std: "docker" "rm" "-f" "4aeceea05461f791d6ff5cbb6ccf5f1c6dc2b1153dd9d030ef851c9907cd9bb5", kill_on_drop: false }`
[INFO] [stdout] 4aeceea05461f791d6ff5cbb6ccf5f1c6dc2b1153dd9d030ef851c9907cd9bb5
[INFO] running `Command { std: "docker" "create" "-v" "/var/lib/crater-agent-workspace/builds/worker-10/target:/opt/rustwide/target:rw,Z" "-v" "/var/lib/crater-agent-workspace/builds/worker-10/source:/opt/rustwide/workdir:ro,Z" "-v" "/var/lib/crater-agent-workspace/cargo-home:/opt/rustwide/cargo-home:ro,Z" "-v" "/var/lib/crater-agent-workspace/rustup-home:/opt/rustwide/rustup-home:ro,Z" "-e" "SOURCE_DIR=/opt/rustwide/workdir" "-e" "CARGO_TARGET_DIR=/opt/rustwide/target" "-e" "CARGO_INCREMENTAL=0" "-e" "RUST_BACKTRACE=full" "-e" "RUSTFLAGS=--cap-lints=warn" "-e" "CARGO_HOME=/opt/rustwide/cargo-home" "-e" "RUSTUP_HOME=/opt/rustwide/rustup-home" "-w" "/opt/rustwide/workdir" "-m" "1610612736" "--user" "0:0" "--network" "none" "ghcr.io/rust-lang/crates-build-env/linux@sha256:34b6a614d2c27851fe6cbf88fbd1137609cefab8b10d0615aaeb6fd47975d74e" "/opt/rustwide/cargo-home/bin/cargo" "+1.54.0" "build" "--frozen" "--message-format=json", kill_on_drop: false }`
[INFO] [stdout] 04d31d2821b1c34d63bc79d28b6533319ccf335f64d43f133fa2dc2f361cf761
[INFO] [stderr] WARNING: Your kernel does not support swap limit capabilities or the cgroup is not mounted. Memory limited without swap.
[INFO] running `Command { std: "docker" "start" "-a" "04d31d2821b1c34d63bc79d28b6533319ccf335f64d43f133fa2dc2f361cf761", kill_on_drop: false }`
[INFO] [stderr]    Compiling top-questions v0.1.0 (/opt/rustwide/workdir)
[INFO] [stdout] warning: unused import: `BTreeSet`
[INFO] [stdout]  --> src/medium/array_and_strings.rs:1:24
[INFO] [stdout]   |
[INFO] [stdout] 1 | use std::collections::{BTreeSet, HashMap};
[INFO] [stdout]   |                        ^^^^^^^^
[INFO] [stdout]   |
[INFO] [stdout]   = note: `#[warn(unused_imports)]` on by default
[INFO] [stdout] 
[INFO] [stdout] 
[INFO] [stdout] warning: unused variable: `nums`
[INFO] [stdout]    --> src/medium/array_and_strings.rs:171:31
[INFO] [stdout]     |
[INFO] [stdout] 171 |     pub fn increasing_triplet(nums: Vec<i32>) -> bool {
[INFO] [stdout]     |                               ^^^^ help: if this is intentional, prefix it with an underscore: `_nums`
[INFO] [stdout]     |
[INFO] [stdout]     = note: `#[warn(unused_variables)]` on by default
[INFO] [stdout] 
[INFO] [stdout] 
[INFO] [stdout] warning: struct is never constructed: `Solution`
[INFO] [stdout]  --> src/main.rs:1:8
[INFO] [stdout]   |
[INFO] [stdout] 1 | struct Solution;
[INFO] [stdout]   |        ^^^^^^^^
[INFO] [stdout]   |
[INFO] [stdout]   = note: `#[warn(dead_code)]` on by default
[INFO] [stdout] 
[INFO] [stdout] 
[INFO] [stdout] warning: associated function is never used: `set_zeroes`
[INFO] [stdout]   --> src/medium/array_and_strings.rs:13:12
[INFO] [stdout]    |
[INFO] [stdout] 13 |     pub fn set_zeroes(matrix: &mut Vec<Vec<i32>>) {
[INFO] [stdout]    |            ^^^^^^^^^^
[INFO] [stdout] 
[INFO] [stdout] 
[INFO] [stdout] warning: associated function is never used: `group_anagrams`
[INFO] [stdout]   --> src/medium/array_and_strings.rs:76:12
[INFO] [stdout]    |
[INFO] [stdout] 76 |     pub fn group_anagrams(strs: Vec<String>) -> Vec<Vec<String>> {
[INFO] [stdout]    |            ^^^^^^^^^^^^^^
[INFO] [stdout] 
[INFO] [stdout] 
[INFO] [stdout] warning: function is never used: `get_ch_idx`
[INFO] [stdout]   --> src/medium/array_and_strings.rs:77:12
[INFO] [stdout]    |
[INFO] [stdout] 77 |         fn get_ch_idx(c: char) -> usize {
[INFO] [stdout]    |            ^^^^^^^^^^
[INFO] [stdout] 
[INFO] [stdout] 
[INFO] [stdout] warning: associated function is never used: `length_of_longest_substring`
[INFO] [stdout]    --> src/medium/array_and_strings.rs:125:12
[INFO] [stdout]     |
[INFO] [stdout] 125 |     pub fn length_of_longest_substring(s: String) -> i32 {
[INFO] [stdout]     |            ^^^^^^^^^^^^^^^^^^^^^^^^^^^
[INFO] [stdout] 
[INFO] [stdout] 
[INFO] [stdout] warning: associated function is never used: `increasing_triplet`
[INFO] [stdout]    --> src/medium/array_and_strings.rs:171:12
[INFO] [stdout]     |
[INFO] [stdout] 171 |     pub fn increasing_triplet(nums: Vec<i32>) -> bool {
[INFO] [stdout]     |            ^^^^^^^^^^^^^^^^^^
[INFO] [stdout] 
[INFO] [stdout] 
[INFO] [stdout] warning: associated function is never used: `new`
[INFO] [stdout]   --> src/medium/linked_list.rs:11:8
[INFO] [stdout]    |
[INFO] [stdout] 11 |     fn new(val: i32) -> Self {
[INFO] [stdout]    |        ^^^
[INFO] [stdout] 
[INFO] [stdout] 
[INFO] [stdout] warning: associated function is never used: `from_iter`
[INFO] [stdout]   --> src/medium/linked_list.rs:15:8
[INFO] [stdout]    |
[INFO] [stdout] 15 |     fn from_iter(i: impl IntoIterator<Item = i32>) -> Option<Box<Self>> {
[INFO] [stdout]    |        ^^^^^^^^^
[INFO] [stdout] 
[INFO] [stdout] 
[INFO] [stdout] warning: associated function is never used: `add_two_numbers`
[INFO] [stdout]   --> src/medium/linked_list.rs:28:12
[INFO] [stdout]    |
[INFO] [stdout] 28 |     pub fn add_two_numbers(
[INFO] [stdout]    |            ^^^^^^^^^^^^^^^
[INFO] [stdout] 
[INFO] [stdout] 
[INFO] [stdout] warning: function is never used: `sum`
[INFO] [stdout]   --> src/medium/linked_list.rs:32:12
[INFO] [stdout]    |
[INFO] [stdout] 32 |         fn sum(
[INFO] [stdout]    |            ^^^
[INFO] [stdout] 
[INFO] [stdout] 
[INFO] [stdout] warning: associated function is never used: `odd_even_list`
[INFO] [stdout]   --> src/medium/linked_list.rs:88:12
[INFO] [stdout]    |
[INFO] [stdout] 88 |     pub fn odd_even_list(head: Option<Box<ListNode>>) -> Option<Box<ListNode>> {
[INFO] [stdout]    |            ^^^^^^^^^^^^^
[INFO] [stdout] 
[INFO] [stdout] 
[INFO] [stdout] warning: 13 warnings emitted
[INFO] [stdout] 
[INFO] [stdout] 
[INFO] [stderr]     Finished dev [unoptimized + debuginfo] target(s) in 1.75s
[INFO] running `Command { std: "docker" "inspect" "04d31d2821b1c34d63bc79d28b6533319ccf335f64d43f133fa2dc2f361cf761", kill_on_drop: false }`
[INFO] running `Command { std: "docker" "rm" "-f" "04d31d2821b1c34d63bc79d28b6533319ccf335f64d43f133fa2dc2f361cf761", kill_on_drop: false }`
[INFO] [stdout] 04d31d2821b1c34d63bc79d28b6533319ccf335f64d43f133fa2dc2f361cf761
[INFO] running `Command { std: "docker" "create" "-v" "/var/lib/crater-agent-workspace/builds/worker-10/target:/opt/rustwide/target:rw,Z" "-v" "/var/lib/crater-agent-workspace/builds/worker-10/source:/opt/rustwide/workdir:ro,Z" "-v" "/var/lib/crater-agent-workspace/cargo-home:/opt/rustwide/cargo-home:ro,Z" "-v" "/var/lib/crater-agent-workspace/rustup-home:/opt/rustwide/rustup-home:ro,Z" "-e" "SOURCE_DIR=/opt/rustwide/workdir" "-e" "CARGO_TARGET_DIR=/opt/rustwide/target" "-e" "CARGO_INCREMENTAL=0" "-e" "RUST_BACKTRACE=full" "-e" "RUSTFLAGS=--cap-lints=warn" "-e" "CARGO_HOME=/opt/rustwide/cargo-home" "-e" "RUSTUP_HOME=/opt/rustwide/rustup-home" "-w" "/opt/rustwide/workdir" "-m" "1610612736" "--user" "0:0" "--network" "none" "ghcr.io/rust-lang/crates-build-env/linux@sha256:34b6a614d2c27851fe6cbf88fbd1137609cefab8b10d0615aaeb6fd47975d74e" "/opt/rustwide/cargo-home/bin/cargo" "+1.54.0" "test" "--frozen" "--no-run" "--message-format=json", kill_on_drop: false }`
[INFO] [stdout] 985f0ca60d5348e1f4ee9937d4d246270f66e09a982d095437cc6828e02f5ee5
[INFO] [stderr] WARNING: Your kernel does not support swap limit capabilities or the cgroup is not mounted. Memory limited without swap.
[INFO] running `Command { std: "docker" "start" "-a" "985f0ca60d5348e1f4ee9937d4d246270f66e09a982d095437cc6828e02f5ee5", kill_on_drop: false }`
[INFO] [stderr]    Compiling top-questions v0.1.0 (/opt/rustwide/workdir)
[INFO] [stdout] warning: unused variable: `nums`
[INFO] [stdout]    --> src/medium/array_and_strings.rs:171:31
[INFO] [stdout]     |
[INFO] [stdout] 171 |     pub fn increasing_triplet(nums: Vec<i32>) -> bool {
[INFO] [stdout]     |                               ^^^^ help: if this is intentional, prefix it with an underscore: `_nums`
[INFO] [stdout]     |
[INFO] [stdout]     = note: `#[warn(unused_variables)]` on by default
[INFO] [stdout] 
[INFO] [stdout] 
[INFO] [stdout] warning: 1 warning emitted
[INFO] [stdout] 
[INFO] [stdout] 
[INFO] [stderr]     Finished test [unoptimized + debuginfo] target(s) in 3.02s
[INFO] running `Command { std: "docker" "inspect" "985f0ca60d5348e1f4ee9937d4d246270f66e09a982d095437cc6828e02f5ee5", kill_on_drop: false }`
[INFO] running `Command { std: "docker" "rm" "-f" "985f0ca60d5348e1f4ee9937d4d246270f66e09a982d095437cc6828e02f5ee5", kill_on_drop: false }`
[INFO] [stdout] 985f0ca60d5348e1f4ee9937d4d246270f66e09a982d095437cc6828e02f5ee5
[INFO] running `Command { std: "docker" "create" "-v" "/var/lib/crater-agent-workspace/builds/worker-10/target:/opt/rustwide/target:rw,Z" "-v" "/var/lib/crater-agent-workspace/builds/worker-10/source:/opt/rustwide/workdir:ro,Z" "-v" "/var/lib/crater-agent-workspace/cargo-home:/opt/rustwide/cargo-home:ro,Z" "-v" "/var/lib/crater-agent-workspace/rustup-home:/opt/rustwide/rustup-home:ro,Z" "-e" "SOURCE_DIR=/opt/rustwide/workdir" "-e" "CARGO_TARGET_DIR=/opt/rustwide/target" "-e" "CARGO_INCREMENTAL=0" "-e" "RUST_BACKTRACE=full" "-e" "RUSTFLAGS=--cap-lints=warn" "-e" "CARGO_HOME=/opt/rustwide/cargo-home" "-e" "RUSTUP_HOME=/opt/rustwide/rustup-home" "-w" "/opt/rustwide/workdir" "-m" "1610612736" "--user" "0:0" "--network" "none" "ghcr.io/rust-lang/crates-build-env/linux@sha256:34b6a614d2c27851fe6cbf88fbd1137609cefab8b10d0615aaeb6fd47975d74e" "/opt/rustwide/cargo-home/bin/cargo" "+1.54.0" "test" "--frozen", kill_on_drop: false }`
[INFO] [stderr] WARNING: Your kernel does not support swap limit capabilities or the cgroup is not mounted. Memory limited without swap.
[INFO] [stdout] e5745917f77f528da0915e1cebfc8772b917b354f9ef9f5cc3cf06d0bbc36867
[INFO] running `Command { std: "docker" "start" "-a" "e5745917f77f528da0915e1cebfc8772b917b354f9ef9f5cc3cf06d0bbc36867", kill_on_drop: false }`
[INFO] [stderr] warning: unused variable: `nums`
[INFO] [stderr]    --> src/medium/array_and_strings.rs:171:31
[INFO] [stderr]     |
[INFO] [stderr] 171 |     pub fn increasing_triplet(nums: Vec<i32>) -> bool {
[INFO] [stderr]     |                               ^^^^ help: if this is intentional, prefix it with an underscore: `_nums`
[INFO] [stderr]     |
[INFO] [stderr]     = note: `#[warn(unused_variables)]` on by default
[INFO] [stderr] 
[INFO] [stderr] warning: 1 warning emitted
[INFO] [stderr] 
[INFO] [stderr]     Finished test [unoptimized + debuginfo] target(s) in 0.02s
[INFO] [stderr]      Running unittests (/opt/rustwide/target/debug/deps/top_questions-d9ee45cdd434637a)
[INFO] [stdout] 
[INFO] [stdout] running 6 tests
[INFO] [stdout] test medium::array_and_strings::length_of_longest_substring_test ... ok
[INFO] [stdout] test medium::linked_list::odd_even_list_test ... ok
[INFO] [stdout] test medium::array_and_strings::group_anagrams_test ... ok
[INFO] [stdout] test medium::linked_list::add_two_numbers_test ... ok
[INFO] [stdout] test medium::array_and_strings::set_zeroes_test ... ok
[INFO] [stdout] test medium::array_and_strings::increasing_triplet_test ... FAILED
[INFO] [stdout] 
[INFO] [stdout] failures:
[INFO] [stdout] 
[INFO] [stdout] ---- medium::array_and_strings::increasing_triplet_test stdout ----
[INFO] [stdout] thread 'medium::array_and_strings::increasing_triplet_test' panicked at 'assertion failed: Solution::increasing_triplet(vec![20, 100, 10, 12, 5, 13])', src/medium/array_and_strings.rs:182:5
[INFO] [stdout] stack backtrace:
[INFO] [stdout]    0:     0x56521bfd49d0 - std::backtrace_rs::backtrace::libunwind::trace::h34055254b57d8e79
[INFO] [stdout]                                at /rustc/a178d0322ce20e33eac124758e837cbd80a6f633/library/std/src/../../backtrace/src/backtrace/libunwind.rs:90:5
[INFO] [stdout]    1:     0x56521bfd49d0 - std::backtrace_rs::backtrace::trace_unsynchronized::h8f1e3fbd9afff6ec
[INFO] [stdout]                                at /rustc/a178d0322ce20e33eac124758e837cbd80a6f633/library/std/src/../../backtrace/src/backtrace/mod.rs:66:5
[INFO] [stdout]    2:     0x56521bfd49d0 - std::sys_common::backtrace::_print_fmt::h3a99a796b770c360
[INFO] [stdout]                                at /rustc/a178d0322ce20e33eac124758e837cbd80a6f633/library/std/src/sys_common/backtrace.rs:67:5
[INFO] [stdout]    3:     0x56521bfd49d0 - <std::sys_common::backtrace::_print::DisplayBacktrace as core::fmt::Display>::fmt::h32d1f94a80615d18
[INFO] [stdout]                                at /rustc/a178d0322ce20e33eac124758e837cbd80a6f633/library/std/src/sys_common/backtrace.rs:46:22
[INFO] [stdout]    4:     0x56521bff720c - core::fmt::write::h306731c068f7162c
[INFO] [stdout]                                at /rustc/a178d0322ce20e33eac124758e837cbd80a6f633/library/core/src/fmt/mod.rs:1110:17
[INFO] [stdout]    5:     0x56521bfd18f5 - std::io::Write::write_fmt::h87f19b0a2cd190bc
[INFO] [stdout]                                at /rustc/a178d0322ce20e33eac124758e837cbd80a6f633/library/std/src/io/mod.rs:1588:15
[INFO] [stdout]    6:     0x56521bfd6b3b - std::sys_common::backtrace::_print::h5abaa2601a852287
[INFO] [stdout]                                at /rustc/a178d0322ce20e33eac124758e837cbd80a6f633/library/std/src/sys_common/backtrace.rs:49:5
[INFO] [stdout]    7:     0x56521bfd6b3b - std::sys_common::backtrace::print::h8d81445442bb638f
[INFO] [stdout]                                at /rustc/a178d0322ce20e33eac124758e837cbd80a6f633/library/std/src/sys_common/backtrace.rs:36:9
[INFO] [stdout]    8:     0x56521bfd6b3b - std::panicking::default_hook::{{closure}}::hcfe804496a9fa747
[INFO] [stdout]                                at /rustc/a178d0322ce20e33eac124758e837cbd80a6f633/library/std/src/panicking.rs:208:50
[INFO] [stdout]    9:     0x56521bfd664c - std::panicking::default_hook::hbea8e3ccf2ba8901
[INFO] [stdout]                                at /rustc/a178d0322ce20e33eac124758e837cbd80a6f633/library/std/src/panicking.rs:222:9
[INFO] [stdout]   10:     0x56521bfd7204 - std::panicking::rust_panic_with_hook::h7ee9e1a2d0f8975a
[INFO] [stdout]                                at /rustc/a178d0322ce20e33eac124758e837cbd80a6f633/library/std/src/panicking.rs:622:17
[INFO] [stdout]   11:     0x56521bfd6cb7 - std::panicking::begin_panic_handler::{{closure}}::h8ab3b4491718b2c7
[INFO] [stdout]                                at /rustc/a178d0322ce20e33eac124758e837cbd80a6f633/library/std/src/panicking.rs:517:13
[INFO] [stdout]   12:     0x56521bfd4ecc - std::sys_common::backtrace::__rust_end_short_backtrace::hd489062ffa586a9f
[INFO] [stdout]                                at /rustc/a178d0322ce20e33eac124758e837cbd80a6f633/library/std/src/sys_common/backtrace.rs:141:18
[INFO] [stdout]   13:     0x56521bfd6c49 - rust_begin_unwind
[INFO] [stdout]                                at /rustc/a178d0322ce20e33eac124758e837cbd80a6f633/library/std/src/panicking.rs:515:5
[INFO] [stdout]   14:     0x56521bf3e651 - core::panicking::panic_fmt::hca6330e3e14086b4
[INFO] [stdout]                                at /rustc/a178d0322ce20e33eac124758e837cbd80a6f633/library/core/src/panicking.rs:92:14
[INFO] [stdout]   15:     0x56521bf3e59d - core::panicking::panic::h1a48d878ff3dcd40
[INFO] [stdout]                                at /rustc/a178d0322ce20e33eac124758e837cbd80a6f633/library/core/src/panicking.rs:50:5
[INFO] [stdout]   16:     0x56521bf63c97 - top_questions::medium::array_and_strings::increasing_triplet_test::h89ea44a27e5f6b99
[INFO] [stdout]                                at /opt/rustwide/workdir/src/medium/array_and_strings.rs:182:5
[INFO] [stdout]   17:     0x56521bf63bfa - top_questions::medium::array_and_strings::increasing_triplet_test::{{closure}}::h5d1b5352bb14eb95
[INFO] [stdout]                                at /opt/rustwide/workdir/src/medium/array_and_strings.rs:177:1
[INFO] [stdout]   18:     0x56521bf73cae - core::ops::function::FnOnce::call_once::hed30b3a90de60a9d
[INFO] [stdout]                                at /rustc/a178d0322ce20e33eac124758e837cbd80a6f633/library/core/src/ops/function.rs:227:5
[INFO] [stdout]   19:     0x56521bfabed3 - core::ops::function::FnOnce::call_once::h152e7e439ff59e19
[INFO] [stdout]                                at /rustc/a178d0322ce20e33eac124758e837cbd80a6f633/library/core/src/ops/function.rs:227:5
[INFO] [stdout]   20:     0x56521bfabed3 - test::__rust_begin_short_backtrace::h0908f3b1fdbb72ab
[INFO] [stdout]                                at /rustc/a178d0322ce20e33eac124758e837cbd80a6f633/library/test/src/lib.rs:577:5
[INFO] [stdout]   21:     0x56521bfaa990 - <alloc::boxed::Box<F,A> as core::ops::function::FnOnce<Args>>::call_once::hf6d2a51e5587546c
[INFO] [stdout]                                at /rustc/a178d0322ce20e33eac124758e837cbd80a6f633/library/alloc/src/boxed.rs:1575:9
[INFO] [stdout]   22:     0x56521bfaa990 - <std::panic::AssertUnwindSafe<F> as core::ops::function::FnOnce<()>>::call_once::h8af660f3a89ef593
[INFO] [stdout]                                at /rustc/a178d0322ce20e33eac124758e837cbd80a6f633/library/std/src/panic.rs:347:9
[INFO] [stdout]   23:     0x56521bfaa990 - std::panicking::try::do_call::hd36aef60f84b6d36
[INFO] [stdout]                                at /rustc/a178d0322ce20e33eac124758e837cbd80a6f633/library/std/src/panicking.rs:401:40
[INFO] [stdout]   24:     0x56521bfaa990 - std::panicking::try::h9932b4480e69817c
[INFO] [stdout]                                at /rustc/a178d0322ce20e33eac124758e837cbd80a6f633/library/std/src/panicking.rs:365:19
[INFO] [stdout]   25:     0x56521bfaa990 - std::panic::catch_unwind::h6aa177099cfff5f8
[INFO] [stdout]                                at /rustc/a178d0322ce20e33eac124758e837cbd80a6f633/library/std/src/panic.rs:434:14
[INFO] [stdout]   26:     0x56521bfaa990 - test::run_test_in_process::h5884d6f2d99e20c3
[INFO] [stdout]                                at /rustc/a178d0322ce20e33eac124758e837cbd80a6f633/library/test/src/lib.rs:600:18
[INFO] [stdout]   27:     0x56521bfaa990 - test::run_test::run_test_inner::{{closure}}::h6fdc58c6d5f5b6e3
[INFO] [stdout]                                at /rustc/a178d0322ce20e33eac124758e837cbd80a6f633/library/test/src/lib.rs:492:39
[INFO] [stdout]   28:     0x56521bf84042 - test::run_test::run_test_inner::{{closure}}::h408365d67a78ade8
[INFO] [stdout]                                at /rustc/a178d0322ce20e33eac124758e837cbd80a6f633/library/test/src/lib.rs:519:37
[INFO] [stdout]   29:     0x56521bf84042 - std::sys_common::backtrace::__rust_begin_short_backtrace::hb560b77c4f701523
[INFO] [stdout]                                at /rustc/a178d0322ce20e33eac124758e837cbd80a6f633/library/std/src/sys_common/backtrace.rs:125:18
[INFO] [stdout]   30:     0x56521bf87bf8 - std::thread::Builder::spawn_unchecked::{{closure}}::{{closure}}::hf2e7831dad93c597
[INFO] [stdout]                                at /rustc/a178d0322ce20e33eac124758e837cbd80a6f633/library/std/src/thread/mod.rs:481:17
[INFO] [stdout]   31:     0x56521bf87bf8 - <std::panic::AssertUnwindSafe<F> as core::ops::function::FnOnce<()>>::call_once::hd2e08783d8be4d02
[INFO] [stdout]                                at /rustc/a178d0322ce20e33eac124758e837cbd80a6f633/library/std/src/panic.rs:347:9
[INFO] [stdout]   32:     0x56521bf87bf8 - std::panicking::try::do_call::h062597b7acfd6b82
[INFO] [stdout]                                at /rustc/a178d0322ce20e33eac124758e837cbd80a6f633/library/std/src/panicking.rs:401:40
[INFO] [stdout]   33:     0x56521bf87bf8 - std::panicking::try::h0d7b79db04c14552
[INFO] [stdout]                                at /rustc/a178d0322ce20e33eac124758e837cbd80a6f633/library/std/src/panicking.rs:365:19
[INFO] [stdout]   34:     0x56521bf87bf8 - std::panic::catch_unwind::hb01a0b5e7c8cd43b
[INFO] [stdout]                                at /rustc/a178d0322ce20e33eac124758e837cbd80a6f633/library/std/src/panic.rs:434:14
[INFO] [stdout]   35:     0x56521bf87bf8 - std::thread::Builder::spawn_unchecked::{{closure}}::h5bde48cc887e0d1e
[INFO] [stdout]                                at /rustc/a178d0322ce20e33eac124758e837cbd80a6f633/library/std/src/thread/mod.rs:480:30
[INFO] [stdout]   36:     0x56521bf87bf8 - core::ops::function::FnOnce::call_once{{vtable.shim}}::h745ea30807a29e55
[INFO] [stdout]                                at /rustc/a178d0322ce20e33eac124758e837cbd80a6f633/library/core/src/ops/function.rs:227:5
[INFO] [stdout]   37:     0x56521bfdbcc7 - <alloc::boxed::Box<F,A> as core::ops::function::FnOnce<Args>>::call_once::h7ece6cfefaff1005
[INFO] [stdout]                                at /rustc/a178d0322ce20e33eac124758e837cbd80a6f633/library/alloc/src/boxed.rs:1575:9
[INFO] [stdout]   38:     0x56521bfdbcc7 - <alloc::boxed::Box<F,A> as core::ops::function::FnOnce<Args>>::call_once::hb8b48e55c21f193e
[INFO] [stdout]                                at /rustc/a178d0322ce20e33eac124758e837cbd80a6f633/library/alloc/src/boxed.rs:1575:9
[INFO] [stdout]   39:     0x56521bfdbcc7 - std::sys::unix::thread::Thread::new::thread_start::h8c7c4450dba62914
[INFO] [stdout]                                at /rustc/a178d0322ce20e33eac124758e837cbd80a6f633/library/std/src/sys/unix/thread.rs:71:17
[INFO] [stdout]   40:     0x7f47aafea609 - start_thread
[INFO] [stdout]   41:     0x7f47aadbc293 - clone
[INFO] [stdout]   42:                0x0 - <unknown>
[INFO] [stdout] 
[INFO] [stdout] 
[INFO] [stdout] failures:
[INFO] [stdout]     medium::array_and_strings::increasing_triplet_test
[INFO] [stdout] 
[INFO] [stdout] test result: FAILED. 5 passed; 1 failed; 0 ignored; 0 measured; 0 filtered out; finished in 0.10s
[INFO] [stdout] 
[INFO] [stderr] error: test failed, to rerun pass '--bin top-questions'
[INFO] running `Command { std: "docker" "inspect" "e5745917f77f528da0915e1cebfc8772b917b354f9ef9f5cc3cf06d0bbc36867", kill_on_drop: false }`
[INFO] running `Command { std: "docker" "rm" "-f" "e5745917f77f528da0915e1cebfc8772b917b354f9ef9f5cc3cf06d0bbc36867", kill_on_drop: false }`
[INFO] [stdout] e5745917f77f528da0915e1cebfc8772b917b354f9ef9f5cc3cf06d0bbc36867
