[INFO] cloning repository https://github.com/LeoGurja/helium-lang
[INFO] running `Command { std: "git" "-c" "credential.helper=" "-c" "credential.helper=/workspace/cargo-home/bin/git-credential-null" "clone" "--bare" "https://github.com/LeoGurja/helium-lang" "/workspace/cache/git-repos/https%3A%2F%2Fgithub.com%2FLeoGurja%2Fhelium-lang", kill_on_drop: false }`
[INFO] [stderr] Cloning into bare repository '/workspace/cache/git-repos/https%3A%2F%2Fgithub.com%2FLeoGurja%2Fhelium-lang'...
[INFO] running `Command { std: "git" "rev-parse" "HEAD", kill_on_drop: false }`
[INFO] [stdout] 3ae4041b9fd7537876aee9d41eab363f1298ed91
[INFO] testing LeoGurja/helium-lang against beta-2021-08-01 for beta-1.55-1
[INFO] running `Command { std: "git" "clone" "/workspace/cache/git-repos/https%3A%2F%2Fgithub.com%2FLeoGurja%2Fhelium-lang" "/workspace/builds/worker-1/source", kill_on_drop: false }`
[INFO] [stderr] Cloning into '/workspace/builds/worker-1/source'...
[INFO] [stderr] done.
[INFO] validating manifest of git repo https://github.com/LeoGurja/helium-lang on toolchain beta-2021-08-01
[INFO] running `Command { std: "/workspace/cargo-home/bin/cargo" "+beta-2021-08-01" "metadata" "--manifest-path" "Cargo.toml" "--no-deps", kill_on_drop: false }`
[INFO] started tweaking git repo https://github.com/LeoGurja/helium-lang
[INFO] finished tweaking git repo https://github.com/LeoGurja/helium-lang
[INFO] tweaked toml for git repo https://github.com/LeoGurja/helium-lang written to /workspace/builds/worker-1/source/Cargo.toml
[INFO] crate git repo https://github.com/LeoGurja/helium-lang already has a lockfile, it will not be regenerated
[INFO] running `Command { std: "/workspace/cargo-home/bin/cargo" "+beta-2021-08-01" "fetch" "--manifest-path" "Cargo.toml", kill_on_drop: false }`
[INFO] [stderr]  Downloading crates ...
[INFO] [stderr]   Downloaded beef v0.5.1
[INFO] [stderr]   Downloaded utf8-ranges v1.0.4
[INFO] [stderr]   Downloaded criterion-plot v0.4.4
[INFO] [stderr]   Downloaded plotters-svg v0.3.1
[INFO] [stderr]   Downloaded semver v1.0.3
[INFO] [stderr]   Downloaded rustc_version v0.4.0
[INFO] [stderr]   Downloaded tinytemplate v1.2.1
[INFO] [stderr]   Downloaded logos-derive v0.12.0
[INFO] [stderr]   Downloaded plotters-backend v0.3.2
[INFO] [stderr]   Downloaded cast v0.2.7
[INFO] [stderr]   Downloaded logos v0.12.0
[INFO] [stderr]   Downloaded criterion v0.3.5
[INFO] [stderr]   Downloaded plotters v0.3.1
[INFO] running `Command { std: "docker" "create" "-v" "/var/lib/crater-agent-workspace/builds/worker-1/target:/opt/rustwide/target:rw,Z" "-v" "/var/lib/crater-agent-workspace/builds/worker-1/source:/opt/rustwide/workdir:ro,Z" "-v" "/var/lib/crater-agent-workspace/cargo-home:/opt/rustwide/cargo-home:ro,Z" "-v" "/var/lib/crater-agent-workspace/rustup-home:/opt/rustwide/rustup-home:ro,Z" "-e" "SOURCE_DIR=/opt/rustwide/workdir" "-e" "CARGO_TARGET_DIR=/opt/rustwide/target" "-e" "CARGO_HOME=/opt/rustwide/cargo-home" "-e" "RUSTUP_HOME=/opt/rustwide/rustup-home" "-w" "/opt/rustwide/workdir" "-m" "1610612736" "--user" "0:0" "--network" "none" "ghcr.io/rust-lang/crates-build-env/linux@sha256:34b6a614d2c27851fe6cbf88fbd1137609cefab8b10d0615aaeb6fd47975d74e" "/opt/rustwide/cargo-home/bin/cargo" "+beta-2021-08-01" "metadata" "--no-deps" "--format-version=1", kill_on_drop: false }`
[INFO] [stdout] 449c35001d426d61458d460f9ac90ebb4dc08a200b5d5e008ff7134ae781a3de
[INFO] [stderr] WARNING: Your kernel does not support swap limit capabilities or the cgroup is not mounted. Memory limited without swap.
[INFO] running `Command { std: "docker" "start" "-a" "449c35001d426d61458d460f9ac90ebb4dc08a200b5d5e008ff7134ae781a3de", kill_on_drop: false }`
[INFO] running `Command { std: "docker" "inspect" "449c35001d426d61458d460f9ac90ebb4dc08a200b5d5e008ff7134ae781a3de", kill_on_drop: false }`
[INFO] running `Command { std: "docker" "rm" "-f" "449c35001d426d61458d460f9ac90ebb4dc08a200b5d5e008ff7134ae781a3de", kill_on_drop: false }`
[INFO] [stdout] 449c35001d426d61458d460f9ac90ebb4dc08a200b5d5e008ff7134ae781a3de
[INFO] running `Command { std: "docker" "create" "-v" "/var/lib/crater-agent-workspace/builds/worker-1/target:/opt/rustwide/target:rw,Z" "-v" "/var/lib/crater-agent-workspace/builds/worker-1/source:/opt/rustwide/workdir:ro,Z" "-v" "/var/lib/crater-agent-workspace/cargo-home:/opt/rustwide/cargo-home:ro,Z" "-v" "/var/lib/crater-agent-workspace/rustup-home:/opt/rustwide/rustup-home:ro,Z" "-e" "SOURCE_DIR=/opt/rustwide/workdir" "-e" "CARGO_TARGET_DIR=/opt/rustwide/target" "-e" "CARGO_INCREMENTAL=0" "-e" "RUST_BACKTRACE=full" "-e" "RUSTFLAGS=--cap-lints=warn" "-e" "CARGO_HOME=/opt/rustwide/cargo-home" "-e" "RUSTUP_HOME=/opt/rustwide/rustup-home" "-w" "/opt/rustwide/workdir" "-m" "1610612736" "--user" "0:0" "--network" "none" "ghcr.io/rust-lang/crates-build-env/linux@sha256:34b6a614d2c27851fe6cbf88fbd1137609cefab8b10d0615aaeb6fd47975d74e" "/opt/rustwide/cargo-home/bin/cargo" "+beta-2021-08-01" "build" "--frozen" "--message-format=json", kill_on_drop: false }`
[INFO] [stdout] 17787fc7d8511ccb75a9505d9107e8513bd1aa5295081fdbb5daeecca8b26b5c
[INFO] [stderr] WARNING: Your kernel does not support swap limit capabilities or the cgroup is not mounted. Memory limited without swap.
[INFO] running `Command { std: "docker" "start" "-a" "17787fc7d8511ccb75a9505d9107e8513bd1aa5295081fdbb5daeecca8b26b5c", kill_on_drop: false }`
[INFO] [stderr]    Compiling beef v0.5.1
[INFO] [stderr]    Compiling logos-derive v0.12.0
[INFO] [stderr]    Compiling logos v0.12.0
[INFO] [stderr]    Compiling helium v0.1.0 (/opt/rustwide/workdir)
[INFO] [stderr]     Finished dev [unoptimized + debuginfo] target(s) in 15.95s
[INFO] running `Command { std: "docker" "inspect" "17787fc7d8511ccb75a9505d9107e8513bd1aa5295081fdbb5daeecca8b26b5c", kill_on_drop: false }`
[INFO] running `Command { std: "docker" "rm" "-f" "17787fc7d8511ccb75a9505d9107e8513bd1aa5295081fdbb5daeecca8b26b5c", kill_on_drop: false }`
[INFO] [stdout] 17787fc7d8511ccb75a9505d9107e8513bd1aa5295081fdbb5daeecca8b26b5c
[INFO] running `Command { std: "docker" "create" "-v" "/var/lib/crater-agent-workspace/builds/worker-1/target:/opt/rustwide/target:rw,Z" "-v" "/var/lib/crater-agent-workspace/builds/worker-1/source:/opt/rustwide/workdir:ro,Z" "-v" "/var/lib/crater-agent-workspace/cargo-home:/opt/rustwide/cargo-home:ro,Z" "-v" "/var/lib/crater-agent-workspace/rustup-home:/opt/rustwide/rustup-home:ro,Z" "-e" "SOURCE_DIR=/opt/rustwide/workdir" "-e" "CARGO_TARGET_DIR=/opt/rustwide/target" "-e" "CARGO_INCREMENTAL=0" "-e" "RUST_BACKTRACE=full" "-e" "RUSTFLAGS=--cap-lints=warn" "-e" "CARGO_HOME=/opt/rustwide/cargo-home" "-e" "RUSTUP_HOME=/opt/rustwide/rustup-home" "-w" "/opt/rustwide/workdir" "-m" "1610612736" "--user" "0:0" "--network" "none" "ghcr.io/rust-lang/crates-build-env/linux@sha256:34b6a614d2c27851fe6cbf88fbd1137609cefab8b10d0615aaeb6fd47975d74e" "/opt/rustwide/cargo-home/bin/cargo" "+beta-2021-08-01" "test" "--frozen" "--no-run" "--message-format=json", kill_on_drop: false }`
[INFO] [stderr] WARNING: Your kernel does not support swap limit capabilities or the cgroup is not mounted. Memory limited without swap.
[INFO] [stdout] 3e8f77bfb0e3b7de7e0049e7545942fa1f9b9f866d3d6d7e14fef9abdee23eb1
[INFO] running `Command { std: "docker" "start" "-a" "3e8f77bfb0e3b7de7e0049e7545942fa1f9b9f866d3d6d7e14fef9abdee23eb1", kill_on_drop: false }`
[INFO] [stderr]    Compiling serde_derive v1.0.126
[INFO] [stderr]    Compiling rayon-core v1.9.1
[INFO] [stderr]    Compiling criterion-plot v0.4.4
[INFO] [stderr]    Compiling rayon v1.5.1
[INFO] [stderr]    Compiling criterion v0.3.5
[INFO] [stderr]    Compiling helium v0.1.0 (/opt/rustwide/workdir)
[INFO] [stderr]     Finished test [unoptimized + debuginfo] target(s) in 34.16s
[INFO] running `Command { std: "docker" "inspect" "3e8f77bfb0e3b7de7e0049e7545942fa1f9b9f866d3d6d7e14fef9abdee23eb1", kill_on_drop: false }`
[INFO] running `Command { std: "docker" "rm" "-f" "3e8f77bfb0e3b7de7e0049e7545942fa1f9b9f866d3d6d7e14fef9abdee23eb1", kill_on_drop: false }`
[INFO] [stdout] 3e8f77bfb0e3b7de7e0049e7545942fa1f9b9f866d3d6d7e14fef9abdee23eb1
[INFO] running `Command { std: "docker" "create" "-v" "/var/lib/crater-agent-workspace/builds/worker-1/target:/opt/rustwide/target:rw,Z" "-v" "/var/lib/crater-agent-workspace/builds/worker-1/source:/opt/rustwide/workdir:ro,Z" "-v" "/var/lib/crater-agent-workspace/cargo-home:/opt/rustwide/cargo-home:ro,Z" "-v" "/var/lib/crater-agent-workspace/rustup-home:/opt/rustwide/rustup-home:ro,Z" "-e" "SOURCE_DIR=/opt/rustwide/workdir" "-e" "CARGO_TARGET_DIR=/opt/rustwide/target" "-e" "CARGO_INCREMENTAL=0" "-e" "RUST_BACKTRACE=full" "-e" "RUSTFLAGS=--cap-lints=warn" "-e" "CARGO_HOME=/opt/rustwide/cargo-home" "-e" "RUSTUP_HOME=/opt/rustwide/rustup-home" "-w" "/opt/rustwide/workdir" "-m" "1610612736" "--user" "0:0" "--network" "none" "ghcr.io/rust-lang/crates-build-env/linux@sha256:34b6a614d2c27851fe6cbf88fbd1137609cefab8b10d0615aaeb6fd47975d74e" "/opt/rustwide/cargo-home/bin/cargo" "+beta-2021-08-01" "test" "--frozen", kill_on_drop: false }`
[INFO] [stdout] 43f4136f8cdb91140f7ef43fa6439439294ce92bd70d9cb67103c56efd65107d
[INFO] [stderr] WARNING: Your kernel does not support swap limit capabilities or the cgroup is not mounted. Memory limited without swap.
[INFO] running `Command { std: "docker" "start" "-a" "43f4136f8cdb91140f7ef43fa6439439294ce92bd70d9cb67103c56efd65107d", kill_on_drop: false }`
[INFO] [stderr]     Finished test [unoptimized + debuginfo] target(s) in 0.09s
[INFO] [stdout] 
[INFO] [stderr]      Running unittests (/opt/rustwide/target/debug/deps/helium-5355f68d574d8694)
[INFO] [stdout] running 97 tests
[INFO] [stdout] test builtin::rust::test::array_last ... ok
[INFO] [stdout] test builtin::rust::test::array_len ... ok
[INFO] [stdout] test builtin::rust::test::array_push ... ok
[INFO] [stdout] test builtin::rust::test::empty_array_first ... ok
[INFO] [stdout] test builtin::rust::test::empty_array_last ... ok
[INFO] [stdout] test lexer::test::multichar_operators ... ok
[INFO] [stdout] test lexer::test::keywords ... ok
[INFO] [stdout] test lexer::test::hash_indexes ... ok
[INFO] [stdout] test lexer::test::for_loops ... ok
[INFO] [stdout] test lexer::test::hashes ... ok
[INFO] [stdout] test lexer::test::no_semicolons ... ok
[INFO] [stdout] test lexer::test::operators ... ok
[INFO] [stdout] test lexer::test::while_loops ... ok
[INFO] [stdout] test lexer::test::symbols ... ok
[INFO] [stdout] test object::test::print_array ... ok
[INFO] [stdout] test builtin::rust::test::empty_string_last ... ok
[INFO] [stdout] test object::test::print_boolean ... ok
[INFO] [stdout] test builtin::rust::test::print ... ok
[INFO] [stdout] test builtin::rust::test::array_first ... ok
[INFO] [stdout] test object::test::print_function ... ok
[INFO] [stdout] test object::test::print_hash ... ok
[INFO] [stdout] test object::test::print_null ... ok
[INFO] [stdout] test object::test::print_integer ... ok
[INFO] [stdout] test builtin::rust::test::string_first ... ok
[INFO] [stdout] test parser::test::for_blocks ... ok
[INFO] [stdout] test object::test::print_return ... ok
[INFO] [stdout] test object::test::print_string ... ok
[INFO] [stdout] test builtin::rust::test::string_last ... ok
[INFO] [stdout] test parser::test::array_expressions ... ok
[INFO] [stdout] test parser::test::call_expressions ... ok
[INFO] [stdout] test parser::test::boolean_expressions ... ok
[INFO] [stdout] test parser::test::hash_indexes ... ok
[INFO] [stdout] test parser::test::hash ... ok
[INFO] [stdout] test parser::test::function_declarations_with_args ... ok
[INFO] [stdout] test parser::test::function_declarations ... ok
[INFO] [stdout] test parser::test::function_blocks_with_args ... ok
[INFO] [stdout] test builtin::rust::test::string_push ... ok
[INFO] [stdout] test parser::test::function_blocks ... ok
[INFO] [stdout] test parser::test::if_block ... ok
[INFO] [stdout] test lexer::test::array ... ok
[INFO] [stdout] test lexer::test::array_indexes ... ok
[INFO] [stdout] test lexer::test::code ... ok
[INFO] [stdout] test parser::test::while_blocks ... ok
[INFO] [stdout] test parser::test::semicolons ... ok
[INFO] [stdout] test builtin::rust::test::string_len ... ok
[INFO] [stdout] test builtin::rust::test::empty_string_first ... ok
[INFO] [stdout] test parser::test::if_expressions ... ok
[INFO] [stdout] test parser::test::infix_expressions ... ok
[INFO] [stdout] test parser::test::let_statements ... ok
[INFO] [stdout] test lexer::test::string ... ok
[INFO] [stdout] test object::test::print_builtin ... ok
[INFO] [stdout] test visitor::test::visit_array ... ok
[INFO] [stdout] test parser::test::return_statements ... ok
[INFO] [stdout] test parser::test::reassign ... ok
[INFO] [stdout] test parser::test::prefix_expressions ... ok
[INFO] [stdout] test visitor::test::visit_else ... ok
[INFO] [stdout] test parser::test::while_statements ... ok
[INFO] [stdout] test visitor::test::visit_bang_on_integer ... ok
[INFO] [stdout] test visitor::test::visit_array_index ... ok
[INFO] [stdout] test parser::test::precedence ... ok
[INFO] [stdout] test visitor::test::visit_for_loop ... ok
[INFO] [stdout] test visitor::test::visit_boolean_variable_declaration ... ok
[INFO] [stdout] test parser::test::for_statements ... ok
[INFO] [stdout] test visitor::test::visit_bang_on_boolean ... ok
[INFO] [stdout] test parser::test::string_expressions ... ok
[INFO] [stdout] test visitor::test::visit_boolean_expression ... ok
[INFO] [stdout] test visitor::test::visit_closure ... ok
[INFO] [stdout] test visitor::test::visit_empty_return ... ok
[INFO] [stdout] test parser::test::escaped_string_expressions ... FAILED
[INFO] [stdout] test visitor::test::visit_infix_multiply ... ok
[INFO] [stdout] test visitor::test::visit_infix_minus ... ok
[INFO] [stdout] test visitor::test::visit_infix_not_equals_on_boolean ... ok
[INFO] [stdout] test visitor::test::visit_infix_less_than ... ok
[INFO] [stdout] test visitor::test::visit_infix_greater_than ... ok
[INFO] [stdout] test visitor::test::visit_infix_not_equals_on_integer ... ok
[INFO] [stdout] test visitor::test::visit_function_call ... ok
[INFO] [stdout] test visitor::test::visit_infix_equals_on_integer ... ok
[INFO] [stdout] test visitor::test::visit_function_with_outer_scope ... ok
[INFO] [stdout] test visitor::test::visit_function_declaration ... ok
[INFO] [stdout] test visitor::test::visit_if ... ok
[INFO] [stdout] test visitor::test::visit_infix_plus ... ok
[INFO] [stdout] test visitor::test::visit_infix_divide ... ok
[INFO] [stdout] test visitor::test::visit_integer_expression ... ok
[INFO] [stdout] test visitor::test::visit_integer_variable_declaration ... ok
[INFO] [stdout] test visitor::test::visit_minus ... ok
[INFO] [stdout] test visitor::test::visit_multiple_bangs ... ok
[INFO] [stdout] test visitor::test::visit_no_else ... ok
[INFO] [stdout] test visitor::test::visit_out_of_bounds_index ... ok
[INFO] [stdout] test visitor::test::visit_reassign ... ok
[INFO] [stdout] test visitor::test::visit_return ... ok
[INFO] [stdout] test visitor::test::visit_hash_index ... ok
[INFO] [stdout] test visitor::test::visit_function_doesnt_have_frozen_parent ... ok
[INFO] [stdout] test visitor::test::visit_string_concat ... ok
[INFO] [stdout] test visitor::test::visit_while_loop ... ok
[INFO] [stdout] test visitor::test::visit_hash ... ok
[INFO] [stdout] test visitor::test::visit_infix_equals_on_boolean ... ok
[INFO] [stderr] error: test failed, to rerun pass '--lib'
[INFO] [stdout] test visitor::test::visit_string ... ok
[INFO] [stdout] 
[INFO] [stdout] failures:
[INFO] [stdout] 
[INFO] [stdout] ---- parser::test::escaped_string_expressions stdout ----
[INFO] [stdout] thread 'parser::test::escaped_string_expressions' panicked at 'assertion failed: `(left == right)`
[INFO] [stdout]   left: `Expression(String("leonardo \\\"gurgel"))`,
[INFO] [stdout]  right: `Expression(String("leonardo \"gurgel"))`', src/parser/test.rs:522:5
[INFO] [stdout] stack backtrace:
[INFO] [stdout]    0:     0x563a155a4830 - std::backtrace_rs::backtrace::libunwind::trace::hff4d1766e93f64f1
[INFO] [stdout]                                at /rustc/53fd98ca776cb875bc9e5514f56b52eb74f9e7a9/library/std/src/../../backtrace/src/backtrace/libunwind.rs:90:5
[INFO] [stdout]    1:     0x563a155a4830 - std::backtrace_rs::backtrace::trace_unsynchronized::h56bbc8eb78770bcb
[INFO] [stdout]                                at /rustc/53fd98ca776cb875bc9e5514f56b52eb74f9e7a9/library/std/src/../../backtrace/src/backtrace/mod.rs:66:5
[INFO] [stdout]    2:     0x563a155a4830 - std::sys_common::backtrace::_print_fmt::h5c8e75464faca780
[INFO] [stdout]                                at /rustc/53fd98ca776cb875bc9e5514f56b52eb74f9e7a9/library/std/src/sys_common/backtrace.rs:67:5
[INFO] [stdout]    3:     0x563a155a4830 - <std::sys_common::backtrace::_print::DisplayBacktrace as core::fmt::Display>::fmt::h48b88277def8b362
[INFO] [stdout]                                at /rustc/53fd98ca776cb875bc9e5514f56b52eb74f9e7a9/library/std/src/sys_common/backtrace.rs:46:22
[INFO] [stdout]    4:     0x563a155c72ac - core::fmt::write::h3381b3176fe2b3d3
[INFO] [stdout]                                at /rustc/53fd98ca776cb875bc9e5514f56b52eb74f9e7a9/library/core/src/fmt/mod.rs:1115:17
[INFO] [stdout]    5:     0x563a155a1795 - std::io::Write::write_fmt::h5f34a676f60246b5
[INFO] [stdout]                                at /rustc/53fd98ca776cb875bc9e5514f56b52eb74f9e7a9/library/std/src/io/mod.rs:1665:15
[INFO] [stdout]    6:     0x563a155a69ab - std::sys_common::backtrace::_print::ha537687d6c17dd0d
[INFO] [stdout]                                at /rustc/53fd98ca776cb875bc9e5514f56b52eb74f9e7a9/library/std/src/sys_common/backtrace.rs:49:5
[INFO] [stdout]    7:     0x563a155a69ab - std::sys_common::backtrace::print::h61376ae57d131d72
[INFO] [stdout]                                at /rustc/53fd98ca776cb875bc9e5514f56b52eb74f9e7a9/library/std/src/sys_common/backtrace.rs:36:9
[INFO] [stdout]    8:     0x563a155a69ab - std::panicking::default_hook::{{closure}}::h0f7208c0b9644a54
[INFO] [stdout]                                at /rustc/53fd98ca776cb875bc9e5514f56b52eb74f9e7a9/library/std/src/panicking.rs:208:50
[INFO] [stdout]    9:     0x563a155a64bc - std::panicking::default_hook::hdac7fc06578c14ce
[INFO] [stdout]                                at /rustc/53fd98ca776cb875bc9e5514f56b52eb74f9e7a9/library/std/src/panicking.rs:222:9
[INFO] [stdout]   10:     0x563a155a7074 - std::panicking::rust_panic_with_hook::h72b21c283da3d1ef
[INFO] [stdout]                                at /rustc/53fd98ca776cb875bc9e5514f56b52eb74f9e7a9/library/std/src/panicking.rs:622:17
[INFO] [stdout]   11:     0x563a155a6b57 - std::panicking::begin_panic_handler::{{closure}}::he5778f1729cff84a
[INFO] [stdout]                                at /rustc/53fd98ca776cb875bc9e5514f56b52eb74f9e7a9/library/std/src/panicking.rs:519:13
[INFO] [stdout]   12:     0x563a155a4d0c - std::sys_common::backtrace::__rust_end_short_backtrace::h2d11ca8b453b4b1d
[INFO] [stdout]                                at /rustc/53fd98ca776cb875bc9e5514f56b52eb74f9e7a9/library/std/src/sys_common/backtrace.rs:141:18
[INFO] [stdout]   13:     0x563a155a6ab9 - rust_begin_unwind
[INFO] [stdout]                                at /rustc/53fd98ca776cb875bc9e5514f56b52eb74f9e7a9/library/std/src/panicking.rs:515:5
[INFO] [stdout]   14:     0x563a154e8431 - core::panicking::panic_fmt::hf9de31d4acbce4db
[INFO] [stdout]                                at /rustc/53fd98ca776cb875bc9e5514f56b52eb74f9e7a9/library/core/src/panicking.rs:92:14
[INFO] [stdout]   15:     0x563a155c5918 - core::panicking::assert_failed_inner::h62e8cb2847a6e7ec
[INFO] [stdout]   16:     0x563a15514f2a - core::panicking::assert_failed::h84da6532d5c3bb7f
[INFO] [stdout]                                at /rustc/53fd98ca776cb875bc9e5514f56b52eb74f9e7a9/library/core/src/panicking.rs:117:5
[INFO] [stdout]   17:     0x563a1554e592 - helium::parser::test::compare::hff1ff6cef1468a2a
[INFO] [stdout]                                at /opt/rustwide/workdir/src/parser/test.rs:522:5
[INFO] [stdout]   18:     0x563a15550d0f - helium::parser::test::escaped_string_expressions::hd2943e86d6d50090
[INFO] [stdout]                                at /opt/rustwide/workdir/src/parser/test.rs:172:3
[INFO] [stdout]   19:     0x563a15550b3a - helium::parser::test::escaped_string_expressions::{{closure}}::h3dd5aeecb5b09bcf
[INFO] [stdout]                                at /opt/rustwide/workdir/src/parser/test.rs:163:1
[INFO] [stdout]   20:     0x563a154fc2be - core::ops::function::FnOnce::call_once::hf6ddc6c99bc35679
[INFO] [stdout]                                at /rustc/53fd98ca776cb875bc9e5514f56b52eb74f9e7a9/library/core/src/ops/function.rs:227:5
[INFO] [stdout]   21:     0x563a15588c13 - core::ops::function::FnOnce::call_once::hbb52c4519d3137b0
[INFO] [stdout]                                at /rustc/53fd98ca776cb875bc9e5514f56b52eb74f9e7a9/library/core/src/ops/function.rs:227:5
[INFO] [stdout]   22:     0x563a15588c13 - test::__rust_begin_short_backtrace::h86fe3a2a5a5121af
[INFO] [stdout]                                at /rustc/53fd98ca776cb875bc9e5514f56b52eb74f9e7a9/library/test/src/lib.rs:578:5
[INFO] [stdout]   23:     0x563a155876c8 - <alloc::boxed::Box<F,A> as core::ops::function::FnOnce<Args>>::call_once::hfd956bc3d57399be
[INFO] [stdout]                                at /rustc/53fd98ca776cb875bc9e5514f56b52eb74f9e7a9/library/alloc/src/boxed.rs:1572:9
[INFO] [stdout]   24:     0x563a155876c8 - <std::panic::AssertUnwindSafe<F> as core::ops::function::FnOnce<()>>::call_once::h40dc93e0ddb5938a
[INFO] [stdout]                                at /rustc/53fd98ca776cb875bc9e5514f56b52eb74f9e7a9/library/std/src/panic.rs:347:9
[INFO] [stdout]   25:     0x563a155876c8 - std::panicking::try::do_call::h90d07750cb47c562
[INFO] [stdout]                                at /rustc/53fd98ca776cb875bc9e5514f56b52eb74f9e7a9/library/std/src/panicking.rs:401:40
[INFO] [stdout]   26:     0x563a155876c8 - std::panicking::try::h063c84733ad2a629
[INFO] [stdout]                                at /rustc/53fd98ca776cb875bc9e5514f56b52eb74f9e7a9/library/std/src/panicking.rs:365:19
[INFO] [stdout]   27:     0x563a155876c8 - std::panic::catch_unwind::h0c464836a84e7c08
[INFO] [stdout]                                at /rustc/53fd98ca776cb875bc9e5514f56b52eb74f9e7a9/library/std/src/panic.rs:434:14
[INFO] [stdout]   28:     0x563a155876c8 - test::run_test_in_process::h5cb06ef620b157fc
[INFO] [stdout]                                at /rustc/53fd98ca776cb875bc9e5514f56b52eb74f9e7a9/library/test/src/lib.rs:601:18
[INFO] [stdout]   29:     0x563a155876c8 - test::run_test::run_test_inner::{{closure}}::h76f677f4b93f9828
[INFO] [stdout]                                at /rustc/53fd98ca776cb875bc9e5514f56b52eb74f9e7a9/library/test/src/lib.rs:493:39
[INFO] [stdout]   30:     0x563a15555e5d - test::run_test::run_test_inner::{{closure}}::h366d01fe04f4d67a
[INFO] [stdout]                                at /rustc/53fd98ca776cb875bc9e5514f56b52eb74f9e7a9/library/test/src/lib.rs:520:37
[INFO] [stdout]   31:     0x563a15555e5d - std::sys_common::backtrace::__rust_begin_short_backtrace::h7dfa0de4eb395af2
[INFO] [stdout]                                at /rustc/53fd98ca776cb875bc9e5514f56b52eb74f9e7a9/library/std/src/sys_common/backtrace.rs:125:18
[INFO] [stdout]   32:     0x563a1555a628 - std::thread::Builder::spawn_unchecked::{{closure}}::{{closure}}::hf0a74bb58798037f
[INFO] [stdout]                                at /rustc/53fd98ca776cb875bc9e5514f56b52eb74f9e7a9/library/std/src/thread/mod.rs:476:17
[INFO] [stdout]   33:     0x563a1555a628 - <std::panic::AssertUnwindSafe<F> as core::ops::function::FnOnce<()>>::call_once::hb024e854818586ac
[INFO] [stdout]                                at /rustc/53fd98ca776cb875bc9e5514f56b52eb74f9e7a9/library/std/src/panic.rs:347:9
[INFO] [stdout]   34:     0x563a1555a628 - std::panicking::try::do_call::hb2dd9f1d0d48e41d
[INFO] [stdout]                                at /rustc/53fd98ca776cb875bc9e5514f56b52eb74f9e7a9/library/std/src/panicking.rs:401:40
[INFO] [stdout]   35:     0x563a1555a628 - std::panicking::try::h4717ae7bac8b2bf3
[INFO] [stdout]                                at /rustc/53fd98ca776cb875bc9e5514f56b52eb74f9e7a9/library/std/src/panicking.rs:365:19
[INFO] [stdout]   36:     0x563a1555a628 - std::panic::catch_unwind::h0dc8a061326ce8d8
[INFO] [stdout]                                at /rustc/53fd98ca776cb875bc9e5514f56b52eb74f9e7a9/library/std/src/panic.rs:434:14
[INFO] [stdout]   37:     0x563a1555a628 - std::thread::Builder::spawn_unchecked::{{closure}}::haa369e2d6fd00aa1
[INFO] [stdout]                                at /rustc/53fd98ca776cb875bc9e5514f56b52eb74f9e7a9/library/std/src/thread/mod.rs:475:30
[INFO] [stdout]   38:     0x563a1555a628 - core::ops::function::FnOnce::call_once{{vtable.shim}}::h36dcf3de8b056f17
[INFO] [stdout]                                at /rustc/53fd98ca776cb875bc9e5514f56b52eb74f9e7a9/library/core/src/ops/function.rs:227:5
[INFO] [stdout]   39:     0x563a155abbe7 - <alloc::boxed::Box<F,A> as core::ops::function::FnOnce<Args>>::call_once::h65c29e4642be2358
[INFO] [stdout]                                at /rustc/53fd98ca776cb875bc9e5514f56b52eb74f9e7a9/library/alloc/src/boxed.rs:1572:9
[INFO] [stdout]   40:     0x563a155abbe7 - <alloc::boxed::Box<F,A> as core::ops::function::FnOnce<Args>>::call_once::hd0f8f7fbbd9fffbf
[INFO] [stdout]                                at /rustc/53fd98ca776cb875bc9e5514f56b52eb74f9e7a9/library/alloc/src/boxed.rs:1572:9
[INFO] [stdout]   41:     0x563a155abbe7 - std::sys::unix::thread::Thread::new::thread_start::h2fd22fee3ca77b65
[INFO] [stdout]                                at /rustc/53fd98ca776cb875bc9e5514f56b52eb74f9e7a9/library/std/src/sys/unix/thread.rs:74:17
[INFO] [stdout]   42:     0x7f0d5ccde609 - start_thread
[INFO] [stdout]   43:     0x7f0d5cab0293 - clone
[INFO] [stdout]   44:                0x0 - <unknown>
[INFO] [stdout] 
[INFO] [stdout] 
[INFO] [stdout] failures:
[INFO] [stdout]     parser::test::escaped_string_expressions
[INFO] [stdout] 
[INFO] [stdout] test result: FAILED. 96 passed; 1 failed; 0 ignored; 0 measured; 0 filtered out; finished in 0.06s
[INFO] [stdout] 
[INFO] running `Command { std: "docker" "inspect" "43f4136f8cdb91140f7ef43fa6439439294ce92bd70d9cb67103c56efd65107d", kill_on_drop: false }`
[INFO] running `Command { std: "docker" "rm" "-f" "43f4136f8cdb91140f7ef43fa6439439294ce92bd70d9cb67103c56efd65107d", kill_on_drop: false }`
[INFO] [stdout] 43f4136f8cdb91140f7ef43fa6439439294ce92bd70d9cb67103c56efd65107d
