[INFO] cloning repository https://github.com/LeeJiaLe/rust-jrdb
[INFO] running `Command { std: "git" "-c" "credential.helper=" "-c" "credential.helper=/workspace/cargo-home/bin/git-credential-null" "clone" "--bare" "https://github.com/LeeJiaLe/rust-jrdb" "/workspace/cache/git-repos/https%3A%2F%2Fgithub.com%2FLeeJiaLe%2Frust-jrdb", kill_on_drop: false }`
[INFO] [stderr] Cloning into bare repository '/workspace/cache/git-repos/https%3A%2F%2Fgithub.com%2FLeeJiaLe%2Frust-jrdb'...
[INFO] running `Command { std: "git" "rev-parse" "HEAD", kill_on_drop: false }`
[INFO] [stdout] 111fd4ee46df5aa52aa163998bd9a4d728393690
[INFO] testing LeeJiaLe/rust-jrdb against beta-2021-08-01 for beta-1.55-1
[INFO] running `Command { std: "git" "clone" "/workspace/cache/git-repos/https%3A%2F%2Fgithub.com%2FLeeJiaLe%2Frust-jrdb" "/workspace/builds/worker-2/source", kill_on_drop: false }`
[INFO] [stderr] Cloning into '/workspace/builds/worker-2/source'...
[INFO] [stderr] done.
[INFO] validating manifest of git repo https://github.com/LeeJiaLe/rust-jrdb on toolchain beta-2021-08-01
[INFO] running `Command { std: "/workspace/cargo-home/bin/cargo" "+beta-2021-08-01" "metadata" "--manifest-path" "Cargo.toml" "--no-deps", kill_on_drop: false }`
[INFO] started tweaking git repo https://github.com/LeeJiaLe/rust-jrdb
[INFO] finished tweaking git repo https://github.com/LeeJiaLe/rust-jrdb
[INFO] tweaked toml for git repo https://github.com/LeeJiaLe/rust-jrdb written to /workspace/builds/worker-2/source/Cargo.toml
[INFO] crate git repo https://github.com/LeeJiaLe/rust-jrdb already has a lockfile, it will not be regenerated
[INFO] running `Command { std: "/workspace/cargo-home/bin/cargo" "+beta-2021-08-01" "fetch" "--manifest-path" "Cargo.toml", kill_on_drop: false }`
[INFO] running `Command { std: "docker" "create" "-v" "/var/lib/crater-agent-workspace/builds/worker-2/target:/opt/rustwide/target:rw,Z" "-v" "/var/lib/crater-agent-workspace/builds/worker-2/source:/opt/rustwide/workdir:ro,Z" "-v" "/var/lib/crater-agent-workspace/cargo-home:/opt/rustwide/cargo-home:ro,Z" "-v" "/var/lib/crater-agent-workspace/rustup-home:/opt/rustwide/rustup-home:ro,Z" "-e" "SOURCE_DIR=/opt/rustwide/workdir" "-e" "CARGO_TARGET_DIR=/opt/rustwide/target" "-e" "CARGO_HOME=/opt/rustwide/cargo-home" "-e" "RUSTUP_HOME=/opt/rustwide/rustup-home" "-w" "/opt/rustwide/workdir" "-m" "1610612736" "--user" "0:0" "--network" "none" "ghcr.io/rust-lang/crates-build-env/linux@sha256:34b6a614d2c27851fe6cbf88fbd1137609cefab8b10d0615aaeb6fd47975d74e" "/opt/rustwide/cargo-home/bin/cargo" "+beta-2021-08-01" "metadata" "--no-deps" "--format-version=1", kill_on_drop: false }`
[INFO] [stdout] fbe1d283b4bf936525d9c42ec878bd2355d9071b48dab7c66405a58311c27cc6
[INFO] [stderr] WARNING: Your kernel does not support swap limit capabilities or the cgroup is not mounted. Memory limited without swap.
[INFO] running `Command { std: "docker" "start" "-a" "fbe1d283b4bf936525d9c42ec878bd2355d9071b48dab7c66405a58311c27cc6", kill_on_drop: false }`
[INFO] running `Command { std: "docker" "inspect" "fbe1d283b4bf936525d9c42ec878bd2355d9071b48dab7c66405a58311c27cc6", kill_on_drop: false }`
[INFO] running `Command { std: "docker" "rm" "-f" "fbe1d283b4bf936525d9c42ec878bd2355d9071b48dab7c66405a58311c27cc6", kill_on_drop: false }`
[INFO] [stdout] fbe1d283b4bf936525d9c42ec878bd2355d9071b48dab7c66405a58311c27cc6
[INFO] running `Command { std: "docker" "create" "-v" "/var/lib/crater-agent-workspace/builds/worker-2/target:/opt/rustwide/target:rw,Z" "-v" "/var/lib/crater-agent-workspace/builds/worker-2/source:/opt/rustwide/workdir:ro,Z" "-v" "/var/lib/crater-agent-workspace/cargo-home:/opt/rustwide/cargo-home:ro,Z" "-v" "/var/lib/crater-agent-workspace/rustup-home:/opt/rustwide/rustup-home:ro,Z" "-e" "SOURCE_DIR=/opt/rustwide/workdir" "-e" "CARGO_TARGET_DIR=/opt/rustwide/target" "-e" "CARGO_INCREMENTAL=0" "-e" "RUST_BACKTRACE=full" "-e" "RUSTFLAGS=--cap-lints=warn" "-e" "CARGO_HOME=/opt/rustwide/cargo-home" "-e" "RUSTUP_HOME=/opt/rustwide/rustup-home" "-w" "/opt/rustwide/workdir" "-m" "1610612736" "--user" "0:0" "--network" "none" "ghcr.io/rust-lang/crates-build-env/linux@sha256:34b6a614d2c27851fe6cbf88fbd1137609cefab8b10d0615aaeb6fd47975d74e" "/opt/rustwide/cargo-home/bin/cargo" "+beta-2021-08-01" "build" "--frozen" "--message-format=json", kill_on_drop: false }`
[INFO] [stderr] WARNING: Your kernel does not support swap limit capabilities or the cgroup is not mounted. Memory limited without swap.
[INFO] [stdout] 743af4fec66cc5a87ea5ce1619c3b879b90caaa9a6a88255fea85cd93531c320
[INFO] running `Command { std: "docker" "start" "-a" "743af4fec66cc5a87ea5ce1619c3b879b90caaa9a6a88255fea85cd93531c320", kill_on_drop: false }`
[INFO] [stderr]    Compiling jrdb v0.0.2 (/opt/rustwide/workdir)
[INFO] [stderr]     Finished dev [unoptimized + debuginfo] target(s) in 3.96s
[INFO] running `Command { std: "docker" "inspect" "743af4fec66cc5a87ea5ce1619c3b879b90caaa9a6a88255fea85cd93531c320", kill_on_drop: false }`
[INFO] running `Command { std: "docker" "rm" "-f" "743af4fec66cc5a87ea5ce1619c3b879b90caaa9a6a88255fea85cd93531c320", kill_on_drop: false }`
[INFO] [stdout] 743af4fec66cc5a87ea5ce1619c3b879b90caaa9a6a88255fea85cd93531c320
[INFO] running `Command { std: "docker" "create" "-v" "/var/lib/crater-agent-workspace/builds/worker-2/target:/opt/rustwide/target:rw,Z" "-v" "/var/lib/crater-agent-workspace/builds/worker-2/source:/opt/rustwide/workdir:ro,Z" "-v" "/var/lib/crater-agent-workspace/cargo-home:/opt/rustwide/cargo-home:ro,Z" "-v" "/var/lib/crater-agent-workspace/rustup-home:/opt/rustwide/rustup-home:ro,Z" "-e" "SOURCE_DIR=/opt/rustwide/workdir" "-e" "CARGO_TARGET_DIR=/opt/rustwide/target" "-e" "CARGO_INCREMENTAL=0" "-e" "RUST_BACKTRACE=full" "-e" "RUSTFLAGS=--cap-lints=warn" "-e" "CARGO_HOME=/opt/rustwide/cargo-home" "-e" "RUSTUP_HOME=/opt/rustwide/rustup-home" "-w" "/opt/rustwide/workdir" "-m" "1610612736" "--user" "0:0" "--network" "none" "ghcr.io/rust-lang/crates-build-env/linux@sha256:34b6a614d2c27851fe6cbf88fbd1137609cefab8b10d0615aaeb6fd47975d74e" "/opt/rustwide/cargo-home/bin/cargo" "+beta-2021-08-01" "test" "--frozen" "--no-run" "--message-format=json", kill_on_drop: false }`
[INFO] [stdout] 1606b975f393a7d0462552d3a08ff2384d63d0bde2b9c2f560fea7bdcd32ac35
[INFO] [stderr] WARNING: Your kernel does not support swap limit capabilities or the cgroup is not mounted. Memory limited without swap.
[INFO] running `Command { std: "docker" "start" "-a" "1606b975f393a7d0462552d3a08ff2384d63d0bde2b9c2f560fea7bdcd32ac35", kill_on_drop: false }`
[INFO] [stderr]    Compiling jrdb v0.0.2 (/opt/rustwide/workdir)
[INFO] [stderr]     Finished test [unoptimized + debuginfo] target(s) in 1.91s
[INFO] running `Command { std: "docker" "inspect" "1606b975f393a7d0462552d3a08ff2384d63d0bde2b9c2f560fea7bdcd32ac35", kill_on_drop: false }`
[INFO] running `Command { std: "docker" "rm" "-f" "1606b975f393a7d0462552d3a08ff2384d63d0bde2b9c2f560fea7bdcd32ac35", kill_on_drop: false }`
[INFO] [stdout] 1606b975f393a7d0462552d3a08ff2384d63d0bde2b9c2f560fea7bdcd32ac35
[INFO] running `Command { std: "docker" "create" "-v" "/var/lib/crater-agent-workspace/builds/worker-2/target:/opt/rustwide/target:rw,Z" "-v" "/var/lib/crater-agent-workspace/builds/worker-2/source:/opt/rustwide/workdir:ro,Z" "-v" "/var/lib/crater-agent-workspace/cargo-home:/opt/rustwide/cargo-home:ro,Z" "-v" "/var/lib/crater-agent-workspace/rustup-home:/opt/rustwide/rustup-home:ro,Z" "-e" "SOURCE_DIR=/opt/rustwide/workdir" "-e" "CARGO_TARGET_DIR=/opt/rustwide/target" "-e" "CARGO_INCREMENTAL=0" "-e" "RUST_BACKTRACE=full" "-e" "RUSTFLAGS=--cap-lints=warn" "-e" "CARGO_HOME=/opt/rustwide/cargo-home" "-e" "RUSTUP_HOME=/opt/rustwide/rustup-home" "-w" "/opt/rustwide/workdir" "-m" "1610612736" "--user" "0:0" "--network" "none" "ghcr.io/rust-lang/crates-build-env/linux@sha256:34b6a614d2c27851fe6cbf88fbd1137609cefab8b10d0615aaeb6fd47975d74e" "/opt/rustwide/cargo-home/bin/cargo" "+beta-2021-08-01" "test" "--frozen", kill_on_drop: false }`
[INFO] [stderr] WARNING: Your kernel does not support swap limit capabilities or the cgroup is not mounted. Memory limited without swap.
[INFO] [stdout] c549fa93c594ca5b4d98901943db40ff46fc9348c1e5e0785851498cebb45057
[INFO] running `Command { std: "docker" "start" "-a" "c549fa93c594ca5b4d98901943db40ff46fc9348c1e5e0785851498cebb45057", kill_on_drop: false }`
[INFO] [stderr]     Finished test [unoptimized + debuginfo] target(s) in 0.04s
[INFO] [stderr]      Running unittests (/opt/rustwide/target/debug/deps/jrdb-ea608c1ff3eb92d3)
[INFO] [stdout] 
[INFO] [stderr]      Running unittests (/opt/rustwide/target/debug/deps/example-8e7e5c88e0edd107)
[INFO] [stdout] running 0 tests
[INFO] [stdout] 
[INFO] [stdout] test result: ok. 0 passed; 0 failed; 0 ignored; 0 measured; 0 filtered out; finished in 0.00s
[INFO] [stdout] 
[INFO] [stdout] 
[INFO] [stdout] running 0 tests
[INFO] [stdout] 
[INFO] [stdout] test result: ok. 0 passed; 0 failed; 0 ignored; 0 measured; 0 filtered out; finished in 0.00s
[INFO] [stdout] 
[INFO] [stderr]    Doc-tests jrdb
[INFO] [stdout] 
[INFO] [stdout] running 7 tests
[INFO] [stdout] test src/jrdb/lib.rs - Database::condition (line 309) ... FAILED
[INFO] [stdout] test src/jrdb/lib.rs - Database::delete (line 268) ... FAILED
[INFO] [stdout] test src/jrdb/lib.rs - Database::update (line 223) ... FAILED
[INFO] [stdout] test src/jrdb/lib.rs - Database::select (line 187) ... FAILED
[INFO] [stdout] test src/jrdb/lib.rs - Database::execute (line 116) ... FAILED
[INFO] [stdout] test src/jrdb/lib.rs - Database::insert (line 156) ... FAILED
[INFO] [stdout] test src/jrdb/lib.rs - Database::from (line 69) ... FAILED
[INFO] [stdout] 
[INFO] [stdout] failures:
[INFO] [stdout] 
[INFO] [stdout] ---- src/jrdb/lib.rs - Database::condition (line 309) stdout ----
[INFO] [stdout] error[E0596]: cannot borrow `db` as mutable, as it is not declared as mutable
[INFO] [stdout]   --> src/jrdb/lib.rs:324:3
[INFO] [stdout]    |
[INFO] [stdout] 8  |   let db:Database = Database::from("main");
[INFO] [stdout]    |       -- help: consider changing this to be mutable: `mut db`
[INFO] [stdout] ...
[INFO] [stdout] 17 |   db.insert("users", doc).execute();
[INFO] [stdout]    |   ^^ cannot borrow as mutable
[INFO] [stdout] 
[INFO] [stdout] error[E0596]: cannot borrow `db` as mutable, as it is not declared as mutable
[INFO] [stdout]   --> src/jrdb/lib.rs:328:5
[INFO] [stdout]    |
[INFO] [stdout] 8  |   let db:Database = Database::from("main");
[INFO] [stdout]    |       -- help: consider changing this to be mutable: `mut db`
[INFO] [stdout] ...
[INFO] [stdout] 21 |     db.select("users")
[INFO] [stdout]    |     ^^ cannot borrow as mutable
[INFO] [stdout] 
[INFO] [stdout] error[E0596]: cannot borrow `db` as mutable, as it is not declared as mutable
[INFO] [stdout]   --> src/jrdb/lib.rs:337:5
[INFO] [stdout]    |
[INFO] [stdout] 8  |   let db:Database = Database::from("main");
[INFO] [stdout]    |       -- help: consider changing this to be mutable: `mut db`
[INFO] [stdout] ...
[INFO] [stdout] 30 |     db.select("users")
[INFO] [stdout]    |     ^^ cannot borrow as mutable
[INFO] [stdout] 
[INFO] [stdout] error: aborting due to 3 previous errors
[INFO] [stdout] 
[INFO] [stdout] For more information about this error, try `rustc --explain E0596`.
[INFO] [stdout] Couldn't compile the test.
[INFO] [stdout] ---- src/jrdb/lib.rs - Database::delete (line 268) stdout ----
[INFO] [stdout] error[E0596]: cannot borrow `db` as mutable, as it is not declared as mutable
[INFO] [stdout]   --> src/jrdb/lib.rs:282:3
[INFO] [stdout]    |
[INFO] [stdout] 7  |   let db:Database = Database::from("main");
[INFO] [stdout]    |       -- help: consider changing this to be mutable: `mut db`
[INFO] [stdout] ...
[INFO] [stdout] 16 |   db.insert("users", doc).execute();
[INFO] [stdout]    |   ^^ cannot borrow as mutable
[INFO] [stdout] 
[INFO] [stdout] error[E0596]: cannot borrow `db` as mutable, as it is not declared as mutable
[INFO] [stdout]   --> src/jrdb/lib.rs:285:34
[INFO] [stdout]    |
[INFO] [stdout] 7  |   let db:Database = Database::from("main");
[INFO] [stdout]    |       -- help: consider changing this to be mutable: `mut db`
[INFO] [stdout] ...
[INFO] [stdout] 19 |   let collection: JrCollection = db.select("users").execute();
[INFO] [stdout]    |                                  ^^ cannot borrow as mutable
[INFO] [stdout] 
[INFO] [stdout] error[E0596]: cannot borrow `db` as mutable, as it is not declared as mutable
[INFO] [stdout]   --> src/jrdb/lib.rs:289:3
[INFO] [stdout]    |
[INFO] [stdout] 7  |   let db:Database = Database::from("main");
[INFO] [stdout]    |       -- help: consider changing this to be mutable: `mut db`
[INFO] [stdout] ...
[INFO] [stdout] 23 |   db.delete("users").execute();
[INFO] [stdout]    |   ^^ cannot borrow as mutable
[INFO] [stdout] 
[INFO] [stdout] error[E0596]: cannot borrow `db` as mutable, as it is not declared as mutable
[INFO] [stdout]   --> src/jrdb/lib.rs:291:34
[INFO] [stdout]    |
[INFO] [stdout] 7  |   let db:Database = Database::from("main");
[INFO] [stdout]    |       -- help: consider changing this to be mutable: `mut db`
[INFO] [stdout] ...
[INFO] [stdout] 25 |   let collection: JrCollection = db.select("users").execute();
[INFO] [stdout]    |                                  ^^ cannot borrow as mutable
[INFO] [stdout] 
[INFO] [stdout] error: aborting due to 4 previous errors
[INFO] [stdout] 
[INFO] [stdout] For more information about this error, try `rustc --explain E0596`.
[INFO] [stdout] Couldn't compile the test.
[INFO] [stdout] ---- src/jrdb/lib.rs - Database::update (line 223) stdout ----
[INFO] [stdout] error[E0596]: cannot borrow `db` as mutable, as it is not declared as mutable
[INFO] [stdout]   --> src/jrdb/lib.rs:237:3
[INFO] [stdout]    |
[INFO] [stdout] 7  |   let db:Database = Database::from("main");
[INFO] [stdout]    |       -- help: consider changing this to be mutable: `mut db`
[INFO] [stdout] ...
[INFO] [stdout] 16 |   db.insert("users", doc).execute();
[INFO] [stdout]    |   ^^ cannot borrow as mutable
[INFO] [stdout] 
[INFO] [stdout] error[E0596]: cannot borrow `db` as mutable, as it is not declared as mutable
[INFO] [stdout]   --> src/jrdb/lib.rs:240:34
[INFO] [stdout]    |
[INFO] [stdout] 7  |   let db:Database = Database::from("main");
[INFO] [stdout]    |       -- help: consider changing this to be mutable: `mut db`
[INFO] [stdout] ...
[INFO] [stdout] 19 |   let collection: JrCollection = db.select("users").execute();
[INFO] [stdout]    |                                  ^^ cannot borrow as mutable
[INFO] [stdout] 
[INFO] [stdout] error[E0596]: cannot borrow `db` as mutable, as it is not declared as mutable
[INFO] [stdout]   --> src/jrdb/lib.rs:248:3
[INFO] [stdout]    |
[INFO] [stdout] 7  |   let db:Database = Database::from("main");
[INFO] [stdout]    |       -- help: consider changing this to be mutable: `mut db`
[INFO] [stdout] ...
[INFO] [stdout] 27 |   db.update("users", updated_doc).execute();
[INFO] [stdout]    |   ^^ cannot borrow as mutable
[INFO] [stdout] 
[INFO] [stdout] error[E0596]: cannot borrow `db` as mutable, as it is not declared as mutable
[INFO] [stdout]   --> src/jrdb/lib.rs:250:34
[INFO] [stdout]    |
[INFO] [stdout] 7  |   let db:Database = Database::from("main");
[INFO] [stdout]    |       -- help: consider changing this to be mutable: `mut db`
[INFO] [stdout] ...
[INFO] [stdout] 29 |   let collection: JrCollection = db.select("users").execute();
[INFO] [stdout]    |                                  ^^ cannot borrow as mutable
[INFO] [stdout] 
[INFO] [stdout] error: aborting due to 4 previous errors
[INFO] [stdout] 
[INFO] [stdout] For more information about this error, try `rustc --explain E0596`.
[INFO] [stdout] Couldn't compile the test.
[INFO] [stdout] ---- src/jrdb/lib.rs - Database::select (line 187) stdout ----
[INFO] [stdout] error[E0596]: cannot borrow `db` as mutable, as it is not declared as mutable
[INFO] [stdout]   --> src/jrdb/lib.rs:201:3
[INFO] [stdout]    |
[INFO] [stdout] 7  |   let db:Database = Database::from("main");
[INFO] [stdout]    |       -- help: consider changing this to be mutable: `mut db`
[INFO] [stdout] ...
[INFO] [stdout] 16 |   db.insert("users", doc).execute();
[INFO] [stdout]    |   ^^ cannot borrow as mutable
[INFO] [stdout] 
[INFO] [stdout] error[E0596]: cannot borrow `db` as mutable, as it is not declared as mutable
[INFO] [stdout]   --> src/jrdb/lib.rs:204:34
[INFO] [stdout]    |
[INFO] [stdout] 7  |   let db:Database = Database::from("main");
[INFO] [stdout]    |       -- help: consider changing this to be mutable: `mut db`
[INFO] [stdout] ...
[INFO] [stdout] 19 |   let collection: JrCollection = db.select("users").execute();
[INFO] [stdout]    |                                  ^^ cannot borrow as mutable
[INFO] [stdout] 
[INFO] [stdout] error: aborting due to 2 previous errors
[INFO] [stdout] 
[INFO] [stdout] For more information about this error, try `rustc --explain E0596`.
[INFO] [stdout] Couldn't compile the test.
[INFO] [stdout] ---- src/jrdb/lib.rs - Database::execute (line 116) stdout ----
[INFO] [stdout] error[E0599]: no method named `add_value` found for struct `jrdb::jrdb_type::JrDocument` in the current scope
[INFO] [stdout]    --> src/jrdb/lib.rs:125:7
[INFO] [stdout]     |
[INFO] [stdout] 11  |   doc.add_value("name", String::from("Joel"));
[INFO] [stdout]     |       ^^^^^^^^^ method not found in `jrdb::jrdb_type::JrDocument`
[INFO] [stdout]     | 
[INFO] [stdout]    ::: /opt/rustwide/workdir/src/jrdb/jrdb_type.rs:179:6
[INFO] [stdout]     |
[INFO] [stdout] 179 |   fn add_value(&mut self, key:&str, item: T);
[INFO] [stdout]     |      --------- the method is available for `jrdb::jrdb_type::JrDocument` here
[INFO] [stdout]     |
[INFO] [stdout]     = help: items from traits can only be used if the trait is in scope
[INFO] [stdout] help: the following trait is implemented but not in scope; perhaps add a `use` for it:
[INFO] [stdout]     |
[INFO] [stdout] 3   | use crate::jrdb::jrdb_type::AddGetValue;
[INFO] [stdout]     |
[INFO] [stdout] 
[INFO] [stdout] error[E0599]: no method named `add_value` found for struct `jrdb::jrdb_type::JrDocument` in the current scope
[INFO] [stdout]    --> src/jrdb/lib.rs:126:7
[INFO] [stdout]     |
[INFO] [stdout] 12  |   doc.add_value("pass", String::from("ILoveErd"));
[INFO] [stdout]     |       ^^^^^^^^^ method not found in `jrdb::jrdb_type::JrDocument`
[INFO] [stdout]     | 
[INFO] [stdout]    ::: /opt/rustwide/workdir/src/jrdb/jrdb_type.rs:179:6
[INFO] [stdout]     |
[INFO] [stdout] 179 |   fn add_value(&mut self, key:&str, item: T);
[INFO] [stdout]     |      --------- the method is available for `jrdb::jrdb_type::JrDocument` here
[INFO] [stdout]     |
[INFO] [stdout]     = help: items from traits can only be used if the trait is in scope
[INFO] [stdout] help: the following trait is implemented but not in scope; perhaps add a `use` for it:
[INFO] [stdout]     |
[INFO] [stdout] 3   | use crate::jrdb::jrdb_type::AddGetValue;
[INFO] [stdout]     |
[INFO] [stdout] 
[INFO] [stdout] error[E0599]: no method named `add_value` found for struct `jrdb::jrdb_type::JrDocument` in the current scope
[INFO] [stdout]    --> src/jrdb/lib.rs:127:7
[INFO] [stdout]     |
[INFO] [stdout] 13  |   doc.add_value("age", 30);
[INFO] [stdout]     |       ^^^^^^^^^ method not found in `jrdb::jrdb_type::JrDocument`
[INFO] [stdout]     | 
[INFO] [stdout]    ::: /opt/rustwide/workdir/src/jrdb/jrdb_type.rs:179:6
[INFO] [stdout]     |
[INFO] [stdout] 179 |   fn add_value(&mut self, key:&str, item: T);
[INFO] [stdout]     |      --------- the method is available for `jrdb::jrdb_type::JrDocument` here
[INFO] [stdout]     |
[INFO] [stdout]     = help: items from traits can only be used if the trait is in scope
[INFO] [stdout] help: the following trait is implemented but not in scope; perhaps add a `use` for it:
[INFO] [stdout]     |
[INFO] [stdout] 3   | use crate::jrdb::jrdb_type::AddGetValue;
[INFO] [stdout]     |
[INFO] [stdout] 
[INFO] [stdout] error: aborting due to 3 previous errors
[INFO] [stdout] 
[INFO] [stdout] For more information about this error, try `rustc --explain E0599`.
[INFO] [stdout] Couldn't compile the test.
[INFO] [stdout] ---- src/jrdb/lib.rs - Database::insert (line 156) stdout ----
[INFO] [stdout] error[E0599]: no method named `add_value` found for struct `jrdb::jrdb_type::JrDocument` in the current scope
[INFO] [stdout]    --> src/jrdb/lib.rs:165:7
[INFO] [stdout]     |
[INFO] [stdout] 11  |   doc.add_value("name", String::from("Joel"));
[INFO] [stdout]     |       ^^^^^^^^^ method not found in `jrdb::jrdb_type::JrDocument`
[INFO] [stdout]     | 
[INFO] [stdout]    ::: /opt/rustwide/workdir/src/jrdb/jrdb_type.rs:179:6
[INFO] [stdout]     |
[INFO] [stdout] 179 |   fn add_value(&mut self, key:&str, item: T);
[INFO] [stdout]     |      --------- the method is available for `jrdb::jrdb_type::JrDocument` here
[INFO] [stdout]     |
[INFO] [stdout]     = help: items from traits can only be used if the trait is in scope
[INFO] [stdout] help: the following trait is implemented but not in scope; perhaps add a `use` for it:
[INFO] [stdout]     |
[INFO] [stdout] 3   | use crate::jrdb::jrdb_type::AddGetValue;
[INFO] [stdout]     |
[INFO] [stdout] 
[INFO] [stdout] error[E0599]: no method named `add_value` found for struct `jrdb::jrdb_type::JrDocument` in the current scope
[INFO] [stdout]    --> src/jrdb/lib.rs:166:7
[INFO] [stdout]     |
[INFO] [stdout] 12  |   doc.add_value("pass", String::from("ILoveErd"));
[INFO] [stdout]     |       ^^^^^^^^^ method not found in `jrdb::jrdb_type::JrDocument`
[INFO] [stdout]     | 
[INFO] [stdout]    ::: /opt/rustwide/workdir/src/jrdb/jrdb_type.rs:179:6
[INFO] [stdout]     |
[INFO] [stdout] 179 |   fn add_value(&mut self, key:&str, item: T);
[INFO] [stdout]     |      --------- the method is available for `jrdb::jrdb_type::JrDocument` here
[INFO] [stdout]     |
[INFO] [stdout]     = help: items from traits can only be used if the trait is in scope
[INFO] [stdout] help: the following trait is implemented but not in scope; perhaps add a `use` for it:
[INFO] [stdout]     |
[INFO] [stdout] 3   | use crate::jrdb::jrdb_type::AddGetValue;
[INFO] [stdout]     |
[INFO] [stdout] 
[INFO] [stdout] error[E0599]: no method named `add_value` found for struct `jrdb::jrdb_type::JrDocument` in the current scope
[INFO] [stdout]    --> src/jrdb/lib.rs:167:7
[INFO] [stdout]     |
[INFO] [stdout] 13  |   doc.add_value("age", 30);
[INFO] [stdout]     |       ^^^^^^^^^ method not found in `jrdb::jrdb_type::JrDocument`
[INFO] [stdout]     | 
[INFO] [stdout]    ::: /opt/rustwide/workdir/src/jrdb/jrdb_type.rs:179:6
[INFO] [stdout]     |
[INFO] [stdout] 179 |   fn add_value(&mut self, key:&str, item: T);
[INFO] [stdout]     |      --------- the method is available for `jrdb::jrdb_type::JrDocument` here
[INFO] [stdout]     |
[INFO] [stdout]     = help: items from traits can only be used if the trait is in scope
[INFO] [stdout] help: the following trait is implemented but not in scope; perhaps add a `use` for it:
[INFO] [stdout]     |
[INFO] [stdout] 3   | use crate::jrdb::jrdb_type::AddGetValue;
[INFO] [stdout]     |
[INFO] [stdout] 
[INFO] [stdout] error: aborting due to 3 previous errors
[INFO] [stdout] 
[INFO] [stdout] For more information about this error, try `rustc --explain E0599`.
[INFO] [stdout] Couldn't compile the test.
[INFO] [stdout] ---- src/jrdb/lib.rs - Database::from (line 69) stdout ----
[INFO] [stdout] Test executable failed (exit code 101).
[INFO] [stdout] 
[INFO] [stdout] stderr:
[INFO] [stdout] thread 'main' panicked at 'called `Result::unwrap()` on an `Err` value: Os { code: 30, kind: ReadOnlyFilesystem, message: "Read-only file system" }', src/jrdb/lib.rs:98:46
[INFO] [stdout] stack backtrace:
[INFO] [stdout]    0:     0x55b28350dab0 - std::backtrace_rs::backtrace::libunwind::trace::hff4d1766e93f64f1
[INFO] [stdout]                                at /rustc/53fd98ca776cb875bc9e5514f56b52eb74f9e7a9/library/std/src/../../backtrace/src/backtrace/libunwind.rs:90:5
[INFO] [stdout]    1:     0x55b28350dab0 - std::backtrace_rs::backtrace::trace_unsynchronized::h56bbc8eb78770bcb
[INFO] [stdout]                                at /rustc/53fd98ca776cb875bc9e5514f56b52eb74f9e7a9/library/std/src/../../backtrace/src/backtrace/mod.rs:66:5
[INFO] [stdout]    2:     0x55b28350dab0 - std::sys_common::backtrace::_print_fmt::h5c8e75464faca780
[INFO] [stdout]                                at /rustc/53fd98ca776cb875bc9e5514f56b52eb74f9e7a9/library/std/src/sys_common/backtrace.rs:67:5
[INFO] [stdout]    3:     0x55b28350dab0 - <std::sys_common::backtrace::_print::DisplayBacktrace as core::fmt::Display>::fmt::h48b88277def8b362
[INFO] [stdout]                                at /rustc/53fd98ca776cb875bc9e5514f56b52eb74f9e7a9/library/std/src/sys_common/backtrace.rs:46:22
[INFO] [stdout]    4:     0x55b28352773c - core::fmt::write::h3381b3176fe2b3d3
[INFO] [stdout]                                at /rustc/53fd98ca776cb875bc9e5514f56b52eb74f9e7a9/library/core/src/fmt/mod.rs:1115:17
[INFO] [stdout]    5:     0x55b28350c4e5 - std::io::Write::write_fmt::hd42607e5d8e44db0
[INFO] [stdout]                                at /rustc/53fd98ca776cb875bc9e5514f56b52eb74f9e7a9/library/std/src/io/mod.rs:1665:15
[INFO] [stdout]    6:     0x55b28350f6eb - std::sys_common::backtrace::_print::ha537687d6c17dd0d
[INFO] [stdout]                                at /rustc/53fd98ca776cb875bc9e5514f56b52eb74f9e7a9/library/std/src/sys_common/backtrace.rs:49:5
[INFO] [stdout]    7:     0x55b28350f6eb - std::sys_common::backtrace::print::h61376ae57d131d72
[INFO] [stdout]                                at /rustc/53fd98ca776cb875bc9e5514f56b52eb74f9e7a9/library/std/src/sys_common/backtrace.rs:36:9
[INFO] [stdout]    8:     0x55b28350f6eb - std::panicking::default_hook::{{closure}}::h0f7208c0b9644a54
[INFO] [stdout]                                at /rustc/53fd98ca776cb875bc9e5514f56b52eb74f9e7a9/library/std/src/panicking.rs:208:50
[INFO] [stdout]    9:     0x55b28350f1c1 - std::panicking::default_hook::hdac7fc06578c14ce
[INFO] [stdout]                                at /rustc/53fd98ca776cb875bc9e5514f56b52eb74f9e7a9/library/std/src/panicking.rs:225:9
[INFO] [stdout]   10:     0x55b28350fdb4 - std::panicking::rust_panic_with_hook::h72b21c283da3d1ef
[INFO] [stdout]                                at /rustc/53fd98ca776cb875bc9e5514f56b52eb74f9e7a9/library/std/src/panicking.rs:622:17
[INFO] [stdout]   11:     0x55b28350f897 - std::panicking::begin_panic_handler::{{closure}}::he5778f1729cff84a
[INFO] [stdout]                                at /rustc/53fd98ca776cb875bc9e5514f56b52eb74f9e7a9/library/std/src/panicking.rs:519:13
[INFO] [stdout]   12:     0x55b28350df8c - std::sys_common::backtrace::__rust_end_short_backtrace::h2d11ca8b453b4b1d
[INFO] [stdout]                                at /rustc/53fd98ca776cb875bc9e5514f56b52eb74f9e7a9/library/std/src/sys_common/backtrace.rs:141:18
[INFO] [stdout]   13:     0x55b28350f7f9 - rust_begin_unwind
[INFO] [stdout]                                at /rustc/53fd98ca776cb875bc9e5514f56b52eb74f9e7a9/library/std/src/panicking.rs:515:5
[INFO] [stdout]   14:     0x55b2834f5e21 - core::panicking::panic_fmt::hf9de31d4acbce4db
[INFO] [stdout]                                at /rustc/53fd98ca776cb875bc9e5514f56b52eb74f9e7a9/library/core/src/panicking.rs:92:14
[INFO] [stdout]   15:     0x55b2834f5eb3 - core::result::unwrap_failed::ha0c84e81219e5878
[INFO] [stdout]                                at /rustc/53fd98ca776cb875bc9e5514f56b52eb74f9e7a9/library/core/src/result.rs:1599:5
[INFO] [stdout]   16:     0x55b2834fc77e - core::result::Result<T,E>::unwrap::hea1cc908a95f635c
[INFO] [stdout]                                at /rustc/53fd98ca776cb875bc9e5514f56b52eb74f9e7a9/library/core/src/result.rs:1281:23
[INFO] [stdout]   17:     0x55b2834f6dc1 - jrdb::Database::from::hff106f0f7a4dd344
[INFO] [stdout]                                at /opt/rustwide/workdir/src/jrdb/lib.rs:95:25
[INFO] [stdout]   18:     0x55b2834f68db - rust_out::main::h61823b600df25383
[INFO] [stdout]   19:     0x55b2834f6713 - core::ops::function::FnOnce::call_once::h3d07824a44777914
[INFO] [stdout]   20:     0x55b2834f6649 - std::sys_common::backtrace::__rust_begin_short_backtrace::h1ee1ba859d3174aa
[INFO] [stdout]   21:     0x55b2834f66c9 - std::rt::lang_start::{{closure}}::hee9719d6b6efb7fa
[INFO] [stdout]   22:     0x55b2835102ba - core::ops::function::impls::<impl core::ops::function::FnOnce<A> for &F>::call_once::ha88a7d1a4d24e549
[INFO] [stdout]                                at /rustc/53fd98ca776cb875bc9e5514f56b52eb74f9e7a9/library/core/src/ops/function.rs:259:13
[INFO] [stdout]   23:     0x55b2835102ba - std::panicking::try::do_call::hd3b1d7740607ccc7
[INFO] [stdout]                                at /rustc/53fd98ca776cb875bc9e5514f56b52eb74f9e7a9/library/std/src/panicking.rs:401:40
[INFO] [stdout]   24:     0x55b2835102ba - std::panicking::try::h0ee8c65ac7461507
[INFO] [stdout]                                at /rustc/53fd98ca776cb875bc9e5514f56b52eb74f9e7a9/library/std/src/panicking.rs:365:19
[INFO] [stdout]   25:     0x55b2835102ba - std::panic::catch_unwind::head47f0de4ccd838
[INFO] [stdout]                                at /rustc/53fd98ca776cb875bc9e5514f56b52eb74f9e7a9/library/std/src/panic.rs:434:14
[INFO] [stdout]   26:     0x55b2835102ba - std::rt::lang_start_internal::{{closure}}::hbc7de8ec820ac085
[INFO] [stdout]                                at /rustc/53fd98ca776cb875bc9e5514f56b52eb74f9e7a9/library/std/src/rt.rs:45:48
[INFO] [stdout]   27:     0x55b2835102ba - std::panicking::try::do_call::h2609e52e8bad4a7b
[INFO] [stdout]                                at /rustc/53fd98ca776cb875bc9e5514f56b52eb74f9e7a9/library/std/src/panicking.rs:401:40
[INFO] [stdout]   28:     0x55b2835102ba - std::panicking::try::hd0929f0b603e0389
[INFO] [stdout]                                at /rustc/53fd98ca776cb875bc9e5514f56b52eb74f9e7a9/library/std/src/panicking.rs:365:19
[INFO] [stdout]   29:     0x55b2835102ba - std::panic::catch_unwind::h27902b81c3e47571
[INFO] [stdout]                                at /rustc/53fd98ca776cb875bc9e5514f56b52eb74f9e7a9/library/std/src/panic.rs:434:14
[INFO] [stdout]   30:     0x55b2835102ba - std::rt::lang_start_internal::h3fb2d794dd391e3e
[INFO] [stdout]                                at /rustc/53fd98ca776cb875bc9e5514f56b52eb74f9e7a9/library/std/src/rt.rs:45:20
[INFO] [stdout]   31:     0x55b2834f66a1 - std::rt::lang_start::h0745d281d96e0cdb
[INFO] [stdout]   32:     0x55b2834f6903 - main
[INFO] [stdout]   33:     0x7fc22e4270b3 - __libc_start_main
[INFO] [stdout]   34:     0x55b2834f657e - _start
[INFO] [stdout]   35:                0x0 - <unknown>
[INFO] [stdout] 
[INFO] [stdout] 
[INFO] [stdout] 
[INFO] [stdout] failures:
[INFO] [stdout]     src/jrdb/lib.rs - Database::condition (line 309)
[INFO] [stdout]     src/jrdb/lib.rs - Database::delete (line 268)
[INFO] [stdout]     src/jrdb/lib.rs - Database::execute (line 116)
[INFO] [stdout]     src/jrdb/lib.rs - Database::from (line 69)
[INFO] [stdout]     src/jrdb/lib.rs - Database::insert (line 156)
[INFO] [stdout]     src/jrdb/lib.rs - Database::select (line 187)
[INFO] [stdout]     src/jrdb/lib.rs - Database::update (line 223)
[INFO] [stdout] 
[INFO] [stdout] test result: FAILED. 0 passed; 7 failed; 0 ignored; 0 measured; 0 filtered out; finished in 2.18s
[INFO] [stdout] 
[INFO] [stderr] error: test failed, to rerun pass '--doc'
[INFO] running `Command { std: "docker" "inspect" "c549fa93c594ca5b4d98901943db40ff46fc9348c1e5e0785851498cebb45057", kill_on_drop: false }`
[INFO] running `Command { std: "docker" "rm" "-f" "c549fa93c594ca5b4d98901943db40ff46fc9348c1e5e0785851498cebb45057", kill_on_drop: false }`
[INFO] [stdout] c549fa93c594ca5b4d98901943db40ff46fc9348c1e5e0785851498cebb45057
