[INFO] cloning repository https://github.com/Laegel/js-compiler
[INFO] running `Command { std: "git" "-c" "credential.helper=" "-c" "credential.helper=/workspace/cargo-home/bin/git-credential-null" "clone" "--bare" "https://github.com/Laegel/js-compiler" "/workspace/cache/git-repos/https%3A%2F%2Fgithub.com%2FLaegel%2Fjs-compiler", kill_on_drop: false }`
[INFO] [stderr] Cloning into bare repository '/workspace/cache/git-repos/https%3A%2F%2Fgithub.com%2FLaegel%2Fjs-compiler'...
[INFO] running `Command { std: "git" "rev-parse" "HEAD", kill_on_drop: false }`
[INFO] [stdout] b2d6ec515d49b2cfb4de0219003d320b38880bb7
[INFO] testing Laegel/js-compiler against beta-2021-08-01 for beta-1.55-1
[INFO] running `Command { std: "git" "clone" "/workspace/cache/git-repos/https%3A%2F%2Fgithub.com%2FLaegel%2Fjs-compiler" "/workspace/builds/worker-0/source", kill_on_drop: false }`
[INFO] [stderr] Cloning into '/workspace/builds/worker-0/source'...
[INFO] [stderr] done.
[INFO] validating manifest of git repo https://github.com/Laegel/js-compiler on toolchain beta-2021-08-01
[INFO] running `Command { std: "/workspace/cargo-home/bin/cargo" "+beta-2021-08-01" "metadata" "--manifest-path" "Cargo.toml" "--no-deps", kill_on_drop: false }`
[INFO] started tweaking git repo https://github.com/Laegel/js-compiler
[INFO] finished tweaking git repo https://github.com/Laegel/js-compiler
[INFO] tweaked toml for git repo https://github.com/Laegel/js-compiler written to /workspace/builds/worker-0/source/Cargo.toml
[INFO] crate git repo https://github.com/Laegel/js-compiler already has a lockfile, it will not be regenerated
[INFO] running `Command { std: "/workspace/cargo-home/bin/cargo" "+beta-2021-08-01" "fetch" "--manifest-path" "Cargo.toml", kill_on_drop: false }`
[INFO] running `Command { std: "docker" "create" "-v" "/var/lib/crater-agent-workspace/builds/worker-0/target:/opt/rustwide/target:rw,Z" "-v" "/var/lib/crater-agent-workspace/builds/worker-0/source:/opt/rustwide/workdir:ro,Z" "-v" "/var/lib/crater-agent-workspace/cargo-home:/opt/rustwide/cargo-home:ro,Z" "-v" "/var/lib/crater-agent-workspace/rustup-home:/opt/rustwide/rustup-home:ro,Z" "-e" "SOURCE_DIR=/opt/rustwide/workdir" "-e" "CARGO_TARGET_DIR=/opt/rustwide/target" "-e" "CARGO_HOME=/opt/rustwide/cargo-home" "-e" "RUSTUP_HOME=/opt/rustwide/rustup-home" "-w" "/opt/rustwide/workdir" "-m" "1610612736" "--user" "0:0" "--network" "none" "ghcr.io/rust-lang/crates-build-env/linux@sha256:34b6a614d2c27851fe6cbf88fbd1137609cefab8b10d0615aaeb6fd47975d74e" "/opt/rustwide/cargo-home/bin/cargo" "+beta-2021-08-01" "metadata" "--no-deps" "--format-version=1", kill_on_drop: false }`
[INFO] [stdout] a468324312695ba8229bbfe208d0d5e5f3e1fc7776127b9872294db470e31b18
[INFO] [stderr] WARNING: Your kernel does not support swap limit capabilities or the cgroup is not mounted. Memory limited without swap.
[INFO] running `Command { std: "docker" "start" "-a" "a468324312695ba8229bbfe208d0d5e5f3e1fc7776127b9872294db470e31b18", kill_on_drop: false }`
[INFO] running `Command { std: "docker" "inspect" "a468324312695ba8229bbfe208d0d5e5f3e1fc7776127b9872294db470e31b18", kill_on_drop: false }`
[INFO] running `Command { std: "docker" "rm" "-f" "a468324312695ba8229bbfe208d0d5e5f3e1fc7776127b9872294db470e31b18", kill_on_drop: false }`
[INFO] [stdout] a468324312695ba8229bbfe208d0d5e5f3e1fc7776127b9872294db470e31b18
[INFO] running `Command { std: "docker" "create" "-v" "/var/lib/crater-agent-workspace/builds/worker-0/target:/opt/rustwide/target:rw,Z" "-v" "/var/lib/crater-agent-workspace/builds/worker-0/source:/opt/rustwide/workdir:ro,Z" "-v" "/var/lib/crater-agent-workspace/cargo-home:/opt/rustwide/cargo-home:ro,Z" "-v" "/var/lib/crater-agent-workspace/rustup-home:/opt/rustwide/rustup-home:ro,Z" "-e" "SOURCE_DIR=/opt/rustwide/workdir" "-e" "CARGO_TARGET_DIR=/opt/rustwide/target" "-e" "CARGO_INCREMENTAL=0" "-e" "RUST_BACKTRACE=full" "-e" "RUSTFLAGS=--cap-lints=warn" "-e" "CARGO_HOME=/opt/rustwide/cargo-home" "-e" "RUSTUP_HOME=/opt/rustwide/rustup-home" "-w" "/opt/rustwide/workdir" "-m" "1610612736" "--user" "0:0" "--network" "none" "ghcr.io/rust-lang/crates-build-env/linux@sha256:34b6a614d2c27851fe6cbf88fbd1137609cefab8b10d0615aaeb6fd47975d74e" "/opt/rustwide/cargo-home/bin/cargo" "+beta-2021-08-01" "build" "--frozen" "--message-format=json", kill_on_drop: false }`
[INFO] [stderr] WARNING: Your kernel does not support swap limit capabilities or the cgroup is not mounted. Memory limited without swap.
[INFO] [stdout] eebb43387d4117d2614a49b8407d638cf2fc04fb67f13a86cbbede0945c93083
[INFO] running `Command { std: "docker" "start" "-a" "eebb43387d4117d2614a49b8407d638cf2fc04fb67f13a86cbbede0945c93083", kill_on_drop: false }`
[INFO] [stderr]    Compiling js-compiler v0.1.0 (/opt/rustwide/workdir)
[INFO] [stdout] warning: unused import: `Token::*`
[INFO] [stdout]   --> src/lexer.rs:22:5
[INFO] [stdout]    |
[INFO] [stdout] 22 | use Token::*;
[INFO] [stdout]    |     ^^^^^^^^
[INFO] [stdout]    |
[INFO] [stdout]    = note: `#[warn(unused_imports)]` on by default
[INFO] [stdout] 
[INFO] [stdout] 
[INFO] [stdout] warning: unused variable: `cap`
[INFO] [stdout]   --> src/lexer.rs:44:9
[INFO] [stdout]    |
[INFO] [stdout] 44 |     for cap in token_re.captures_iter(input) {
[INFO] [stdout]    |         ^^^ help: if this is intentional, prefix it with an underscore: `_cap`
[INFO] [stdout]    |
[INFO] [stdout]    = note: `#[warn(unused_variables)]` on by default
[INFO] [stdout] 
[INFO] [stdout] 
[INFO] [stdout] warning: variable does not need to be mutable
[INFO] [stdout]   --> src/lexer.rs:31:9
[INFO] [stdout]    |
[INFO] [stdout] 31 |     let mut result = Vec::new();
[INFO] [stdout]    |         ----^^^^^^
[INFO] [stdout]    |         |
[INFO] [stdout]    |         help: remove this `mut`
[INFO] [stdout]    |
[INFO] [stdout]    = note: `#[warn(unused_mut)]` on by default
[INFO] [stdout] 
[INFO] [stdout] 
[INFO] [stdout] warning: variant is never constructed: `Def`
[INFO] [stdout]  --> src/lexer.rs:3:5
[INFO] [stdout]   |
[INFO] [stdout] 3 |     Def,
[INFO] [stdout]   |     ^^^
[INFO] [stdout]   |
[INFO] [stdout]   = note: `#[warn(dead_code)]` on by default
[INFO] [stdout] 
[INFO] [stdout] 
[INFO] [stdout] warning: variant is never constructed: `Extern`
[INFO] [stdout]  --> src/lexer.rs:4:5
[INFO] [stdout]   |
[INFO] [stdout] 4 |     Extern,
[INFO] [stdout]   |     ^^^^^^
[INFO] [stdout] 
[INFO] [stdout] 
[INFO] [stdout] warning: variant is never constructed: `If`
[INFO] [stdout]  --> src/lexer.rs:5:5
[INFO] [stdout]   |
[INFO] [stdout] 5 |     If,
[INFO] [stdout]   |     ^^
[INFO] [stdout] 
[INFO] [stdout] 
[INFO] [stdout] warning: variant is never constructed: `Then`
[INFO] [stdout]  --> src/lexer.rs:6:5
[INFO] [stdout]   |
[INFO] [stdout] 6 |     Then,
[INFO] [stdout]   |     ^^^^
[INFO] [stdout] 
[INFO] [stdout] 
[INFO] [stdout] warning: variant is never constructed: `Else`
[INFO] [stdout]  --> src/lexer.rs:7:5
[INFO] [stdout]   |
[INFO] [stdout] 7 |     Else,
[INFO] [stdout]   |     ^^^^
[INFO] [stdout] 
[INFO] [stdout] 
[INFO] [stdout] warning: variant is never constructed: `For`
[INFO] [stdout]  --> src/lexer.rs:8:5
[INFO] [stdout]   |
[INFO] [stdout] 8 |     For,
[INFO] [stdout]   |     ^^^
[INFO] [stdout] 
[INFO] [stdout] 
[INFO] [stdout] warning: variant is never constructed: `In`
[INFO] [stdout]  --> src/lexer.rs:9:5
[INFO] [stdout]   |
[INFO] [stdout] 9 |     In,
[INFO] [stdout]   |     ^^
[INFO] [stdout] 
[INFO] [stdout] 
[INFO] [stdout] warning: variant is never constructed: `Binary`
[INFO] [stdout]   --> src/lexer.rs:10:5
[INFO] [stdout]    |
[INFO] [stdout] 10 |     Binary,
[INFO] [stdout]    |     ^^^^^^
[INFO] [stdout] 
[INFO] [stdout] 
[INFO] [stdout] warning: variant is never constructed: `Unary`
[INFO] [stdout]   --> src/lexer.rs:11:5
[INFO] [stdout]    |
[INFO] [stdout] 11 |     Unary,
[INFO] [stdout]    |     ^^^^^
[INFO] [stdout] 
[INFO] [stdout] 
[INFO] [stdout] warning: variant is never constructed: `Const`
[INFO] [stdout]   --> src/lexer.rs:12:5
[INFO] [stdout]    |
[INFO] [stdout] 12 |     Const,
[INFO] [stdout]    |     ^^^^^
[INFO] [stdout] 
[INFO] [stdout] 
[INFO] [stdout] warning: variant is never constructed: `Delimiter`
[INFO] [stdout]   --> src/lexer.rs:13:5
[INFO] [stdout]    |
[INFO] [stdout] 13 |     Delimiter,
[INFO] [stdout]    |     ^^^^^^^^^
[INFO] [stdout] 
[INFO] [stdout] 
[INFO] [stdout] warning: variant is never constructed: `OpeningParenthesis`
[INFO] [stdout]   --> src/lexer.rs:14:5
[INFO] [stdout]    |
[INFO] [stdout] 14 |     OpeningParenthesis,
[INFO] [stdout]    |     ^^^^^^^^^^^^^^^^^^
[INFO] [stdout] 
[INFO] [stdout] 
[INFO] [stdout] warning: variant is never constructed: `ClosingParenthesis`
[INFO] [stdout]   --> src/lexer.rs:15:5
[INFO] [stdout]    |
[INFO] [stdout] 15 |     ClosingParenthesis,
[INFO] [stdout]    |     ^^^^^^^^^^^^^^^^^^
[INFO] [stdout] 
[INFO] [stdout] 
[INFO] [stdout] warning: variant is never constructed: `Comma`
[INFO] [stdout]   --> src/lexer.rs:16:5
[INFO] [stdout]    |
[INFO] [stdout] 16 |     Comma,
[INFO] [stdout]    |     ^^^^^
[INFO] [stdout] 
[INFO] [stdout] 
[INFO] [stdout] warning: variant is never constructed: `Ident`
[INFO] [stdout]   --> src/lexer.rs:17:5
[INFO] [stdout]    |
[INFO] [stdout] 17 |     Ident(String),
[INFO] [stdout]    |     ^^^^^^^^^^^^^
[INFO] [stdout] 
[INFO] [stdout] 
[INFO] [stdout] warning: variant is never constructed: `Number`
[INFO] [stdout]   --> src/lexer.rs:18:5
[INFO] [stdout]    |
[INFO] [stdout] 18 |     Number(f64),
[INFO] [stdout]    |     ^^^^^^^^^^^
[INFO] [stdout] 
[INFO] [stdout] 
[INFO] [stdout] warning: variant is never constructed: `Operator`
[INFO] [stdout]   --> src/lexer.rs:19:5
[INFO] [stdout]    |
[INFO] [stdout] 19 |     Operator(String)
[INFO] [stdout]    |     ^^^^^^^^^^^^^^^^
[INFO] [stdout] 
[INFO] [stdout] 
[INFO] [stdout] warning: function is never used: `tokenize`
[INFO] [stdout]   --> src/lexer.rs:26:8
[INFO] [stdout]    |
[INFO] [stdout] 26 | pub fn tokenize(input: &str) -> Vec<Token> {
[INFO] [stdout]    |        ^^^^^^^^
[INFO] [stdout] 
[INFO] [stdout] 
[INFO] [stdout] warning: 21 warnings emitted
[INFO] [stdout] 
[INFO] [stdout] 
[INFO] [stderr]     Finished dev [unoptimized + debuginfo] target(s) in 2.58s
[INFO] running `Command { std: "docker" "inspect" "eebb43387d4117d2614a49b8407d638cf2fc04fb67f13a86cbbede0945c93083", kill_on_drop: false }`
[INFO] running `Command { std: "docker" "rm" "-f" "eebb43387d4117d2614a49b8407d638cf2fc04fb67f13a86cbbede0945c93083", kill_on_drop: false }`
[INFO] [stdout] eebb43387d4117d2614a49b8407d638cf2fc04fb67f13a86cbbede0945c93083
[INFO] running `Command { std: "docker" "create" "-v" "/var/lib/crater-agent-workspace/builds/worker-0/target:/opt/rustwide/target:rw,Z" "-v" "/var/lib/crater-agent-workspace/builds/worker-0/source:/opt/rustwide/workdir:ro,Z" "-v" "/var/lib/crater-agent-workspace/cargo-home:/opt/rustwide/cargo-home:ro,Z" "-v" "/var/lib/crater-agent-workspace/rustup-home:/opt/rustwide/rustup-home:ro,Z" "-e" "SOURCE_DIR=/opt/rustwide/workdir" "-e" "CARGO_TARGET_DIR=/opt/rustwide/target" "-e" "CARGO_INCREMENTAL=0" "-e" "RUST_BACKTRACE=full" "-e" "RUSTFLAGS=--cap-lints=warn" "-e" "CARGO_HOME=/opt/rustwide/cargo-home" "-e" "RUSTUP_HOME=/opt/rustwide/rustup-home" "-w" "/opt/rustwide/workdir" "-m" "1610612736" "--user" "0:0" "--network" "none" "ghcr.io/rust-lang/crates-build-env/linux@sha256:34b6a614d2c27851fe6cbf88fbd1137609cefab8b10d0615aaeb6fd47975d74e" "/opt/rustwide/cargo-home/bin/cargo" "+beta-2021-08-01" "test" "--frozen" "--no-run" "--message-format=json", kill_on_drop: false }`
[INFO] [stdout] 5229bc8fedf3be62feedf8155fe9e99ae5b5405c37bee22471ddf0dbbab11415
[INFO] [stderr] WARNING: Your kernel does not support swap limit capabilities or the cgroup is not mounted. Memory limited without swap.
[INFO] running `Command { std: "docker" "start" "-a" "5229bc8fedf3be62feedf8155fe9e99ae5b5405c37bee22471ddf0dbbab11415", kill_on_drop: false }`
[INFO] [stderr]    Compiling js-compiler v0.1.0 (/opt/rustwide/workdir)
[INFO] [stdout] warning: unused import: `Token::*`
[INFO] [stdout]   --> src/lexer.rs:22:5
[INFO] [stdout]    |
[INFO] [stdout] 22 | use Token::*;
[INFO] [stdout]    |     ^^^^^^^^
[INFO] [stdout]    |
[INFO] [stdout]    = note: `#[warn(unused_imports)]` on by default
[INFO] [stdout] 
[INFO] [stdout] 
[INFO] [stdout] warning: unused variable: `cap`
[INFO] [stdout]   --> src/lexer.rs:44:9
[INFO] [stdout]    |
[INFO] [stdout] 44 |     for cap in token_re.captures_iter(input) {
[INFO] [stdout]    |         ^^^ help: if this is intentional, prefix it with an underscore: `_cap`
[INFO] [stdout]    |
[INFO] [stdout]    = note: `#[warn(unused_variables)]` on by default
[INFO] [stdout] 
[INFO] [stdout] 
[INFO] [stdout] warning: variable does not need to be mutable
[INFO] [stdout]   --> src/lexer.rs:31:9
[INFO] [stdout]    |
[INFO] [stdout] 31 |     let mut result = Vec::new();
[INFO] [stdout]    |         ----^^^^^^
[INFO] [stdout]    |         |
[INFO] [stdout]    |         help: remove this `mut`
[INFO] [stdout]    |
[INFO] [stdout]    = note: `#[warn(unused_mut)]` on by default
[INFO] [stdout] 
[INFO] [stdout] 
[INFO] [stdout] warning: variant is never constructed: `Def`
[INFO] [stdout]  --> src/lexer.rs:3:5
[INFO] [stdout]   |
[INFO] [stdout] 3 |     Def,
[INFO] [stdout]   |     ^^^
[INFO] [stdout]   |
[INFO] [stdout]   = note: `#[warn(dead_code)]` on by default
[INFO] [stdout] 
[INFO] [stdout] 
[INFO] [stdout] warning: variant is never constructed: `Extern`
[INFO] [stdout]  --> src/lexer.rs:4:5
[INFO] [stdout]   |
[INFO] [stdout] 4 |     Extern,
[INFO] [stdout]   |     ^^^^^^
[INFO] [stdout] 
[INFO] [stdout] 
[INFO] [stdout] warning: variant is never constructed: `If`
[INFO] [stdout]  --> src/lexer.rs:5:5
[INFO] [stdout]   |
[INFO] [stdout] 5 |     If,
[INFO] [stdout]   |     ^^
[INFO] [stdout] 
[INFO] [stdout] 
[INFO] [stdout] warning: variant is never constructed: `Then`
[INFO] [stdout]  --> src/lexer.rs:6:5
[INFO] [stdout]   |
[INFO] [stdout] 6 |     Then,
[INFO] [stdout]   |     ^^^^
[INFO] [stdout] 
[INFO] [stdout] 
[INFO] [stdout] warning: variant is never constructed: `Else`
[INFO] [stdout]  --> src/lexer.rs:7:5
[INFO] [stdout]   |
[INFO] [stdout] 7 |     Else,
[INFO] [stdout]   |     ^^^^
[INFO] [stdout] 
[INFO] [stdout] 
[INFO] [stdout] warning: variant is never constructed: `For`
[INFO] [stdout]  --> src/lexer.rs:8:5
[INFO] [stdout]   |
[INFO] [stdout] 8 |     For,
[INFO] [stdout]   |     ^^^
[INFO] [stdout] 
[INFO] [stdout] 
[INFO] [stdout] warning: variant is never constructed: `In`
[INFO] [stdout]  --> src/lexer.rs:9:5
[INFO] [stdout]   |
[INFO] [stdout] 9 |     In,
[INFO] [stdout]   |     ^^
[INFO] [stdout] 
[INFO] [stdout] 
[INFO] [stdout] warning: variant is never constructed: `Binary`
[INFO] [stdout]   --> src/lexer.rs:10:5
[INFO] [stdout]    |
[INFO] [stdout] 10 |     Binary,
[INFO] [stdout]    |     ^^^^^^
[INFO] [stdout] 
[INFO] [stdout] 
[INFO] [stdout] warning: variant is never constructed: `Unary`
[INFO] [stdout]   --> src/lexer.rs:11:5
[INFO] [stdout]    |
[INFO] [stdout] 11 |     Unary,
[INFO] [stdout]    |     ^^^^^
[INFO] [stdout] 
[INFO] [stdout] 
[INFO] [stdout] warning: variant is never constructed: `Delimiter`
[INFO] [stdout]   --> src/lexer.rs:13:5
[INFO] [stdout]    |
[INFO] [stdout] 13 |     Delimiter,
[INFO] [stdout]    |     ^^^^^^^^^
[INFO] [stdout] 
[INFO] [stdout] 
[INFO] [stdout] warning: variant is never constructed: `OpeningParenthesis`
[INFO] [stdout]   --> src/lexer.rs:14:5
[INFO] [stdout]    |
[INFO] [stdout] 14 |     OpeningParenthesis,
[INFO] [stdout]    |     ^^^^^^^^^^^^^^^^^^
[INFO] [stdout] 
[INFO] [stdout] 
[INFO] [stdout] warning: variant is never constructed: `ClosingParenthesis`
[INFO] [stdout]   --> src/lexer.rs:15:5
[INFO] [stdout]    |
[INFO] [stdout] 15 |     ClosingParenthesis,
[INFO] [stdout]    |     ^^^^^^^^^^^^^^^^^^
[INFO] [stdout] 
[INFO] [stdout] 
[INFO] [stdout] warning: variant is never constructed: `Comma`
[INFO] [stdout]   --> src/lexer.rs:16:5
[INFO] [stdout]    |
[INFO] [stdout] 16 |     Comma,
[INFO] [stdout]    |     ^^^^^
[INFO] [stdout] 
[INFO] [stdout] 
[INFO] [stderr]     Finished test [unoptimized + debuginfo] target(s) in 1.53s
[INFO] [stdout] warning: 16 warnings emitted
[INFO] [stdout] 
[INFO] [stdout] 
[INFO] running `Command { std: "docker" "inspect" "5229bc8fedf3be62feedf8155fe9e99ae5b5405c37bee22471ddf0dbbab11415", kill_on_drop: false }`
[INFO] running `Command { std: "docker" "rm" "-f" "5229bc8fedf3be62feedf8155fe9e99ae5b5405c37bee22471ddf0dbbab11415", kill_on_drop: false }`
[INFO] [stdout] 5229bc8fedf3be62feedf8155fe9e99ae5b5405c37bee22471ddf0dbbab11415
[INFO] running `Command { std: "docker" "create" "-v" "/var/lib/crater-agent-workspace/builds/worker-0/target:/opt/rustwide/target:rw,Z" "-v" "/var/lib/crater-agent-workspace/builds/worker-0/source:/opt/rustwide/workdir:ro,Z" "-v" "/var/lib/crater-agent-workspace/cargo-home:/opt/rustwide/cargo-home:ro,Z" "-v" "/var/lib/crater-agent-workspace/rustup-home:/opt/rustwide/rustup-home:ro,Z" "-e" "SOURCE_DIR=/opt/rustwide/workdir" "-e" "CARGO_TARGET_DIR=/opt/rustwide/target" "-e" "CARGO_INCREMENTAL=0" "-e" "RUST_BACKTRACE=full" "-e" "RUSTFLAGS=--cap-lints=warn" "-e" "CARGO_HOME=/opt/rustwide/cargo-home" "-e" "RUSTUP_HOME=/opt/rustwide/rustup-home" "-w" "/opt/rustwide/workdir" "-m" "1610612736" "--user" "0:0" "--network" "none" "ghcr.io/rust-lang/crates-build-env/linux@sha256:34b6a614d2c27851fe6cbf88fbd1137609cefab8b10d0615aaeb6fd47975d74e" "/opt/rustwide/cargo-home/bin/cargo" "+beta-2021-08-01" "test" "--frozen", kill_on_drop: false }`
[INFO] [stderr] WARNING: Your kernel does not support swap limit capabilities or the cgroup is not mounted. Memory limited without swap.
[INFO] [stdout] a93561a857023a929c4c236a4604dec9487bac287dab033222f1def009355665
[INFO] running `Command { std: "docker" "start" "-a" "a93561a857023a929c4c236a4604dec9487bac287dab033222f1def009355665", kill_on_drop: false }`
[INFO] [stderr] warning: unused import: `Token::*`
[INFO] [stderr]   --> src/lexer.rs:22:5
[INFO] [stderr]    |
[INFO] [stderr] 22 | use Token::*;
[INFO] [stderr]    |     ^^^^^^^^
[INFO] [stderr]    |
[INFO] [stderr]    = note: `#[warn(unused_imports)]` on by default
[INFO] [stderr] 
[INFO] [stderr] warning: unused variable: `cap`
[INFO] [stderr]   --> src/lexer.rs:44:9
[INFO] [stderr]    |
[INFO] [stderr] 44 |     for cap in token_re.captures_iter(input) {
[INFO] [stderr]    |         ^^^ help: if this is intentional, prefix it with an underscore: `_cap`
[INFO] [stderr]    |
[INFO] [stderr]    = note: `#[warn(unused_variables)]` on by default
[INFO] [stderr] 
[INFO] [stderr] warning: variable does not need to be mutable
[INFO] [stderr]   --> src/lexer.rs:31:9
[INFO] [stderr]    |
[INFO] [stderr] 31 |     let mut result = Vec::new();
[INFO] [stderr]    |         ----^^^^^^
[INFO] [stderr]    |         |
[INFO] [stderr]    |         help: remove this `mut`
[INFO] [stderr]    |
[INFO] [stderr]    = note: `#[warn(unused_mut)]` on by default
[INFO] [stderr] 
[INFO] [stderr] warning: variant is never constructed: `Def`
[INFO] [stderr]  --> src/lexer.rs:3:5
[INFO] [stderr]   |
[INFO] [stderr] 3 |     Def,
[INFO] [stderr]   |     ^^^
[INFO] [stderr]   |
[INFO] [stderr]   = note: `#[warn(dead_code)]` on by default
[INFO] [stderr] 
[INFO] [stderr] warning: variant is never constructed: `Extern`
[INFO] [stderr]  --> src/lexer.rs:4:5
[INFO] [stderr]   |
[INFO] [stderr] 4 |     Extern,
[INFO] [stderr]   |     ^^^^^^
[INFO] [stderr] 
[INFO] [stderr] warning: variant is never constructed: `If`
[INFO] [stderr]  --> src/lexer.rs:5:5
[INFO] [stderr]   |
[INFO] [stderr] 5 |     If,
[INFO] [stderr]   |     ^^
[INFO] [stderr] 
[INFO] [stderr] warning: variant is never constructed: `Then`
[INFO] [stderr]  --> src/lexer.rs:6:5
[INFO] [stderr]   |
[INFO] [stderr] 6 |     Then,
[INFO] [stderr]   |     ^^^^
[INFO] [stderr] 
[INFO] [stderr] warning: variant is never constructed: `Else`
[INFO] [stderr]  --> src/lexer.rs:7:5
[INFO] [stderr]   |
[INFO] [stderr] 7 |     Else,
[INFO] [stderr]   |     ^^^^
[INFO] [stderr] 
[INFO] [stderr] warning: variant is never constructed: `For`
[INFO] [stderr]  --> src/lexer.rs:8:5
[INFO] [stderr]   |
[INFO] [stderr] 8 |     For,
[INFO] [stderr]   |     ^^^
[INFO] [stderr] 
[INFO] [stderr] warning: variant is never constructed: `In`
[INFO] [stderr]  --> src/lexer.rs:9:5
[INFO] [stderr]   |
[INFO] [stderr] 9 |     In,
[INFO] [stderr]   |     ^^
[INFO] [stderr] 
[INFO] [stderr] warning: variant is never constructed: `Binary`
[INFO] [stderr]   --> src/lexer.rs:10:5
[INFO] [stderr]    |
[INFO] [stderr] 10 |     Binary,
[INFO] [stderr]    |     ^^^^^^
[INFO] [stderr] 
[INFO] [stderr] warning: variant is never constructed: `Unary`
[INFO] [stderr]   --> src/lexer.rs:11:5
[INFO] [stderr]    |
[INFO] [stderr] 11 |     Unary,
[INFO] [stderr]    |     ^^^^^
[INFO] [stderr] 
[INFO] [stderr] warning: variant is never constructed: `Delimiter`
[INFO] [stderr]   --> src/lexer.rs:13:5
[INFO] [stderr]    |
[INFO] [stderr] 13 |     Delimiter,
[INFO] [stderr]    |     ^^^^^^^^^
[INFO] [stderr] 
[INFO] [stderr] warning: variant is never constructed: `OpeningParenthesis`
[INFO] [stderr]   --> src/lexer.rs:14:5
[INFO] [stderr]    |
[INFO] [stderr] 14 |     OpeningParenthesis,
[INFO] [stderr]    |     ^^^^^^^^^^^^^^^^^^
[INFO] [stderr] 
[INFO] [stderr] warning: variant is never constructed: `ClosingParenthesis`
[INFO] [stderr]   --> src/lexer.rs:15:5
[INFO] [stderr]    |
[INFO] [stderr] 15 |     ClosingParenthesis,
[INFO] [stderr]    |     ^^^^^^^^^^^^^^^^^^
[INFO] [stderr] 
[INFO] [stderr] warning: variant is never constructed: `Comma`
[INFO] [stderr]   --> src/lexer.rs:16:5
[INFO] [stderr]    |
[INFO] [stderr] 16 |     Comma,
[INFO] [stderr]    |     ^^^^^
[INFO] [stderr] 
[INFO] [stderr] warning: `js-compiler` (bin "js-compiler" test) generated 16 warnings
[INFO] [stderr]     Finished test [unoptimized + debuginfo] target(s) in 0.01s
[INFO] [stderr]      Running unittests (/opt/rustwide/target/debug/deps/js_compiler-a79e7a96e5456b2e)
[INFO] [stdout] 
[INFO] [stdout] running 1 test
[INFO] [stderr] error: test failed, to rerun pass '--bin js-compiler'
[INFO] [stdout] test lexer::tests::test_tokenize ... FAILED
[INFO] [stdout] 
[INFO] [stdout] failures:
[INFO] [stdout] 
[INFO] [stdout] ---- lexer::tests::test_tokenize stdout ----
[INFO] [stdout] thread 'lexer::tests::test_tokenize' panicked at 'called `Result::unwrap()` on an `Err` value: Syntax(
[INFO] [stdout] ~~~~~~~~~~~~~~~~~~~~~~~~~~~~~~~~~~~~~~~~~~~~~~~~~~~~~~~~~~~~~~~~~~~~~~~~~~~~~~~
[INFO] [stdout] regex parse error:
[INFO] [stdout]     (?P<ident>\p{Alphabetic}\w*)|(?P<number>\d+\.?\d*)|(?P<delimiter>;)|(?P<oppar>\()|(?P<clpar>\))|(?P<comma>,)|(?P<operator>\S)
[INFO] [stdout]               ^^^^^^^^^^^^^^
[INFO] [stdout] error: Unicode property not found
[INFO] [stdout] ~~~~~~~~~~~~~~~~~~~~~~~~~~~~~~~~~~~~~~~~~~~~~~~~~~~~~~~~~~~~~~~~~~~~~~~~~~~~~~~
[INFO] [stdout] )', src/lexer.rs:42:31
[INFO] [stdout] stack backtrace:
[INFO] [stdout]    0:     0x555927927cd0 - std::backtrace_rs::backtrace::libunwind::trace::hff4d1766e93f64f1
[INFO] [stdout]                                at /rustc/53fd98ca776cb875bc9e5514f56b52eb74f9e7a9/library/std/src/../../backtrace/src/backtrace/libunwind.rs:90:5
[INFO] [stdout]    1:     0x555927927cd0 - std::backtrace_rs::backtrace::trace_unsynchronized::h56bbc8eb78770bcb
[INFO] [stdout]                                at /rustc/53fd98ca776cb875bc9e5514f56b52eb74f9e7a9/library/std/src/../../backtrace/src/backtrace/mod.rs:66:5
[INFO] [stdout]    2:     0x555927927cd0 - std::sys_common::backtrace::_print_fmt::h5c8e75464faca780
[INFO] [stdout]                                at /rustc/53fd98ca776cb875bc9e5514f56b52eb74f9e7a9/library/std/src/sys_common/backtrace.rs:67:5
[INFO] [stdout]    3:     0x555927927cd0 - <std::sys_common::backtrace::_print::DisplayBacktrace as core::fmt::Display>::fmt::h48b88277def8b362
[INFO] [stdout]                                at /rustc/53fd98ca776cb875bc9e5514f56b52eb74f9e7a9/library/std/src/sys_common/backtrace.rs:46:22
[INFO] [stdout]    4:     0x55592794a63c - core::fmt::write::h3381b3176fe2b3d3
[INFO] [stdout]                                at /rustc/53fd98ca776cb875bc9e5514f56b52eb74f9e7a9/library/core/src/fmt/mod.rs:1115:17
[INFO] [stdout]    5:     0x555927924c35 - std::io::Write::write_fmt::h5f34a676f60246b5
[INFO] [stdout]                                at /rustc/53fd98ca776cb875bc9e5514f56b52eb74f9e7a9/library/std/src/io/mod.rs:1665:15
[INFO] [stdout]    6:     0x555927929e4b - std::sys_common::backtrace::_print::ha537687d6c17dd0d
[INFO] [stdout]                                at /rustc/53fd98ca776cb875bc9e5514f56b52eb74f9e7a9/library/std/src/sys_common/backtrace.rs:49:5
[INFO] [stdout]    7:     0x555927929e4b - std::sys_common::backtrace::print::h61376ae57d131d72
[INFO] [stdout]                                at /rustc/53fd98ca776cb875bc9e5514f56b52eb74f9e7a9/library/std/src/sys_common/backtrace.rs:36:9
[INFO] [stdout]    8:     0x555927929e4b - std::panicking::default_hook::{{closure}}::h0f7208c0b9644a54
[INFO] [stdout]                                at /rustc/53fd98ca776cb875bc9e5514f56b52eb74f9e7a9/library/std/src/panicking.rs:208:50
[INFO] [stdout]    9:     0x55592792995c - std::panicking::default_hook::hdac7fc06578c14ce
[INFO] [stdout]                                at /rustc/53fd98ca776cb875bc9e5514f56b52eb74f9e7a9/library/std/src/panicking.rs:222:9
[INFO] [stdout]   10:     0x55592792a514 - std::panicking::rust_panic_with_hook::h72b21c283da3d1ef
[INFO] [stdout]                                at /rustc/53fd98ca776cb875bc9e5514f56b52eb74f9e7a9/library/std/src/panicking.rs:622:17
[INFO] [stdout]   11:     0x555927929ff7 - std::panicking::begin_panic_handler::{{closure}}::he5778f1729cff84a
[INFO] [stdout]                                at /rustc/53fd98ca776cb875bc9e5514f56b52eb74f9e7a9/library/std/src/panicking.rs:519:13
[INFO] [stdout]   12:     0x5559279281ac - std::sys_common::backtrace::__rust_end_short_backtrace::h2d11ca8b453b4b1d
[INFO] [stdout]                                at /rustc/53fd98ca776cb875bc9e5514f56b52eb74f9e7a9/library/std/src/sys_common/backtrace.rs:141:18
[INFO] [stdout]   13:     0x555927929f59 - rust_begin_unwind
[INFO] [stdout]                                at /rustc/53fd98ca776cb875bc9e5514f56b52eb74f9e7a9/library/std/src/panicking.rs:515:5
[INFO] [stdout]   14:     0x5559278114b1 - core::panicking::panic_fmt::hf9de31d4acbce4db
[INFO] [stdout]                                at /rustc/53fd98ca776cb875bc9e5514f56b52eb74f9e7a9/library/core/src/panicking.rs:92:14
[INFO] [stdout]   15:     0x5559278115a3 - core::result::unwrap_failed::ha0c84e81219e5878
[INFO] [stdout]                                at /rustc/53fd98ca776cb875bc9e5514f56b52eb74f9e7a9/library/core/src/result.rs:1599:5
[INFO] [stdout]   16:     0x555927814ec4 - core::result::Result<T,E>::unwrap::hdddab7a64fb2e080
[INFO] [stdout]                                at /rustc/53fd98ca776cb875bc9e5514f56b52eb74f9e7a9/library/core/src/result.rs:1281:23
[INFO] [stdout]   17:     0x55592781212d - js_compiler::lexer::tokenize::hc2d17bd54c52a2e1
[INFO] [stdout]                                at /opt/rustwide/workdir/src/lexer.rs:35:20
[INFO] [stdout]   18:     0x5559278152ed - js_compiler::lexer::tests::test_tokenize::h3253ac855a79d11c
[INFO] [stdout]                                at /opt/rustwide/workdir/src/lexer.rs:80:20
[INFO] [stdout]   19:     0x5559278152ba - js_compiler::lexer::tests::test_tokenize::{{closure}}::hb551e09798035202
[INFO] [stdout]                                at /opt/rustwide/workdir/src/lexer.rs:79:5
[INFO] [stdout]   20:     0x55592781314e - core::ops::function::FnOnce::call_once::h086894a924d23181
[INFO] [stdout]                                at /rustc/53fd98ca776cb875bc9e5514f56b52eb74f9e7a9/library/core/src/ops/function.rs:227:5
[INFO] [stdout]   21:     0x555927848a83 - core::ops::function::FnOnce::call_once::hbb52c4519d3137b0
[INFO] [stdout]                                at /rustc/53fd98ca776cb875bc9e5514f56b52eb74f9e7a9/library/core/src/ops/function.rs:227:5
[INFO] [stdout]   22:     0x555927848a83 - test::__rust_begin_short_backtrace::h86fe3a2a5a5121af
[INFO] [stdout]                                at /rustc/53fd98ca776cb875bc9e5514f56b52eb74f9e7a9/library/test/src/lib.rs:578:5
[INFO] [stdout]   23:     0x555927847538 - <alloc::boxed::Box<F,A> as core::ops::function::FnOnce<Args>>::call_once::hfd956bc3d57399be
[INFO] [stdout]                                at /rustc/53fd98ca776cb875bc9e5514f56b52eb74f9e7a9/library/alloc/src/boxed.rs:1572:9
[INFO] [stdout]   24:     0x555927847538 - <std::panic::AssertUnwindSafe<F> as core::ops::function::FnOnce<()>>::call_once::h40dc93e0ddb5938a
[INFO] [stdout]                                at /rustc/53fd98ca776cb875bc9e5514f56b52eb74f9e7a9/library/std/src/panic.rs:347:9
[INFO] [stdout]   25:     0x555927847538 - std::panicking::try::do_call::h90d07750cb47c562
[INFO] [stdout]                                at /rustc/53fd98ca776cb875bc9e5514f56b52eb74f9e7a9/library/std/src/panicking.rs:401:40
[INFO] [stdout]   26:     0x555927847538 - std::panicking::try::h063c84733ad2a629
[INFO] [stdout]                                at /rustc/53fd98ca776cb875bc9e5514f56b52eb74f9e7a9/library/std/src/panicking.rs:365:19
[INFO] [stdout]   27:     0x555927847538 - std::panic::catch_unwind::h0c464836a84e7c08
[INFO] [stdout]                                at /rustc/53fd98ca776cb875bc9e5514f56b52eb74f9e7a9/library/std/src/panic.rs:434:14
[INFO] [stdout]   28:     0x555927847538 - test::run_test_in_process::h5cb06ef620b157fc
[INFO] [stdout]                                at /rustc/53fd98ca776cb875bc9e5514f56b52eb74f9e7a9/library/test/src/lib.rs:601:18
[INFO] [stdout]   29:     0x555927847538 - test::run_test::run_test_inner::{{closure}}::h76f677f4b93f9828
[INFO] [stdout]                                at /rustc/53fd98ca776cb875bc9e5514f56b52eb74f9e7a9/library/test/src/lib.rs:493:39
[INFO] [stdout]   30:     0x555927815ccd - test::run_test::run_test_inner::{{closure}}::h366d01fe04f4d67a
[INFO] [stdout]                                at /rustc/53fd98ca776cb875bc9e5514f56b52eb74f9e7a9/library/test/src/lib.rs:520:37
[INFO] [stdout]   31:     0x555927815ccd - std::sys_common::backtrace::__rust_begin_short_backtrace::h7dfa0de4eb395af2
[INFO] [stdout]                                at /rustc/53fd98ca776cb875bc9e5514f56b52eb74f9e7a9/library/std/src/sys_common/backtrace.rs:125:18
[INFO] [stdout]   32:     0x55592781a498 - std::thread::Builder::spawn_unchecked::{{closure}}::{{closure}}::hf0a74bb58798037f
[INFO] [stdout]                                at /rustc/53fd98ca776cb875bc9e5514f56b52eb74f9e7a9/library/std/src/thread/mod.rs:476:17
[INFO] [stdout]   33:     0x55592781a498 - <std::panic::AssertUnwindSafe<F> as core::ops::function::FnOnce<()>>::call_once::hb024e854818586ac
[INFO] [stdout]                                at /rustc/53fd98ca776cb875bc9e5514f56b52eb74f9e7a9/library/std/src/panic.rs:347:9
[INFO] [stdout]   34:     0x55592781a498 - std::panicking::try::do_call::hb2dd9f1d0d48e41d
[INFO] [stdout]                                at /rustc/53fd98ca776cb875bc9e5514f56b52eb74f9e7a9/library/std/src/panicking.rs:401:40
[INFO] [stdout]   35:     0x55592781a498 - std::panicking::try::h4717ae7bac8b2bf3
[INFO] [stdout]                                at /rustc/53fd98ca776cb875bc9e5514f56b52eb74f9e7a9/library/std/src/panicking.rs:365:19
[INFO] [stdout]   36:     0x55592781a498 - std::panic::catch_unwind::h0dc8a061326ce8d8
[INFO] [stdout]                                at /rustc/53fd98ca776cb875bc9e5514f56b52eb74f9e7a9/library/std/src/panic.rs:434:14
[INFO] [stdout]   37:     0x55592781a498 - std::thread::Builder::spawn_unchecked::{{closure}}::haa369e2d6fd00aa1
[INFO] [stdout]                                at /rustc/53fd98ca776cb875bc9e5514f56b52eb74f9e7a9/library/std/src/thread/mod.rs:475:30
[INFO] [stdout]   38:     0x55592781a498 - core::ops::function::FnOnce::call_once{{vtable.shim}}::h36dcf3de8b056f17
[INFO] [stdout]                                at /rustc/53fd98ca776cb875bc9e5514f56b52eb74f9e7a9/library/core/src/ops/function.rs:227:5
[INFO] [stdout]   39:     0x55592792f087 - <alloc::boxed::Box<F,A> as core::ops::function::FnOnce<Args>>::call_once::h65c29e4642be2358
[INFO] [stdout]                                at /rustc/53fd98ca776cb875bc9e5514f56b52eb74f9e7a9/library/alloc/src/boxed.rs:1572:9
[INFO] [stdout]   40:     0x55592792f087 - <alloc::boxed::Box<F,A> as core::ops::function::FnOnce<Args>>::call_once::hd0f8f7fbbd9fffbf
[INFO] [stdout]                                at /rustc/53fd98ca776cb875bc9e5514f56b52eb74f9e7a9/library/alloc/src/boxed.rs:1572:9
[INFO] [stdout]   41:     0x55592792f087 - std::sys::unix::thread::Thread::new::thread_start::h2fd22fee3ca77b65
[INFO] [stdout]                                at /rustc/53fd98ca776cb875bc9e5514f56b52eb74f9e7a9/library/std/src/sys/unix/thread.rs:74:17
[INFO] [stdout]   42:     0x7feb3d33d609 - start_thread
[INFO] [stdout]   43:     0x7feb3d10f293 - clone
[INFO] [stdout]   44:                0x0 - <unknown>
[INFO] [stdout] 
[INFO] [stdout] 
[INFO] [stdout] failures:
[INFO] [stdout]     lexer::tests::test_tokenize
[INFO] [stdout] 
[INFO] [stdout] test result: FAILED. 0 passed; 1 failed; 0 ignored; 0 measured; 0 filtered out; finished in 0.04s
[INFO] [stdout] 
[INFO] running `Command { std: "docker" "inspect" "a93561a857023a929c4c236a4604dec9487bac287dab033222f1def009355665", kill_on_drop: false }`
[INFO] running `Command { std: "docker" "rm" "-f" "a93561a857023a929c4c236a4604dec9487bac287dab033222f1def009355665", kill_on_drop: false }`
[INFO] [stdout] a93561a857023a929c4c236a4604dec9487bac287dab033222f1def009355665
