[INFO] cloning repository https://github.com/LJBD/rust-codewars
[INFO] running `Command { std: "git" "-c" "credential.helper=" "-c" "credential.helper=/workspace/cargo-home/bin/git-credential-null" "clone" "--bare" "https://github.com/LJBD/rust-codewars" "/workspace/cache/git-repos/https%3A%2F%2Fgithub.com%2FLJBD%2Frust-codewars", kill_on_drop: false }`
[INFO] [stderr] Cloning into bare repository '/workspace/cache/git-repos/https%3A%2F%2Fgithub.com%2FLJBD%2Frust-codewars'...
[INFO] running `Command { std: "git" "rev-parse" "HEAD", kill_on_drop: false }`
[INFO] [stdout] 603abf67dda2157fbc5aeb335a00d4bc3443b981
[INFO] testing LJBD/rust-codewars against 1.54.0 for beta-1.55-1
[INFO] running `Command { std: "git" "clone" "/workspace/cache/git-repos/https%3A%2F%2Fgithub.com%2FLJBD%2Frust-codewars" "/workspace/builds/worker-9/source", kill_on_drop: false }`
[INFO] [stderr] Cloning into '/workspace/builds/worker-9/source'...
[INFO] [stderr] done.
[INFO] validating manifest of git repo https://github.com/LJBD/rust-codewars on toolchain 1.54.0
[INFO] running `Command { std: "/workspace/cargo-home/bin/cargo" "+1.54.0" "metadata" "--manifest-path" "Cargo.toml" "--no-deps", kill_on_drop: false }`
[INFO] started tweaking git repo https://github.com/LJBD/rust-codewars
[INFO] finished tweaking git repo https://github.com/LJBD/rust-codewars
[INFO] tweaked toml for git repo https://github.com/LJBD/rust-codewars written to /workspace/builds/worker-9/source/Cargo.toml
[INFO] crate git repo https://github.com/LJBD/rust-codewars already has a lockfile, it will not be regenerated
[INFO] running `Command { std: "/workspace/cargo-home/bin/cargo" "+1.54.0" "fetch" "--manifest-path" "Cargo.toml", kill_on_drop: false }`
[INFO] running `Command { std: "docker" "create" "-v" "/var/lib/crater-agent-workspace/builds/worker-9/target:/opt/rustwide/target:rw,Z" "-v" "/var/lib/crater-agent-workspace/builds/worker-9/source:/opt/rustwide/workdir:ro,Z" "-v" "/var/lib/crater-agent-workspace/cargo-home:/opt/rustwide/cargo-home:ro,Z" "-v" "/var/lib/crater-agent-workspace/rustup-home:/opt/rustwide/rustup-home:ro,Z" "-e" "SOURCE_DIR=/opt/rustwide/workdir" "-e" "CARGO_TARGET_DIR=/opt/rustwide/target" "-e" "CARGO_HOME=/opt/rustwide/cargo-home" "-e" "RUSTUP_HOME=/opt/rustwide/rustup-home" "-w" "/opt/rustwide/workdir" "-m" "1610612736" "--user" "0:0" "--network" "none" "ghcr.io/rust-lang/crates-build-env/linux@sha256:34b6a614d2c27851fe6cbf88fbd1137609cefab8b10d0615aaeb6fd47975d74e" "/opt/rustwide/cargo-home/bin/cargo" "+1.54.0" "metadata" "--no-deps" "--format-version=1", kill_on_drop: false }`
[INFO] [stdout] 6680faf442c6d5fd8b634944b0ce46589711192534567ac87c5bf2a3a2d673a7
[INFO] [stderr] WARNING: Your kernel does not support swap limit capabilities or the cgroup is not mounted. Memory limited without swap.
[INFO] running `Command { std: "docker" "start" "-a" "6680faf442c6d5fd8b634944b0ce46589711192534567ac87c5bf2a3a2d673a7", kill_on_drop: false }`
[INFO] running `Command { std: "docker" "inspect" "6680faf442c6d5fd8b634944b0ce46589711192534567ac87c5bf2a3a2d673a7", kill_on_drop: false }`
[INFO] running `Command { std: "docker" "rm" "-f" "6680faf442c6d5fd8b634944b0ce46589711192534567ac87c5bf2a3a2d673a7", kill_on_drop: false }`
[INFO] [stdout] 6680faf442c6d5fd8b634944b0ce46589711192534567ac87c5bf2a3a2d673a7
[INFO] running `Command { std: "docker" "create" "-v" "/var/lib/crater-agent-workspace/builds/worker-9/target:/opt/rustwide/target:rw,Z" "-v" "/var/lib/crater-agent-workspace/builds/worker-9/source:/opt/rustwide/workdir:ro,Z" "-v" "/var/lib/crater-agent-workspace/cargo-home:/opt/rustwide/cargo-home:ro,Z" "-v" "/var/lib/crater-agent-workspace/rustup-home:/opt/rustwide/rustup-home:ro,Z" "-e" "SOURCE_DIR=/opt/rustwide/workdir" "-e" "CARGO_TARGET_DIR=/opt/rustwide/target" "-e" "CARGO_INCREMENTAL=0" "-e" "RUST_BACKTRACE=full" "-e" "RUSTFLAGS=--cap-lints=warn" "-e" "CARGO_HOME=/opt/rustwide/cargo-home" "-e" "RUSTUP_HOME=/opt/rustwide/rustup-home" "-w" "/opt/rustwide/workdir" "-m" "1610612736" "--user" "0:0" "--network" "none" "ghcr.io/rust-lang/crates-build-env/linux@sha256:34b6a614d2c27851fe6cbf88fbd1137609cefab8b10d0615aaeb6fd47975d74e" "/opt/rustwide/cargo-home/bin/cargo" "+1.54.0" "build" "--frozen" "--message-format=json", kill_on_drop: false }`
[INFO] [stdout] 247f9d4f0308718c3ea1bd6001257ad673155c4022a3ffc539ebe25b6ecc5126
[INFO] [stderr] WARNING: Your kernel does not support swap limit capabilities or the cgroup is not mounted. Memory limited without swap.
[INFO] running `Command { std: "docker" "start" "-a" "247f9d4f0308718c3ea1bd6001257ad673155c4022a3ffc539ebe25b6ecc5126", kill_on_drop: false }`
[INFO] [stderr]    Compiling rust-codewars v0.1.0 (/opt/rustwide/workdir)
[INFO] [stdout] warning: unnecessary parentheses around block return value
[INFO] [stdout]   --> src/kyu5/k_primes.rs:41:5
[INFO] [stdout]    |
[INFO] [stdout] 41 |     (2..=(n as f32).sqrt().floor() as i32)
[INFO] [stdout]    |     ^^^^^^^^^^^^^^^^^^^^^^^^^^^^^^^^^^^^^^ help: remove these parentheses
[INFO] [stdout]    |
[INFO] [stdout]    = note: `#[warn(unused_parens)]` on by default
[INFO] [stdout] 
[INFO] [stdout] 
[INFO] [stdout] warning: function is never used: `get_number_from_article`
[INFO] [stdout]  --> src/kyu6/help_the_bookseller.rs:1:4
[INFO] [stdout]   |
[INFO] [stdout] 1 | fn get_number_from_article(article: &str) -> Result<u16, String> {
[INFO] [stdout]   |    ^^^^^^^^^^^^^^^^^^^^^^^
[INFO] [stdout]   |
[INFO] [stdout]   = note: `#[warn(dead_code)]` on by default
[INFO] [stdout] 
[INFO] [stdout] 
[INFO] [stdout] warning: function is never used: `stock_list`
[INFO] [stdout]  --> src/kyu6/help_the_bookseller.rs:8:8
[INFO] [stdout]   |
[INFO] [stdout] 8 | pub fn stock_list(list_art: Vec<&str>, list_cat: Vec<&str>) -> String {
[INFO] [stdout]   |        ^^^^^^^^^^
[INFO] [stdout] 
[INFO] [stdout] 
[INFO] [stdout] warning: function is never used: `tribonacci`
[INFO] [stdout]  --> src/kyu6/tribonacci.rs:1:4
[INFO] [stdout]   |
[INFO] [stdout] 1 | fn tribonacci(signature: &[f64; 3], n: usize) -> Vec<f64> {
[INFO] [stdout]   |    ^^^^^^^^^^
[INFO] [stdout] 
[INFO] [stdout] 
[INFO] [stdout] warning: function is never used: `get_primes_up_to`
[INFO] [stdout]  --> src/kyu5/k_primes.rs:4:4
[INFO] [stdout]   |
[INFO] [stdout] 4 | fn get_primes_up_to(n: i32) -> Vec<i32> {
[INFO] [stdout]   |    ^^^^^^^^^^^^^^^^
[INFO] [stdout] 
[INFO] [stdout] 
[INFO] [stdout] warning: function is never used: `is_k_prime`
[INFO] [stdout]   --> src/kyu5/k_primes.rs:24:4
[INFO] [stdout]    |
[INFO] [stdout] 24 | fn is_k_prime(n: i32, k: i32, primes: &Vec<i32>) -> bool {
[INFO] [stdout]    |    ^^^^^^^^^^
[INFO] [stdout] 
[INFO] [stdout] 
[INFO] [stdout] warning: function is never used: `get_to_square_range`
[INFO] [stdout]   --> src/kyu5/k_primes.rs:40:4
[INFO] [stdout]    |
[INFO] [stdout] 40 | fn get_to_square_range(n: i32) -> RangeInclusive<i32> {
[INFO] [stdout]    |    ^^^^^^^^^^^^^^^^^^^
[INFO] [stdout] 
[INFO] [stdout] 
[INFO] [stdout] warning: function is never used: `count_kprimes`
[INFO] [stdout]   --> src/kyu5/k_primes.rs:44:4
[INFO] [stdout]    |
[INFO] [stdout] 44 | fn count_kprimes(k: i32, start: i32, nd: i32) -> Vec<i32> {
[INFO] [stdout]    |    ^^^^^^^^^^^^^
[INFO] [stdout] 
[INFO] [stdout] 
[INFO] [stdout] warning: function is never used: `puzzle`
[INFO] [stdout]   --> src/kyu5/k_primes.rs:51:4
[INFO] [stdout]    |
[INFO] [stdout] 51 | fn puzzle(s: i32) -> i32 {
[INFO] [stdout]    |    ^^^^^^
[INFO] [stdout] 
[INFO] [stdout] 
[INFO] [stdout] warning: function is never used: `testing_count_kprimes`
[INFO] [stdout]   --> src/kyu5/k_primes.rs:71:4
[INFO] [stdout]    |
[INFO] [stdout] 71 | fn testing_count_kprimes(k: i32, start: i32, nd: i32, exp: Vec<i32>) -> () {
[INFO] [stdout]    |    ^^^^^^^^^^^^^^^^^^^^^
[INFO] [stdout] 
[INFO] [stdout] 
[INFO] [stdout] warning: function is never used: `testing`
[INFO] [stdout]   --> src/kyu5/k_primes.rs:81:4
[INFO] [stdout]    |
[INFO] [stdout] 81 | fn testing(n: i32, exp: i32) -> () {
[INFO] [stdout]    |    ^^^^^^^
[INFO] [stdout] 
[INFO] [stdout] 
[INFO] [stdout] warning: function is never used: `remove_nb`
[INFO] [stdout]  --> src/kyu5/is_my_friend_cheating.rs:1:4
[INFO] [stdout]   |
[INFO] [stdout] 1 | fn remove_nb(m: i32) -> Vec<(i32, i32)> {
[INFO] [stdout]   |    ^^^^^^^^^
[INFO] [stdout] 
[INFO] [stdout] 
[INFO] [stdout] warning: function is never used: `testing`
[INFO] [stdout]   --> src/kyu5/is_my_friend_cheating.rs:16:4
[INFO] [stdout]    |
[INFO] [stdout] 16 | fn testing(n: i32, exp: Vec<(i32, i32)>) -> () {
[INFO] [stdout]    |    ^^^^^^^
[INFO] [stdout] 
[INFO] [stdout] 
[INFO] [stdout] warning: function is never used: `get_last_digits`
[INFO] [stdout]  --> src/kyu5/last_digit.rs:3:4
[INFO] [stdout]   |
[INFO] [stdout] 3 | fn get_last_digits(number: &str, places: usize) -> i32 {
[INFO] [stdout]   |    ^^^^^^^^^^^^^^^
[INFO] [stdout] 
[INFO] [stdout] 
[INFO] [stdout] warning: function is never used: `get_last_digit_of_power`
[INFO] [stdout]   --> src/kyu5/last_digit.rs:15:4
[INFO] [stdout]    |
[INFO] [stdout] 15 | fn get_last_digit_of_power(n: i32, power: u32) -> i32 {
[INFO] [stdout]    |    ^^^^^^^^^^^^^^^^^^^^^^^
[INFO] [stdout] 
[INFO] [stdout] 
[INFO] [stdout] warning: function is never used: `last_digit`
[INFO] [stdout]   --> src/kyu5/last_digit.rs:20:4
[INFO] [stdout]    |
[INFO] [stdout] 20 | fn last_digit(str1: &str, str2: &str) -> i32 {
[INFO] [stdout]    |    ^^^^^^^^^^
[INFO] [stdout] 
[INFO] [stdout] 
[INFO] [stdout] warning: function is never used: `contains_char`
[INFO] [stdout]  --> src/kyu4/secret_string.rs:1:4
[INFO] [stdout]   |
[INFO] [stdout] 1 | fn contains_char(c: char, subject: &String) -> bool {
[INFO] [stdout]   |    ^^^^^^^^^^^^^
[INFO] [stdout] 
[INFO] [stdout] 
[INFO] [stdout] warning: function is never used: `index_of`
[INFO] [stdout]  --> src/kyu4/secret_string.rs:5:4
[INFO] [stdout]   |
[INFO] [stdout] 5 | fn index_of(c: char, chars: &Vec<char>) -> usize {
[INFO] [stdout]   |    ^^^^^^^^
[INFO] [stdout] 
[INFO] [stdout] 
[INFO] [stdout] warning: function is never used: `take_first_omitting`
[INFO] [stdout]   --> src/kyu4/secret_string.rs:14:4
[INFO] [stdout]    |
[INFO] [stdout] 14 | fn take_first_omitting(chars_matrix: &Vec<Vec<char>>, omit: &String) -> Vec<char> {
[INFO] [stdout]    |    ^^^^^^^^^^^^^^^^^^^
[INFO] [stdout] 
[INFO] [stdout] 
[INFO] [stdout] warning: function is never used: `take_all_omitting`
[INFO] [stdout]   --> src/kyu4/secret_string.rs:21:4
[INFO] [stdout]    |
[INFO] [stdout] 21 | fn take_all_omitting(triplets: &Vec<[char; 3]>, omit: &String) -> Vec<Vec<char>> {
[INFO] [stdout]    |    ^^^^^^^^^^^^^^^^^
[INFO] [stdout] 
[INFO] [stdout] 
[INFO] [stdout] warning: function is never used: `positions_of`
[INFO] [stdout]   --> src/kyu4/secret_string.rs:32:4
[INFO] [stdout]    |
[INFO] [stdout] 32 | fn positions_of(c: char, chars_matrix: &Vec<Vec<char>>) -> Vec<usize> {
[INFO] [stdout]    |    ^^^^^^^^^^^^
[INFO] [stdout] 
[INFO] [stdout] 
[INFO] [stdout] warning: function is never used: `recover_secret`
[INFO] [stdout]   --> src/kyu4/secret_string.rs:39:4
[INFO] [stdout]    |
[INFO] [stdout] 39 | fn recover_secret(triplets: Vec<[char; 3]>) -> String {
[INFO] [stdout]    |    ^^^^^^^^^^^^^^
[INFO] [stdout] 
[INFO] [stdout] 
[INFO] [stdout] warning: function is never used: `decompose`
[INFO] [stdout]  --> src/kyu4/square_into_squares.rs:3:4
[INFO] [stdout]   |
[INFO] [stdout] 3 | fn decompose(n: i64) -> Option<Vec<i64>> {
[INFO] [stdout]   |    ^^^^^^^^^
[INFO] [stdout] 
[INFO] [stdout] 
[INFO] [stdout] warning: function is never used: `testing`
[INFO] [stdout]   --> src/kyu4/square_into_squares.rs:25:4
[INFO] [stdout]    |
[INFO] [stdout] 25 | fn testing(n: i64, exp: Option<Vec<i64>>) -> () {
[INFO] [stdout]    |    ^^^^^^^
[INFO] [stdout] 
[INFO] [stdout] 
[INFO] [stdout] warning: 24 warnings emitted
[INFO] [stdout] 
[INFO] [stdout] 
[INFO] [stderr]     Finished dev [unoptimized + debuginfo] target(s) in 1.90s
[INFO] running `Command { std: "docker" "inspect" "247f9d4f0308718c3ea1bd6001257ad673155c4022a3ffc539ebe25b6ecc5126", kill_on_drop: false }`
[INFO] running `Command { std: "docker" "rm" "-f" "247f9d4f0308718c3ea1bd6001257ad673155c4022a3ffc539ebe25b6ecc5126", kill_on_drop: false }`
[INFO] [stdout] 247f9d4f0308718c3ea1bd6001257ad673155c4022a3ffc539ebe25b6ecc5126
[INFO] running `Command { std: "docker" "create" "-v" "/var/lib/crater-agent-workspace/builds/worker-9/target:/opt/rustwide/target:rw,Z" "-v" "/var/lib/crater-agent-workspace/builds/worker-9/source:/opt/rustwide/workdir:ro,Z" "-v" "/var/lib/crater-agent-workspace/cargo-home:/opt/rustwide/cargo-home:ro,Z" "-v" "/var/lib/crater-agent-workspace/rustup-home:/opt/rustwide/rustup-home:ro,Z" "-e" "SOURCE_DIR=/opt/rustwide/workdir" "-e" "CARGO_TARGET_DIR=/opt/rustwide/target" "-e" "CARGO_INCREMENTAL=0" "-e" "RUST_BACKTRACE=full" "-e" "RUSTFLAGS=--cap-lints=warn" "-e" "CARGO_HOME=/opt/rustwide/cargo-home" "-e" "RUSTUP_HOME=/opt/rustwide/rustup-home" "-w" "/opt/rustwide/workdir" "-m" "1610612736" "--user" "0:0" "--network" "none" "ghcr.io/rust-lang/crates-build-env/linux@sha256:34b6a614d2c27851fe6cbf88fbd1137609cefab8b10d0615aaeb6fd47975d74e" "/opt/rustwide/cargo-home/bin/cargo" "+1.54.0" "test" "--frozen" "--no-run" "--message-format=json", kill_on_drop: false }`
[INFO] [stdout] 55759424ea23ec08ae8d321200fe45926cc4e13af59b3eac765089ddfc0c2ba5
[INFO] [stderr] WARNING: Your kernel does not support swap limit capabilities or the cgroup is not mounted. Memory limited without swap.
[INFO] running `Command { std: "docker" "start" "-a" "55759424ea23ec08ae8d321200fe45926cc4e13af59b3eac765089ddfc0c2ba5", kill_on_drop: false }`
[INFO] [stderr]    Compiling rust-codewars v0.1.0 (/opt/rustwide/workdir)
[INFO] [stdout] warning: unnecessary trailing semicolon
[INFO] [stdout]   --> src/kyu6/tribonacci.rs:22:289
[INFO] [stdout]    |
[INFO] [stdout] 22 | ...40.5, 1655616.5, 3045153.5, 5600910.5, 10301680.5]);;
[INFO] [stdout]    |                                                        ^ help: remove this semicolon
[INFO] [stdout]    |
[INFO] [stdout]    = note: `#[warn(redundant_semicolons)]` on by default
[INFO] [stdout] 
[INFO] [stdout] 
[INFO] [stdout] warning: unnecessary parentheses around block return value
[INFO] [stdout]   --> src/kyu5/k_primes.rs:41:5
[INFO] [stdout]    |
[INFO] [stdout] 41 |     (2..=(n as f32).sqrt().floor() as i32)
[INFO] [stdout]    |     ^^^^^^^^^^^^^^^^^^^^^^^^^^^^^^^^^^^^^^ help: remove these parentheses
[INFO] [stdout]    |
[INFO] [stdout]    = note: `#[warn(unused_parens)]` on by default
[INFO] [stdout] 
[INFO] [stdout] 
[INFO] [stdout] warning: 2 warnings emitted
[INFO] [stdout] 
[INFO] [stdout] 
[INFO] [stderr]     Finished test [unoptimized + debuginfo] target(s) in 2.14s
[INFO] running `Command { std: "docker" "inspect" "55759424ea23ec08ae8d321200fe45926cc4e13af59b3eac765089ddfc0c2ba5", kill_on_drop: false }`
[INFO] running `Command { std: "docker" "rm" "-f" "55759424ea23ec08ae8d321200fe45926cc4e13af59b3eac765089ddfc0c2ba5", kill_on_drop: false }`
[INFO] [stdout] 55759424ea23ec08ae8d321200fe45926cc4e13af59b3eac765089ddfc0c2ba5
[INFO] running `Command { std: "docker" "create" "-v" "/var/lib/crater-agent-workspace/builds/worker-9/target:/opt/rustwide/target:rw,Z" "-v" "/var/lib/crater-agent-workspace/builds/worker-9/source:/opt/rustwide/workdir:ro,Z" "-v" "/var/lib/crater-agent-workspace/cargo-home:/opt/rustwide/cargo-home:ro,Z" "-v" "/var/lib/crater-agent-workspace/rustup-home:/opt/rustwide/rustup-home:ro,Z" "-e" "SOURCE_DIR=/opt/rustwide/workdir" "-e" "CARGO_TARGET_DIR=/opt/rustwide/target" "-e" "CARGO_INCREMENTAL=0" "-e" "RUST_BACKTRACE=full" "-e" "RUSTFLAGS=--cap-lints=warn" "-e" "CARGO_HOME=/opt/rustwide/cargo-home" "-e" "RUSTUP_HOME=/opt/rustwide/rustup-home" "-w" "/opt/rustwide/workdir" "-m" "1610612736" "--user" "0:0" "--network" "none" "ghcr.io/rust-lang/crates-build-env/linux@sha256:34b6a614d2c27851fe6cbf88fbd1137609cefab8b10d0615aaeb6fd47975d74e" "/opt/rustwide/cargo-home/bin/cargo" "+1.54.0" "test" "--frozen", kill_on_drop: false }`
[INFO] [stderr] WARNING: Your kernel does not support swap limit capabilities or the cgroup is not mounted. Memory limited without swap.
[INFO] [stdout] e9b460c933617dab5d46230ade483a732fda789ef960d90a371f891dba7fb954
[INFO] running `Command { std: "docker" "start" "-a" "e9b460c933617dab5d46230ade483a732fda789ef960d90a371f891dba7fb954", kill_on_drop: false }`
[INFO] [stderr] warning: unnecessary trailing semicolon
[INFO] [stderr]   --> src/kyu6/tribonacci.rs:22:289
[INFO] [stderr]    |
[INFO] [stderr] 22 | ...40.5, 1655616.5, 3045153.5, 5600910.5, 10301680.5]);;
[INFO] [stderr]    |                                                        ^ help: remove this semicolon
[INFO] [stderr]    |
[INFO] [stderr]    = note: `#[warn(redundant_semicolons)]` on by default
[INFO] [stderr] 
[INFO] [stderr] warning: unnecessary parentheses around block return value
[INFO] [stderr]   --> src/kyu5/k_primes.rs:41:5
[INFO] [stderr]    |
[INFO] [stderr] 41 |     (2..=(n as f32).sqrt().floor() as i32)
[INFO] [stderr]    |     ^^^^^^^^^^^^^^^^^^^^^^^^^^^^^^^^^^^^^^ help: remove these parentheses
[INFO] [stderr]    |
[INFO] [stderr]    = note: `#[warn(unused_parens)]` on by default
[INFO] [stderr] 
[INFO] [stderr] warning: 2 warnings emitted
[INFO] [stderr] 
[INFO] [stderr]     Finished test [unoptimized + debuginfo] target(s) in 0.02s
[INFO] [stdout] 
[INFO] [stderr]      Running unittests (/opt/rustwide/target/debug/deps/rust_codewars-bc439b7c50647129)
[INFO] [stdout] running 11 tests
[INFO] [stdout] test kyu4::secret_string::example_test ... ok
[INFO] [stdout] test kyu5::is_my_friend_cheating::basics_remove_nb ... ok
[INFO] [stdout] test kyu5::k_primes::test_eratosthenes_sieve ... ok
[INFO] [stdout] test kyu6::help_the_bookseller::tests::basic_tests ... ok
[INFO] [stdout] test kyu5::last_digit::test_getting_last_digit ... ok
[INFO] [stdout] test kyu6::tribonacci::basic_tests ... ok
[INFO] [stdout] test kyu5::last_digit::returns_expected ... ok
[INFO] [stdout] test kyu5::last_digit::test_get_last_digit_of_power ... ok
[INFO] [stdout] test kyu5::k_primes::basics_puzzle ... ok
[INFO] [stdout] test kyu4::square_into_squares::tests_decompose ... FAILED
[INFO] [stderr] error: test failed, to rerun pass '--bin rust-codewars'
[INFO] [stdout] test kyu5::k_primes::basics_count_kprimes ... ok
[INFO] [stdout] 
[INFO] [stdout] failures:
[INFO] [stdout] 
[INFO] [stdout] ---- kyu4::square_into_squares::tests_decompose stdout ----
[INFO] [stdout] Current i: 49
[INFO] [stdout] Current i: 9
[INFO] [stdout] Current i: 4
[INFO] [stdout] thread 'kyu4::square_into_squares::tests_decompose' panicked at 'assertion failed: `(left == right)`
[INFO] [stdout]   left: `None`,
[INFO] [stdout]  right: `Some([1, 3, 5, 8, 49])`', src/kyu4/square_into_squares.rs:26:5
[INFO] [stdout] stack backtrace:
[INFO] [stdout]    0:     0x55d60e8ac330 - std::backtrace_rs::backtrace::libunwind::trace::h34055254b57d8e79
[INFO] [stdout]                                at /rustc/a178d0322ce20e33eac124758e837cbd80a6f633/library/std/src/../../backtrace/src/backtrace/libunwind.rs:90:5
[INFO] [stdout]    1:     0x55d60e8ac330 - std::backtrace_rs::backtrace::trace_unsynchronized::h8f1e3fbd9afff6ec
[INFO] [stdout]                                at /rustc/a178d0322ce20e33eac124758e837cbd80a6f633/library/std/src/../../backtrace/src/backtrace/mod.rs:66:5
[INFO] [stdout]    2:     0x55d60e8ac330 - std::sys_common::backtrace::_print_fmt::h3a99a796b770c360
[INFO] [stdout]                                at /rustc/a178d0322ce20e33eac124758e837cbd80a6f633/library/std/src/sys_common/backtrace.rs:67:5
[INFO] [stdout]    3:     0x55d60e8ac330 - <std::sys_common::backtrace::_print::DisplayBacktrace as core::fmt::Display>::fmt::h32d1f94a80615d18
[INFO] [stdout]                                at /rustc/a178d0322ce20e33eac124758e837cbd80a6f633/library/std/src/sys_common/backtrace.rs:46:22
[INFO] [stdout]    4:     0x55d60e8ceb2c - core::fmt::write::h306731c068f7162c
[INFO] [stdout]                                at /rustc/a178d0322ce20e33eac124758e837cbd80a6f633/library/core/src/fmt/mod.rs:1110:17
[INFO] [stdout]    5:     0x55d60e8a9255 - std::io::Write::write_fmt::h87f19b0a2cd190bc
[INFO] [stdout]                                at /rustc/a178d0322ce20e33eac124758e837cbd80a6f633/library/std/src/io/mod.rs:1588:15
[INFO] [stdout]    6:     0x55d60e8ae49b - std::sys_common::backtrace::_print::h5abaa2601a852287
[INFO] [stdout]                                at /rustc/a178d0322ce20e33eac124758e837cbd80a6f633/library/std/src/sys_common/backtrace.rs:49:5
[INFO] [stdout]    7:     0x55d60e8ae49b - std::sys_common::backtrace::print::h8d81445442bb638f
[INFO] [stdout]                                at /rustc/a178d0322ce20e33eac124758e837cbd80a6f633/library/std/src/sys_common/backtrace.rs:36:9
[INFO] [stdout]    8:     0x55d60e8ae49b - std::panicking::default_hook::{{closure}}::hcfe804496a9fa747
[INFO] [stdout]                                at /rustc/a178d0322ce20e33eac124758e837cbd80a6f633/library/std/src/panicking.rs:208:50
[INFO] [stdout]    9:     0x55d60e8adfac - std::panicking::default_hook::hbea8e3ccf2ba8901
[INFO] [stdout]                                at /rustc/a178d0322ce20e33eac124758e837cbd80a6f633/library/std/src/panicking.rs:222:9
[INFO] [stdout]   10:     0x55d60e8aeb64 - std::panicking::rust_panic_with_hook::h7ee9e1a2d0f8975a
[INFO] [stdout]                                at /rustc/a178d0322ce20e33eac124758e837cbd80a6f633/library/std/src/panicking.rs:622:17
[INFO] [stdout]   11:     0x55d60e8ae647 - std::panicking::begin_panic_handler::{{closure}}::h8ab3b4491718b2c7
[INFO] [stdout]                                at /rustc/a178d0322ce20e33eac124758e837cbd80a6f633/library/std/src/panicking.rs:519:13
[INFO] [stdout]   12:     0x55d60e8ac82c - std::sys_common::backtrace::__rust_end_short_backtrace::hd489062ffa586a9f
[INFO] [stdout]                                at /rustc/a178d0322ce20e33eac124758e837cbd80a6f633/library/std/src/sys_common/backtrace.rs:141:18
[INFO] [stdout]   13:     0x55d60e8ae5a9 - rust_begin_unwind
[INFO] [stdout]                                at /rustc/a178d0322ce20e33eac124758e837cbd80a6f633/library/std/src/panicking.rs:515:5
[INFO] [stdout]   14:     0x55d60e8296d1 - core::panicking::panic_fmt::hca6330e3e14086b4
[INFO] [stdout]                                at /rustc/a178d0322ce20e33eac124758e837cbd80a6f633/library/core/src/panicking.rs:92:14
[INFO] [stdout]   15:     0x55d60e8cd448 - core::panicking::assert_failed_inner::h33b45280069a80ed
[INFO] [stdout]   16:     0x55d60e842fda - core::panicking::assert_failed::h84d03d21de569057
[INFO] [stdout]                                at /rustc/a178d0322ce20e33eac124758e837cbd80a6f633/library/core/src/panicking.rs:117:5
[INFO] [stdout]   17:     0x55d60e856f33 - rust_codewars::kyu4::square_into_squares::testing::h0b5ffd42a9f30e3b
[INFO] [stdout]                                at /opt/rustwide/workdir/src/kyu4/square_into_squares.rs:26:5
[INFO] [stdout]   18:     0x55d60e856ffc - rust_codewars::kyu4::square_into_squares::tests_decompose::h43129a9384907d38
[INFO] [stdout]                                at /opt/rustwide/workdir/src/kyu4/square_into_squares.rs:31:5
[INFO] [stdout]   19:     0x55d60e856f6a - rust_codewars::kyu4::square_into_squares::tests_decompose::{{closure}}::h4713625501fb7b0e
[INFO] [stdout]                                at /opt/rustwide/workdir/src/kyu4/square_into_squares.rs:30:1
[INFO] [stdout]   20:     0x55d60e85470e - core::ops::function::FnOnce::call_once::h3043ba1216ab4f4b
[INFO] [stdout]                                at /rustc/a178d0322ce20e33eac124758e837cbd80a6f633/library/core/src/ops/function.rs:227:5
[INFO] [stdout]   21:     0x55d60e883833 - core::ops::function::FnOnce::call_once::h152e7e439ff59e19
[INFO] [stdout]                                at /rustc/a178d0322ce20e33eac124758e837cbd80a6f633/library/core/src/ops/function.rs:227:5
[INFO] [stdout]   22:     0x55d60e883833 - test::__rust_begin_short_backtrace::h0908f3b1fdbb72ab
[INFO] [stdout]                                at /rustc/a178d0322ce20e33eac124758e837cbd80a6f633/library/test/src/lib.rs:577:5
[INFO] [stdout]   23:     0x55d60e8822f0 - <alloc::boxed::Box<F,A> as core::ops::function::FnOnce<Args>>::call_once::hf6d2a51e5587546c
[INFO] [stdout]                                at /rustc/a178d0322ce20e33eac124758e837cbd80a6f633/library/alloc/src/boxed.rs:1575:9
[INFO] [stdout]   24:     0x55d60e8822f0 - <std::panic::AssertUnwindSafe<F> as core::ops::function::FnOnce<()>>::call_once::h8af660f3a89ef593
[INFO] [stdout]                                at /rustc/a178d0322ce20e33eac124758e837cbd80a6f633/library/std/src/panic.rs:347:9
[INFO] [stdout]   25:     0x55d60e8822f0 - std::panicking::try::do_call::hd36aef60f84b6d36
[INFO] [stdout]                                at /rustc/a178d0322ce20e33eac124758e837cbd80a6f633/library/std/src/panicking.rs:401:40
[INFO] [stdout]   26:     0x55d60e8822f0 - std::panicking::try::h9932b4480e69817c
[INFO] [stdout]                                at /rustc/a178d0322ce20e33eac124758e837cbd80a6f633/library/std/src/panicking.rs:365:19
[INFO] [stdout]   27:     0x55d60e8822f0 - std::panic::catch_unwind::h6aa177099cfff5f8
[INFO] [stdout]                                at /rustc/a178d0322ce20e33eac124758e837cbd80a6f633/library/std/src/panic.rs:434:14
[INFO] [stdout]   28:     0x55d60e8822f0 - test::run_test_in_process::h5884d6f2d99e20c3
[INFO] [stdout]                                at /rustc/a178d0322ce20e33eac124758e837cbd80a6f633/library/test/src/lib.rs:600:18
[INFO] [stdout]   29:     0x55d60e8822f0 - test::run_test::run_test_inner::{{closure}}::h6fdc58c6d5f5b6e3
[INFO] [stdout]                                at /rustc/a178d0322ce20e33eac124758e837cbd80a6f633/library/test/src/lib.rs:492:39
[INFO] [stdout]   30:     0x55d60e85b9a2 - test::run_test::run_test_inner::{{closure}}::h408365d67a78ade8
[INFO] [stdout]                                at /rustc/a178d0322ce20e33eac124758e837cbd80a6f633/library/test/src/lib.rs:519:37
[INFO] [stdout]   31:     0x55d60e85b9a2 - std::sys_common::backtrace::__rust_begin_short_backtrace::hb560b77c4f701523
[INFO] [stdout]                                at /rustc/a178d0322ce20e33eac124758e837cbd80a6f633/library/std/src/sys_common/backtrace.rs:125:18
[INFO] [stdout]   32:     0x55d60e85f558 - std::thread::Builder::spawn_unchecked::{{closure}}::{{closure}}::hf2e7831dad93c597
[INFO] [stdout]                                at /rustc/a178d0322ce20e33eac124758e837cbd80a6f633/library/std/src/thread/mod.rs:481:17
[INFO] [stdout]   33:     0x55d60e85f558 - <std::panic::AssertUnwindSafe<F> as core::ops::function::FnOnce<()>>::call_once::hd2e08783d8be4d02
[INFO] [stdout]                                at /rustc/a178d0322ce20e33eac124758e837cbd80a6f633/library/std/src/panic.rs:347:9
[INFO] [stdout]   34:     0x55d60e85f558 - std::panicking::try::do_call::h062597b7acfd6b82
[INFO] [stdout]                                at /rustc/a178d0322ce20e33eac124758e837cbd80a6f633/library/std/src/panicking.rs:401:40
[INFO] [stdout]   35:     0x55d60e85f558 - std::panicking::try::h0d7b79db04c14552
[INFO] [stdout]                                at /rustc/a178d0322ce20e33eac124758e837cbd80a6f633/library/std/src/panicking.rs:365:19
[INFO] [stdout]   36:     0x55d60e85f558 - std::panic::catch_unwind::hb01a0b5e7c8cd43b
[INFO] [stdout]                                at /rustc/a178d0322ce20e33eac124758e837cbd80a6f633/library/std/src/panic.rs:434:14
[INFO] [stdout]   37:     0x55d60e85f558 - std::thread::Builder::spawn_unchecked::{{closure}}::h5bde48cc887e0d1e
[INFO] [stdout]                                at /rustc/a178d0322ce20e33eac124758e837cbd80a6f633/library/std/src/thread/mod.rs:480:30
[INFO] [stdout]   38:     0x55d60e85f558 - core::ops::function::FnOnce::call_once{{vtable.shim}}::h745ea30807a29e55
[INFO] [stdout]                                at /rustc/a178d0322ce20e33eac124758e837cbd80a6f633/library/core/src/ops/function.rs:227:5
[INFO] [stdout]   39:     0x55d60e8b3627 - <alloc::boxed::Box<F,A> as core::ops::function::FnOnce<Args>>::call_once::h7ece6cfefaff1005
[INFO] [stdout]                                at /rustc/a178d0322ce20e33eac124758e837cbd80a6f633/library/alloc/src/boxed.rs:1575:9
[INFO] [stdout]   40:     0x55d60e8b3627 - <alloc::boxed::Box<F,A> as core::ops::function::FnOnce<Args>>::call_once::hb8b48e55c21f193e
[INFO] [stdout]                                at /rustc/a178d0322ce20e33eac124758e837cbd80a6f633/library/alloc/src/boxed.rs:1575:9
[INFO] [stdout]   41:     0x55d60e8b3627 - std::sys::unix::thread::Thread::new::thread_start::h8c7c4450dba62914
[INFO] [stdout]                                at /rustc/a178d0322ce20e33eac124758e837cbd80a6f633/library/std/src/sys/unix/thread.rs:71:17
[INFO] [stdout]   42:     0x7f4e58ab3609 - start_thread
[INFO] [stdout]   43:     0x7f4e58885293 - clone
[INFO] [stdout]   44:                0x0 - <unknown>
[INFO] [stdout] 
[INFO] [stdout] 
[INFO] [stdout] failures:
[INFO] [stdout]     kyu4::square_into_squares::tests_decompose
[INFO] [stdout] 
[INFO] [stdout] test result: FAILED. 10 passed; 1 failed; 0 ignored; 0 measured; 0 filtered out; finished in 0.16s
[INFO] [stdout] 
[INFO] running `Command { std: "docker" "inspect" "e9b460c933617dab5d46230ade483a732fda789ef960d90a371f891dba7fb954", kill_on_drop: false }`
[INFO] running `Command { std: "docker" "rm" "-f" "e9b460c933617dab5d46230ade483a732fda789ef960d90a371f891dba7fb954", kill_on_drop: false }`
[INFO] [stdout] e9b460c933617dab5d46230ade483a732fda789ef960d90a371f891dba7fb954
