[INFO] cloning repository https://github.com/KillingSpark/rustysd
[INFO] running `Command { std: "git" "-c" "credential.helper=" "-c" "credential.helper=/workspace/cargo-home/bin/git-credential-null" "clone" "--bare" "https://github.com/KillingSpark/rustysd" "/workspace/cache/git-repos/https%3A%2F%2Fgithub.com%2FKillingSpark%2Frustysd", kill_on_drop: false }`
[INFO] [stderr] Cloning into bare repository '/workspace/cache/git-repos/https%3A%2F%2Fgithub.com%2FKillingSpark%2Frustysd'...
[INFO] running `Command { std: "git" "rev-parse" "HEAD", kill_on_drop: false }`
[INFO] [stdout] fb297f0ffbb86a610fd2b9e2da13d5ecc5bce582
[INFO] testing KillingSpark/rustysd against 1.54.0 for beta-1.55-1
[INFO] running `Command { std: "git" "clone" "/workspace/cache/git-repos/https%3A%2F%2Fgithub.com%2FKillingSpark%2Frustysd" "/workspace/builds/worker-16/source", kill_on_drop: false }`
[INFO] [stderr] Cloning into '/workspace/builds/worker-16/source'...
[INFO] [stderr] done.
[INFO] validating manifest of git repo https://github.com/KillingSpark/rustysd on toolchain 1.54.0
[INFO] running `Command { std: "/workspace/cargo-home/bin/cargo" "+1.54.0" "metadata" "--manifest-path" "Cargo.toml" "--no-deps", kill_on_drop: false }`
[INFO] started tweaking git repo https://github.com/KillingSpark/rustysd
[INFO] finished tweaking git repo https://github.com/KillingSpark/rustysd
[INFO] tweaked toml for git repo https://github.com/KillingSpark/rustysd written to /workspace/builds/worker-16/source/Cargo.toml
[INFO] crate git repo https://github.com/KillingSpark/rustysd already has a lockfile, it will not be regenerated
[INFO] running `Command { std: "/workspace/cargo-home/bin/cargo" "+1.54.0" "fetch" "--manifest-path" "Cargo.toml", kill_on_drop: false }`
[INFO] running `Command { std: "docker" "create" "-v" "/var/lib/crater-agent-workspace/builds/worker-16/target:/opt/rustwide/target:rw,Z" "-v" "/var/lib/crater-agent-workspace/builds/worker-16/source:/opt/rustwide/workdir:ro,Z" "-v" "/var/lib/crater-agent-workspace/cargo-home:/opt/rustwide/cargo-home:ro,Z" "-v" "/var/lib/crater-agent-workspace/rustup-home:/opt/rustwide/rustup-home:ro,Z" "-e" "SOURCE_DIR=/opt/rustwide/workdir" "-e" "CARGO_TARGET_DIR=/opt/rustwide/target" "-e" "CARGO_HOME=/opt/rustwide/cargo-home" "-e" "RUSTUP_HOME=/opt/rustwide/rustup-home" "-w" "/opt/rustwide/workdir" "-m" "1610612736" "--user" "0:0" "--network" "none" "ghcr.io/rust-lang/crates-build-env/linux@sha256:34b6a614d2c27851fe6cbf88fbd1137609cefab8b10d0615aaeb6fd47975d74e" "/opt/rustwide/cargo-home/bin/cargo" "+1.54.0" "metadata" "--no-deps" "--format-version=1", kill_on_drop: false }`
[INFO] [stdout] f244107bb8a276444440be36ea7a03b0c136e9e856d9b9b49e31429b4508cf96
[INFO] running `Command { std: "docker" "start" "-a" "f244107bb8a276444440be36ea7a03b0c136e9e856d9b9b49e31429b4508cf96", kill_on_drop: false }`
[INFO] running `Command { std: "docker" "inspect" "f244107bb8a276444440be36ea7a03b0c136e9e856d9b9b49e31429b4508cf96", kill_on_drop: false }`
[INFO] running `Command { std: "docker" "rm" "-f" "f244107bb8a276444440be36ea7a03b0c136e9e856d9b9b49e31429b4508cf96", kill_on_drop: false }`
[INFO] [stdout] f244107bb8a276444440be36ea7a03b0c136e9e856d9b9b49e31429b4508cf96
[INFO] running `Command { std: "docker" "create" "-v" "/var/lib/crater-agent-workspace/builds/worker-16/target:/opt/rustwide/target:rw,Z" "-v" "/var/lib/crater-agent-workspace/builds/worker-16/source:/opt/rustwide/workdir:ro,Z" "-v" "/var/lib/crater-agent-workspace/cargo-home:/opt/rustwide/cargo-home:ro,Z" "-v" "/var/lib/crater-agent-workspace/rustup-home:/opt/rustwide/rustup-home:ro,Z" "-e" "SOURCE_DIR=/opt/rustwide/workdir" "-e" "CARGO_TARGET_DIR=/opt/rustwide/target" "-e" "CARGO_INCREMENTAL=0" "-e" "RUST_BACKTRACE=full" "-e" "RUSTFLAGS=--cap-lints=warn" "-e" "CARGO_HOME=/opt/rustwide/cargo-home" "-e" "RUSTUP_HOME=/opt/rustwide/rustup-home" "-w" "/opt/rustwide/workdir" "-m" "1610612736" "--user" "0:0" "--network" "none" "ghcr.io/rust-lang/crates-build-env/linux@sha256:34b6a614d2c27851fe6cbf88fbd1137609cefab8b10d0615aaeb6fd47975d74e" "/opt/rustwide/cargo-home/bin/cargo" "+1.54.0" "build" "--frozen" "--message-format=json", kill_on_drop: false }`
[INFO] [stdout] 402215c1bdc4a028be9c85d33a480d2c92f4e4b7743495326750a9f5cb7aa6d3
[INFO] running `Command { std: "docker" "start" "-a" "402215c1bdc4a028be9c85d33a480d2c92f4e4b7743495326750a9f5cb7aa6d3", kill_on_drop: false }`
[INFO] [stderr]    Compiling libc v0.2.65
[INFO] [stderr]    Compiling autocfg v0.1.7
[INFO] [stderr]    Compiling serde v1.0.103
[INFO] [stderr]    Compiling bitflags v1.2.1
[INFO] [stderr]    Compiling ryu v1.0.2
[INFO] [stderr]    Compiling log v0.4.8
[INFO] [stderr]    Compiling arc-swap v0.4.3
[INFO] [stderr]    Compiling nix v0.16.1
[INFO] [stderr]    Compiling itoa v0.4.4
[INFO] [stderr]    Compiling pico-args v0.3.1
[INFO] [stderr]    Compiling shlex v0.1.1
[INFO] [stderr]    Compiling num-traits v0.2.9
[INFO] [stderr]    Compiling num-integer v0.1.41
[INFO] [stderr]    Compiling time v0.1.42
[INFO] [stderr]    Compiling signal-hook-registry v1.1.1
[INFO] [stderr]    Compiling num_cpus v1.11.1
[INFO] [stderr]    Compiling threadpool v1.7.1
[INFO] [stderr]    Compiling signal-hook v0.1.10
[INFO] [stderr]    Compiling chrono v0.4.9
[INFO] [stderr]    Compiling fern v0.5.9
[INFO] [stderr]    Compiling serde_json v1.0.42
[INFO] [stderr]    Compiling toml v0.5.5
[INFO] [stderr]    Compiling rustysd v0.1.0 (/opt/rustwide/workdir)
[INFO] [stdout] warning: use of deprecated associated function `std::sync::atomic::AtomicBool::compare_and_swap`: Use `compare_exchange` or `compare_exchange_weak` instead
[INFO] [stdout]    --> src/shutdown.rs:121:22
[INFO] [stdout]     |
[INFO] [stdout] 121 |     if SHUTTING_DOWN.compare_and_swap(false, true, std::sync::atomic::Ordering::SeqCst) {
[INFO] [stdout]     |                      ^^^^^^^^^^^^^^^^
[INFO] [stdout]     |
[INFO] [stdout]     = note: `#[warn(deprecated)]` on by default
[INFO] [stdout] 
[INFO] [stdout] 
[INFO] [stdout] warning: panic message is not a string literal
[INFO] [stdout]   --> src/sockets/unix_sockets.rs:78:38
[INFO] [stdout]    |
[INFO] [stdout] 78 |                     Err(e) => panic!(format!("failed to bind socket: {}", e)),
[INFO] [stdout]    |                                      ^^^^^^^^^^^^^^^^^^^^^^^^^^^^^^^^^^^^^^^
[INFO] [stdout]    |
[INFO] [stdout]    = note: `#[warn(non_fmt_panic)]` on by default
[INFO] [stdout]    = note: this is no longer accepted in Rust 2021
[INFO] [stdout]    = note: the panic!() macro supports formatting, so there's no need for the format!() macro here
[INFO] [stdout] help: remove the `format!(..)` macro call
[INFO] [stdout]    |
[INFO] [stdout] 78 |                     Err(e) => panic!("failed to bind socket: {}", e),
[INFO] [stdout]    |                                     --                            --
[INFO] [stdout] 
[INFO] [stdout] 
[INFO] [stdout] warning: panic message is not a string literal
[INFO] [stdout]    --> src/sockets/unix_sockets.rs:102:38
[INFO] [stdout]     |
[INFO] [stdout] 102 |                     Err(e) => panic!(format!("failed to bind socket: {}", e)),
[INFO] [stdout]     |                                      ^^^^^^^^^^^^^^^^^^^^^^^^^^^^^^^^^^^^^^^
[INFO] [stdout]     |
[INFO] [stdout]     = note: this is no longer accepted in Rust 2021
[INFO] [stdout]     = note: the panic!() macro supports formatting, so there's no need for the format!() macro here
[INFO] [stdout] help: remove the `format!(..)` macro call
[INFO] [stdout]     |
[INFO] [stdout] 102 |                     Err(e) => panic!("failed to bind socket: {}", e),
[INFO] [stdout]     |                                     --                            --
[INFO] [stdout] 
[INFO] [stdout] 
[INFO] [stdout] warning: 3 warnings emitted
[INFO] [stdout] 
[INFO] [stdout] 
[INFO] [stderr]     Finished dev [unoptimized + debuginfo] target(s) in 18.45s
[INFO] running `Command { std: "docker" "inspect" "402215c1bdc4a028be9c85d33a480d2c92f4e4b7743495326750a9f5cb7aa6d3", kill_on_drop: false }`
[INFO] running `Command { std: "docker" "rm" "-f" "402215c1bdc4a028be9c85d33a480d2c92f4e4b7743495326750a9f5cb7aa6d3", kill_on_drop: false }`
[INFO] [stdout] 402215c1bdc4a028be9c85d33a480d2c92f4e4b7743495326750a9f5cb7aa6d3
[INFO] running `Command { std: "docker" "create" "-v" "/var/lib/crater-agent-workspace/builds/worker-16/target:/opt/rustwide/target:rw,Z" "-v" "/var/lib/crater-agent-workspace/builds/worker-16/source:/opt/rustwide/workdir:ro,Z" "-v" "/var/lib/crater-agent-workspace/cargo-home:/opt/rustwide/cargo-home:ro,Z" "-v" "/var/lib/crater-agent-workspace/rustup-home:/opt/rustwide/rustup-home:ro,Z" "-e" "SOURCE_DIR=/opt/rustwide/workdir" "-e" "CARGO_TARGET_DIR=/opt/rustwide/target" "-e" "CARGO_INCREMENTAL=0" "-e" "RUST_BACKTRACE=full" "-e" "RUSTFLAGS=--cap-lints=warn" "-e" "CARGO_HOME=/opt/rustwide/cargo-home" "-e" "RUSTUP_HOME=/opt/rustwide/rustup-home" "-w" "/opt/rustwide/workdir" "-m" "1610612736" "--user" "0:0" "--network" "none" "ghcr.io/rust-lang/crates-build-env/linux@sha256:34b6a614d2c27851fe6cbf88fbd1137609cefab8b10d0615aaeb6fd47975d74e" "/opt/rustwide/cargo-home/bin/cargo" "+1.54.0" "test" "--frozen" "--no-run" "--message-format=json", kill_on_drop: false }`
[INFO] [stdout] 9e720b0c5a5abdf60962214f01360259e093106aa70fa1ad6a999c45d7aae442
[INFO] running `Command { std: "docker" "start" "-a" "9e720b0c5a5abdf60962214f01360259e093106aa70fa1ad6a999c45d7aae442", kill_on_drop: false }`
[INFO] [stderr]     Blocking waiting for file lock on package cache
[INFO] [stdout] warning: use of deprecated associated function `std::sync::atomic::AtomicBool::compare_and_swap`: Use `compare_exchange` or `compare_exchange_weak` instead
[INFO] [stdout]    --> src/shutdown.rs:121:22
[INFO] [stdout]     |
[INFO] [stdout] 121 |     if SHUTTING_DOWN.compare_and_swap(false, true, std::sync::atomic::Ordering::SeqCst) {
[INFO] [stdout]     |                      ^^^^^^^^^^^^^^^^
[INFO] [stdout]     |
[INFO] [stdout]     = note: `#[warn(deprecated)]` on by default
[INFO] [stdout] 
[INFO] [stdout] 
[INFO] [stdout] warning: panic message is not a string literal
[INFO] [stdout]   --> src/sockets/unix_sockets.rs:78:38
[INFO] [stdout]    |
[INFO] [stdout] 78 |                     Err(e) => panic!(format!("failed to bind socket: {}", e)),
[INFO] [stdout]    |                                      ^^^^^^^^^^^^^^^^^^^^^^^^^^^^^^^^^^^^^^^
[INFO] [stdout]    |
[INFO] [stdout]    = note: `#[warn(non_fmt_panic)]` on by default
[INFO] [stdout]    = note: this is no longer accepted in Rust 2021
[INFO] [stdout]    = note: the panic!() macro supports formatting, so there's no need for the format!() macro here
[INFO] [stdout] help: remove the `format!(..)` macro call
[INFO] [stdout]    |
[INFO] [stdout] 78 |                     Err(e) => panic!("failed to bind socket: {}", e),
[INFO] [stdout]    |                                     --                            --
[INFO] [stdout] 
[INFO] [stdout] 
[INFO] [stdout] warning: panic message is not a string literal
[INFO] [stdout]    --> src/sockets/unix_sockets.rs:102:38
[INFO] [stdout]     |
[INFO] [stdout] 102 |                     Err(e) => panic!(format!("failed to bind socket: {}", e)),
[INFO] [stdout]     |                                      ^^^^^^^^^^^^^^^^^^^^^^^^^^^^^^^^^^^^^^^
[INFO] [stdout]     |
[INFO] [stdout]     = note: this is no longer accepted in Rust 2021
[INFO] [stdout]     = note: the panic!() macro supports formatting, so there's no need for the format!() macro here
[INFO] [stdout] help: remove the `format!(..)` macro call
[INFO] [stdout]     |
[INFO] [stdout] 102 |                     Err(e) => panic!("failed to bind socket: {}", e),
[INFO] [stdout]     |                                     --                            --
[INFO] [stdout] 
[INFO] [stdout] 
[INFO] [stdout] warning: 3 warnings emitted
[INFO] [stdout] 
[INFO] [stdout] 
[INFO] [stderr]    Compiling rustysd v0.1.0 (/opt/rustwide/workdir)
[INFO] [stdout] warning: use of deprecated associated function `std::sync::atomic::AtomicBool::compare_and_swap`: Use `compare_exchange` or `compare_exchange_weak` instead
[INFO] [stdout]    --> src/shutdown.rs:121:22
[INFO] [stdout]     |
[INFO] [stdout] 121 |     if SHUTTING_DOWN.compare_and_swap(false, true, std::sync::atomic::Ordering::SeqCst) {
[INFO] [stdout]     |                      ^^^^^^^^^^^^^^^^
[INFO] [stdout]     |
[INFO] [stdout]     = note: `#[warn(deprecated)]` on by default
[INFO] [stdout] 
[INFO] [stdout] 
[INFO] [stdout] warning: panic message is not a string literal
[INFO] [stdout]   --> src/sockets/unix_sockets.rs:78:38
[INFO] [stdout]    |
[INFO] [stdout] 78 |                     Err(e) => panic!(format!("failed to bind socket: {}", e)),
[INFO] [stdout]    |                                      ^^^^^^^^^^^^^^^^^^^^^^^^^^^^^^^^^^^^^^^
[INFO] [stdout]    |
[INFO] [stdout]    = note: `#[warn(non_fmt_panic)]` on by default
[INFO] [stdout]    = note: this is no longer accepted in Rust 2021
[INFO] [stdout]    = note: the panic!() macro supports formatting, so there's no need for the format!() macro here
[INFO] [stdout] help: remove the `format!(..)` macro call
[INFO] [stdout]    |
[INFO] [stdout] 78 |                     Err(e) => panic!("failed to bind socket: {}", e),
[INFO] [stdout]    |                                     --                            --
[INFO] [stdout] 
[INFO] [stdout] 
[INFO] [stdout] warning: panic message is not a string literal
[INFO] [stdout]    --> src/sockets/unix_sockets.rs:102:38
[INFO] [stdout]     |
[INFO] [stdout] 102 |                     Err(e) => panic!(format!("failed to bind socket: {}", e)),
[INFO] [stdout]     |                                      ^^^^^^^^^^^^^^^^^^^^^^^^^^^^^^^^^^^^^^^
[INFO] [stdout]     |
[INFO] [stdout]     = note: this is no longer accepted in Rust 2021
[INFO] [stdout]     = note: the panic!() macro supports formatting, so there's no need for the format!() macro here
[INFO] [stdout] help: remove the `format!(..)` macro call
[INFO] [stdout]     |
[INFO] [stdout] 102 |                     Err(e) => panic!("failed to bind socket: {}", e),
[INFO] [stdout]     |                                     --                            --
[INFO] [stdout] 
[INFO] [stdout] 
[INFO] [stdout] warning: 3 warnings emitted
[INFO] [stdout] 
[INFO] [stdout] 
[INFO] [stderr]     Finished test [unoptimized + debuginfo] target(s) in 15.02s
[INFO] running `Command { std: "docker" "inspect" "9e720b0c5a5abdf60962214f01360259e093106aa70fa1ad6a999c45d7aae442", kill_on_drop: false }`
[INFO] running `Command { std: "docker" "rm" "-f" "9e720b0c5a5abdf60962214f01360259e093106aa70fa1ad6a999c45d7aae442", kill_on_drop: false }`
[INFO] [stdout] 9e720b0c5a5abdf60962214f01360259e093106aa70fa1ad6a999c45d7aae442
[INFO] running `Command { std: "docker" "create" "-v" "/var/lib/crater-agent-workspace/builds/worker-16/target:/opt/rustwide/target:rw,Z" "-v" "/var/lib/crater-agent-workspace/builds/worker-16/source:/opt/rustwide/workdir:ro,Z" "-v" "/var/lib/crater-agent-workspace/cargo-home:/opt/rustwide/cargo-home:ro,Z" "-v" "/var/lib/crater-agent-workspace/rustup-home:/opt/rustwide/rustup-home:ro,Z" "-e" "SOURCE_DIR=/opt/rustwide/workdir" "-e" "CARGO_TARGET_DIR=/opt/rustwide/target" "-e" "CARGO_INCREMENTAL=0" "-e" "RUST_BACKTRACE=full" "-e" "RUSTFLAGS=--cap-lints=warn" "-e" "CARGO_HOME=/opt/rustwide/cargo-home" "-e" "RUSTUP_HOME=/opt/rustwide/rustup-home" "-w" "/opt/rustwide/workdir" "-m" "1610612736" "--user" "0:0" "--network" "none" "ghcr.io/rust-lang/crates-build-env/linux@sha256:34b6a614d2c27851fe6cbf88fbd1137609cefab8b10d0615aaeb6fd47975d74e" "/opt/rustwide/cargo-home/bin/cargo" "+1.54.0" "test" "--frozen", kill_on_drop: false }`
[INFO] [stdout] e45999dba54724a60e841db2c3f07fbc006ffe1ff0e0b42f95ec3d409262efc3
[INFO] running `Command { std: "docker" "start" "-a" "e45999dba54724a60e841db2c3f07fbc006ffe1ff0e0b42f95ec3d409262efc3", kill_on_drop: false }`
[INFO] [stderr]     Blocking waiting for file lock on package cache
[INFO] [stderr] warning: use of deprecated associated function `std::sync::atomic::AtomicBool::compare_and_swap`: Use `compare_exchange` or `compare_exchange_weak` instead
[INFO] [stderr]    --> src/shutdown.rs:121:22
[INFO] [stderr]     |
[INFO] [stderr] 121 |     if SHUTTING_DOWN.compare_and_swap(false, true, std::sync::atomic::Ordering::SeqCst) {
[INFO] [stderr]     |                      ^^^^^^^^^^^^^^^^
[INFO] [stderr]     |
[INFO] [stderr]     = note: `#[warn(deprecated)]` on by default
[INFO] [stderr] 
[INFO] [stderr] warning: panic message is not a string literal
[INFO] [stderr]   --> src/sockets/unix_sockets.rs:78:38
[INFO] [stderr]    |
[INFO] [stderr] 78 |                     Err(e) => panic!(format!("failed to bind socket: {}", e)),
[INFO] [stderr]    |                                      ^^^^^^^^^^^^^^^^^^^^^^^^^^^^^^^^^^^^^^^
[INFO] [stderr]    |
[INFO] [stderr]    = note: `#[warn(non_fmt_panic)]` on by default
[INFO] [stderr]    = note: this is no longer accepted in Rust 2021
[INFO] [stderr]    = note: the panic!() macro supports formatting, so there's no need for the format!() macro here
[INFO] [stderr] help: remove the `format!(..)` macro call
[INFO] [stderr]    |
[INFO] [stderr] 78 |                     Err(e) => panic!("failed to bind socket: {}", e),
[INFO] [stderr]    |                                     --                            --
[INFO] [stderr] 
[INFO] [stderr] warning: panic message is not a string literal
[INFO] [stderr]    --> src/sockets/unix_sockets.rs:102:38
[INFO] [stderr]     |
[INFO] [stderr] 102 |                     Err(e) => panic!(format!("failed to bind socket: {}", e)),
[INFO] [stderr]     |                                      ^^^^^^^^^^^^^^^^^^^^^^^^^^^^^^^^^^^^^^^
[INFO] [stderr]     |
[INFO] [stderr]     = note: this is no longer accepted in Rust 2021
[INFO] [stderr]     = note: the panic!() macro supports formatting, so there's no need for the format!() macro here
[INFO] [stderr] help: remove the `format!(..)` macro call
[INFO] [stderr]     |
[INFO] [stderr] 102 |                     Err(e) => panic!("failed to bind socket: {}", e),
[INFO] [stderr]     |                                     --                            --
[INFO] [stderr] 
[INFO] [stderr] warning: 3 warnings emitted
[INFO] [stderr] 
[INFO] [stderr] warning: use of deprecated associated function `std::sync::atomic::AtomicBool::compare_and_swap`: Use `compare_exchange` or `compare_exchange_weak` instead
[INFO] [stderr]    --> src/shutdown.rs:121:22
[INFO] [stderr]     |
[INFO] [stderr] 121 |     if SHUTTING_DOWN.compare_and_swap(false, true, std::sync::atomic::Ordering::SeqCst) {
[INFO] [stderr]     |                      ^^^^^^^^^^^^^^^^
[INFO] [stderr]     |
[INFO] [stderr]     = note: `#[warn(deprecated)]` on by default
[INFO] [stderr] 
[INFO] [stderr] warning: panic message is not a string literal
[INFO] [stderr]   --> src/sockets/unix_sockets.rs:78:38
[INFO] [stderr]    |
[INFO] [stderr] 78 |                     Err(e) => panic!(format!("failed to bind socket: {}", e)),
[INFO] [stderr]    |                                      ^^^^^^^^^^^^^^^^^^^^^^^^^^^^^^^^^^^^^^^
[INFO] [stderr]    |
[INFO] [stderr]    = note: `#[warn(non_fmt_panic)]` on by default
[INFO] [stderr]    = note: this is no longer accepted in Rust 2021
[INFO] [stderr]    = note: the panic!() macro supports formatting, so there's no need for the format!() macro here
[INFO] [stderr] help: remove the `format!(..)` macro call
[INFO] [stderr]    |
[INFO] [stderr] 78 |                     Err(e) => panic!("failed to bind socket: {}", e),
[INFO] [stderr]    |                                     --                            --
[INFO] [stderr] 
[INFO] [stderr] warning: panic message is not a string literal
[INFO] [stderr]    --> src/sockets/unix_sockets.rs:102:38
[INFO] [stderr]     |
[INFO] [stderr] 102 |                     Err(e) => panic!(format!("failed to bind socket: {}", e)),
[INFO] [stderr]     |                                      ^^^^^^^^^^^^^^^^^^^^^^^^^^^^^^^^^^^^^^^
[INFO] [stderr]     |
[INFO] [stderr]     = note: this is no longer accepted in Rust 2021
[INFO] [stderr]     = note: the panic!() macro supports formatting, so there's no need for the format!() macro here
[INFO] [stderr] help: remove the `format!(..)` macro call
[INFO] [stderr]     |
[INFO] [stderr] 102 |                     Err(e) => panic!("failed to bind socket: {}", e),
[INFO] [stderr]     |                                     --                            --
[INFO] [stderr] 
[INFO] [stderr] warning: 3 warnings emitted
[INFO] [stderr] 
[INFO] [stderr]     Finished test [unoptimized + debuginfo] target(s) in 7.97s
[INFO] [stderr]      Running unittests (/opt/rustwide/target/debug/deps/rustysd-9516653b83c9dcca)
[INFO] [stdout] 
[INFO] [stdout] running 5 tests
[INFO] [stdout] test tests::ordering::test_unit_ordering ... ok
[INFO] [stdout] test tests::parsing::test_service_parsing ... ok
[INFO] [stdout] test tests::parsing::test_socket_parsing ... ok
[INFO] [stdout] test tests::ordering::test_circle ... ok
[INFO] [stdout] test tests::state_transition::test_service_state_transitions ... FAILED
[INFO] [stdout] 
[INFO] [stdout] failures:
[INFO] [stdout] 
[INFO] [stdout] ---- tests::state_transition::test_service_state_transitions stdout ----
[INFO] [stdout] thread 'tests::state_transition::test_service_state_transitions' panicked at 'called `Result::unwrap()` on an `Err` value: Os { code: 30, kind: Other, message: "Read-only file system" }', src/services/prepare_service.rs:43:59
[INFO] [stdout] stack backtrace:
[INFO] [stdout]    0:     0x5604cd2bed90 - std::backtrace_rs::backtrace::libunwind::trace::h34055254b57d8e79
[INFO] [stdout]                                at /rustc/a178d0322ce20e33eac124758e837cbd80a6f633/library/std/src/../../backtrace/src/backtrace/libunwind.rs:90:5
[INFO] [stdout]    1:     0x5604cd2bed90 - std::backtrace_rs::backtrace::trace_unsynchronized::h8f1e3fbd9afff6ec
[INFO] [stdout]                                at /rustc/a178d0322ce20e33eac124758e837cbd80a6f633/library/std/src/../../backtrace/src/backtrace/mod.rs:66:5
[INFO] [stdout]    2:     0x5604cd2bed90 - std::sys_common::backtrace::_print_fmt::h3a99a796b770c360
[INFO] [stdout]                                at /rustc/a178d0322ce20e33eac124758e837cbd80a6f633/library/std/src/sys_common/backtrace.rs:67:5
[INFO] [stdout]    3:     0x5604cd2bed90 - <std::sys_common::backtrace::_print::DisplayBacktrace as core::fmt::Display>::fmt::h32d1f94a80615d18
[INFO] [stdout]                                at /rustc/a178d0322ce20e33eac124758e837cbd80a6f633/library/std/src/sys_common/backtrace.rs:46:22
[INFO] [stdout]    4:     0x5604cd2e22fc - core::fmt::write::h306731c068f7162c
[INFO] [stdout]                                at /rustc/a178d0322ce20e33eac124758e837cbd80a6f633/library/core/src/fmt/mod.rs:1110:17
[INFO] [stdout]    5:     0x5604cd2b86e5 - std::io::Write::write_fmt::h87f19b0a2cd190bc
[INFO] [stdout]                                at /rustc/a178d0322ce20e33eac124758e837cbd80a6f633/library/std/src/io/mod.rs:1588:15
[INFO] [stdout]    6:     0x5604cd2c0f4b - std::sys_common::backtrace::_print::h5abaa2601a852287
[INFO] [stdout]                                at /rustc/a178d0322ce20e33eac124758e837cbd80a6f633/library/std/src/sys_common/backtrace.rs:49:5
[INFO] [stdout]    7:     0x5604cd2c0f4b - std::sys_common::backtrace::print::h8d81445442bb638f
[INFO] [stdout]                                at /rustc/a178d0322ce20e33eac124758e837cbd80a6f633/library/std/src/sys_common/backtrace.rs:36:9
[INFO] [stdout]    8:     0x5604cd2c0f4b - std::panicking::default_hook::{{closure}}::hcfe804496a9fa747
[INFO] [stdout]                                at /rustc/a178d0322ce20e33eac124758e837cbd80a6f633/library/std/src/panicking.rs:208:50
[INFO] [stdout]    9:     0x5604cd2c0a5c - std::panicking::default_hook::hbea8e3ccf2ba8901
[INFO] [stdout]                                at /rustc/a178d0322ce20e33eac124758e837cbd80a6f633/library/std/src/panicking.rs:222:9
[INFO] [stdout]   10:     0x5604cd2c1614 - std::panicking::rust_panic_with_hook::h7ee9e1a2d0f8975a
[INFO] [stdout]                                at /rustc/a178d0322ce20e33eac124758e837cbd80a6f633/library/std/src/panicking.rs:622:17
[INFO] [stdout]   11:     0x5604cd2c10f7 - std::panicking::begin_panic_handler::{{closure}}::h8ab3b4491718b2c7
[INFO] [stdout]                                at /rustc/a178d0322ce20e33eac124758e837cbd80a6f633/library/std/src/panicking.rs:519:13
[INFO] [stdout]   12:     0x5604cd2bf28c - std::sys_common::backtrace::__rust_end_short_backtrace::hd489062ffa586a9f
[INFO] [stdout]                                at /rustc/a178d0322ce20e33eac124758e837cbd80a6f633/library/std/src/sys_common/backtrace.rs:141:18
[INFO] [stdout]   13:     0x5604cd2c1059 - rust_begin_unwind
[INFO] [stdout]                                at /rustc/a178d0322ce20e33eac124758e837cbd80a6f633/library/std/src/panicking.rs:515:5
[INFO] [stdout]   14:     0x5604cd1346d1 - core::panicking::panic_fmt::hca6330e3e14086b4
[INFO] [stdout]                                at /rustc/a178d0322ce20e33eac124758e837cbd80a6f633/library/core/src/panicking.rs:92:14
[INFO] [stdout]   15:     0x5604cd1347c3 - core::result::unwrap_failed::h6160d2b4bfbb0e87
[INFO] [stdout]                                at /rustc/a178d0322ce20e33eac124758e837cbd80a6f633/library/core/src/result.rs:1355:5
[INFO] [stdout]   16:     0x5604cd19eaa7 - core::result::Result<T,E>::unwrap::h2dd16c80193ba27b
[INFO] [stdout]                                at /rustc/a178d0322ce20e33eac124758e837cbd80a6f633/library/core/src/result.rs:1037:23
[INFO] [stdout]   17:     0x5604cd1bcce3 - rustysd::services::prepare_service::prepare_service::h823959cabed5803c
[INFO] [stdout]                                at /opt/rustwide/workdir/src/services/prepare_service.rs:43:9
[INFO] [stdout]   18:     0x5604cd1e5e20 - rustysd::services::services::Service::start::h6a9bef0c29a3e84a
[INFO] [stdout]                                at /opt/rustwide/workdir/src/services/services.rs:172:13
[INFO] [stdout]   19:     0x5604cd191652 - rustysd::units::unit::ServiceState::activate::h9e15b42442908a89
[INFO] [stdout]                                at /opt/rustwide/workdir/src/units/unit.rs:171:25
[INFO] [stdout]   20:     0x5604cd195ab5 - rustysd::units::unit::Unit::activate::h89e7b829bd598f28
[INFO] [stdout]                                at /opt/rustwide/workdir/src/units/unit.rs:574:17
[INFO] [stdout]   21:     0x5604cd1ede47 - rustysd::tests::state_transition::successful::h73fbefd9888c2259
[INFO] [stdout]                                at /opt/rustwide/workdir/src/tests/state_transition.rs:78:5
[INFO] [stdout]   22:     0x5604cd1f157f - rustysd::tests::state_transition::test_service_state_transitions::h99618e99350c9ffa
[INFO] [stdout]                                at /opt/rustwide/workdir/src/tests/state_transition.rs:32:5
[INFO] [stdout]   23:     0x5604cd1f104a - rustysd::tests::state_transition::test_service_state_transitions::{{closure}}::h6d7ca725ee6d774d
[INFO] [stdout]                                at /opt/rustwide/workdir/src/tests/state_transition.rs:6:1
[INFO] [stdout]   24:     0x5604cd15687e - core::ops::function::FnOnce::call_once::hd3bce53386d53209
[INFO] [stdout]                                at /rustc/a178d0322ce20e33eac124758e837cbd80a6f633/library/core/src/ops/function.rs:227:5
[INFO] [stdout]   25:     0x5604cd2333a3 - core::ops::function::FnOnce::call_once::h152e7e439ff59e19
[INFO] [stdout]                                at /rustc/a178d0322ce20e33eac124758e837cbd80a6f633/library/core/src/ops/function.rs:227:5
[INFO] [stdout]   26:     0x5604cd2333a3 - test::__rust_begin_short_backtrace::h0908f3b1fdbb72ab
[INFO] [stdout]                                at /rustc/a178d0322ce20e33eac124758e837cbd80a6f633/library/test/src/lib.rs:577:5
[INFO] [stdout]   27:     0x5604cd231e60 - <alloc::boxed::Box<F,A> as core::ops::function::FnOnce<Args>>::call_once::hf6d2a51e5587546c
[INFO] [stdout]                                at /rustc/a178d0322ce20e33eac124758e837cbd80a6f633/library/alloc/src/boxed.rs:1575:9
[INFO] [stdout]   28:     0x5604cd231e60 - <std::panic::AssertUnwindSafe<F> as core::ops::function::FnOnce<()>>::call_once::h8af660f3a89ef593
[INFO] [stdout]                                at /rustc/a178d0322ce20e33eac124758e837cbd80a6f633/library/std/src/panic.rs:347:9
[INFO] [stdout]   29:     0x5604cd231e60 - std::panicking::try::do_call::hd36aef60f84b6d36
[INFO] [stdout]                                at /rustc/a178d0322ce20e33eac124758e837cbd80a6f633/library/std/src/panicking.rs:401:40
[INFO] [stdout]   30:     0x5604cd231e60 - std::panicking::try::h9932b4480e69817c
[INFO] [stdout]                                at /rustc/a178d0322ce20e33eac124758e837cbd80a6f633/library/std/src/panicking.rs:365:19
[INFO] [stdout]   31:     0x5604cd231e60 - std::panic::catch_unwind::h6aa177099cfff5f8
[INFO] [stdout]                                at /rustc/a178d0322ce20e33eac124758e837cbd80a6f633/library/std/src/panic.rs:434:14
[INFO] [stdout]   32:     0x5604cd231e60 - test::run_test_in_process::h5884d6f2d99e20c3
[INFO] [stdout]                                at /rustc/a178d0322ce20e33eac124758e837cbd80a6f633/library/test/src/lib.rs:600:18
[INFO] [stdout]   33:     0x5604cd231e60 - test::run_test::run_test_inner::{{closure}}::h6fdc58c6d5f5b6e3
[INFO] [stdout]                                at /rustc/a178d0322ce20e33eac124758e837cbd80a6f633/library/test/src/lib.rs:492:39
[INFO] [stdout]   34:     0x5604cd20b512 - test::run_test::run_test_inner::{{closure}}::h408365d67a78ade8
[INFO] [stdout]                                at /rustc/a178d0322ce20e33eac124758e837cbd80a6f633/library/test/src/lib.rs:519:37
[INFO] [stdout]   35:     0x5604cd20b512 - std::sys_common::backtrace::__rust_begin_short_backtrace::hb560b77c4f701523
[INFO] [stdout]                                at /rustc/a178d0322ce20e33eac124758e837cbd80a6f633/library/std/src/sys_common/backtrace.rs:125:18
[INFO] [stdout]   36:     0x5604cd20f0c8 - std::thread::Builder::spawn_unchecked::{{closure}}::{{closure}}::hf2e7831dad93c597
[INFO] [stdout]                                at /rustc/a178d0322ce20e33eac124758e837cbd80a6f633/library/std/src/thread/mod.rs:481:17
[INFO] [stdout]   37:     0x5604cd20f0c8 - <std::panic::AssertUnwindSafe<F> as core::ops::function::FnOnce<()>>::call_once::hd2e08783d8be4d02
[INFO] [stdout]                                at /rustc/a178d0322ce20e33eac124758e837cbd80a6f633/library/std/src/panic.rs:347:9
[INFO] [stdout]   38:     0x5604cd20f0c8 - std::panicking::try::do_call::h062597b7acfd6b82
[INFO] [stdout]                                at /rustc/a178d0322ce20e33eac124758e837cbd80a6f633/library/std/src/panicking.rs:401:40
[INFO] [stdout]   39:     0x5604cd20f0c8 - std::panicking::try::h0d7b79db04c14552
[INFO] [stdout]                                at /rustc/a178d0322ce20e33eac124758e837cbd80a6f633/library/std/src/panicking.rs:365:19
[INFO] [stdout]   40:     0x5604cd20f0c8 - std::panic::catch_unwind::hb01a0b5e7c8cd43b
[INFO] [stdout]                                at /rustc/a178d0322ce20e33eac124758e837cbd80a6f633/library/std/src/panic.rs:434:14
[INFO] [stdout]   41:     0x5604cd20f0c8 - std::thread::Builder::spawn_unchecked::{{closure}}::h5bde48cc887e0d1e
[INFO] [stdout]                                at /rustc/a178d0322ce20e33eac124758e837cbd80a6f633/library/std/src/thread/mod.rs:480:30
[INFO] [stdout]   42:     0x5604cd20f0c8 - core::ops::function::FnOnce::call_once{{vtable.shim}}::h745ea30807a29e55
[INFO] [stdout]                                at /rustc/a178d0322ce20e33eac124758e837cbd80a6f633/library/core/src/ops/function.rs:227:5
[INFO] [stdout]   43:     0x5604cd2c6927 - <alloc::boxed::Box<F,A> as core::ops::function::FnOnce<Args>>::call_once::h7ece6cfefaff1005
[INFO] [stdout]                                at /rustc/a178d0322ce20e33eac124758e837cbd80a6f633/library/alloc/src/boxed.rs:1575:9
[INFO] [stdout]   44:     0x5604cd2c6927 - <alloc::boxed::Box<F,A> as core::ops::function::FnOnce<Args>>::call_once::hb8b48e55c21f193e
[INFO] [stdout]                                at /rustc/a178d0322ce20e33eac124758e837cbd80a6f633/library/alloc/src/boxed.rs:1575:9
[INFO] [stdout]   45:     0x5604cd2c6927 - std::sys::unix::thread::Thread::new::thread_start::h8c7c4450dba62914
[INFO] [stdout]                                at /rustc/a178d0322ce20e33eac124758e837cbd80a6f633/library/std/src/sys/unix/thread.rs:71:17
[INFO] [stdout]   46:     0x7f60207d7609 - start_thread
[INFO] [stdout]   47:     0x7f60205a9293 - clone
[INFO] [stdout]   48:                0x0 - <unknown>
[INFO] [stdout] 
[INFO] [stdout] 
[INFO] [stdout] failures:
[INFO] [stdout]     tests::state_transition::test_service_state_transitions
[INFO] [stdout] 
[INFO] [stdout] test result: FAILED. 4 passed; 1 failed; 0 ignored; 0 measured; 0 filtered out; finished in 0.03s
[INFO] [stdout] 
[INFO] [stderr] error: test failed, to rerun pass '--lib'
[INFO] running `Command { std: "docker" "inspect" "e45999dba54724a60e841db2c3f07fbc006ffe1ff0e0b42f95ec3d409262efc3", kill_on_drop: false }`
[INFO] running `Command { std: "docker" "rm" "-f" "e45999dba54724a60e841db2c3f07fbc006ffe1ff0e0b42f95ec3d409262efc3", kill_on_drop: false }`
[INFO] [stdout] e45999dba54724a60e841db2c3f07fbc006ffe1ff0e0b42f95ec3d409262efc3
