[INFO] cloning repository https://github.com/KTH/lms-scripts-rs
[INFO] running `Command { std: "git" "-c" "credential.helper=" "-c" "credential.helper=/workspace/cargo-home/bin/git-credential-null" "clone" "--bare" "https://github.com/KTH/lms-scripts-rs" "/workspace/cache/git-repos/https%3A%2F%2Fgithub.com%2FKTH%2Flms-scripts-rs", kill_on_drop: false }`
[INFO] [stderr] Cloning into bare repository '/workspace/cache/git-repos/https%3A%2F%2Fgithub.com%2FKTH%2Flms-scripts-rs'...
[INFO] running `Command { std: "git" "rev-parse" "HEAD", kill_on_drop: false }`
[INFO] [stdout] f93f84f37ac6de04dc28f152763e965fa6e4db47
[INFO] testing KTH/lms-scripts-rs against 1.54.0 for beta-1.55-1
[INFO] running `Command { std: "git" "clone" "/workspace/cache/git-repos/https%3A%2F%2Fgithub.com%2FKTH%2Flms-scripts-rs" "/workspace/builds/worker-72/source", kill_on_drop: false }`
[INFO] [stderr] Cloning into '/workspace/builds/worker-72/source'...
[INFO] [stderr] done.
[INFO] validating manifest of git repo https://github.com/KTH/lms-scripts-rs on toolchain 1.54.0
[INFO] running `Command { std: "/workspace/cargo-home/bin/cargo" "+1.54.0" "metadata" "--manifest-path" "Cargo.toml" "--no-deps", kill_on_drop: false }`
[INFO] started tweaking git repo https://github.com/KTH/lms-scripts-rs
[INFO] finished tweaking git repo https://github.com/KTH/lms-scripts-rs
[INFO] tweaked toml for git repo https://github.com/KTH/lms-scripts-rs written to /workspace/builds/worker-72/source/Cargo.toml
[INFO] crate git repo https://github.com/KTH/lms-scripts-rs already has a lockfile, it will not be regenerated
[INFO] running `Command { std: "/workspace/cargo-home/bin/cargo" "+1.54.0" "fetch" "--manifest-path" "Cargo.toml", kill_on_drop: false }`
[INFO] [stderr]     Blocking waiting for file lock on package cache
[INFO] [stderr]     Blocking waiting for file lock on package cache
[INFO] running `Command { std: "docker" "create" "-v" "/var/lib/crater-agent-workspace/builds/worker-72/target:/opt/rustwide/target:rw,Z" "-v" "/var/lib/crater-agent-workspace/builds/worker-72/source:/opt/rustwide/workdir:ro,Z" "-v" "/var/lib/crater-agent-workspace/cargo-home:/opt/rustwide/cargo-home:ro,Z" "-v" "/var/lib/crater-agent-workspace/rustup-home:/opt/rustwide/rustup-home:ro,Z" "-e" "SOURCE_DIR=/opt/rustwide/workdir" "-e" "CARGO_TARGET_DIR=/opt/rustwide/target" "-e" "CARGO_HOME=/opt/rustwide/cargo-home" "-e" "RUSTUP_HOME=/opt/rustwide/rustup-home" "-w" "/opt/rustwide/workdir" "-m" "1610612736" "--user" "0:0" "--network" "none" "ghcr.io/rust-lang/crates-build-env/linux@sha256:34b6a614d2c27851fe6cbf88fbd1137609cefab8b10d0615aaeb6fd47975d74e" "/opt/rustwide/cargo-home/bin/cargo" "+1.54.0" "metadata" "--no-deps" "--format-version=1", kill_on_drop: false }`
[INFO] [stdout] 45e75bca44fed3883938a0bc684920fef2a18fd8a0a520145e1cd1ab4edb5e0b
[INFO] running `Command { std: "docker" "start" "-a" "45e75bca44fed3883938a0bc684920fef2a18fd8a0a520145e1cd1ab4edb5e0b", kill_on_drop: false }`
[INFO] running `Command { std: "docker" "inspect" "45e75bca44fed3883938a0bc684920fef2a18fd8a0a520145e1cd1ab4edb5e0b", kill_on_drop: false }`
[INFO] running `Command { std: "docker" "rm" "-f" "45e75bca44fed3883938a0bc684920fef2a18fd8a0a520145e1cd1ab4edb5e0b", kill_on_drop: false }`
[INFO] [stdout] 45e75bca44fed3883938a0bc684920fef2a18fd8a0a520145e1cd1ab4edb5e0b
[INFO] running `Command { std: "docker" "create" "-v" "/var/lib/crater-agent-workspace/builds/worker-72/target:/opt/rustwide/target:rw,Z" "-v" "/var/lib/crater-agent-workspace/builds/worker-72/source:/opt/rustwide/workdir:ro,Z" "-v" "/var/lib/crater-agent-workspace/cargo-home:/opt/rustwide/cargo-home:ro,Z" "-v" "/var/lib/crater-agent-workspace/rustup-home:/opt/rustwide/rustup-home:ro,Z" "-e" "SOURCE_DIR=/opt/rustwide/workdir" "-e" "CARGO_TARGET_DIR=/opt/rustwide/target" "-e" "CARGO_INCREMENTAL=0" "-e" "RUST_BACKTRACE=full" "-e" "RUSTFLAGS=--cap-lints=warn" "-e" "CARGO_HOME=/opt/rustwide/cargo-home" "-e" "RUSTUP_HOME=/opt/rustwide/rustup-home" "-w" "/opt/rustwide/workdir" "-m" "1610612736" "--user" "0:0" "--network" "none" "ghcr.io/rust-lang/crates-build-env/linux@sha256:34b6a614d2c27851fe6cbf88fbd1137609cefab8b10d0615aaeb6fd47975d74e" "/opt/rustwide/cargo-home/bin/cargo" "+1.54.0" "build" "--frozen" "--message-format=json", kill_on_drop: false }`
[INFO] [stdout] 94d9c300bbb399683efc9c5c5ec4406013698aeb3a562228e505893dd358d5e2
[INFO] running `Command { std: "docker" "start" "-a" "94d9c300bbb399683efc9c5c5ec4406013698aeb3a562228e505893dd358d5e2", kill_on_drop: false }`
[INFO] [stderr]     Blocking waiting for file lock on package cache
[INFO] [stderr]    Compiling libc v0.2.95
[INFO] [stderr]    Compiling syn v1.0.72
[INFO] [stderr]    Compiling pkg-config v0.3.19
[INFO] [stderr]    Compiling itoa v0.4.7
[INFO] [stderr]    Compiling pin-project-lite v0.2.6
[INFO] [stderr]    Compiling cc v1.0.68
[INFO] [stderr]    Compiling bytes v1.0.1
[INFO] [stderr]    Compiling futures-core v0.3.15
[INFO] [stderr]    Compiling futures-task v0.3.15
[INFO] [stderr]    Compiling matches v0.1.8
[INFO] [stderr]    Compiling openssl v0.10.34
[INFO] [stderr]    Compiling tinyvec_macros v0.1.0
[INFO] [stderr]    Compiling hashbrown v0.9.1
[INFO] [stderr]    Compiling slab v0.4.3
[INFO] [stderr]    Compiling futures-sink v0.3.15
[INFO] [stderr]    Compiling futures-channel v0.3.15
[INFO] [stderr]    Compiling httparse v1.4.1
[INFO] [stderr]    Compiling futures-io v0.3.15
[INFO] [stderr]    Compiling once_cell v1.7.2
[INFO] [stderr]    Compiling native-tls v0.2.7
[INFO] [stderr]    Compiling openssl-probe v0.1.4
[INFO] [stderr]    Compiling try-lock v0.2.3
[INFO] [stderr]    Compiling tower-service v0.3.1
[INFO] [stderr]    Compiling encoding_rs v0.8.28
[INFO] [stderr]    Compiling serde_json v1.0.64
[INFO] [stderr]    Compiling httpdate v1.0.1
[INFO] [stderr]    Compiling byteorder v1.4.3
[INFO] [stderr]    Compiling regex-syntax v0.6.25
[INFO] [stderr]    Compiling remove_dir_all v0.5.3
[INFO] [stderr]    Compiling base64 v0.13.0
[INFO] [stderr]    Compiling mime v0.3.16
[INFO] [stderr]    Compiling ipnet v2.3.0
[INFO] [stderr]    Compiling zeroize v1.3.0
[INFO] [stderr]    Compiling dotenv v0.15.0
[INFO] [stderr]    Compiling tokio v1.6.0
[INFO] [stderr]    Compiling futures-util v0.3.15
[INFO] [stderr]    Compiling indexmap v1.6.2
[INFO] [stderr]    Compiling num-traits v0.2.14
[INFO] [stderr]    Compiling num-integer v0.1.44
[INFO] [stderr]    Compiling ryu v1.0.5
[INFO] [stderr]    Compiling foreign-types v0.3.2
[INFO] [stderr]    Compiling tracing-core v0.1.18
[INFO] [stderr]    Compiling csv-core v0.1.10
[INFO] [stderr]    Compiling form_urlencoded v1.0.1
[INFO] [stderr]    Compiling unicode-bidi v0.3.5
[INFO] [stderr]    Compiling tinyvec v1.2.0
[INFO] [stderr]    Compiling tracing v0.1.26
[INFO] [stderr]    Compiling regex-automata v0.1.9
[INFO] [stderr]    Compiling want v0.3.0
[INFO] [stderr]    Compiling openssl-sys v0.9.63
[INFO] [stderr]    Compiling mio v0.7.11
[INFO] [stderr]    Compiling num_cpus v1.13.0
[INFO] [stderr]    Compiling getrandom v0.2.3
[INFO] [stderr]    Compiling socket2 v0.4.0
[INFO] [stderr]    Compiling terminal_size v0.1.17
[INFO] [stderr]    Compiling time v0.1.44
[INFO] [stderr]    Compiling http v0.2.4
[INFO] [stderr]    Compiling unicode-normalization v0.1.17
[INFO] [stderr]    Compiling regex v1.5.4
[INFO] [stderr]    Compiling rand_core v0.6.2
[INFO] [stderr]    Compiling chrono v0.4.19
[INFO] [stderr]    Compiling rand_chacha v0.3.0
[INFO] [stderr]    Compiling console v0.14.1
[INFO] [stderr]    Compiling http-body v0.4.2
[INFO] [stderr]    Compiling idna v0.2.3
[INFO] [stderr]    Compiling rand v0.8.3
[INFO] [stderr]    Compiling url v2.2.2
[INFO] [stderr]    Compiling tempfile v3.2.0
[INFO] [stderr]    Compiling dialoguer v0.8.0
[INFO] [stderr]    Compiling serde_derive v1.0.126
[INFO] [stderr]    Compiling pin-project-internal v1.0.7
[INFO] [stderr]    Compiling tokio-util v0.6.7
[INFO] [stderr]    Compiling tokio-native-tls v0.3.0
[INFO] [stderr]    Compiling h2 v0.3.3
[INFO] [stderr]    Compiling pin-project v1.0.7
[INFO] [stderr]    Compiling serde v1.0.126
[INFO] [stderr]    Compiling hyper v0.14.8
[INFO] [stderr]    Compiling bstr v0.2.16
[INFO] [stderr]    Compiling serde_urlencoded v0.7.0
[INFO] [stderr]    Compiling csv v1.1.6
[INFO] [stderr]    Compiling hyper-tls v0.5.0
[INFO] [stderr]    Compiling users_without_sisid v0.1.0 (/opt/rustwide/workdir/users_without_sisid)
[INFO] [stderr]    Compiling reqwest v0.11.3
[INFO] [stderr]    Compiling canvas_api v0.1.0 (/opt/rustwide/workdir/canvas_api)
[INFO] [stderr]    Compiling todo_example v0.1.0 (/opt/rustwide/workdir/todo_example)
[INFO] [stderr]    Compiling kaltura_videos v0.1.0 (/opt/rustwide/workdir/kaltura_videos)
[INFO] [stderr]    Compiling list_enrollments v0.1.0 (/opt/rustwide/workdir/list_enrollments)
[INFO] [stderr]     Finished dev [unoptimized + debuginfo] target(s) in 1m 04s
[INFO] running `Command { std: "docker" "inspect" "94d9c300bbb399683efc9c5c5ec4406013698aeb3a562228e505893dd358d5e2", kill_on_drop: false }`
[INFO] running `Command { std: "docker" "rm" "-f" "94d9c300bbb399683efc9c5c5ec4406013698aeb3a562228e505893dd358d5e2", kill_on_drop: false }`
[INFO] [stdout] 94d9c300bbb399683efc9c5c5ec4406013698aeb3a562228e505893dd358d5e2
[INFO] running `Command { std: "docker" "create" "-v" "/var/lib/crater-agent-workspace/builds/worker-72/target:/opt/rustwide/target:rw,Z" "-v" "/var/lib/crater-agent-workspace/builds/worker-72/source:/opt/rustwide/workdir:ro,Z" "-v" "/var/lib/crater-agent-workspace/cargo-home:/opt/rustwide/cargo-home:ro,Z" "-v" "/var/lib/crater-agent-workspace/rustup-home:/opt/rustwide/rustup-home:ro,Z" "-e" "SOURCE_DIR=/opt/rustwide/workdir" "-e" "CARGO_TARGET_DIR=/opt/rustwide/target" "-e" "CARGO_INCREMENTAL=0" "-e" "RUST_BACKTRACE=full" "-e" "RUSTFLAGS=--cap-lints=warn" "-e" "CARGO_HOME=/opt/rustwide/cargo-home" "-e" "RUSTUP_HOME=/opt/rustwide/rustup-home" "-w" "/opt/rustwide/workdir" "-m" "1610612736" "--user" "0:0" "--network" "none" "ghcr.io/rust-lang/crates-build-env/linux@sha256:34b6a614d2c27851fe6cbf88fbd1137609cefab8b10d0615aaeb6fd47975d74e" "/opt/rustwide/cargo-home/bin/cargo" "+1.54.0" "test" "--frozen" "--no-run" "--message-format=json", kill_on_drop: false }`
[INFO] [stdout] 0379c513cabb52cd696bed40c5d01f6a946cf0bb8e66e4f632a643ec04ffb592
[INFO] running `Command { std: "docker" "start" "-a" "0379c513cabb52cd696bed40c5d01f6a946cf0bb8e66e4f632a643ec04ffb592", kill_on_drop: false }`
[INFO] [stderr]    Compiling users_without_sisid v0.1.0 (/opt/rustwide/workdir/users_without_sisid)
[INFO] [stderr]    Compiling canvas_api v0.1.0 (/opt/rustwide/workdir/canvas_api)
[INFO] [stderr]    Compiling todo_example v0.1.0 (/opt/rustwide/workdir/todo_example)
[INFO] [stderr]    Compiling kaltura_videos v0.1.0 (/opt/rustwide/workdir/kaltura_videos)
[INFO] [stderr]    Compiling list_enrollments v0.1.0 (/opt/rustwide/workdir/list_enrollments)
[INFO] [stderr]     Finished test [unoptimized + debuginfo] target(s) in 2.08s
[INFO] running `Command { std: "docker" "inspect" "0379c513cabb52cd696bed40c5d01f6a946cf0bb8e66e4f632a643ec04ffb592", kill_on_drop: false }`
[INFO] running `Command { std: "docker" "rm" "-f" "0379c513cabb52cd696bed40c5d01f6a946cf0bb8e66e4f632a643ec04ffb592", kill_on_drop: false }`
[INFO] [stdout] 0379c513cabb52cd696bed40c5d01f6a946cf0bb8e66e4f632a643ec04ffb592
[INFO] running `Command { std: "docker" "create" "-v" "/var/lib/crater-agent-workspace/builds/worker-72/target:/opt/rustwide/target:rw,Z" "-v" "/var/lib/crater-agent-workspace/builds/worker-72/source:/opt/rustwide/workdir:ro,Z" "-v" "/var/lib/crater-agent-workspace/cargo-home:/opt/rustwide/cargo-home:ro,Z" "-v" "/var/lib/crater-agent-workspace/rustup-home:/opt/rustwide/rustup-home:ro,Z" "-e" "SOURCE_DIR=/opt/rustwide/workdir" "-e" "CARGO_TARGET_DIR=/opt/rustwide/target" "-e" "CARGO_INCREMENTAL=0" "-e" "RUST_BACKTRACE=full" "-e" "RUSTFLAGS=--cap-lints=warn" "-e" "CARGO_HOME=/opt/rustwide/cargo-home" "-e" "RUSTUP_HOME=/opt/rustwide/rustup-home" "-w" "/opt/rustwide/workdir" "-m" "1610612736" "--user" "0:0" "--network" "none" "ghcr.io/rust-lang/crates-build-env/linux@sha256:34b6a614d2c27851fe6cbf88fbd1137609cefab8b10d0615aaeb6fd47975d74e" "/opt/rustwide/cargo-home/bin/cargo" "+1.54.0" "test" "--frozen", kill_on_drop: false }`
[INFO] [stdout] cabad6e3866088f43b1a37678ffa6f48fca2e0125dd26fd8c2a0b52850d6ecc8
[INFO] running `Command { std: "docker" "start" "-a" "cabad6e3866088f43b1a37678ffa6f48fca2e0125dd26fd8c2a0b52850d6ecc8", kill_on_drop: false }`
[INFO] [stderr]     Blocking waiting for file lock on package cache
[INFO] [stderr]     Finished test [unoptimized + debuginfo] target(s) in 1.02s
[INFO] [stderr]      Running unittests (/opt/rustwide/target/debug/deps/canvas_api-ba9d0b70b57c6dc8)
[INFO] [stdout] 
[INFO] [stdout] running 1 test
[INFO] [stdout] test tests::it_works ... ok
[INFO] [stdout] 
[INFO] [stdout] test result: ok. 1 passed; 0 failed; 0 ignored; 0 measured; 0 filtered out; finished in 0.00s
[INFO] [stdout] 
[INFO] [stderr]      Running unittests (/opt/rustwide/target/debug/deps/kaltura_videos-0e66ed3fa93abc74)
[INFO] [stdout] 
[INFO] [stdout] running 0 tests
[INFO] [stdout] 
[INFO] [stdout] test result: ok. 0 passed; 0 failed; 0 ignored; 0 measured; 0 filtered out; finished in 0.00s
[INFO] [stdout] 
[INFO] [stderr]      Running unittests (/opt/rustwide/target/debug/deps/list_enrollments-5071c610839b25cf)
[INFO] [stdout] 
[INFO] [stderr]      Running unittests (/opt/rustwide/target/debug/deps/todo_example-59b6886f92a9ebc3)
[INFO] [stdout] running 0 tests
[INFO] [stdout] 
[INFO] [stdout] test result: ok. 0 passed; 0 failed; 0 ignored; 0 measured; 0 filtered out; finished in 0.00s
[INFO] [stdout] 
[INFO] [stderr]      Running unittests (/opt/rustwide/target/debug/deps/users_without_sisid-bdcead3b2194af27)
[INFO] [stdout] 
[INFO] [stdout] running 0 tests
[INFO] [stdout] 
[INFO] [stdout] test result: ok. 0 passed; 0 failed; 0 ignored; 0 measured; 0 filtered out; finished in 0.00s
[INFO] [stdout] 
[INFO] [stderr]    Doc-tests canvas_api
[INFO] [stdout] 
[INFO] [stdout] running 0 tests
[INFO] [stdout] 
[INFO] [stdout] test result: ok. 0 passed; 0 failed; 0 ignored; 0 measured; 0 filtered out; finished in 0.00s
[INFO] [stdout] 
[INFO] [stdout] 
[INFO] [stdout] running 2 tests
[INFO] [stdout] test src/lib.rs - CanvasApi::get (line 137) ... FAILED
[INFO] [stdout] test src/lib.rs - CanvasApi::new (line 119) ... ok
[INFO] [stdout] 
[INFO] [stdout] failures:
[INFO] [stdout] 
[INFO] [stdout] ---- src/lib.rs - CanvasApi::get (line 137) stdout ----
[INFO] [stdout] Test executable failed (exit code 101).
[INFO] [stdout] 
[INFO] [stdout] stderr:
[INFO] [stdout] thread 'main' panicked at 'called `Result::unwrap()` on an `Err` value: reqwest::Error { kind: Request, url: Url { scheme: "https", cannot_be_a_base: false, username: "", password: None, host: Some(Domain("kth.test.instructure.com")), port: None, path: "/accounts/1", query: None, fragment: None }, source: hyper::Error(Connect, ConnectError("dns error", Custom { kind: Other, error: "failed to lookup address information: Temporary failure in name resolution" })) }', src/lib.rs:7:37
[INFO] [stdout] stack backtrace:
[INFO] [stdout]    0:     0x558b4a540060 - std::backtrace_rs::backtrace::libunwind::trace::h34055254b57d8e79
[INFO] [stdout]                                at /rustc/a178d0322ce20e33eac124758e837cbd80a6f633/library/std/src/../../backtrace/src/backtrace/libunwind.rs:90:5
[INFO] [stdout]    1:     0x558b4a540060 - std::backtrace_rs::backtrace::trace_unsynchronized::h8f1e3fbd9afff6ec
[INFO] [stdout]                                at /rustc/a178d0322ce20e33eac124758e837cbd80a6f633/library/std/src/../../backtrace/src/backtrace/mod.rs:66:5
[INFO] [stdout]    2:     0x558b4a540060 - std::sys_common::backtrace::_print_fmt::h3a99a796b770c360
[INFO] [stdout]                                at /rustc/a178d0322ce20e33eac124758e837cbd80a6f633/library/std/src/sys_common/backtrace.rs:67:5
[INFO] [stdout]    3:     0x558b4a540060 - <std::sys_common::backtrace::_print::DisplayBacktrace as core::fmt::Display>::fmt::h32d1f94a80615d18
[INFO] [stdout]                                at /rustc/a178d0322ce20e33eac124758e837cbd80a6f633/library/std/src/sys_common/backtrace.rs:46:22
[INFO] [stdout]    4:     0x558b4a55ff7c - core::fmt::write::h306731c068f7162c
[INFO] [stdout]                                at /rustc/a178d0322ce20e33eac124758e837cbd80a6f633/library/core/src/fmt/mod.rs:1110:17
[INFO] [stdout]    5:     0x558b4a53b365 - std::io::Write::write_fmt::hd2fa90334eee2a21
[INFO] [stdout]                                at /rustc/a178d0322ce20e33eac124758e837cbd80a6f633/library/std/src/io/mod.rs:1588:15
[INFO] [stdout]    6:     0x558b4a54200b - std::sys_common::backtrace::_print::h5abaa2601a852287
[INFO] [stdout]                                at /rustc/a178d0322ce20e33eac124758e837cbd80a6f633/library/std/src/sys_common/backtrace.rs:49:5
[INFO] [stdout]    7:     0x558b4a54200b - std::sys_common::backtrace::print::h8d81445442bb638f
[INFO] [stdout]                                at /rustc/a178d0322ce20e33eac124758e837cbd80a6f633/library/std/src/sys_common/backtrace.rs:36:9
[INFO] [stdout]    8:     0x558b4a54200b - std::panicking::default_hook::{{closure}}::hcfe804496a9fa747
[INFO] [stdout]                                at /rustc/a178d0322ce20e33eac124758e837cbd80a6f633/library/std/src/panicking.rs:208:50
[INFO] [stdout]    9:     0x558b4a541ae1 - std::panicking::default_hook::hbea8e3ccf2ba8901
[INFO] [stdout]                                at /rustc/a178d0322ce20e33eac124758e837cbd80a6f633/library/std/src/panicking.rs:225:9
[INFO] [stdout]   10:     0x558b4a5426d4 - std::panicking::rust_panic_with_hook::h7ee9e1a2d0f8975a
[INFO] [stdout]                                at /rustc/a178d0322ce20e33eac124758e837cbd80a6f633/library/std/src/panicking.rs:622:17
[INFO] [stdout]   11:     0x558b4a5421b7 - std::panicking::begin_panic_handler::{{closure}}::h8ab3b4491718b2c7
[INFO] [stdout]                                at /rustc/a178d0322ce20e33eac124758e837cbd80a6f633/library/std/src/panicking.rs:519:13
[INFO] [stdout]   12:     0x558b4a54055c - std::sys_common::backtrace::__rust_end_short_backtrace::hd489062ffa586a9f
[INFO] [stdout]                                at /rustc/a178d0322ce20e33eac124758e837cbd80a6f633/library/std/src/sys_common/backtrace.rs:141:18
[INFO] [stdout]   13:     0x558b4a542119 - rust_begin_unwind
[INFO] [stdout]                                at /rustc/a178d0322ce20e33eac124758e837cbd80a6f633/library/std/src/panicking.rs:515:5
[INFO] [stdout]   14:     0x558b4a1175c1 - core::panicking::panic_fmt::hca6330e3e14086b4
[INFO] [stdout]                                at /rustc/a178d0322ce20e33eac124758e837cbd80a6f633/library/core/src/panicking.rs:92:14
[INFO] [stdout]   15:     0x558b4a1176b3 - core::result::unwrap_failed::h6160d2b4bfbb0e87
[INFO] [stdout]                                at /rustc/a178d0322ce20e33eac124758e837cbd80a6f633/library/core/src/result.rs:1355:5
[INFO] [stdout]   16:     0x558b4a11802b - core::result::Result<T,E>::unwrap::hdc78704d79f17ba8
[INFO] [stdout]   17:     0x558b4a118115 - rust_out::main::_doctest_main_src_lib_rs_137_0::hc206d1120ddc7fe3
[INFO] [stdout]   18:     0x558b4a1180a6 - rust_out::main::h2a38bb51b9580a7d
[INFO] [stdout]   19:     0x558b4a117f93 - core::ops::function::FnOnce::call_once::hb73b95e6982fd3f0
[INFO] [stdout]   20:     0x558b4a117e89 - std::sys_common::backtrace::__rust_begin_short_backtrace::h8371d112165838d3
[INFO] [stdout]   21:     0x558b4a117ef9 - std::rt::lang_start::{{closure}}::h783adf50233ec5ec
[INFO] [stdout]   22:     0x558b4a542cd9 - core::ops::function::impls::<impl core::ops::function::FnOnce<A> for &F>::call_once::h2aabc384aab89b7b
[INFO] [stdout]                                at /rustc/a178d0322ce20e33eac124758e837cbd80a6f633/library/core/src/ops/function.rs:259:13
[INFO] [stdout]   23:     0x558b4a542cd9 - std::panicking::try::do_call::hc5fcacb7a85fc7b1
[INFO] [stdout]                                at /rustc/a178d0322ce20e33eac124758e837cbd80a6f633/library/std/src/panicking.rs:401:40
[INFO] [stdout]   24:     0x558b4a542cd9 - std::panicking::try::hb5d9603af3abbe3a
[INFO] [stdout]                                at /rustc/a178d0322ce20e33eac124758e837cbd80a6f633/library/std/src/panicking.rs:365:19
[INFO] [stdout]   25:     0x558b4a542cd9 - std::panic::catch_unwind::h98fe6ac3925e64b4
[INFO] [stdout]                                at /rustc/a178d0322ce20e33eac124758e837cbd80a6f633/library/std/src/panic.rs:434:14
[INFO] [stdout]   26:     0x558b4a542cd9 - std::rt::lang_start_internal::h22ac7383c516f93e
[INFO] [stdout]                                at /rustc/a178d0322ce20e33eac124758e837cbd80a6f633/library/std/src/rt.rs:34:21
[INFO] [stdout]   27:     0x558b4a117ee1 - std::rt::lang_start::h11b9716471e37ff8
[INFO] [stdout]   28:     0x558b4a118183 - main
[INFO] [stdout]   29:     0x7ff5bc0620b3 - __libc_start_main
[INFO] [stdout]   30:     0x558b4a117dbe - _start
[INFO] [stdout]   31:                0x0 - <unknown>
[INFO] [stdout] 
[INFO] [stdout] 
[INFO] [stdout] 
[INFO] [stdout] failures:
[INFO] [stdout]     src/lib.rs - CanvasApi::get (line 137)
[INFO] [stdout] 
[INFO] [stdout] test result: FAILED. 1 passed; 1 failed; 0 ignored; 0 measured; 0 filtered out; finished in 6.23s
[INFO] [stdout] 
[INFO] [stderr] error: test failed, to rerun pass '--doc'
[INFO] running `Command { std: "docker" "inspect" "cabad6e3866088f43b1a37678ffa6f48fca2e0125dd26fd8c2a0b52850d6ecc8", kill_on_drop: false }`
[INFO] running `Command { std: "docker" "rm" "-f" "cabad6e3866088f43b1a37678ffa6f48fca2e0125dd26fd8c2a0b52850d6ecc8", kill_on_drop: false }`
[INFO] [stdout] cabad6e3866088f43b1a37678ffa6f48fca2e0125dd26fd8c2a0b52850d6ecc8
