[INFO] cloning repository https://github.com/JosipHaboic/rust-back-end-example
[INFO] running `Command { std: "git" "-c" "credential.helper=" "-c" "credential.helper=/workspace/cargo-home/bin/git-credential-null" "clone" "--bare" "https://github.com/JosipHaboic/rust-back-end-example" "/workspace/cache/git-repos/https%3A%2F%2Fgithub.com%2FJosipHaboic%2Frust-back-end-example", kill_on_drop: false }`
[INFO] [stderr] Cloning into bare repository '/workspace/cache/git-repos/https%3A%2F%2Fgithub.com%2FJosipHaboic%2Frust-back-end-example'...
[INFO] running `Command { std: "git" "rev-parse" "HEAD", kill_on_drop: false }`
[INFO] [stdout] abe939849464a39228735aa6746ba949123c60c6
[INFO] testing JosipHaboic/rust-back-end-example against 1.54.0 for beta-1.55-1
[INFO] running `Command { std: "git" "clone" "/workspace/cache/git-repos/https%3A%2F%2Fgithub.com%2FJosipHaboic%2Frust-back-end-example" "/workspace/builds/worker-3/source", kill_on_drop: false }`
[INFO] [stderr] Cloning into '/workspace/builds/worker-3/source'...
[INFO] [stderr] done.
[INFO] validating manifest of git repo https://github.com/JosipHaboic/rust-back-end-example on toolchain 1.54.0
[INFO] running `Command { std: "/workspace/cargo-home/bin/cargo" "+1.54.0" "metadata" "--manifest-path" "Cargo.toml" "--no-deps", kill_on_drop: false }`
[INFO] started tweaking git repo https://github.com/JosipHaboic/rust-back-end-example
[INFO] finished tweaking git repo https://github.com/JosipHaboic/rust-back-end-example
[INFO] tweaked toml for git repo https://github.com/JosipHaboic/rust-back-end-example written to /workspace/builds/worker-3/source/Cargo.toml
[INFO] crate git repo https://github.com/JosipHaboic/rust-back-end-example already has a lockfile, it will not be regenerated
[INFO] running `Command { std: "/workspace/cargo-home/bin/cargo" "+1.54.0" "fetch" "--manifest-path" "Cargo.toml", kill_on_drop: false }`
[INFO] [stderr]     Blocking waiting for file lock on package cache
[INFO] running `Command { std: "docker" "create" "-v" "/var/lib/crater-agent-workspace/builds/worker-3/target:/opt/rustwide/target:rw,Z" "-v" "/var/lib/crater-agent-workspace/builds/worker-3/source:/opt/rustwide/workdir:ro,Z" "-v" "/var/lib/crater-agent-workspace/cargo-home:/opt/rustwide/cargo-home:ro,Z" "-v" "/var/lib/crater-agent-workspace/rustup-home:/opt/rustwide/rustup-home:ro,Z" "-e" "SOURCE_DIR=/opt/rustwide/workdir" "-e" "CARGO_TARGET_DIR=/opt/rustwide/target" "-e" "CARGO_HOME=/opt/rustwide/cargo-home" "-e" "RUSTUP_HOME=/opt/rustwide/rustup-home" "-w" "/opt/rustwide/workdir" "-m" "1610612736" "--user" "0:0" "--network" "none" "ghcr.io/rust-lang/crates-build-env/linux@sha256:34b6a614d2c27851fe6cbf88fbd1137609cefab8b10d0615aaeb6fd47975d74e" "/opt/rustwide/cargo-home/bin/cargo" "+1.54.0" "metadata" "--no-deps" "--format-version=1", kill_on_drop: false }`
[INFO] [stdout] 22fe7d97c654da027a8f9ce3e6a73a8f53f9e096a5b25642456dfa871de8b6d2
[INFO] [stderr] WARNING: Your kernel does not support swap limit capabilities or the cgroup is not mounted. Memory limited without swap.
[INFO] running `Command { std: "docker" "start" "-a" "22fe7d97c654da027a8f9ce3e6a73a8f53f9e096a5b25642456dfa871de8b6d2", kill_on_drop: false }`
[INFO] running `Command { std: "docker" "inspect" "22fe7d97c654da027a8f9ce3e6a73a8f53f9e096a5b25642456dfa871de8b6d2", kill_on_drop: false }`
[INFO] running `Command { std: "docker" "rm" "-f" "22fe7d97c654da027a8f9ce3e6a73a8f53f9e096a5b25642456dfa871de8b6d2", kill_on_drop: false }`
[INFO] [stdout] 22fe7d97c654da027a8f9ce3e6a73a8f53f9e096a5b25642456dfa871de8b6d2
[INFO] running `Command { std: "docker" "create" "-v" "/var/lib/crater-agent-workspace/builds/worker-3/target:/opt/rustwide/target:rw,Z" "-v" "/var/lib/crater-agent-workspace/builds/worker-3/source:/opt/rustwide/workdir:ro,Z" "-v" "/var/lib/crater-agent-workspace/cargo-home:/opt/rustwide/cargo-home:ro,Z" "-v" "/var/lib/crater-agent-workspace/rustup-home:/opt/rustwide/rustup-home:ro,Z" "-e" "SOURCE_DIR=/opt/rustwide/workdir" "-e" "CARGO_TARGET_DIR=/opt/rustwide/target" "-e" "CARGO_INCREMENTAL=0" "-e" "RUST_BACKTRACE=full" "-e" "RUSTFLAGS=--cap-lints=warn" "-e" "CARGO_HOME=/opt/rustwide/cargo-home" "-e" "RUSTUP_HOME=/opt/rustwide/rustup-home" "-w" "/opt/rustwide/workdir" "-m" "1610612736" "--user" "0:0" "--network" "none" "ghcr.io/rust-lang/crates-build-env/linux@sha256:34b6a614d2c27851fe6cbf88fbd1137609cefab8b10d0615aaeb6fd47975d74e" "/opt/rustwide/cargo-home/bin/cargo" "+1.54.0" "build" "--frozen" "--message-format=json", kill_on_drop: false }`
[INFO] [stderr] WARNING: Your kernel does not support swap limit capabilities or the cgroup is not mounted. Memory limited without swap.
[INFO] [stdout] f7d47475a62c1ab33fa17a342d2c6387a562eaa56413ed9db0874d77d213116f
[INFO] running `Command { std: "docker" "start" "-a" "f7d47475a62c1ab33fa17a342d2c6387a562eaa56413ed9db0874d77d213116f", kill_on_drop: false }`
[INFO] [stderr]    Compiling syn v1.0.11
[INFO] [stderr]    Compiling futures-core v0.3.1
[INFO] [stderr]    Compiling futures-sink v0.3.1
[INFO] [stderr]    Compiling bytes v0.5.3
[INFO] [stderr]    Compiling smallvec v1.1.0
[INFO] [stderr]    Compiling futures-task v0.3.1
[INFO] [stderr]    Compiling futures-io v0.3.1
[INFO] [stderr]    Compiling pin-project-lite v0.1.1
[INFO] [stderr]    Compiling v_htmlescape v0.4.5
[INFO] [stderr]    Compiling fallible-iterator v0.2.0
[INFO] [stderr]    Compiling fallible-streaming-iterator v0.1.9
[INFO] [stderr]    Compiling hex v0.4.0
[INFO] [stderr]    Compiling backtrace-sys v0.1.32
[INFO] [stderr]    Compiling brotli-sys v0.3.2
[INFO] [stderr]    Compiling lock_api v0.3.2
[INFO] [stderr]    Compiling indexmap v1.3.0
[INFO] [stderr]    Compiling miniz_oxide v0.3.5
[INFO] [stderr]    Compiling libsqlite3-sys v0.17.0
[INFO] [stderr]    Compiling unicode-normalization v0.1.11
[INFO] [stderr]    Compiling parking_lot_core v0.7.0
[INFO] [stderr]    Compiling getrandom v0.1.13
[INFO] [stderr]    Compiling hostname v0.1.5
[INFO] [stderr]    Compiling socket2 v0.3.11
[INFO] [stderr]    Compiling listenfd v0.3.3
[INFO] [stderr]    Compiling futures-channel v0.3.1
[INFO] [stderr]    Compiling threadpool v1.7.1
[INFO] [stderr]    Compiling mime_guess v2.0.1
[INFO] [stderr]    Compiling env_logger v0.7.1
[INFO] [stderr]    Compiling chrono v0.4.10
[INFO] [stderr]    Compiling resolv-conf v0.6.2
[INFO] [stderr]    Compiling tokio v0.2.6
[INFO] [stderr]    Compiling http v0.2.0
[INFO] [stderr]    Compiling bytestring v0.1.2
[INFO] [stderr]    Compiling parking_lot v0.10.0
[INFO] [stderr]    Compiling flate2 v1.0.13
[INFO] [stderr]    Compiling rand_core v0.5.1
[INFO] [stderr]    Compiling rand_chacha v0.2.1
[INFO] [stderr]    Compiling idna v0.2.0
[INFO] [stderr]    Compiling backtrace v0.3.40
[INFO] [stderr]    Compiling rand v0.7.2
[INFO] [stderr]    Compiling url v2.1.0
[INFO] [stderr]    Compiling rs-uuid v0.3.1
[INFO] [stderr]    Compiling tokio-util v0.2.0
[INFO] [stderr]    Compiling actix-codec v0.2.0
[INFO] [stderr]    Compiling brotli2 v0.3.2
[INFO] [stderr]    Compiling synstructure v0.12.3
[INFO] [stderr]    Compiling proc-macro-hack v0.5.11
[INFO] [stderr]    Compiling pin-project-internal v0.4.6
[INFO] [stderr]    Compiling derive_more v0.99.2
[INFO] [stderr]    Compiling actix-macros v0.1.1
[INFO] [stderr]    Compiling failure_derive v0.1.6
[INFO] [stderr]    Compiling serde_derive v1.0.104
[INFO] [stderr]    Compiling async-trait v0.1.22
[INFO] [stderr]    Compiling enum-as-inner v0.3.0
[INFO] [stderr]    Compiling actix-web-codegen v0.2.0
[INFO] [stderr]    Compiling v_escape_derive v0.5.6
[INFO] [stderr]    Compiling failure v0.1.6
[INFO] [stderr]    Compiling futures-macro v0.3.1
[INFO] [stderr]    Compiling v_escape v0.7.4
[INFO] [stderr]    Compiling pin-project v0.4.6
[INFO] [stderr]    Compiling futures-util v0.3.1
[INFO] [stderr]    Compiling actix-threadpool v0.3.1
[INFO] [stderr]    Compiling serde v1.0.104
[INFO] [stderr]    Compiling futures-executor v0.3.1
[INFO] [stderr]    Compiling actix-service v1.0.1
[INFO] [stderr]    Compiling h2 v0.2.1
[INFO] [stderr]    Compiling futures v0.3.1
[INFO] [stderr]    Compiling actix-rt v1.0.0
[INFO] [stderr]    Compiling trust-dns-proto v0.18.0-alpha.2
[INFO] [stderr]    Compiling actix-utils v1.0.4
[INFO] [stderr]    Compiling actix-server v1.0.1
[INFO] [stderr]    Compiling actix-tls v1.0.0
[INFO] [stderr]    Compiling trust-dns-resolver v0.18.0-alpha.2
[INFO] [stderr]    Compiling actix-testing v1.0.0
[INFO] [stderr]    Compiling serde_json v1.0.44
[INFO] [stderr]    Compiling serde_urlencoded v0.6.1
[INFO] [stderr]    Compiling actix-router v0.2.4
[INFO] [stderr]    Compiling actix-connect v1.0.1
[INFO] [stderr]    Compiling rusqlite v0.21.0
[INFO] [stderr]    Compiling actix-http v1.0.1
[INFO] [stderr]    Compiling awc v1.0.1
[INFO] [stderr]    Compiling actix-web v2.0.0
[INFO] [stderr]    Compiling actix-files v0.2.1
[INFO] [stderr]    Compiling actix-cors v0.2.0
[INFO] [stderr]    Compiling back_end v0.1.0 (/opt/rustwide/workdir)
[INFO] [stdout] warning: use of deprecated associated function `std::error::Error::description`: use the Display impl or to_string()
[INFO] [stdout]   --> src/handlers/user.rs:48:28
[INFO] [stdout]    |
[INFO] [stdout] 48 |             message: error.description(),
[INFO] [stdout]    |                            ^^^^^^^^^^^
[INFO] [stdout]    |
[INFO] [stdout]    = note: `#[warn(deprecated)]` on by default
[INFO] [stdout] 
[INFO] [stdout] 
[INFO] [stdout] warning: use of deprecated associated function `std::error::Error::description`: use the Display impl or to_string()
[INFO] [stdout]   --> src/handlers/user.rs:74:28
[INFO] [stdout]    |
[INFO] [stdout] 74 |             message: error.description(),
[INFO] [stdout]    |                            ^^^^^^^^^^^
[INFO] [stdout] 
[INFO] [stdout] 
[INFO] [stdout] warning: use of deprecated associated function `std::error::Error::description`: use the Display impl or to_string()
[INFO] [stdout]    --> src/handlers/user.rs:100:28
[INFO] [stdout]     |
[INFO] [stdout] 100 |             message: error.description(),
[INFO] [stdout]     |                            ^^^^^^^^^^^
[INFO] [stdout] 
[INFO] [stdout] 
[INFO] [stdout] warning: use of deprecated associated function `std::error::Error::description`: use the Display impl or to_string()
[INFO] [stdout]    --> src/handlers/user.rs:120:28
[INFO] [stdout]     |
[INFO] [stdout] 120 |             message: error.description(),
[INFO] [stdout]     |                            ^^^^^^^^^^^
[INFO] [stdout] 
[INFO] [stdout] 
[INFO] [stdout] warning: panic message is not a string literal
[INFO] [stdout]  --> src/utils/mod.rs:7:30
[INFO] [stdout]   |
[INFO] [stdout] 7 |         Err(error) => panic!(error),
[INFO] [stdout]   |                              ^^^^^
[INFO] [stdout]   |
[INFO] [stdout]   = note: `#[warn(non_fmt_panic)]` on by default
[INFO] [stdout]   = note: this is no longer accepted in Rust 2021
[INFO] [stdout] help: add a "{}" format string to Display the message
[INFO] [stdout]   |
[INFO] [stdout] 7 |         Err(error) => panic!("{}", error),
[INFO] [stdout]   |                              ^^^^^
[INFO] [stdout] help: or use std::panic::panic_any instead
[INFO] [stdout]   |
[INFO] [stdout] 7 |         Err(error) => std::panic::panic_any(error),
[INFO] [stdout]   |                       ^^^^^^^^^^^^^^^^^^^^^
[INFO] [stdout] 
[INFO] [stdout] 
[INFO] [stdout] warning: 5 warnings emitted
[INFO] [stdout] 
[INFO] [stdout] 
[INFO] [stderr]     Finished dev [unoptimized + debuginfo] target(s) in 1m 52s
[INFO] running `Command { std: "docker" "inspect" "f7d47475a62c1ab33fa17a342d2c6387a562eaa56413ed9db0874d77d213116f", kill_on_drop: false }`
[INFO] running `Command { std: "docker" "rm" "-f" "f7d47475a62c1ab33fa17a342d2c6387a562eaa56413ed9db0874d77d213116f", kill_on_drop: false }`
[INFO] [stdout] f7d47475a62c1ab33fa17a342d2c6387a562eaa56413ed9db0874d77d213116f
[INFO] running `Command { std: "docker" "create" "-v" "/var/lib/crater-agent-workspace/builds/worker-3/target:/opt/rustwide/target:rw,Z" "-v" "/var/lib/crater-agent-workspace/builds/worker-3/source:/opt/rustwide/workdir:ro,Z" "-v" "/var/lib/crater-agent-workspace/cargo-home:/opt/rustwide/cargo-home:ro,Z" "-v" "/var/lib/crater-agent-workspace/rustup-home:/opt/rustwide/rustup-home:ro,Z" "-e" "SOURCE_DIR=/opt/rustwide/workdir" "-e" "CARGO_TARGET_DIR=/opt/rustwide/target" "-e" "CARGO_INCREMENTAL=0" "-e" "RUST_BACKTRACE=full" "-e" "RUSTFLAGS=--cap-lints=warn" "-e" "CARGO_HOME=/opt/rustwide/cargo-home" "-e" "RUSTUP_HOME=/opt/rustwide/rustup-home" "-w" "/opt/rustwide/workdir" "-m" "1610612736" "--user" "0:0" "--network" "none" "ghcr.io/rust-lang/crates-build-env/linux@sha256:34b6a614d2c27851fe6cbf88fbd1137609cefab8b10d0615aaeb6fd47975d74e" "/opt/rustwide/cargo-home/bin/cargo" "+1.54.0" "test" "--frozen" "--no-run" "--message-format=json", kill_on_drop: false }`
[INFO] [stderr] WARNING: Your kernel does not support swap limit capabilities or the cgroup is not mounted. Memory limited without swap.
[INFO] [stdout] fbe17e352e11602ddb7374ffb460ab4c8f9b24b25b6a690220ed93feece8949c
[INFO] running `Command { std: "docker" "start" "-a" "fbe17e352e11602ddb7374ffb460ab4c8f9b24b25b6a690220ed93feece8949c", kill_on_drop: false }`
[INFO] [stderr]    Compiling back_end v0.1.0 (/opt/rustwide/workdir)
[INFO] [stdout] warning: use of deprecated associated function `std::error::Error::description`: use the Display impl or to_string()
[INFO] [stdout]   --> src/handlers/user.rs:48:28
[INFO] [stdout]    |
[INFO] [stdout] 48 |             message: error.description(),
[INFO] [stdout]    |                            ^^^^^^^^^^^
[INFO] [stdout]    |
[INFO] [stdout]    = note: `#[warn(deprecated)]` on by default
[INFO] [stdout] 
[INFO] [stdout] 
[INFO] [stdout] warning: use of deprecated associated function `std::error::Error::description`: use the Display impl or to_string()
[INFO] [stdout]   --> src/handlers/user.rs:74:28
[INFO] [stdout]    |
[INFO] [stdout] 74 |             message: error.description(),
[INFO] [stdout]    |                            ^^^^^^^^^^^
[INFO] [stdout] 
[INFO] [stdout] 
[INFO] [stdout] warning: use of deprecated associated function `std::error::Error::description`: use the Display impl or to_string()
[INFO] [stdout]    --> src/handlers/user.rs:100:28
[INFO] [stdout]     |
[INFO] [stdout] 100 |             message: error.description(),
[INFO] [stdout]     |                            ^^^^^^^^^^^
[INFO] [stdout] 
[INFO] [stdout] 
[INFO] [stdout] warning: use of deprecated associated function `std::error::Error::description`: use the Display impl or to_string()
[INFO] [stdout]    --> src/handlers/user.rs:120:28
[INFO] [stdout]     |
[INFO] [stdout] 120 |             message: error.description(),
[INFO] [stdout]     |                            ^^^^^^^^^^^
[INFO] [stdout] 
[INFO] [stdout] 
[INFO] [stdout] warning: panic message is not a string literal
[INFO] [stdout]    --> src/gateways/user.rs:175:40
[INFO] [stdout]     |
[INFO] [stdout] 175 |             Err(err) => assert!(false, err)
[INFO] [stdout]     |                                        ^^^
[INFO] [stdout]     |
[INFO] [stdout]     = note: `#[warn(non_fmt_panic)]` on by default
[INFO] [stdout]     = note: this is no longer accepted in Rust 2021
[INFO] [stdout] help: add a "{}" format string to Display the message
[INFO] [stdout]     |
[INFO] [stdout] 175 |             Err(err) => assert!(false, "{}", err)
[INFO] [stdout]     |                                        ^^^^^
[INFO] [stdout] 
[INFO] [stdout] 
[INFO] [stdout] warning: panic message is not a string literal
[INFO] [stdout]  --> src/utils/mod.rs:7:30
[INFO] [stdout]   |
[INFO] [stdout] 7 |         Err(error) => panic!(error),
[INFO] [stdout]   |                              ^^^^^
[INFO] [stdout]   |
[INFO] [stdout]   = note: this is no longer accepted in Rust 2021
[INFO] [stdout] help: add a "{}" format string to Display the message
[INFO] [stdout]   |
[INFO] [stdout] 7 |         Err(error) => panic!("{}", error),
[INFO] [stdout]   |                              ^^^^^
[INFO] [stdout] help: or use std::panic::panic_any instead
[INFO] [stdout]   |
[INFO] [stdout] 7 |         Err(error) => std::panic::panic_any(error),
[INFO] [stdout]   |                       ^^^^^^^^^^^^^^^^^^^^^
[INFO] [stdout] 
[INFO] [stdout] 
[INFO] [stdout] warning: 6 warnings emitted
[INFO] [stdout] 
[INFO] [stdout] 
[INFO] [stderr]     Finished test [unoptimized + debuginfo] target(s) in 3.32s
[INFO] running `Command { std: "docker" "inspect" "fbe17e352e11602ddb7374ffb460ab4c8f9b24b25b6a690220ed93feece8949c", kill_on_drop: false }`
[INFO] running `Command { std: "docker" "rm" "-f" "fbe17e352e11602ddb7374ffb460ab4c8f9b24b25b6a690220ed93feece8949c", kill_on_drop: false }`
[INFO] [stdout] fbe17e352e11602ddb7374ffb460ab4c8f9b24b25b6a690220ed93feece8949c
[INFO] running `Command { std: "docker" "create" "-v" "/var/lib/crater-agent-workspace/builds/worker-3/target:/opt/rustwide/target:rw,Z" "-v" "/var/lib/crater-agent-workspace/builds/worker-3/source:/opt/rustwide/workdir:ro,Z" "-v" "/var/lib/crater-agent-workspace/cargo-home:/opt/rustwide/cargo-home:ro,Z" "-v" "/var/lib/crater-agent-workspace/rustup-home:/opt/rustwide/rustup-home:ro,Z" "-e" "SOURCE_DIR=/opt/rustwide/workdir" "-e" "CARGO_TARGET_DIR=/opt/rustwide/target" "-e" "CARGO_INCREMENTAL=0" "-e" "RUST_BACKTRACE=full" "-e" "RUSTFLAGS=--cap-lints=warn" "-e" "CARGO_HOME=/opt/rustwide/cargo-home" "-e" "RUSTUP_HOME=/opt/rustwide/rustup-home" "-w" "/opt/rustwide/workdir" "-m" "1610612736" "--user" "0:0" "--network" "none" "ghcr.io/rust-lang/crates-build-env/linux@sha256:34b6a614d2c27851fe6cbf88fbd1137609cefab8b10d0615aaeb6fd47975d74e" "/opt/rustwide/cargo-home/bin/cargo" "+1.54.0" "test" "--frozen", kill_on_drop: false }`
[INFO] [stdout] 6fe264b82fad8efa39a74666ae3c0c754b360fd36ba777db8a0e8398d0d300be
[INFO] [stderr] WARNING: Your kernel does not support swap limit capabilities or the cgroup is not mounted. Memory limited without swap.
[INFO] running `Command { std: "docker" "start" "-a" "6fe264b82fad8efa39a74666ae3c0c754b360fd36ba777db8a0e8398d0d300be", kill_on_drop: false }`
[INFO] [stderr] warning: use of deprecated associated function `std::error::Error::description`: use the Display impl or to_string()
[INFO] [stderr]   --> src/handlers/user.rs:48:28
[INFO] [stderr]    |
[INFO] [stderr] 48 |             message: error.description(),
[INFO] [stderr]    |                            ^^^^^^^^^^^
[INFO] [stderr]    |
[INFO] [stderr]    = note: `#[warn(deprecated)]` on by default
[INFO] [stderr] 
[INFO] [stderr] warning: use of deprecated associated function `std::error::Error::description`: use the Display impl or to_string()
[INFO] [stderr]   --> src/handlers/user.rs:74:28
[INFO] [stderr]    |
[INFO] [stderr] 74 |             message: error.description(),
[INFO] [stderr]    |                            ^^^^^^^^^^^
[INFO] [stderr] 
[INFO] [stderr] warning: use of deprecated associated function `std::error::Error::description`: use the Display impl or to_string()
[INFO] [stderr]    --> src/handlers/user.rs:100:28
[INFO] [stderr]     |
[INFO] [stderr] 100 |             message: error.description(),
[INFO] [stderr]     |                            ^^^^^^^^^^^
[INFO] [stderr] 
[INFO] [stderr] warning: use of deprecated associated function `std::error::Error::description`: use the Display impl or to_string()
[INFO] [stderr]    --> src/handlers/user.rs:120:28
[INFO] [stderr]     |
[INFO] [stderr] 120 |             message: error.description(),
[INFO] [stderr]     |                            ^^^^^^^^^^^
[INFO] [stderr] 
[INFO] [stderr] warning: panic message is not a string literal
[INFO] [stderr]    --> src/gateways/user.rs:175:40
[INFO] [stderr]     |
[INFO] [stderr] 175 |             Err(err) => assert!(false, err)
[INFO] [stderr]     |                                        ^^^
[INFO] [stderr]     |
[INFO] [stderr]     = note: `#[warn(non_fmt_panic)]` on by default
[INFO] [stderr]     = note: this is no longer accepted in Rust 2021
[INFO] [stderr] help: add a "{}" format string to Display the message
[INFO] [stderr]     |
[INFO] [stderr] 175 |             Err(err) => assert!(false, "{}", err)
[INFO] [stderr]     |                                        ^^^^^
[INFO] [stderr] 
[INFO] [stderr] warning: panic message is not a string literal
[INFO] [stderr]  --> src/utils/mod.rs:7:30
[INFO] [stderr]   |
[INFO] [stderr] 7 |         Err(error) => panic!(error),
[INFO] [stderr]   |                              ^^^^^
[INFO] [stderr]   |
[INFO] [stderr]   = note: this is no longer accepted in Rust 2021
[INFO] [stderr] help: add a "{}" format string to Display the message
[INFO] [stderr]   |
[INFO] [stderr] 7 |         Err(error) => panic!("{}", error),
[INFO] [stderr]   |                              ^^^^^
[INFO] [stderr] help: or use std::panic::panic_any instead
[INFO] [stderr]   |
[INFO] [stderr] 7 |         Err(error) => std::panic::panic_any(error),
[INFO] [stderr]   |                       ^^^^^^^^^^^^^^^^^^^^^
[INFO] [stderr] 
[INFO] [stderr] warning: 6 warnings emitted
[INFO] [stderr] 
[INFO] [stderr]     Finished test [unoptimized + debuginfo] target(s) in 0.15s
[INFO] [stderr]      Running unittests (/opt/rustwide/target/debug/deps/back_end-b6108136534d3ca5)
[INFO] [stdout] 
[INFO] [stdout] running 3 tests
[INFO] [stdout] test transaction_scripts::user::test_find_by_field ... ok
[INFO] [stdout] test gateways::user::tests::test_user_gateway_insert ... ok
[INFO] [stdout] test gateways::user::tests::test_user_gateway_find ... FAILED
[INFO] [stdout] 
[INFO] [stdout] failures:
[INFO] [stdout] 
[INFO] [stdout] ---- gateways::user::tests::test_user_gateway_find stdout ----
[INFO] [stdout] thread 'gateways::user::tests::test_user_gateway_find' panicked at 'assertion failed: `(left == right)`
[INFO] [stdout]   left: `4`,
[INFO] [stdout]  right: `1`', src/gateways/user.rs:169:17
[INFO] [stdout] stack backtrace:
[INFO] [stdout]    0:     0x558297b1e120 - std::backtrace_rs::backtrace::libunwind::trace::h34055254b57d8e79
[INFO] [stdout]                                at /rustc/a178d0322ce20e33eac124758e837cbd80a6f633/library/std/src/../../backtrace/src/backtrace/libunwind.rs:90:5
[INFO] [stdout]    1:     0x558297b1e120 - std::backtrace_rs::backtrace::trace_unsynchronized::h8f1e3fbd9afff6ec
[INFO] [stdout]                                at /rustc/a178d0322ce20e33eac124758e837cbd80a6f633/library/std/src/../../backtrace/src/backtrace/mod.rs:66:5
[INFO] [stdout]    2:     0x558297b1e120 - std::sys_common::backtrace::_print_fmt::h3a99a796b770c360
[INFO] [stdout]                                at /rustc/a178d0322ce20e33eac124758e837cbd80a6f633/library/std/src/sys_common/backtrace.rs:67:5
[INFO] [stdout]    3:     0x558297b1e120 - <std::sys_common::backtrace::_print::DisplayBacktrace as core::fmt::Display>::fmt::h32d1f94a80615d18
[INFO] [stdout]                                at /rustc/a178d0322ce20e33eac124758e837cbd80a6f633/library/std/src/sys_common/backtrace.rs:46:22
[INFO] [stdout]    4:     0x558297b40a7c - core::fmt::write::h306731c068f7162c
[INFO] [stdout]                                at /rustc/a178d0322ce20e33eac124758e837cbd80a6f633/library/core/src/fmt/mod.rs:1110:17
[INFO] [stdout]    5:     0x558297b1b045 - std::io::Write::write_fmt::h87f19b0a2cd190bc
[INFO] [stdout]                                at /rustc/a178d0322ce20e33eac124758e837cbd80a6f633/library/std/src/io/mod.rs:1588:15
[INFO] [stdout]    6:     0x558297b2028b - std::sys_common::backtrace::_print::h5abaa2601a852287
[INFO] [stdout]                                at /rustc/a178d0322ce20e33eac124758e837cbd80a6f633/library/std/src/sys_common/backtrace.rs:49:5
[INFO] [stdout]    7:     0x558297b2028b - std::sys_common::backtrace::print::h8d81445442bb638f
[INFO] [stdout]                                at /rustc/a178d0322ce20e33eac124758e837cbd80a6f633/library/std/src/sys_common/backtrace.rs:36:9
[INFO] [stdout]    8:     0x558297b2028b - std::panicking::default_hook::{{closure}}::hcfe804496a9fa747
[INFO] [stdout]                                at /rustc/a178d0322ce20e33eac124758e837cbd80a6f633/library/std/src/panicking.rs:208:50
[INFO] [stdout]    9:     0x558297b1fd9c - std::panicking::default_hook::hbea8e3ccf2ba8901
[INFO] [stdout]                                at /rustc/a178d0322ce20e33eac124758e837cbd80a6f633/library/std/src/panicking.rs:222:9
[INFO] [stdout]   10:     0x558297b20954 - std::panicking::rust_panic_with_hook::h7ee9e1a2d0f8975a
[INFO] [stdout]                                at /rustc/a178d0322ce20e33eac124758e837cbd80a6f633/library/std/src/panicking.rs:622:17
[INFO] [stdout]   11:     0x558297b20437 - std::panicking::begin_panic_handler::{{closure}}::h8ab3b4491718b2c7
[INFO] [stdout]                                at /rustc/a178d0322ce20e33eac124758e837cbd80a6f633/library/std/src/panicking.rs:519:13
[INFO] [stdout]   12:     0x558297b1e61c - std::sys_common::backtrace::__rust_end_short_backtrace::hd489062ffa586a9f
[INFO] [stdout]                                at /rustc/a178d0322ce20e33eac124758e837cbd80a6f633/library/std/src/sys_common/backtrace.rs:141:18
[INFO] [stdout]   13:     0x558297b20399 - rust_begin_unwind
[INFO] [stdout]                                at /rustc/a178d0322ce20e33eac124758e837cbd80a6f633/library/std/src/panicking.rs:515:5
[INFO] [stdout]   14:     0x55829793dc01 - core::panicking::panic_fmt::hca6330e3e14086b4
[INFO] [stdout]                                at /rustc/a178d0322ce20e33eac124758e837cbd80a6f633/library/core/src/panicking.rs:92:14
[INFO] [stdout]   15:     0x558297b3f398 - core::panicking::assert_failed_inner::h33b45280069a80ed
[INFO] [stdout]   16:     0x558297b029aa - core::panicking::assert_failed::h8f415eba37d68aec
[INFO] [stdout]                                at /rustc/a178d0322ce20e33eac124758e837cbd80a6f633/library/core/src/panicking.rs:117:5
[INFO] [stdout]   17:     0x55829794b25f - back_end::gateways::user::tests::test_user_gateway_find::h1ec403c40cfd821a
[INFO] [stdout]                                at /opt/rustwide/workdir/src/gateways/user.rs:169:17
[INFO] [stdout]   18:     0x55829794ab1a - back_end::gateways::user::tests::test_user_gateway_find::{{closure}}::h53fd04a173a8263b
[INFO] [stdout]                                at /opt/rustwide/workdir/src/gateways/user.rs:147:5
[INFO] [stdout]   19:     0x558297941b2e - core::ops::function::FnOnce::call_once::h14cb3dd0a4d62a0b
[INFO] [stdout]                                at /rustc/a178d0322ce20e33eac124758e837cbd80a6f633/library/core/src/ops/function.rs:227:5
[INFO] [stdout]   20:     0x558297976793 - core::ops::function::FnOnce::call_once::h152e7e439ff59e19
[INFO] [stdout]                                at /rustc/a178d0322ce20e33eac124758e837cbd80a6f633/library/core/src/ops/function.rs:227:5
[INFO] [stdout]   21:     0x558297976793 - test::__rust_begin_short_backtrace::h0908f3b1fdbb72ab
[INFO] [stdout]                                at /rustc/a178d0322ce20e33eac124758e837cbd80a6f633/library/test/src/lib.rs:577:5
[INFO] [stdout]   22:     0x558297975250 - <alloc::boxed::Box<F,A> as core::ops::function::FnOnce<Args>>::call_once::hf6d2a51e5587546c
[INFO] [stdout]                                at /rustc/a178d0322ce20e33eac124758e837cbd80a6f633/library/alloc/src/boxed.rs:1575:9
[INFO] [stdout]   23:     0x558297975250 - <std::panic::AssertUnwindSafe<F> as core::ops::function::FnOnce<()>>::call_once::h8af660f3a89ef593
[INFO] [stdout]                                at /rustc/a178d0322ce20e33eac124758e837cbd80a6f633/library/std/src/panic.rs:347:9
[INFO] [stdout]   24:     0x558297975250 - std::panicking::try::do_call::hd36aef60f84b6d36
[INFO] [stdout]                                at /rustc/a178d0322ce20e33eac124758e837cbd80a6f633/library/std/src/panicking.rs:401:40
[INFO] [stdout]   25:     0x558297975250 - std::panicking::try::h9932b4480e69817c
[INFO] [stdout]                                at /rustc/a178d0322ce20e33eac124758e837cbd80a6f633/library/std/src/panicking.rs:365:19
[INFO] [stdout]   26:     0x558297975250 - std::panic::catch_unwind::h6aa177099cfff5f8
[INFO] [stdout]                                at /rustc/a178d0322ce20e33eac124758e837cbd80a6f633/library/std/src/panic.rs:434:14
[INFO] [stdout]   27:     0x558297975250 - test::run_test_in_process::h5884d6f2d99e20c3
[INFO] [stdout]                                at /rustc/a178d0322ce20e33eac124758e837cbd80a6f633/library/test/src/lib.rs:600:18
[INFO] [stdout]   28:     0x558297975250 - test::run_test::run_test_inner::{{closure}}::h6fdc58c6d5f5b6e3
[INFO] [stdout]                                at /rustc/a178d0322ce20e33eac124758e837cbd80a6f633/library/test/src/lib.rs:492:39
[INFO] [stdout]   29:     0x55829794e902 - test::run_test::run_test_inner::{{closure}}::h408365d67a78ade8
[INFO] [stdout]                                at /rustc/a178d0322ce20e33eac124758e837cbd80a6f633/library/test/src/lib.rs:519:37
[INFO] [stdout]   30:     0x55829794e902 - std::sys_common::backtrace::__rust_begin_short_backtrace::hb560b77c4f701523
[INFO] [stdout]                                at /rustc/a178d0322ce20e33eac124758e837cbd80a6f633/library/std/src/sys_common/backtrace.rs:125:18
[INFO] [stdout]   31:     0x5582979524b8 - std::thread::Builder::spawn_unchecked::{{closure}}::{{closure}}::hf2e7831dad93c597
[INFO] [stdout]                                at /rustc/a178d0322ce20e33eac124758e837cbd80a6f633/library/std/src/thread/mod.rs:481:17
[INFO] [stdout]   32:     0x5582979524b8 - <std::panic::AssertUnwindSafe<F> as core::ops::function::FnOnce<()>>::call_once::hd2e08783d8be4d02
[INFO] [stdout]                                at /rustc/a178d0322ce20e33eac124758e837cbd80a6f633/library/std/src/panic.rs:347:9
[INFO] [stdout]   33:     0x5582979524b8 - std::panicking::try::do_call::h062597b7acfd6b82
[INFO] [stdout]                                at /rustc/a178d0322ce20e33eac124758e837cbd80a6f633/library/std/src/panicking.rs:401:40
[INFO] [stdout]   34:     0x5582979524b8 - std::panicking::try::h0d7b79db04c14552
[INFO] [stdout]                                at /rustc/a178d0322ce20e33eac124758e837cbd80a6f633/library/std/src/panicking.rs:365:19
[INFO] [stdout]   35:     0x5582979524b8 - std::panic::catch_unwind::hb01a0b5e7c8cd43b
[INFO] [stdout]                                at /rustc/a178d0322ce20e33eac124758e837cbd80a6f633/library/std/src/panic.rs:434:14
[INFO] [stdout]   36:     0x5582979524b8 - std::thread::Builder::spawn_unchecked::{{closure}}::h5bde48cc887e0d1e
[INFO] [stdout]                                at /rustc/a178d0322ce20e33eac124758e837cbd80a6f633/library/std/src/thread/mod.rs:480:30
[INFO] [stdout]   37:     0x5582979524b8 - core::ops::function::FnOnce::call_once{{vtable.shim}}::h745ea30807a29e55
[INFO] [stdout]                                at /rustc/a178d0322ce20e33eac124758e837cbd80a6f633/library/core/src/ops/function.rs:227:5
[INFO] [stdout]   38:     0x558297b25417 - <alloc::boxed::Box<F,A> as core::ops::function::FnOnce<Args>>::call_once::h7ece6cfefaff1005
[INFO] [stdout]                                at /rustc/a178d0322ce20e33eac124758e837cbd80a6f633/library/alloc/src/boxed.rs:1575:9
[INFO] [stdout]   39:     0x558297b25417 - <alloc::boxed::Box<F,A> as core::ops::function::FnOnce<Args>>::call_once::hb8b48e55c21f193e
[INFO] [stdout]                                at /rustc/a178d0322ce20e33eac124758e837cbd80a6f633/library/alloc/src/boxed.rs:1575:9
[INFO] [stdout]   40:     0x558297b25417 - std::sys::unix::thread::Thread::new::thread_start::h8c7c4450dba62914
[INFO] [stdout]                                at /rustc/a178d0322ce20e33eac124758e837cbd80a6f633/library/std/src/sys/unix/thread.rs:71:17
[INFO] [stdout]   41:     0x7fce03238609 - start_thread
[INFO] [stdout]   42:     0x7fce0300a293 - clone
[INFO] [stdout]   43:                0x0 - <unknown>
[INFO] [stdout] 
[INFO] [stdout] 
[INFO] [stdout] failures:
[INFO] [stdout]     gateways::user::tests::test_user_gateway_find
[INFO] [stdout] 
[INFO] [stdout] test result: FAILED. 2 passed; 1 failed; 0 ignored; 0 measured; 0 filtered out; finished in 0.03s
[INFO] [stdout] 
[INFO] [stderr] error: test failed, to rerun pass '--bin back_end'
[INFO] running `Command { std: "docker" "inspect" "6fe264b82fad8efa39a74666ae3c0c754b360fd36ba777db8a0e8398d0d300be", kill_on_drop: false }`
[INFO] running `Command { std: "docker" "rm" "-f" "6fe264b82fad8efa39a74666ae3c0c754b360fd36ba777db8a0e8398d0d300be", kill_on_drop: false }`
[INFO] [stdout] 6fe264b82fad8efa39a74666ae3c0c754b360fd36ba777db8a0e8398d0d300be
