[INFO] cloning repository https://github.com/Joni174/async_clockwerk
[INFO] running `Command { std: "git" "-c" "credential.helper=" "-c" "credential.helper=/workspace/cargo-home/bin/git-credential-null" "clone" "--bare" "https://github.com/Joni174/async_clockwerk" "/workspace/cache/git-repos/https%3A%2F%2Fgithub.com%2FJoni174%2Fasync_clockwerk", kill_on_drop: false }`
[INFO] [stderr] Cloning into bare repository '/workspace/cache/git-repos/https%3A%2F%2Fgithub.com%2FJoni174%2Fasync_clockwerk'...
[INFO] running `Command { std: "git" "rev-parse" "HEAD", kill_on_drop: false }`
[INFO] [stdout] a9b611d3ec089762be961e6abd72245a8b3b6ae9
[INFO] testing Joni174/async_clockwerk against beta-2021-08-01 for beta-1.55-1
[INFO] running `Command { std: "git" "clone" "/workspace/cache/git-repos/https%3A%2F%2Fgithub.com%2FJoni174%2Fasync_clockwerk" "/workspace/builds/worker-6/source", kill_on_drop: false }`
[INFO] [stderr] Cloning into '/workspace/builds/worker-6/source'...
[INFO] [stderr] done.
[INFO] validating manifest of git repo https://github.com/Joni174/async_clockwerk on toolchain beta-2021-08-01
[INFO] running `Command { std: "/workspace/cargo-home/bin/cargo" "+beta-2021-08-01" "metadata" "--manifest-path" "Cargo.toml" "--no-deps", kill_on_drop: false }`
[INFO] started tweaking git repo https://github.com/Joni174/async_clockwerk
[INFO] finished tweaking git repo https://github.com/Joni174/async_clockwerk
[INFO] tweaked toml for git repo https://github.com/Joni174/async_clockwerk written to /workspace/builds/worker-6/source/Cargo.toml
[INFO] crate git repo https://github.com/Joni174/async_clockwerk already has a lockfile, it will not be regenerated
[INFO] running `Command { std: "/workspace/cargo-home/bin/cargo" "+beta-2021-08-01" "fetch" "--manifest-path" "Cargo.toml", kill_on_drop: false }`
[INFO] [stderr]  Downloading crates ...
[INFO] [stderr]   Downloaded mio v0.7.5
[INFO] running `Command { std: "docker" "create" "-v" "/var/lib/crater-agent-workspace/builds/worker-6/target:/opt/rustwide/target:rw,Z" "-v" "/var/lib/crater-agent-workspace/builds/worker-6/source:/opt/rustwide/workdir:ro,Z" "-v" "/var/lib/crater-agent-workspace/cargo-home:/opt/rustwide/cargo-home:ro,Z" "-v" "/var/lib/crater-agent-workspace/rustup-home:/opt/rustwide/rustup-home:ro,Z" "-e" "SOURCE_DIR=/opt/rustwide/workdir" "-e" "CARGO_TARGET_DIR=/opt/rustwide/target" "-e" "CARGO_HOME=/opt/rustwide/cargo-home" "-e" "RUSTUP_HOME=/opt/rustwide/rustup-home" "-w" "/opt/rustwide/workdir" "-m" "1610612736" "--user" "0:0" "--network" "none" "ghcr.io/rust-lang/crates-build-env/linux@sha256:34b6a614d2c27851fe6cbf88fbd1137609cefab8b10d0615aaeb6fd47975d74e" "/opt/rustwide/cargo-home/bin/cargo" "+beta-2021-08-01" "metadata" "--no-deps" "--format-version=1", kill_on_drop: false }`
[INFO] [stdout] 883d8225b37de1f3137057461130a98f14fc58db96742389e2479d87a221bcd3
[INFO] [stderr] WARNING: Your kernel does not support swap limit capabilities or the cgroup is not mounted. Memory limited without swap.
[INFO] running `Command { std: "docker" "start" "-a" "883d8225b37de1f3137057461130a98f14fc58db96742389e2479d87a221bcd3", kill_on_drop: false }`
[INFO] running `Command { std: "docker" "inspect" "883d8225b37de1f3137057461130a98f14fc58db96742389e2479d87a221bcd3", kill_on_drop: false }`
[INFO] running `Command { std: "docker" "rm" "-f" "883d8225b37de1f3137057461130a98f14fc58db96742389e2479d87a221bcd3", kill_on_drop: false }`
[INFO] [stdout] 883d8225b37de1f3137057461130a98f14fc58db96742389e2479d87a221bcd3
[INFO] running `Command { std: "docker" "create" "-v" "/var/lib/crater-agent-workspace/builds/worker-6/target:/opt/rustwide/target:rw,Z" "-v" "/var/lib/crater-agent-workspace/builds/worker-6/source:/opt/rustwide/workdir:ro,Z" "-v" "/var/lib/crater-agent-workspace/cargo-home:/opt/rustwide/cargo-home:ro,Z" "-v" "/var/lib/crater-agent-workspace/rustup-home:/opt/rustwide/rustup-home:ro,Z" "-e" "SOURCE_DIR=/opt/rustwide/workdir" "-e" "CARGO_TARGET_DIR=/opt/rustwide/target" "-e" "CARGO_INCREMENTAL=0" "-e" "RUST_BACKTRACE=full" "-e" "RUSTFLAGS=--cap-lints=warn" "-e" "CARGO_HOME=/opt/rustwide/cargo-home" "-e" "RUSTUP_HOME=/opt/rustwide/rustup-home" "-w" "/opt/rustwide/workdir" "-m" "1610612736" "--user" "0:0" "--network" "none" "ghcr.io/rust-lang/crates-build-env/linux@sha256:34b6a614d2c27851fe6cbf88fbd1137609cefab8b10d0615aaeb6fd47975d74e" "/opt/rustwide/cargo-home/bin/cargo" "+beta-2021-08-01" "build" "--frozen" "--message-format=json", kill_on_drop: false }`
[INFO] [stdout] 98fc2fa13914907875db3a31f725f904eb1a8ab6334d87b635bf3f0c2c814c47
[INFO] [stderr] WARNING: Your kernel does not support swap limit capabilities or the cgroup is not mounted. Memory limited without swap.
[INFO] running `Command { std: "docker" "start" "-a" "98fc2fa13914907875db3a31f725f904eb1a8ab6334d87b635bf3f0c2c814c47", kill_on_drop: false }`
[INFO] [stderr]    Compiling regex-syntax v0.6.21
[INFO] [stderr]    Compiling futures-core v0.3.7
[INFO] [stderr]    Compiling instant v0.1.8
[INFO] [stderr]    Compiling tokio v0.3.3
[INFO] [stderr]    Compiling mio v0.7.5
[INFO] [stderr]    Compiling tokio-macros v0.3.1
[INFO] [stderr]    Compiling num-derive v0.3.3
[INFO] [stderr]    Compiling chrono v0.4.19
[INFO] [stderr]    Compiling parking_lot_core v0.8.0
[INFO] [stderr]    Compiling parking_lot v0.11.0
[INFO] [stderr]    Compiling regex v1.4.2
[INFO] [stderr]    Compiling env_logger v0.8.1
[INFO] [stderr]    Compiling async_clockwerk v0.1.0 (/opt/rustwide/workdir)
[INFO] [stdout] warning: unused import: `tokio::time::Duration`
[INFO] [stdout]  --> src/lib.rs:2:5
[INFO] [stdout]   |
[INFO] [stdout] 2 | use tokio::time::Duration;
[INFO] [stdout]   |     ^^^^^^^^^^^^^^^^^^^^^
[INFO] [stdout]   |
[INFO] [stdout]   = note: `#[warn(unused_imports)]` on by default
[INFO] [stdout] 
[INFO] [stdout] 
[INFO] [stdout] warning: unused import: `thread`
[INFO] [stdout]  --> src/lib.rs:3:11
[INFO] [stdout]   |
[INFO] [stdout] 3 | use std::{thread, fmt};
[INFO] [stdout]   |           ^^^^^^
[INFO] [stdout] 
[INFO] [stdout] 
[INFO] [stdout] warning: associated function is never used: `from_seconds`
[INFO] [stdout]   --> src/weektime.rs:35:19
[INFO] [stdout]    |
[INFO] [stdout] 35 |     pub(crate) fn from_seconds(seconds: u32) -> WeekTime {
[INFO] [stdout]    |                   ^^^^^^^^^^^^
[INFO] [stdout]    |
[INFO] [stdout]    = note: `#[warn(dead_code)]` on by default
[INFO] [stdout] 
[INFO] [stdout] 
[INFO] [stdout] warning: 3 warnings emitted
[INFO] [stdout] 
[INFO] [stdout] 
[INFO] [stderr]     Finished dev [unoptimized + debuginfo] target(s) in 19.40s
[INFO] running `Command { std: "docker" "inspect" "98fc2fa13914907875db3a31f725f904eb1a8ab6334d87b635bf3f0c2c814c47", kill_on_drop: false }`
[INFO] running `Command { std: "docker" "rm" "-f" "98fc2fa13914907875db3a31f725f904eb1a8ab6334d87b635bf3f0c2c814c47", kill_on_drop: false }`
[INFO] [stdout] 98fc2fa13914907875db3a31f725f904eb1a8ab6334d87b635bf3f0c2c814c47
[INFO] running `Command { std: "docker" "create" "-v" "/var/lib/crater-agent-workspace/builds/worker-6/target:/opt/rustwide/target:rw,Z" "-v" "/var/lib/crater-agent-workspace/builds/worker-6/source:/opt/rustwide/workdir:ro,Z" "-v" "/var/lib/crater-agent-workspace/cargo-home:/opt/rustwide/cargo-home:ro,Z" "-v" "/var/lib/crater-agent-workspace/rustup-home:/opt/rustwide/rustup-home:ro,Z" "-e" "SOURCE_DIR=/opt/rustwide/workdir" "-e" "CARGO_TARGET_DIR=/opt/rustwide/target" "-e" "CARGO_INCREMENTAL=0" "-e" "RUST_BACKTRACE=full" "-e" "RUSTFLAGS=--cap-lints=warn" "-e" "CARGO_HOME=/opt/rustwide/cargo-home" "-e" "RUSTUP_HOME=/opt/rustwide/rustup-home" "-w" "/opt/rustwide/workdir" "-m" "1610612736" "--user" "0:0" "--network" "none" "ghcr.io/rust-lang/crates-build-env/linux@sha256:34b6a614d2c27851fe6cbf88fbd1137609cefab8b10d0615aaeb6fd47975d74e" "/opt/rustwide/cargo-home/bin/cargo" "+beta-2021-08-01" "test" "--frozen" "--no-run" "--message-format=json", kill_on_drop: false }`
[INFO] [stdout] 62f6d5937442fdc5eba93825531481692e73306e4525cbcc03c629fa8404ed06
[INFO] [stderr] WARNING: Your kernel does not support swap limit capabilities or the cgroup is not mounted. Memory limited without swap.
[INFO] running `Command { std: "docker" "start" "-a" "62f6d5937442fdc5eba93825531481692e73306e4525cbcc03c629fa8404ed06", kill_on_drop: false }`
[INFO] [stderr]    Compiling async_clockwerk v0.1.0 (/opt/rustwide/workdir)
[INFO] [stdout] warning: unused import: `tokio::time::Duration`
[INFO] [stdout]  --> src/lib.rs:2:5
[INFO] [stdout]   |
[INFO] [stdout] 2 | use tokio::time::Duration;
[INFO] [stdout]   |     ^^^^^^^^^^^^^^^^^^^^^
[INFO] [stdout]   |
[INFO] [stdout]   = note: `#[warn(unused_imports)]` on by default
[INFO] [stdout] 
[INFO] [stdout] 
[INFO] [stdout] warning: unused import: `thread`
[INFO] [stdout]  --> src/lib.rs:3:11
[INFO] [stdout]   |
[INFO] [stdout] 3 | use std::{thread, fmt};
[INFO] [stdout]   |           ^^^^^^
[INFO] [stdout] 
[INFO] [stdout] 
[INFO] [stdout] warning: associated function is never used: `from_seconds`
[INFO] [stdout]   --> src/weektime.rs:35:19
[INFO] [stdout]    |
[INFO] [stdout] 35 |     pub(crate) fn from_seconds(seconds: u32) -> WeekTime {
[INFO] [stdout]    |                   ^^^^^^^^^^^^
[INFO] [stdout]    |
[INFO] [stdout]    = note: `#[warn(dead_code)]` on by default
[INFO] [stdout] 
[INFO] [stdout] 
[INFO] [stdout] warning: 3 warnings emitted
[INFO] [stdout] 
[INFO] [stdout] 
[INFO] [stdout] warning: unused import: `tokio::time::Duration`
[INFO] [stdout]  --> src/lib.rs:2:5
[INFO] [stdout]   |
[INFO] [stdout] 2 | use tokio::time::Duration;
[INFO] [stdout]   |     ^^^^^^^^^^^^^^^^^^^^^
[INFO] [stdout]   |
[INFO] [stdout]   = note: `#[warn(unused_imports)]` on by default
[INFO] [stdout] 
[INFO] [stdout] 
[INFO] [stdout] warning: unused import: `thread`
[INFO] [stdout]  --> src/lib.rs:3:11
[INFO] [stdout]   |
[INFO] [stdout] 3 | use std::{thread, fmt};
[INFO] [stdout]   |           ^^^^^^
[INFO] [stdout] 
[INFO] [stdout] 
[INFO] [stdout] warning: associated function is never used: `from_seconds`
[INFO] [stdout]   --> src/weektime.rs:35:19
[INFO] [stdout]    |
[INFO] [stdout] 35 |     pub(crate) fn from_seconds(seconds: u32) -> WeekTime {
[INFO] [stdout]    |                   ^^^^^^^^^^^^
[INFO] [stdout]    |
[INFO] [stdout]    = note: `#[warn(dead_code)]` on by default
[INFO] [stdout] 
[INFO] [stdout] 
[INFO] [stdout] warning: 3 warnings emitted
[INFO] [stdout] 
[INFO] [stdout] 
[INFO] [stderr]     Finished test [unoptimized + debuginfo] target(s) in 2.43s
[INFO] running `Command { std: "docker" "inspect" "62f6d5937442fdc5eba93825531481692e73306e4525cbcc03c629fa8404ed06", kill_on_drop: false }`
[INFO] running `Command { std: "docker" "rm" "-f" "62f6d5937442fdc5eba93825531481692e73306e4525cbcc03c629fa8404ed06", kill_on_drop: false }`
[INFO] [stdout] 62f6d5937442fdc5eba93825531481692e73306e4525cbcc03c629fa8404ed06
[INFO] running `Command { std: "docker" "create" "-v" "/var/lib/crater-agent-workspace/builds/worker-6/target:/opt/rustwide/target:rw,Z" "-v" "/var/lib/crater-agent-workspace/builds/worker-6/source:/opt/rustwide/workdir:ro,Z" "-v" "/var/lib/crater-agent-workspace/cargo-home:/opt/rustwide/cargo-home:ro,Z" "-v" "/var/lib/crater-agent-workspace/rustup-home:/opt/rustwide/rustup-home:ro,Z" "-e" "SOURCE_DIR=/opt/rustwide/workdir" "-e" "CARGO_TARGET_DIR=/opt/rustwide/target" "-e" "CARGO_INCREMENTAL=0" "-e" "RUST_BACKTRACE=full" "-e" "RUSTFLAGS=--cap-lints=warn" "-e" "CARGO_HOME=/opt/rustwide/cargo-home" "-e" "RUSTUP_HOME=/opt/rustwide/rustup-home" "-w" "/opt/rustwide/workdir" "-m" "1610612736" "--user" "0:0" "--network" "none" "ghcr.io/rust-lang/crates-build-env/linux@sha256:34b6a614d2c27851fe6cbf88fbd1137609cefab8b10d0615aaeb6fd47975d74e" "/opt/rustwide/cargo-home/bin/cargo" "+beta-2021-08-01" "test" "--frozen", kill_on_drop: false }`
[INFO] [stdout] 3a2ca83d68b3ac84ff324332bc0e1d6114e0fff958876b69c8b26bbec106f442
[INFO] [stderr] WARNING: Your kernel does not support swap limit capabilities or the cgroup is not mounted. Memory limited without swap.
[INFO] running `Command { std: "docker" "start" "-a" "3a2ca83d68b3ac84ff324332bc0e1d6114e0fff958876b69c8b26bbec106f442", kill_on_drop: false }`
[INFO] [stderr] warning: unused import: `tokio::time::Duration`
[INFO] [stderr]  --> src/lib.rs:2:5
[INFO] [stderr]   |
[INFO] [stderr] 2 | use tokio::time::Duration;
[INFO] [stderr]   |     ^^^^^^^^^^^^^^^^^^^^^
[INFO] [stderr]   |
[INFO] [stderr]   = note: `#[warn(unused_imports)]` on by default
[INFO] [stderr] 
[INFO] [stderr] warning: unused import: `thread`
[INFO] [stderr]  --> src/lib.rs:3:11
[INFO] [stderr]   |
[INFO] [stderr] 3 | use std::{thread, fmt};
[INFO] [stderr]   |           ^^^^^^
[INFO] [stderr] 
[INFO] [stderr] warning: associated function is never used: `from_seconds`
[INFO] [stderr]   --> src/weektime.rs:35:19
[INFO] [stderr]    |
[INFO] [stderr] 35 |     pub(crate) fn from_seconds(seconds: u32) -> WeekTime {
[INFO] [stderr]    |                   ^^^^^^^^^^^^
[INFO] [stderr]    |
[INFO] [stderr]    = note: `#[warn(dead_code)]` on by default
[INFO] [stderr] 
[INFO] [stderr] warning: `async_clockwerk` (lib) generated 3 warnings
[INFO] [stderr] warning: `async_clockwerk` (lib test) generated 3 warnings (3 duplicates)
[INFO] [stderr]     Finished test [unoptimized + debuginfo] target(s) in 0.05s
[INFO] [stderr]      Running unittests (/opt/rustwide/target/debug/deps/async_clockwerk-44bcbfaaf0f730b3)
[INFO] [stdout] 
[INFO] [stdout] running 2 tests
[INFO] [stdout] test weektime::test::test_interval ... ok
[INFO] [stdout] test weektime::test::test_interval_carry ... ok
[INFO] [stdout] 
[INFO] [stdout] test result: ok. 2 passed; 0 failed; 0 ignored; 0 measured; 0 filtered out; finished in 0.00s
[INFO] [stdout] 
[INFO] [stderr]    Doc-tests async_clockwerk
[INFO] [stdout] 
[INFO] [stdout] running 1 test
[INFO] [stdout] test src/lib.rs - Operation (line 45) ... FAILED
[INFO] [stdout] 
[INFO] [stdout] failures:
[INFO] [stdout] 
[INFO] [stdout] ---- src/lib.rs - Operation (line 45) stdout ----
[INFO] [stdout] error[E0433]: failed to resolve: use of undeclared crate or module `thread`
[INFO] [stdout]  --> src/lib.rs:46:1
[INFO] [stdout]   |
[INFO] [stdout] 3 | thread::sleep(Duration::from_secs(3));
[INFO] [stdout]   | ^^^^^^ use of undeclared crate or module `thread`
[INFO] [stdout] 
[INFO] [stdout] error[E0433]: failed to resolve: use of undeclared crate or module `thread`
[INFO] [stdout]  --> src/lib.rs:48:1
[INFO] [stdout]   |
[INFO] [stdout] 5 | thread::sleep(Duration::from_secs(5));
[INFO] [stdout]   | ^^^^^^ use of undeclared crate or module `thread`
[INFO] [stdout] 
[INFO] [stdout] error[E0433]: failed to resolve: use of undeclared type `Duration`
[INFO] [stdout]  --> src/lib.rs:46:15
[INFO] [stdout]   |
[INFO] [stdout] 3 | thread::sleep(Duration::from_secs(3));
[INFO] [stdout]   |               ^^^^^^^^ not found in this scope
[INFO] [stdout]   |
[INFO] [stdout] help: consider importing one of these items
[INFO] [stdout]   |
[INFO] [stdout] 2 | use chrono::Duration;
[INFO] [stdout]   |
[INFO] [stdout] 2 | use core::time::Duration;
[INFO] [stdout]   |
[INFO] [stdout] 2 | use std::time::Duration;
[INFO] [stdout]   |
[INFO] [stdout] 2 | use tokio::time::Duration;
[INFO] [stdout]   |
[INFO] [stdout] 
[INFO] [stdout] error[E0433]: failed to resolve: use of undeclared type `Duration`
[INFO] [stdout]  --> src/lib.rs:48:15
[INFO] [stdout]   |
[INFO] [stdout] 5 | thread::sleep(Duration::from_secs(5));
[INFO] [stdout]   |               ^^^^^^^^ not found in this scope
[INFO] [stdout]   |
[INFO] [stdout] help: consider importing one of these items
[INFO] [stdout]   |
[INFO] [stdout] 2 | use chrono::Duration;
[INFO] [stdout]   |
[INFO] [stdout] 2 | use core::time::Duration;
[INFO] [stdout]   |
[INFO] [stdout] 2 | use std::time::Duration;
[INFO] [stdout]   |
[INFO] [stdout] 2 | use tokio::time::Duration;
[INFO] [stdout]   |
[INFO] [stdout] 
[INFO] [stdout] error: aborting due to 4 previous errors
[INFO] [stdout] 
[INFO] [stdout] For more information about this error, try `rustc --explain E0433`.
[INFO] [stdout] Couldn't compile the test.
[INFO] [stdout] 
[INFO] [stdout] failures:
[INFO] [stdout]     src/lib.rs - Operation (line 45)
[INFO] [stdout] 
[INFO] [stdout] test result: FAILED. 0 passed; 1 failed; 0 ignored; 0 measured; 0 filtered out; finished in 0.51s
[INFO] [stdout] 
[INFO] [stderr] error: test failed, to rerun pass '--doc'
[INFO] running `Command { std: "docker" "inspect" "3a2ca83d68b3ac84ff324332bc0e1d6114e0fff958876b69c8b26bbec106f442", kill_on_drop: false }`
[INFO] running `Command { std: "docker" "rm" "-f" "3a2ca83d68b3ac84ff324332bc0e1d6114e0fff958876b69c8b26bbec106f442", kill_on_drop: false }`
[INFO] [stdout] 3a2ca83d68b3ac84ff324332bc0e1d6114e0fff958876b69c8b26bbec106f442
