[INFO] cloning repository https://github.com/JonathanMurray/chip-8-rs
[INFO] running `Command { std: "git" "-c" "credential.helper=" "-c" "credential.helper=/workspace/cargo-home/bin/git-credential-null" "clone" "--bare" "https://github.com/JonathanMurray/chip-8-rs" "/workspace/cache/git-repos/https%3A%2F%2Fgithub.com%2FJonathanMurray%2Fchip-8-rs", kill_on_drop: false }`
[INFO] [stderr] Cloning into bare repository '/workspace/cache/git-repos/https%3A%2F%2Fgithub.com%2FJonathanMurray%2Fchip-8-rs'...
[INFO] running `Command { std: "git" "rev-parse" "HEAD", kill_on_drop: false }`
[INFO] [stdout] caf2c602ce340952c8572d175d1d6b8123652fd9
[INFO] testing JonathanMurray/chip-8-rs against 1.54.0 for beta-1.55-1
[INFO] running `Command { std: "git" "clone" "/workspace/cache/git-repos/https%3A%2F%2Fgithub.com%2FJonathanMurray%2Fchip-8-rs" "/workspace/builds/worker-1/source", kill_on_drop: false }`
[INFO] [stderr] Cloning into '/workspace/builds/worker-1/source'...
[INFO] [stderr] done.
[INFO] validating manifest of git repo https://github.com/JonathanMurray/chip-8-rs on toolchain 1.54.0
[INFO] running `Command { std: "/workspace/cargo-home/bin/cargo" "+1.54.0" "metadata" "--manifest-path" "Cargo.toml" "--no-deps", kill_on_drop: false }`
[INFO] started tweaking git repo https://github.com/JonathanMurray/chip-8-rs
[INFO] finished tweaking git repo https://github.com/JonathanMurray/chip-8-rs
[INFO] tweaked toml for git repo https://github.com/JonathanMurray/chip-8-rs written to /workspace/builds/worker-1/source/Cargo.toml
[INFO] crate git repo https://github.com/JonathanMurray/chip-8-rs already has a lockfile, it will not be regenerated
[INFO] running `Command { std: "/workspace/cargo-home/bin/cargo" "+1.54.0" "fetch" "--manifest-path" "Cargo.toml", kill_on_drop: false }`
[INFO] [stderr]     Blocking waiting for file lock on package cache
[INFO] [stderr]     Blocking waiting for file lock on package cache
[INFO] running `Command { std: "docker" "create" "-v" "/var/lib/crater-agent-workspace/builds/worker-1/target:/opt/rustwide/target:rw,Z" "-v" "/var/lib/crater-agent-workspace/builds/worker-1/source:/opt/rustwide/workdir:ro,Z" "-v" "/var/lib/crater-agent-workspace/cargo-home:/opt/rustwide/cargo-home:ro,Z" "-v" "/var/lib/crater-agent-workspace/rustup-home:/opt/rustwide/rustup-home:ro,Z" "-e" "SOURCE_DIR=/opt/rustwide/workdir" "-e" "CARGO_TARGET_DIR=/opt/rustwide/target" "-e" "CARGO_HOME=/opt/rustwide/cargo-home" "-e" "RUSTUP_HOME=/opt/rustwide/rustup-home" "-w" "/opt/rustwide/workdir" "-m" "1610612736" "--user" "0:0" "--network" "none" "ghcr.io/rust-lang/crates-build-env/linux@sha256:34b6a614d2c27851fe6cbf88fbd1137609cefab8b10d0615aaeb6fd47975d74e" "/opt/rustwide/cargo-home/bin/cargo" "+1.54.0" "metadata" "--no-deps" "--format-version=1", kill_on_drop: false }`
[INFO] [stdout] f9c4784ec31b964a2994cda55a8d99486e66a44dc91a5fe30ef8733194b70c15
[INFO] [stderr] WARNING: Your kernel does not support swap limit capabilities or the cgroup is not mounted. Memory limited without swap.
[INFO] running `Command { std: "docker" "start" "-a" "f9c4784ec31b964a2994cda55a8d99486e66a44dc91a5fe30ef8733194b70c15", kill_on_drop: false }`
[INFO] running `Command { std: "docker" "inspect" "f9c4784ec31b964a2994cda55a8d99486e66a44dc91a5fe30ef8733194b70c15", kill_on_drop: false }`
[INFO] running `Command { std: "docker" "rm" "-f" "f9c4784ec31b964a2994cda55a8d99486e66a44dc91a5fe30ef8733194b70c15", kill_on_drop: false }`
[INFO] [stdout] f9c4784ec31b964a2994cda55a8d99486e66a44dc91a5fe30ef8733194b70c15
[INFO] running `Command { std: "docker" "create" "-v" "/var/lib/crater-agent-workspace/builds/worker-1/target:/opt/rustwide/target:rw,Z" "-v" "/var/lib/crater-agent-workspace/builds/worker-1/source:/opt/rustwide/workdir:ro,Z" "-v" "/var/lib/crater-agent-workspace/cargo-home:/opt/rustwide/cargo-home:ro,Z" "-v" "/var/lib/crater-agent-workspace/rustup-home:/opt/rustwide/rustup-home:ro,Z" "-e" "SOURCE_DIR=/opt/rustwide/workdir" "-e" "CARGO_TARGET_DIR=/opt/rustwide/target" "-e" "CARGO_INCREMENTAL=0" "-e" "RUST_BACKTRACE=full" "-e" "RUSTFLAGS=--cap-lints=warn" "-e" "CARGO_HOME=/opt/rustwide/cargo-home" "-e" "RUSTUP_HOME=/opt/rustwide/rustup-home" "-w" "/opt/rustwide/workdir" "-m" "1610612736" "--user" "0:0" "--network" "none" "ghcr.io/rust-lang/crates-build-env/linux@sha256:34b6a614d2c27851fe6cbf88fbd1137609cefab8b10d0615aaeb6fd47975d74e" "/opt/rustwide/cargo-home/bin/cargo" "+1.54.0" "build" "--frozen" "--message-format=json", kill_on_drop: false }`
[INFO] [stdout] 3a5428e53f70a2192743d055ec633d42a62e9198952bf29f4011511bebb7d04b
[INFO] [stderr] WARNING: Your kernel does not support swap limit capabilities or the cgroup is not mounted. Memory limited without swap.
[INFO] running `Command { std: "docker" "start" "-a" "3a5428e53f70a2192743d055ec633d42a62e9198952bf29f4011511bebb7d04b", kill_on_drop: false }`
[INFO] [stderr]    Compiling libc v0.2.90
[INFO] [stderr]    Compiling syn v1.0.64
[INFO] [stderr]    Compiling serde_derive v1.0.124
[INFO] [stderr]    Compiling serde v1.0.124
[INFO] [stderr]    Compiling serde_json v1.0.64
[INFO] [stderr]    Compiling pulldown-cmark v0.8.0
[INFO] [stderr]    Compiling bytecount v0.6.2
[INFO] [stderr]    Compiling num-traits v0.2.14
[INFO] [stderr]    Compiling num-complex v0.2.4
[INFO] [stderr]    Compiling ogg v0.7.1
[INFO] [stderr]    Compiling error-chain v0.12.4
[INFO] [stderr]    Compiling rand v0.6.5
[INFO] [stderr]    Compiling minimp3-sys v0.3.2
[INFO] [stderr]    Compiling libloading v0.5.2
[INFO] [stderr]    Compiling bzip2-sys v0.1.10+1.0.8
[INFO] [stderr]    Compiling arrayvec v0.4.12
[INFO] [stderr]    Compiling gfx_core v0.9.2
[INFO] [stderr]    Compiling gfx_gl v0.6.1
[INFO] [stderr]    Compiling euclid_macros v0.1.0
[INFO] [stderr]    Compiling num-derive v0.2.5
[INFO] [stderr]    Compiling smart-default v0.5.2
[INFO] [stderr]    Compiling lewton v0.9.4
[INFO] [stderr]    Compiling gfx v0.18.2
[INFO] [stderr]    Compiling approx v0.3.2
[INFO] [stderr]    Compiling ordered-float v1.1.1
[INFO] [stderr]    Compiling line_drawing v0.7.0
[INFO] [stderr]    Compiling num-integer v0.1.44
[INFO] [stderr]    Compiling num-traits v0.1.43
[INFO] [stderr]    Compiling euclid v0.19.9
[INFO] [stderr]    Compiling sid v0.5.2
[INFO] [stderr]    Compiling num_cpus v1.13.0
[INFO] [stderr]    Compiling getrandom v0.2.2
[INFO] [stderr]    Compiling nix v0.14.1
[INFO] [stderr]    Compiling getrandom v0.1.16
[INFO] [stderr]    Compiling memmap v0.7.0
[INFO] [stderr]    Compiling x11-dl v2.18.5
[INFO] [stderr]    Compiling parking_lot_core v0.6.2
[INFO] [stderr]    Compiling shared_library v0.1.9
[INFO] [stderr]    Compiling raw-window-handle v0.3.3
[INFO] [stderr]    Compiling rand_os v0.1.3
[INFO] [stderr]    Compiling slice-deque v0.3.0
[INFO] [stderr]    Compiling alsa-sys v0.1.2
[INFO] [stderr]    Compiling libudev-sys v0.1.4
[INFO] [stderr]    Compiling nix v0.15.0
[INFO] [stderr]    Compiling dirs-sys v0.3.5
[INFO] [stderr]    Compiling atty v0.2.14
[INFO] [stderr]    Compiling num-rational v0.2.4
[INFO] [stderr]    Compiling num-iter v0.1.42
[INFO] [stderr]    Compiling rand_core v0.5.1
[INFO] [stderr]    Compiling rand_core v0.6.2
[INFO] [stderr]    Compiling rusttype v0.8.3
[INFO] [stderr]    Compiling alga v0.9.3
[INFO] [stderr]    Compiling parking_lot v0.9.0
[INFO] [stderr]    Compiling osmesa-sys v0.1.2
[INFO] [stderr]    Compiling tiff v0.3.1
[INFO] [stderr]    Compiling bzip2 v0.3.3
[INFO] [stderr]    Compiling lyon_geom v0.12.7
[INFO] [stderr]    Compiling cpal v0.8.2
[INFO] [stderr]    Compiling clap v2.33.3
[INFO] [stderr]    Compiling directories v2.0.2
[INFO] [stderr]    Compiling minimp3 v0.3.5
[INFO] [stderr]    Compiling rand_chacha v0.3.0
[INFO] [stderr]    Compiling rand_chacha v0.2.2
[INFO] [stderr]    Compiling image v0.22.5
[INFO] [stderr]    Compiling rusttype v0.7.9
[INFO] [stderr]    Compiling glyph_brush_layout v0.1.9
[INFO] [stderr]    Compiling andrew v0.2.1
[INFO] [stderr]    Compiling rand v0.8.3
[INFO] [stderr]    Compiling lyon_path v0.13.2
[INFO] [stderr]    Compiling rand v0.7.3
[INFO] [stderr]    Compiling nalgebra v0.18.1
[INFO] [stderr]    Compiling lyon_tessellation v0.13.5
[INFO] [stderr]    Compiling lyon_algorithms v0.13.4
[INFO] [stderr]    Compiling glutin_glx_sys v0.1.7
[INFO] [stderr]    Compiling tempfile v3.2.0
[INFO] [stderr]    Compiling twox-hash v1.6.0
[INFO] [stderr]    Compiling lyon v0.13.5
[INFO] [stderr]    Compiling gfx_device_gl v0.16.2
[INFO] [stderr]    Compiling wayland-commons v0.21.13
[INFO] [stderr]    Compiling glyph_brush v0.6.3
[INFO] [stderr]    Compiling wayland-client v0.21.13
[INFO] [stderr]    Compiling thiserror-impl v1.0.24
[INFO] [stderr]    Compiling glyph_brush v0.5.4
[INFO] [stderr]    Compiling gilrs-core v0.2.6
[INFO] [stderr]    Compiling wayland-protocols v0.21.13
[INFO] [stderr]    Compiling gilrs v0.7.4
[INFO] [stderr]    Compiling thiserror v1.0.24
[INFO] [stderr]    Compiling zip v0.5.11
[INFO] [stderr]    Compiling smithay-client-toolkit v0.4.6
[INFO] [stderr]    Compiling winit v0.19.5
[INFO] [stderr]    Compiling glutin v0.20.1
[INFO] [stderr]    Compiling gfx_window_glutin v0.30.0
[INFO] [stderr]    Compiling cargo-platform v0.1.1
[INFO] [stderr]    Compiling semver v0.11.0
[INFO] [stderr]    Compiling toml v0.5.8
[INFO] [stderr]    Compiling rodio v0.9.0
[INFO] [stderr]    Compiling cargo_metadata v0.12.3
[INFO] [stderr]    Compiling skeptic v0.13.6
[INFO] [stderr]    Compiling ggez v0.5.1
[INFO] [stderr]    Compiling chip-8-rs v0.1.0 (/opt/rustwide/workdir)
[INFO] [stderr]     Finished dev [unoptimized + debuginfo] target(s) in 2m 07s
[INFO] running `Command { std: "docker" "inspect" "3a5428e53f70a2192743d055ec633d42a62e9198952bf29f4011511bebb7d04b", kill_on_drop: false }`
[INFO] running `Command { std: "docker" "rm" "-f" "3a5428e53f70a2192743d055ec633d42a62e9198952bf29f4011511bebb7d04b", kill_on_drop: false }`
[INFO] [stdout] 3a5428e53f70a2192743d055ec633d42a62e9198952bf29f4011511bebb7d04b
[INFO] running `Command { std: "docker" "create" "-v" "/var/lib/crater-agent-workspace/builds/worker-1/target:/opt/rustwide/target:rw,Z" "-v" "/var/lib/crater-agent-workspace/builds/worker-1/source:/opt/rustwide/workdir:ro,Z" "-v" "/var/lib/crater-agent-workspace/cargo-home:/opt/rustwide/cargo-home:ro,Z" "-v" "/var/lib/crater-agent-workspace/rustup-home:/opt/rustwide/rustup-home:ro,Z" "-e" "SOURCE_DIR=/opt/rustwide/workdir" "-e" "CARGO_TARGET_DIR=/opt/rustwide/target" "-e" "CARGO_INCREMENTAL=0" "-e" "RUST_BACKTRACE=full" "-e" "RUSTFLAGS=--cap-lints=warn" "-e" "CARGO_HOME=/opt/rustwide/cargo-home" "-e" "RUSTUP_HOME=/opt/rustwide/rustup-home" "-w" "/opt/rustwide/workdir" "-m" "1610612736" "--user" "0:0" "--network" "none" "ghcr.io/rust-lang/crates-build-env/linux@sha256:34b6a614d2c27851fe6cbf88fbd1137609cefab8b10d0615aaeb6fd47975d74e" "/opt/rustwide/cargo-home/bin/cargo" "+1.54.0" "test" "--frozen" "--no-run" "--message-format=json", kill_on_drop: false }`
[INFO] [stderr] WARNING: Your kernel does not support swap limit capabilities or the cgroup is not mounted. Memory limited without swap.
[INFO] [stdout] 06d44e8e676c79b6837a49246ef603dba9723820fb1fa3295d52e3768d1fb6e5
[INFO] running `Command { std: "docker" "start" "-a" "06d44e8e676c79b6837a49246ef603dba9723820fb1fa3295d52e3768d1fb6e5", kill_on_drop: false }`
[INFO] [stderr]     Blocking waiting for file lock on package cache
[INFO] [stderr]    Compiling chip-8-rs v0.1.0 (/opt/rustwide/workdir)
[INFO] [stderr]     Finished test [unoptimized + debuginfo] target(s) in 4.79s
[INFO] running `Command { std: "docker" "inspect" "06d44e8e676c79b6837a49246ef603dba9723820fb1fa3295d52e3768d1fb6e5", kill_on_drop: false }`
[INFO] running `Command { std: "docker" "rm" "-f" "06d44e8e676c79b6837a49246ef603dba9723820fb1fa3295d52e3768d1fb6e5", kill_on_drop: false }`
[INFO] [stdout] 06d44e8e676c79b6837a49246ef603dba9723820fb1fa3295d52e3768d1fb6e5
[INFO] running `Command { std: "docker" "create" "-v" "/var/lib/crater-agent-workspace/builds/worker-1/target:/opt/rustwide/target:rw,Z" "-v" "/var/lib/crater-agent-workspace/builds/worker-1/source:/opt/rustwide/workdir:ro,Z" "-v" "/var/lib/crater-agent-workspace/cargo-home:/opt/rustwide/cargo-home:ro,Z" "-v" "/var/lib/crater-agent-workspace/rustup-home:/opt/rustwide/rustup-home:ro,Z" "-e" "SOURCE_DIR=/opt/rustwide/workdir" "-e" "CARGO_TARGET_DIR=/opt/rustwide/target" "-e" "CARGO_INCREMENTAL=0" "-e" "RUST_BACKTRACE=full" "-e" "RUSTFLAGS=--cap-lints=warn" "-e" "CARGO_HOME=/opt/rustwide/cargo-home" "-e" "RUSTUP_HOME=/opt/rustwide/rustup-home" "-w" "/opt/rustwide/workdir" "-m" "1610612736" "--user" "0:0" "--network" "none" "ghcr.io/rust-lang/crates-build-env/linux@sha256:34b6a614d2c27851fe6cbf88fbd1137609cefab8b10d0615aaeb6fd47975d74e" "/opt/rustwide/cargo-home/bin/cargo" "+1.54.0" "test" "--frozen", kill_on_drop: false }`
[INFO] [stdout] 7cdb59a8121e8a803acee891e344d5071e561e8834a33c88676eaa472787c38e
[INFO] [stderr] WARNING: Your kernel does not support swap limit capabilities or the cgroup is not mounted. Memory limited without swap.
[INFO] running `Command { std: "docker" "start" "-a" "7cdb59a8121e8a803acee891e344d5071e561e8834a33c88676eaa472787c38e", kill_on_drop: false }`
[INFO] [stderr]     Finished test [unoptimized + debuginfo] target(s) in 0.20s
[INFO] [stderr]      Running unittests (/opt/rustwide/target/debug/deps/chip_8_rs-e2d37944bce2d819)
[INFO] [stdout] 
[INFO] [stdout] running 50 tests
[INFO] [stdout] test chip8::test_00ee_return ... ok
[INFO] [stdout] test chip8::test_2nnn_call ... ok
[INFO] [stdout] test chip8::test_3xnn_skip_if_eq ... ok
[INFO] [stdout] test assembly::test_disassemble_rom_call_to_unaligned ... ok
[INFO] [stdout] test chip8::test_1nnn_jump ... ok
[INFO] [stdout] test assembly::test_disassemble_opcode ... ok
[INFO] [stdout] test chip8::test_4xnn_skip_if_not_eq ... ok
[INFO] [stdout] test chip8::test_5xy0_skip_if_registers_eq ... ok
[INFO] [stdout] test assembly::test_disassemble_rom_jump_to_unaligned ... ok
[INFO] [stdout] test chip8::test_6xnn_set_register ... ok
[INFO] [stdout] test chip8::test_0nnn_call ... ok
[INFO] [stdout] test chip8::test_7xnn_add_to_register ... ok
[INFO] [stdout] test assembly::test_disassemble_rom ... ok
[INFO] [stdout] test chip8::test_8xye_shift_left ... ok
[INFO] [stdout] test chip8::test_8xye_shift_left_carry ... ok
[INFO] [stdout] test chip8::test_9xy0_skip_if_registers_not_eq ... ok
[INFO] [stdout] test chip8::test_8xy0_set_vx_to_vy ... ok
[INFO] [stdout] test chip8::test_8xy1_set_vx_to_vx_or_vy ... ok
[INFO] [stdout] test chip8::test_cxnn_set_vx_to_random ... ok
[INFO] [stdout] test chip8::test_dxyn_draw_1_row_carry ... ok
[INFO] [stdout] test chip8::test_dxyn_draw_1_row_no_carry ... ok
[INFO] [stdout] test chip8::test_dxyn_draw_2_rows_no_carry ... ok
[INFO] [stdout] test chip8::test_ex9e_skip_if_vx_pressed_true ... ok
[INFO] [stdout] test chip8::test_exa1_skip_if_vx_not_pressed_false ... ok
[INFO] [stdout] test chip8::test_8xy7_set_vx_to_vy_minus_vx_borrow ... ok
[INFO] [stdout] test chip8::test_8xy2_set_vx_to_vx_and_vy ... ok
[INFO] [stdout] test chip8::test_8xy6_shift_right ... ok
[INFO] [stdout] test chip8::test_8xy4_add_vy_to_vx_carry ... ok
[INFO] [stdout] test chip8::test_8xy4_add_vy_to_vx ... ok
[INFO] [stdout] test chip8::test_annn_set_address_register ... ok
[INFO] [stdout] test chip8::test_7xnn_add_to_register_overflow ... ok
[INFO] [stdout] test chip8::test_8xy5_subtract_vy_from_vx ... ok
[INFO] [stdout] test chip8::test_blocking_on_key_press_prevents_execution ... ok
[INFO] [stdout] test chip8::test_bnnn_jump_to_v0_plus_constant ... ok
[INFO] [stdout] test chip8::test_fx55_dump_registers_to_memory ... ok
[INFO] [stdout] test chip8::test_fx29_set_i_to_font_sprite_address_0 ... ok
[INFO] [stdout] test chip8::test_fx15_set_delay_timer_to_vx ... ok
[INFO] [stdout] test chip8::test_8xy6_shift_right_carry ... ok
[INFO] [stdout] test chip8::test_fx65_load_memory_into_registers ... ok
[INFO] [stdout] test chip8::test_receiving_key_press_while_blocking ... ok
[INFO] [stdout] test chip8::test_8xy3_set_vx_to_vx_xor_vy ... ok
[INFO] [stdout] test chip8::test_fx0a_wait_for_key_press ... ok
[INFO] [stdout] test chip8::test_fx1e_add_vx_to_i ... ok
[INFO] [stdout] test chip8::test_fx29_set_i_to_font_sprite_address_f ... ok
[INFO] [stdout] test chip8::test_fx33_binary_coded_decimal ... ok
[INFO] [stdout] test chip8::test_fx07_set_vx_to_delay_timer ... ok
[INFO] [stdout] test chip8::test_8xy7_set_vx_to_vy_minus_vx ... ok
[INFO] [stdout] test chip8::test_8xy5_subtract_vy_from_vx_borrow ... ok
[INFO] [stdout] test chip8::test_fx18_set_sound_timer_to_vx ... ok
[INFO] [stderr] error: test failed, to rerun pass '--lib'
[INFO] [stdout] test chip8::test_rom ... FAILED
[INFO] [stdout] 
[INFO] [stdout] failures:
[INFO] [stdout] 
[INFO] [stdout] ---- chip8::test_rom stdout ----
[INFO] [stdout] thread 'chip8::test_rom' panicked at 'Open test file: Os { code: 2, kind: NotFound, message: "No such file or directory" }', src/chip8.rs:1092:47
[INFO] [stdout] stack backtrace:
[INFO] [stdout]    0:     0x5611441e5cf0 - std::backtrace_rs::backtrace::libunwind::trace::h34055254b57d8e79
[INFO] [stdout]                                at /rustc/a178d0322ce20e33eac124758e837cbd80a6f633/library/std/src/../../backtrace/src/backtrace/libunwind.rs:90:5
[INFO] [stdout]    1:     0x5611441e5cf0 - std::backtrace_rs::backtrace::trace_unsynchronized::h8f1e3fbd9afff6ec
[INFO] [stdout]                                at /rustc/a178d0322ce20e33eac124758e837cbd80a6f633/library/std/src/../../backtrace/src/backtrace/mod.rs:66:5
[INFO] [stdout]    2:     0x5611441e5cf0 - std::sys_common::backtrace::_print_fmt::h3a99a796b770c360
[INFO] [stdout]                                at /rustc/a178d0322ce20e33eac124758e837cbd80a6f633/library/std/src/sys_common/backtrace.rs:67:5
[INFO] [stdout]    3:     0x5611441e5cf0 - <std::sys_common::backtrace::_print::DisplayBacktrace as core::fmt::Display>::fmt::h32d1f94a80615d18
[INFO] [stdout]                                at /rustc/a178d0322ce20e33eac124758e837cbd80a6f633/library/std/src/sys_common/backtrace.rs:46:22
[INFO] [stdout]    4:     0x5611442084fc - core::fmt::write::h306731c068f7162c
[INFO] [stdout]                                at /rustc/a178d0322ce20e33eac124758e837cbd80a6f633/library/core/src/fmt/mod.rs:1110:17
[INFO] [stdout]    5:     0x5611441e2c15 - std::io::Write::write_fmt::h87f19b0a2cd190bc
[INFO] [stdout]                                at /rustc/a178d0322ce20e33eac124758e837cbd80a6f633/library/std/src/io/mod.rs:1588:15
[INFO] [stdout]    6:     0x5611441e7e5b - std::sys_common::backtrace::_print::h5abaa2601a852287
[INFO] [stdout]                                at /rustc/a178d0322ce20e33eac124758e837cbd80a6f633/library/std/src/sys_common/backtrace.rs:49:5
[INFO] [stdout]    7:     0x5611441e7e5b - std::sys_common::backtrace::print::h8d81445442bb638f
[INFO] [stdout]                                at /rustc/a178d0322ce20e33eac124758e837cbd80a6f633/library/std/src/sys_common/backtrace.rs:36:9
[INFO] [stdout]    8:     0x5611441e7e5b - std::panicking::default_hook::{{closure}}::hcfe804496a9fa747
[INFO] [stdout]                                at /rustc/a178d0322ce20e33eac124758e837cbd80a6f633/library/std/src/panicking.rs:208:50
[INFO] [stdout]    9:     0x5611441e796c - std::panicking::default_hook::hbea8e3ccf2ba8901
[INFO] [stdout]                                at /rustc/a178d0322ce20e33eac124758e837cbd80a6f633/library/std/src/panicking.rs:222:9
[INFO] [stdout]   10:     0x5611441e8524 - std::panicking::rust_panic_with_hook::h7ee9e1a2d0f8975a
[INFO] [stdout]                                at /rustc/a178d0322ce20e33eac124758e837cbd80a6f633/library/std/src/panicking.rs:622:17
[INFO] [stdout]   11:     0x5611441e8007 - std::panicking::begin_panic_handler::{{closure}}::h8ab3b4491718b2c7
[INFO] [stdout]                                at /rustc/a178d0322ce20e33eac124758e837cbd80a6f633/library/std/src/panicking.rs:519:13
[INFO] [stdout]   12:     0x5611441e61ec - std::sys_common::backtrace::__rust_end_short_backtrace::hd489062ffa586a9f
[INFO] [stdout]                                at /rustc/a178d0322ce20e33eac124758e837cbd80a6f633/library/std/src/sys_common/backtrace.rs:141:18
[INFO] [stdout]   13:     0x5611441e7f69 - rust_begin_unwind
[INFO] [stdout]                                at /rustc/a178d0322ce20e33eac124758e837cbd80a6f633/library/std/src/panicking.rs:515:5
[INFO] [stdout]   14:     0x561144133a31 - core::panicking::panic_fmt::hca6330e3e14086b4
[INFO] [stdout]                                at /rustc/a178d0322ce20e33eac124758e837cbd80a6f633/library/core/src/panicking.rs:92:14
[INFO] [stdout]   15:     0x561144133b23 - core::result::unwrap_failed::h6160d2b4bfbb0e87
[INFO] [stdout]                                at /rustc/a178d0322ce20e33eac124758e837cbd80a6f633/library/core/src/result.rs:1355:5
[INFO] [stdout]   16:     0x561144146f50 - core::result::Result<T,E>::expect::hc6bc8cec8cb63d4d
[INFO] [stdout]                                at /rustc/a178d0322ce20e33eac124758e837cbd80a6f633/library/core/src/result.rs:997:23
[INFO] [stdout]   17:     0x561144141e49 - chip_8_rs::chip8::test_rom::h10982cc02f09740d
[INFO] [stdout]                                at /opt/rustwide/workdir/src/chip8.rs:1092:17
[INFO] [stdout]   18:     0x561144141dea - chip_8_rs::chip8::test_rom::{{closure}}::hc9647b5c3c63b0ee
[INFO] [stdout]                                at /opt/rustwide/workdir/src/chip8.rs:1089:1
[INFO] [stdout]   19:     0x56114414829e - core::ops::function::FnOnce::call_once::h81224aadadcd19a6
[INFO] [stdout]                                at /rustc/a178d0322ce20e33eac124758e837cbd80a6f633/library/core/src/ops/function.rs:227:5
[INFO] [stdout]   20:     0x561144172e53 - core::ops::function::FnOnce::call_once::h152e7e439ff59e19
[INFO] [stdout]                                at /rustc/a178d0322ce20e33eac124758e837cbd80a6f633/library/core/src/ops/function.rs:227:5
[INFO] [stdout]   21:     0x561144172e53 - test::__rust_begin_short_backtrace::h0908f3b1fdbb72ab
[INFO] [stdout]                                at /rustc/a178d0322ce20e33eac124758e837cbd80a6f633/library/test/src/lib.rs:577:5
[INFO] [stdout]   22:     0x561144171910 - <alloc::boxed::Box<F,A> as core::ops::function::FnOnce<Args>>::call_once::hf6d2a51e5587546c
[INFO] [stdout]                                at /rustc/a178d0322ce20e33eac124758e837cbd80a6f633/library/alloc/src/boxed.rs:1575:9
[INFO] [stdout]   23:     0x561144171910 - <std::panic::AssertUnwindSafe<F> as core::ops::function::FnOnce<()>>::call_once::h8af660f3a89ef593
[INFO] [stdout]                                at /rustc/a178d0322ce20e33eac124758e837cbd80a6f633/library/std/src/panic.rs:347:9
[INFO] [stdout]   24:     0x561144171910 - std::panicking::try::do_call::hd36aef60f84b6d36
[INFO] [stdout]                                at /rustc/a178d0322ce20e33eac124758e837cbd80a6f633/library/std/src/panicking.rs:401:40
[INFO] [stdout]   25:     0x561144171910 - std::panicking::try::h9932b4480e69817c
[INFO] [stdout]                                at /rustc/a178d0322ce20e33eac124758e837cbd80a6f633/library/std/src/panicking.rs:365:19
[INFO] [stdout]   26:     0x561144171910 - std::panic::catch_unwind::h6aa177099cfff5f8
[INFO] [stdout]                                at /rustc/a178d0322ce20e33eac124758e837cbd80a6f633/library/std/src/panic.rs:434:14
[INFO] [stdout]   27:     0x561144171910 - test::run_test_in_process::h5884d6f2d99e20c3
[INFO] [stdout]                                at /rustc/a178d0322ce20e33eac124758e837cbd80a6f633/library/test/src/lib.rs:600:18
[INFO] [stdout]   28:     0x561144171910 - test::run_test::run_test_inner::{{closure}}::h6fdc58c6d5f5b6e3
[INFO] [stdout]                                at /rustc/a178d0322ce20e33eac124758e837cbd80a6f633/library/test/src/lib.rs:492:39
[INFO] [stdout]   29:     0x56114414afc2 - test::run_test::run_test_inner::{{closure}}::h408365d67a78ade8
[INFO] [stdout]                                at /rustc/a178d0322ce20e33eac124758e837cbd80a6f633/library/test/src/lib.rs:519:37
[INFO] [stdout]   30:     0x56114414afc2 - std::sys_common::backtrace::__rust_begin_short_backtrace::hb560b77c4f701523
[INFO] [stdout]                                at /rustc/a178d0322ce20e33eac124758e837cbd80a6f633/library/std/src/sys_common/backtrace.rs:125:18
[INFO] [stdout]   31:     0x56114414eb78 - std::thread::Builder::spawn_unchecked::{{closure}}::{{closure}}::hf2e7831dad93c597
[INFO] [stdout]                                at /rustc/a178d0322ce20e33eac124758e837cbd80a6f633/library/std/src/thread/mod.rs:481:17
[INFO] [stdout]   32:     0x56114414eb78 - <std::panic::AssertUnwindSafe<F> as core::ops::function::FnOnce<()>>::call_once::hd2e08783d8be4d02
[INFO] [stdout]                                at /rustc/a178d0322ce20e33eac124758e837cbd80a6f633/library/std/src/panic.rs:347:9
[INFO] [stdout]   33:     0x56114414eb78 - std::panicking::try::do_call::h062597b7acfd6b82
[INFO] [stdout]                                at /rustc/a178d0322ce20e33eac124758e837cbd80a6f633/library/std/src/panicking.rs:401:40
[INFO] [stdout]   34:     0x56114414eb78 - std::panicking::try::h0d7b79db04c14552
[INFO] [stdout]                                at /rustc/a178d0322ce20e33eac124758e837cbd80a6f633/library/std/src/panicking.rs:365:19
[INFO] [stdout]   35:     0x56114414eb78 - std::panic::catch_unwind::hb01a0b5e7c8cd43b
[INFO] [stdout]                                at /rustc/a178d0322ce20e33eac124758e837cbd80a6f633/library/std/src/panic.rs:434:14
[INFO] [stdout]   36:     0x56114414eb78 - std::thread::Builder::spawn_unchecked::{{closure}}::h5bde48cc887e0d1e
[INFO] [stdout]                                at /rustc/a178d0322ce20e33eac124758e837cbd80a6f633/library/std/src/thread/mod.rs:480:30
[INFO] [stdout]   37:     0x56114414eb78 - core::ops::function::FnOnce::call_once{{vtable.shim}}::h745ea30807a29e55
[INFO] [stdout]                                at /rustc/a178d0322ce20e33eac124758e837cbd80a6f633/library/core/src/ops/function.rs:227:5
[INFO] [stdout]   38:     0x5611441ecfe7 - <alloc::boxed::Box<F,A> as core::ops::function::FnOnce<Args>>::call_once::h7ece6cfefaff1005
[INFO] [stdout]                                at /rustc/a178d0322ce20e33eac124758e837cbd80a6f633/library/alloc/src/boxed.rs:1575:9
[INFO] [stdout]   39:     0x5611441ecfe7 - <alloc::boxed::Box<F,A> as core::ops::function::FnOnce<Args>>::call_once::hb8b48e55c21f193e
[INFO] [stdout]                                at /rustc/a178d0322ce20e33eac124758e837cbd80a6f633/library/alloc/src/boxed.rs:1575:9
[INFO] [stdout]   40:     0x5611441ecfe7 - std::sys::unix::thread::Thread::new::thread_start::h8c7c4450dba62914
[INFO] [stdout]                                at /rustc/a178d0322ce20e33eac124758e837cbd80a6f633/library/std/src/sys/unix/thread.rs:71:17
[INFO] [stdout]   41:     0x7f511271b609 - start_thread
[INFO] [stdout]   42:     0x7f51124f3293 - clone
[INFO] [stdout]   43:                0x0 - <unknown>
[INFO] [stdout] 
[INFO] [stdout] 
[INFO] [stdout] failures:
[INFO] [stdout]     chip8::test_rom
[INFO] [stdout] 
[INFO] [stdout] test result: FAILED. 49 passed; 1 failed; 0 ignored; 0 measured; 0 filtered out; finished in 0.13s
[INFO] [stdout] 
[INFO] running `Command { std: "docker" "inspect" "7cdb59a8121e8a803acee891e344d5071e561e8834a33c88676eaa472787c38e", kill_on_drop: false }`
[INFO] running `Command { std: "docker" "rm" "-f" "7cdb59a8121e8a803acee891e344d5071e561e8834a33c88676eaa472787c38e", kill_on_drop: false }`
[INFO] [stdout] 7cdb59a8121e8a803acee891e344d5071e561e8834a33c88676eaa472787c38e
