[INFO] cloning repository https://github.com/JohnHMoses/ray-rs
[INFO] running `Command { std: "git" "-c" "credential.helper=" "-c" "credential.helper=/workspace/cargo-home/bin/git-credential-null" "clone" "--bare" "https://github.com/JohnHMoses/ray-rs" "/workspace/cache/git-repos/https%3A%2F%2Fgithub.com%2FJohnHMoses%2Fray-rs", kill_on_drop: false }`
[INFO] [stderr] Cloning into bare repository '/workspace/cache/git-repos/https%3A%2F%2Fgithub.com%2FJohnHMoses%2Fray-rs'...
[INFO] running `Command { std: "git" "rev-parse" "HEAD", kill_on_drop: false }`
[INFO] [stdout] fd167048f27527f97148dbba26ae8d78e92c4bbc
[INFO] testing JohnHMoses/ray-rs against beta-2021-08-01 for beta-1.55-1
[INFO] running `Command { std: "git" "clone" "/workspace/cache/git-repos/https%3A%2F%2Fgithub.com%2FJohnHMoses%2Fray-rs" "/workspace/builds/worker-0/source", kill_on_drop: false }`
[INFO] [stderr] Cloning into '/workspace/builds/worker-0/source'...
[INFO] [stderr] done.
[INFO] validating manifest of git repo https://github.com/JohnHMoses/ray-rs on toolchain beta-2021-08-01
[INFO] running `Command { std: "/workspace/cargo-home/bin/cargo" "+beta-2021-08-01" "metadata" "--manifest-path" "Cargo.toml" "--no-deps", kill_on_drop: false }`
[INFO] started tweaking git repo https://github.com/JohnHMoses/ray-rs
[INFO] finished tweaking git repo https://github.com/JohnHMoses/ray-rs
[INFO] tweaked toml for git repo https://github.com/JohnHMoses/ray-rs written to /workspace/builds/worker-0/source/Cargo.toml
[INFO] crate git repo https://github.com/JohnHMoses/ray-rs already has a lockfile, it will not be regenerated
[INFO] running `Command { std: "/workspace/cargo-home/bin/cargo" "+beta-2021-08-01" "fetch" "--manifest-path" "Cargo.toml", kill_on_drop: false }`
[INFO] [stderr]  Downloading crates ...
[INFO] [stderr]   Downloaded adler32 v1.0.1
[INFO] [stderr]   Downloaded cgmath v0.15.0
[INFO] [stderr]   Downloaded deflate v0.7.15
[INFO] running `Command { std: "docker" "create" "-v" "/var/lib/crater-agent-workspace/builds/worker-0/target:/opt/rustwide/target:rw,Z" "-v" "/var/lib/crater-agent-workspace/builds/worker-0/source:/opt/rustwide/workdir:ro,Z" "-v" "/var/lib/crater-agent-workspace/cargo-home:/opt/rustwide/cargo-home:ro,Z" "-v" "/var/lib/crater-agent-workspace/rustup-home:/opt/rustwide/rustup-home:ro,Z" "-e" "SOURCE_DIR=/opt/rustwide/workdir" "-e" "CARGO_TARGET_DIR=/opt/rustwide/target" "-e" "CARGO_HOME=/opt/rustwide/cargo-home" "-e" "RUSTUP_HOME=/opt/rustwide/rustup-home" "-w" "/opt/rustwide/workdir" "-m" "1610612736" "--user" "0:0" "--network" "none" "ghcr.io/rust-lang/crates-build-env/linux@sha256:34b6a614d2c27851fe6cbf88fbd1137609cefab8b10d0615aaeb6fd47975d74e" "/opt/rustwide/cargo-home/bin/cargo" "+beta-2021-08-01" "metadata" "--no-deps" "--format-version=1", kill_on_drop: false }`
[INFO] [stderr] WARNING: Your kernel does not support swap limit capabilities or the cgroup is not mounted. Memory limited without swap.
[INFO] [stdout] 17765566b0c51bf36e3731f7de996081ed90030e2c0a0c8b0d8e4577b69764fd
[INFO] running `Command { std: "docker" "start" "-a" "17765566b0c51bf36e3731f7de996081ed90030e2c0a0c8b0d8e4577b69764fd", kill_on_drop: false }`
[INFO] running `Command { std: "docker" "inspect" "17765566b0c51bf36e3731f7de996081ed90030e2c0a0c8b0d8e4577b69764fd", kill_on_drop: false }`
[INFO] running `Command { std: "docker" "rm" "-f" "17765566b0c51bf36e3731f7de996081ed90030e2c0a0c8b0d8e4577b69764fd", kill_on_drop: false }`
[INFO] [stdout] 17765566b0c51bf36e3731f7de996081ed90030e2c0a0c8b0d8e4577b69764fd
[INFO] running `Command { std: "docker" "create" "-v" "/var/lib/crater-agent-workspace/builds/worker-0/target:/opt/rustwide/target:rw,Z" "-v" "/var/lib/crater-agent-workspace/builds/worker-0/source:/opt/rustwide/workdir:ro,Z" "-v" "/var/lib/crater-agent-workspace/cargo-home:/opt/rustwide/cargo-home:ro,Z" "-v" "/var/lib/crater-agent-workspace/rustup-home:/opt/rustwide/rustup-home:ro,Z" "-e" "SOURCE_DIR=/opt/rustwide/workdir" "-e" "CARGO_TARGET_DIR=/opt/rustwide/target" "-e" "CARGO_INCREMENTAL=0" "-e" "RUST_BACKTRACE=full" "-e" "RUSTFLAGS=--cap-lints=warn" "-e" "CARGO_HOME=/opt/rustwide/cargo-home" "-e" "RUSTUP_HOME=/opt/rustwide/rustup-home" "-w" "/opt/rustwide/workdir" "-m" "1610612736" "--user" "0:0" "--network" "none" "ghcr.io/rust-lang/crates-build-env/linux@sha256:34b6a614d2c27851fe6cbf88fbd1137609cefab8b10d0615aaeb6fd47975d74e" "/opt/rustwide/cargo-home/bin/cargo" "+beta-2021-08-01" "build" "--frozen" "--message-format=json", kill_on_drop: false }`
[INFO] [stdout] 16d685a2ac063c1e79b1f5aaf63d63cf8b1ae4dc878099348056f0894fee0b1b
[INFO] [stderr] WARNING: Your kernel does not support swap limit capabilities or the cgroup is not mounted. Memory limited without swap.
[INFO] running `Command { std: "docker" "start" "-a" "16d685a2ac063c1e79b1f5aaf63d63cf8b1ae4dc878099348056f0894fee0b1b", kill_on_drop: false }`
[INFO] [stderr]    Compiling libc v0.2.29
[INFO] [stderr]    Compiling scopeguard v0.3.2
[INFO] [stderr]    Compiling rayon-core v1.2.1
[INFO] [stderr]    Compiling either v1.1.0
[INFO] [stderr]    Compiling futures v0.1.14
[INFO] [stderr]    Compiling adler32 v1.0.1
[INFO] [stderr]    Compiling inflate v0.2.0
[INFO] [stderr]    Compiling color_quant v1.0.0
[INFO] [stderr]    Compiling scoped_threadpool v0.1.7
[INFO] [stderr]    Compiling enum_primitive v0.1.1
[INFO] [stderr]    Compiling num-iter v0.1.34
[INFO] [stderr]    Compiling num-rational v0.1.39
[INFO] [stderr]    Compiling deflate v0.7.15
[INFO] [stderr]    Compiling coco v0.1.1
[INFO] [stderr]    Compiling gif v0.9.2
[INFO] [stderr]    Compiling rand v0.3.16
[INFO] [stderr]    Compiling num_cpus v1.6.2
[INFO] [stderr]    Compiling memchr v1.0.1
[INFO] [stderr]    Compiling aho-corasick v0.6.3
[INFO] [stderr]    Compiling png v0.9.0
[INFO] [stderr]    Compiling regex v0.2.2
[INFO] [stderr]    Compiling cgmath v0.15.0
[INFO] [stderr]    Compiling rayon v0.8.2
[INFO] [stderr]    Compiling jpeg-decoder v0.1.13
[INFO] [stderr]    Compiling image v0.15.0
[INFO] [stderr]    Compiling ray_rs v0.1.0 (/opt/rustwide/workdir)
[INFO] [stdout] warning: unused import: `RayTokenizer`
[INFO] [stdout]   --> src/parser/ray_scene_builder/mod.rs:14:28
[INFO] [stdout]    |
[INFO] [stdout] 14 | use super::ray_tokenizer::{RayTokenizer, Readable, Token};
[INFO] [stdout]    |                            ^^^^^^^^^^^^
[INFO] [stdout]    |
[INFO] [stdout]    = note: `#[warn(unused_imports)]` on by default
[INFO] [stdout] 
[INFO] [stdout] 
[INFO] [stdout] warning: unused import: `std::rc::Weak`
[INFO] [stdout]  --> src/scene/mod.rs:5:5
[INFO] [stdout]   |
[INFO] [stdout] 5 | use std::rc::Weak;
[INFO] [stdout]   |     ^^^^^^^^^^^^^
[INFO] [stdout] 
[INFO] [stdout] 
[INFO] [stdout] warning: trait objects without an explicit `dyn` are deprecated
[INFO] [stdout]   --> src/scene/mod.rs:11:22
[INFO] [stdout]    |
[INFO] [stdout] 11 |     objects: Vec<Box<SceneObject>>,
[INFO] [stdout]    |                      ^^^^^^^^^^^ help: use `dyn`: `dyn SceneObject`
[INFO] [stdout]    |
[INFO] [stdout]    = note: `#[warn(bare_trait_objects)]` on by default
[INFO] [stdout]    = warning: this is accepted in the current edition (Rust 2015) but is a hard error in Rust 2021!
[INFO] [stdout]    = note: for more information, see issue #80165 <https://github.com/rust-lang/rust/issues/80165>
[INFO] [stdout] 
[INFO] [stdout] 
[INFO] [stdout] warning: trait objects without an explicit `dyn` are deprecated
[INFO] [stdout]   --> src/lib.rs:31:45
[INFO] [stdout]    |
[INFO] [stdout] 31 | pub fn run(config: Config) ->Result<(), Box<Error>> {
[INFO] [stdout]    |                                             ^^^^^ help: use `dyn`: `dyn Error`
[INFO] [stdout]    |
[INFO] [stdout]    = warning: this is accepted in the current edition (Rust 2015) but is a hard error in Rust 2021!
[INFO] [stdout]    = note: for more information, see issue #80165 <https://github.com/rust-lang/rust/issues/80165>
[INFO] [stdout] 
[INFO] [stdout] 
[INFO] [stdout] warning: use of deprecated constant `std::sync::ONCE_INIT`: the `new` function is now preferred
[INFO] [stdout]   --> src/parser/ray_tokenizer/mod.rs:85:9
[INFO] [stdout]    |
[INFO] [stdout] 85 | /         lazy_static! {
[INFO] [stdout] 86 | |             static ref RE: Regex = Regex::new(r"^\s*").unwrap();
[INFO] [stdout] 87 | |         }
[INFO] [stdout]    | |_________^
[INFO] [stdout]    |
[INFO] [stdout]    = note: `#[warn(deprecated)]` on by default
[INFO] [stdout]    = note: this warning originates in the macro `__lazy_static_create` (in Nightly builds, run with -Z macro-backtrace for more info)
[INFO] [stdout] 
[INFO] [stdout] 
[INFO] [stdout] warning: use of deprecated constant `std::sync::ONCE_INIT`: the `new` function is now preferred
[INFO] [stdout]   --> src/parser/ray_tokenizer/mod.rs:85:9
[INFO] [stdout]    |
[INFO] [stdout] 85 | /         lazy_static! {
[INFO] [stdout] 86 | |             static ref RE: Regex = Regex::new(r"^\s*").unwrap();
[INFO] [stdout] 87 | |         }
[INFO] [stdout]    | |_________^
[INFO] [stdout]    |
[INFO] [stdout]    = note: this warning originates in the macro `__lazy_static_create` (in Nightly builds, run with -Z macro-backtrace for more info)
[INFO] [stdout] 
[INFO] [stdout] 
[INFO] [stdout] warning: use of deprecated constant `std::sync::ONCE_INIT`: the `new` function is now preferred
[INFO] [stdout]   --> src/parser/ray_tokenizer/mod.rs:95:9
[INFO] [stdout]    |
[INFO] [stdout] 95 | /         lazy_static! {
[INFO] [stdout] 96 | |             static ref RE: Regex = Regex::new(r"^'([^']|\\')*'").unwrap();
[INFO] [stdout] 97 | |         }
[INFO] [stdout]    | |_________^
[INFO] [stdout]    |
[INFO] [stdout]    = note: this warning originates in the macro `__lazy_static_create` (in Nightly builds, run with -Z macro-backtrace for more info)
[INFO] [stdout] 
[INFO] [stdout] 
[INFO] [stdout] warning: use of deprecated constant `std::sync::ONCE_INIT`: the `new` function is now preferred
[INFO] [stdout]   --> src/parser/ray_tokenizer/mod.rs:95:9
[INFO] [stdout]    |
[INFO] [stdout] 95 | /         lazy_static! {
[INFO] [stdout] 96 | |             static ref RE: Regex = Regex::new(r"^'([^']|\\')*'").unwrap();
[INFO] [stdout] 97 | |         }
[INFO] [stdout]    | |_________^
[INFO] [stdout]    |
[INFO] [stdout]    = note: this warning originates in the macro `__lazy_static_create` (in Nightly builds, run with -Z macro-backtrace for more info)
[INFO] [stdout] 
[INFO] [stdout] 
[INFO] [stdout] warning: use of deprecated constant `std::sync::ONCE_INIT`: the `new` function is now preferred
[INFO] [stdout]    --> src/parser/ray_tokenizer/mod.rs:108:8
[INFO] [stdout]     |
[INFO] [stdout] 108 | /        lazy_static! {
[INFO] [stdout] 109 | |             static ref RE: Regex = Regex::new(r"[[:digit:]]").unwrap();
[INFO] [stdout] 110 | |         }
[INFO] [stdout]     | |_________^
[INFO] [stdout]     |
[INFO] [stdout]     = note: this warning originates in the macro `__lazy_static_create` (in Nightly builds, run with -Z macro-backtrace for more info)
[INFO] [stdout] 
[INFO] [stdout] 
[INFO] [stdout] warning: use of deprecated constant `std::sync::ONCE_INIT`: the `new` function is now preferred
[INFO] [stdout]    --> src/parser/ray_tokenizer/mod.rs:108:8
[INFO] [stdout]     |
[INFO] [stdout] 108 | /        lazy_static! {
[INFO] [stdout] 109 | |             static ref RE: Regex = Regex::new(r"[[:digit:]]").unwrap();
[INFO] [stdout] 110 | |         }
[INFO] [stdout]     | |_________^
[INFO] [stdout]     |
[INFO] [stdout]     = note: this warning originates in the macro `__lazy_static_create` (in Nightly builds, run with -Z macro-backtrace for more info)
[INFO] [stdout] 
[INFO] [stdout] 
[INFO] [stdout] warning: use of deprecated constant `std::sync::ONCE_INIT`: the `new` function is now preferred
[INFO] [stdout]    --> src/parser/ray_tokenizer/mod.rs:122:9
[INFO] [stdout]     |
[INFO] [stdout] 122 | /         lazy_static! {
[INFO] [stdout] 123 | |             static ref RE: Regex = Regex::new(r"[[:alpha:]]+[[[:alpha:]]-_]*").unwrap();
[INFO] [stdout] 124 | |         }
[INFO] [stdout]     | |_________^
[INFO] [stdout]     |
[INFO] [stdout]     = note: this warning originates in the macro `__lazy_static_create` (in Nightly builds, run with -Z macro-backtrace for more info)
[INFO] [stdout] 
[INFO] [stdout] 
[INFO] [stdout] warning: use of deprecated constant `std::sync::ONCE_INIT`: the `new` function is now preferred
[INFO] [stdout]    --> src/parser/ray_tokenizer/mod.rs:122:9
[INFO] [stdout]     |
[INFO] [stdout] 122 | /         lazy_static! {
[INFO] [stdout] 123 | |             static ref RE: Regex = Regex::new(r"[[:alpha:]]+[[[:alpha:]]-_]*").unwrap();
[INFO] [stdout] 124 | |         }
[INFO] [stdout]     | |_________^
[INFO] [stdout]     |
[INFO] [stdout]     = note: this warning originates in the macro `__lazy_static_create` (in Nightly builds, run with -Z macro-backtrace for more info)
[INFO] [stdout] 
[INFO] [stdout] 
[INFO] [stdout] warning: unused variable: `tokenizer`
[INFO] [stdout]    --> src/parser/ray_scene_builder/mod.rs:407:29
[INFO] [stdout]     |
[INFO] [stdout] 407 | fn parse_boolean_expression(tokenizer: &mut Tokenizer) -> Result<bool> {
[INFO] [stdout]     |                             ^^^^^^^^^ help: if this is intentional, prefix it with an underscore: `_tokenizer`
[INFO] [stdout]     |
[INFO] [stdout]     = note: `#[warn(unused_variables)]` on by default
[INFO] [stdout] 
[INFO] [stdout] 
[INFO] [stdout] warning: unused variable: `tokenizer`
[INFO] [stdout]    --> src/parser/ray_scene_builder/mod.rs:411:28
[INFO] [stdout]     |
[INFO] [stdout] 411 | fn parse_scalar_expression(tokenizer: &mut Tokenizer) -> Result<f64> {
[INFO] [stdout]     |                            ^^^^^^^^^ help: if this is intentional, prefix it with an underscore: `_tokenizer`
[INFO] [stdout] 
[INFO] [stdout] 
[INFO] [stdout] warning: unused variable: `tokenizer`
[INFO] [stdout]    --> src/parser/ray_scene_builder/mod.rs:415:29
[INFO] [stdout]     |
[INFO] [stdout] 415 | fn parse_vector4_expression(tokenizer: &mut Tokenizer) -> Result<Vector4<f64>> {
[INFO] [stdout]     |                             ^^^^^^^^^ help: if this is intentional, prefix it with an underscore: `_tokenizer`
[INFO] [stdout] 
[INFO] [stdout] 
[INFO] [stdout] warning: unused variable: `tokenizer`
[INFO] [stdout]    --> src/parser/ray_scene_builder/mod.rs:419:18
[INFO] [stdout]     |
[INFO] [stdout] 419 | fn parse_boolean(tokenizer: &mut Tokenizer) -> Result<bool> {
[INFO] [stdout]     |                  ^^^^^^^^^ help: if this is intentional, prefix it with an underscore: `_tokenizer`
[INFO] [stdout] 
[INFO] [stdout] 
[INFO] [stdout] warning: unused variable: `tokenizer`
[INFO] [stdout]    --> src/parser/ray_scene_builder/mod.rs:423:17
[INFO] [stdout]     |
[INFO] [stdout] 423 | fn parse_scalar(tokenizer: &mut Tokenizer) -> Result<f64> {
[INFO] [stdout]     |                 ^^^^^^^^^ help: if this is intentional, prefix it with an underscore: `_tokenizer`
[INFO] [stdout] 
[INFO] [stdout] 
[INFO] [stdout] warning: unused variable: `tokenizer`
[INFO] [stdout]    --> src/parser/ray_scene_builder/mod.rs:427:18
[INFO] [stdout]     |
[INFO] [stdout] 427 | fn parse_vector4(tokenizer: &mut Tokenizer) -> Result<Vector4<f64>> {
[INFO] [stdout]     |                  ^^^^^^^^^ help: if this is intentional, prefix it with an underscore: `_tokenizer`
[INFO] [stdout] 
[INFO] [stdout] 
[INFO] [stdout] warning: 18 warnings emitted
[INFO] [stdout] 
[INFO] [stdout] 
[INFO] [stderr]     Finished dev [unoptimized + debuginfo] target(s) in 13.60s
[INFO] running `Command { std: "docker" "inspect" "16d685a2ac063c1e79b1f5aaf63d63cf8b1ae4dc878099348056f0894fee0b1b", kill_on_drop: false }`
[INFO] running `Command { std: "docker" "rm" "-f" "16d685a2ac063c1e79b1f5aaf63d63cf8b1ae4dc878099348056f0894fee0b1b", kill_on_drop: false }`
[INFO] [stdout] 16d685a2ac063c1e79b1f5aaf63d63cf8b1ae4dc878099348056f0894fee0b1b
[INFO] running `Command { std: "docker" "create" "-v" "/var/lib/crater-agent-workspace/builds/worker-0/target:/opt/rustwide/target:rw,Z" "-v" "/var/lib/crater-agent-workspace/builds/worker-0/source:/opt/rustwide/workdir:ro,Z" "-v" "/var/lib/crater-agent-workspace/cargo-home:/opt/rustwide/cargo-home:ro,Z" "-v" "/var/lib/crater-agent-workspace/rustup-home:/opt/rustwide/rustup-home:ro,Z" "-e" "SOURCE_DIR=/opt/rustwide/workdir" "-e" "CARGO_TARGET_DIR=/opt/rustwide/target" "-e" "CARGO_INCREMENTAL=0" "-e" "RUST_BACKTRACE=full" "-e" "RUSTFLAGS=--cap-lints=warn" "-e" "CARGO_HOME=/opt/rustwide/cargo-home" "-e" "RUSTUP_HOME=/opt/rustwide/rustup-home" "-w" "/opt/rustwide/workdir" "-m" "1610612736" "--user" "0:0" "--network" "none" "ghcr.io/rust-lang/crates-build-env/linux@sha256:34b6a614d2c27851fe6cbf88fbd1137609cefab8b10d0615aaeb6fd47975d74e" "/opt/rustwide/cargo-home/bin/cargo" "+beta-2021-08-01" "test" "--frozen" "--no-run" "--message-format=json", kill_on_drop: false }`
[INFO] [stdout] 25a3b2c9b5ab8aba17351d958f1943e68d8aaf7a37c00bb96d43769d6b567a76
[INFO] [stderr] WARNING: Your kernel does not support swap limit capabilities or the cgroup is not mounted. Memory limited without swap.
[INFO] running `Command { std: "docker" "start" "-a" "25a3b2c9b5ab8aba17351d958f1943e68d8aaf7a37c00bb96d43769d6b567a76", kill_on_drop: false }`
[INFO] [stdout] warning: unused import: `RayTokenizer`
[INFO] [stdout]   --> src/parser/ray_scene_builder/mod.rs:14:28
[INFO] [stdout]    |
[INFO] [stdout] 14 | use super::ray_tokenizer::{RayTokenizer, Readable, Token};
[INFO] [stdout]    |                            ^^^^^^^^^^^^
[INFO] [stdout]    |
[INFO] [stdout]    = note: `#[warn(unused_imports)]` on by default
[INFO] [stdout] 
[INFO] [stdout] 
[INFO] [stdout] warning: unused import: `std::rc::Weak`
[INFO] [stdout]  --> src/scene/mod.rs:5:5
[INFO] [stdout]   |
[INFO] [stdout] 5 | use std::rc::Weak;
[INFO] [stdout]   |     ^^^^^^^^^^^^^
[INFO] [stdout] 
[INFO] [stdout] 
[INFO] [stdout] warning: trait objects without an explicit `dyn` are deprecated
[INFO] [stdout]   --> src/scene/mod.rs:11:22
[INFO] [stdout]    |
[INFO] [stdout] 11 |     objects: Vec<Box<SceneObject>>,
[INFO] [stdout]    |                      ^^^^^^^^^^^ help: use `dyn`: `dyn SceneObject`
[INFO] [stdout]    |
[INFO] [stdout]    = note: `#[warn(bare_trait_objects)]` on by default
[INFO] [stdout]    = warning: this is accepted in the current edition (Rust 2015) but is a hard error in Rust 2021!
[INFO] [stdout]    = note: for more information, see issue #80165 <https://github.com/rust-lang/rust/issues/80165>
[INFO] [stdout] 
[INFO] [stdout] 
[INFO] [stdout] warning: trait objects without an explicit `dyn` are deprecated
[INFO] [stdout]   --> src/lib.rs:31:45
[INFO] [stdout]    |
[INFO] [stdout] 31 | pub fn run(config: Config) ->Result<(), Box<Error>> {
[INFO] [stdout]    |                                             ^^^^^ help: use `dyn`: `dyn Error`
[INFO] [stdout]    |
[INFO] [stdout]    = warning: this is accepted in the current edition (Rust 2015) but is a hard error in Rust 2021!
[INFO] [stdout]    = note: for more information, see issue #80165 <https://github.com/rust-lang/rust/issues/80165>
[INFO] [stdout] 
[INFO] [stdout] 
[INFO] [stdout] warning: use of deprecated constant `std::sync::ONCE_INIT`: the `new` function is now preferred
[INFO] [stdout]   --> src/parser/ray_tokenizer/mod.rs:85:9
[INFO] [stdout]    |
[INFO] [stdout] 85 | /         lazy_static! {
[INFO] [stdout] 86 | |             static ref RE: Regex = Regex::new(r"^\s*").unwrap();
[INFO] [stdout] 87 | |         }
[INFO] [stdout]    | |_________^
[INFO] [stdout]    |
[INFO] [stdout]    = note: `#[warn(deprecated)]` on by default
[INFO] [stdout]    = note: this warning originates in the macro `__lazy_static_create` (in Nightly builds, run with -Z macro-backtrace for more info)
[INFO] [stdout] 
[INFO] [stdout] 
[INFO] [stderr]    Compiling ray_rs v0.1.0 (/opt/rustwide/workdir)
[INFO] [stdout] warning: use of deprecated constant `std::sync::ONCE_INIT`: the `new` function is now preferred
[INFO] [stdout]   --> src/parser/ray_tokenizer/mod.rs:85:9
[INFO] [stdout]    |
[INFO] [stdout] 85 | /         lazy_static! {
[INFO] [stdout] 86 | |             static ref RE: Regex = Regex::new(r"^\s*").unwrap();
[INFO] [stdout] 87 | |         }
[INFO] [stdout]    | |_________^
[INFO] [stdout]    |
[INFO] [stdout]    = note: this warning originates in the macro `__lazy_static_create` (in Nightly builds, run with -Z macro-backtrace for more info)
[INFO] [stdout] 
[INFO] [stdout] 
[INFO] [stdout] warning: use of deprecated constant `std::sync::ONCE_INIT`: the `new` function is now preferred
[INFO] [stdout]   --> src/parser/ray_tokenizer/mod.rs:95:9
[INFO] [stdout]    |
[INFO] [stdout] 95 | /         lazy_static! {
[INFO] [stdout] 96 | |             static ref RE: Regex = Regex::new(r"^'([^']|\\')*'").unwrap();
[INFO] [stdout] 97 | |         }
[INFO] [stdout]    | |_________^
[INFO] [stdout]    |
[INFO] [stdout]    = note: this warning originates in the macro `__lazy_static_create` (in Nightly builds, run with -Z macro-backtrace for more info)
[INFO] [stdout] 
[INFO] [stdout] 
[INFO] [stdout] warning: use of deprecated constant `std::sync::ONCE_INIT`: the `new` function is now preferred
[INFO] [stdout]   --> src/parser/ray_tokenizer/mod.rs:95:9
[INFO] [stdout]    |
[INFO] [stdout] 95 | /         lazy_static! {
[INFO] [stdout] 96 | |             static ref RE: Regex = Regex::new(r"^'([^']|\\')*'").unwrap();
[INFO] [stdout] 97 | |         }
[INFO] [stdout]    | |_________^
[INFO] [stdout]    |
[INFO] [stdout]    = note: this warning originates in the macro `__lazy_static_create` (in Nightly builds, run with -Z macro-backtrace for more info)
[INFO] [stdout] 
[INFO] [stdout] 
[INFO] [stdout] warning: use of deprecated constant `std::sync::ONCE_INIT`: the `new` function is now preferred
[INFO] [stdout]    --> src/parser/ray_tokenizer/mod.rs:108:8
[INFO] [stdout]     |
[INFO] [stdout] 108 | /        lazy_static! {
[INFO] [stdout] 109 | |             static ref RE: Regex = Regex::new(r"[[:digit:]]").unwrap();
[INFO] [stdout] 110 | |         }
[INFO] [stdout]     | |_________^
[INFO] [stdout]     |
[INFO] [stdout]     = note: this warning originates in the macro `__lazy_static_create` (in Nightly builds, run with -Z macro-backtrace for more info)
[INFO] [stdout] 
[INFO] [stdout] 
[INFO] [stdout] warning: use of deprecated constant `std::sync::ONCE_INIT`: the `new` function is now preferred
[INFO] [stdout]    --> src/parser/ray_tokenizer/mod.rs:108:8
[INFO] [stdout]     |
[INFO] [stdout] 108 | /        lazy_static! {
[INFO] [stdout] 109 | |             static ref RE: Regex = Regex::new(r"[[:digit:]]").unwrap();
[INFO] [stdout] 110 | |         }
[INFO] [stdout]     | |_________^
[INFO] [stdout]     |
[INFO] [stdout]     = note: this warning originates in the macro `__lazy_static_create` (in Nightly builds, run with -Z macro-backtrace for more info)
[INFO] [stdout] 
[INFO] [stdout] 
[INFO] [stdout] warning: use of deprecated constant `std::sync::ONCE_INIT`: the `new` function is now preferred
[INFO] [stdout]    --> src/parser/ray_tokenizer/mod.rs:122:9
[INFO] [stdout]     |
[INFO] [stdout] 122 | /         lazy_static! {
[INFO] [stdout] 123 | |             static ref RE: Regex = Regex::new(r"[[:alpha:]]+[[[:alpha:]]-_]*").unwrap();
[INFO] [stdout] 124 | |         }
[INFO] [stdout]     | |_________^
[INFO] [stdout]     |
[INFO] [stdout]     = note: this warning originates in the macro `__lazy_static_create` (in Nightly builds, run with -Z macro-backtrace for more info)
[INFO] [stdout] 
[INFO] [stdout] 
[INFO] [stdout] warning: use of deprecated constant `std::sync::ONCE_INIT`: the `new` function is now preferred
[INFO] [stdout]    --> src/parser/ray_tokenizer/mod.rs:122:9
[INFO] [stdout]     |
[INFO] [stdout] 122 | /         lazy_static! {
[INFO] [stdout] 123 | |             static ref RE: Regex = Regex::new(r"[[:alpha:]]+[[[:alpha:]]-_]*").unwrap();
[INFO] [stdout] 124 | |         }
[INFO] [stdout]     | |_________^
[INFO] [stdout]     |
[INFO] [stdout]     = note: this warning originates in the macro `__lazy_static_create` (in Nightly builds, run with -Z macro-backtrace for more info)
[INFO] [stdout] 
[INFO] [stdout] 
[INFO] [stdout] warning: unused variable: `tokenizer`
[INFO] [stdout]    --> src/parser/ray_scene_builder/mod.rs:407:29
[INFO] [stdout]     |
[INFO] [stdout] 407 | fn parse_boolean_expression(tokenizer: &mut Tokenizer) -> Result<bool> {
[INFO] [stdout]     |                             ^^^^^^^^^ help: if this is intentional, prefix it with an underscore: `_tokenizer`
[INFO] [stdout]     |
[INFO] [stdout]     = note: `#[warn(unused_variables)]` on by default
[INFO] [stdout] 
[INFO] [stdout] 
[INFO] [stdout] warning: unused variable: `tokenizer`
[INFO] [stdout]    --> src/parser/ray_scene_builder/mod.rs:411:28
[INFO] [stdout]     |
[INFO] [stdout] 411 | fn parse_scalar_expression(tokenizer: &mut Tokenizer) -> Result<f64> {
[INFO] [stdout]     |                            ^^^^^^^^^ help: if this is intentional, prefix it with an underscore: `_tokenizer`
[INFO] [stdout] 
[INFO] [stdout] 
[INFO] [stdout] warning: unused variable: `tokenizer`
[INFO] [stdout]    --> src/parser/ray_scene_builder/mod.rs:415:29
[INFO] [stdout]     |
[INFO] [stdout] 415 | fn parse_vector4_expression(tokenizer: &mut Tokenizer) -> Result<Vector4<f64>> {
[INFO] [stdout]     |                             ^^^^^^^^^ help: if this is intentional, prefix it with an underscore: `_tokenizer`
[INFO] [stdout] 
[INFO] [stdout] 
[INFO] [stdout] warning: unused variable: `tokenizer`
[INFO] [stdout]    --> src/parser/ray_scene_builder/mod.rs:419:18
[INFO] [stdout]     |
[INFO] [stdout] 419 | fn parse_boolean(tokenizer: &mut Tokenizer) -> Result<bool> {
[INFO] [stdout]     |                  ^^^^^^^^^ help: if this is intentional, prefix it with an underscore: `_tokenizer`
[INFO] [stdout] 
[INFO] [stdout] 
[INFO] [stdout] warning: unused variable: `tokenizer`
[INFO] [stdout]    --> src/parser/ray_scene_builder/mod.rs:423:17
[INFO] [stdout]     |
[INFO] [stdout] 423 | fn parse_scalar(tokenizer: &mut Tokenizer) -> Result<f64> {
[INFO] [stdout]     |                 ^^^^^^^^^ help: if this is intentional, prefix it with an underscore: `_tokenizer`
[INFO] [stdout] 
[INFO] [stdout] 
[INFO] [stdout] warning: unused variable: `tokenizer`
[INFO] [stdout]    --> src/parser/ray_scene_builder/mod.rs:427:18
[INFO] [stdout]     |
[INFO] [stdout] 427 | fn parse_vector4(tokenizer: &mut Tokenizer) -> Result<Vector4<f64>> {
[INFO] [stdout]     |                  ^^^^^^^^^ help: if this is intentional, prefix it with an underscore: `_tokenizer`
[INFO] [stdout] 
[INFO] [stdout] 
[INFO] [stdout] warning: 18 warnings emitted
[INFO] [stdout] 
[INFO] [stdout] 
[INFO] [stdout] warning: unused import: `RayTokenizer`
[INFO] [stdout]   --> src/parser/ray_scene_builder/mod.rs:14:28
[INFO] [stdout]    |
[INFO] [stdout] 14 | use super::ray_tokenizer::{RayTokenizer, Readable, Token};
[INFO] [stdout]    |                            ^^^^^^^^^^^^
[INFO] [stdout]    |
[INFO] [stdout]    = note: `#[warn(unused_imports)]` on by default
[INFO] [stdout] 
[INFO] [stdout] 
[INFO] [stdout] warning: unused import: `std::rc::Weak`
[INFO] [stdout]  --> src/scene/mod.rs:5:5
[INFO] [stdout]   |
[INFO] [stdout] 5 | use std::rc::Weak;
[INFO] [stdout]   |     ^^^^^^^^^^^^^
[INFO] [stdout] 
[INFO] [stdout] 
[INFO] [stdout] warning: trait objects without an explicit `dyn` are deprecated
[INFO] [stdout]   --> src/scene/mod.rs:11:22
[INFO] [stdout]    |
[INFO] [stdout] 11 |     objects: Vec<Box<SceneObject>>,
[INFO] [stdout]    |                      ^^^^^^^^^^^ help: use `dyn`: `dyn SceneObject`
[INFO] [stdout]    |
[INFO] [stdout]    = note: `#[warn(bare_trait_objects)]` on by default
[INFO] [stdout]    = warning: this is accepted in the current edition (Rust 2015) but is a hard error in Rust 2021!
[INFO] [stdout]    = note: for more information, see issue #80165 <https://github.com/rust-lang/rust/issues/80165>
[INFO] [stdout] 
[INFO] [stdout] 
[INFO] [stdout] warning: trait objects without an explicit `dyn` are deprecated
[INFO] [stdout]   --> src/lib.rs:31:45
[INFO] [stdout]    |
[INFO] [stdout] 31 | pub fn run(config: Config) ->Result<(), Box<Error>> {
[INFO] [stdout]    |                                             ^^^^^ help: use `dyn`: `dyn Error`
[INFO] [stdout]    |
[INFO] [stdout]    = warning: this is accepted in the current edition (Rust 2015) but is a hard error in Rust 2021!
[INFO] [stdout]    = note: for more information, see issue #80165 <https://github.com/rust-lang/rust/issues/80165>
[INFO] [stdout] 
[INFO] [stdout] 
[INFO] [stdout] warning: use of deprecated constant `std::sync::ONCE_INIT`: the `new` function is now preferred
[INFO] [stdout]   --> src/parser/ray_tokenizer/mod.rs:85:9
[INFO] [stdout]    |
[INFO] [stdout] 85 | /         lazy_static! {
[INFO] [stdout] 86 | |             static ref RE: Regex = Regex::new(r"^\s*").unwrap();
[INFO] [stdout] 87 | |         }
[INFO] [stdout]    | |_________^
[INFO] [stdout]    |
[INFO] [stdout]    = note: `#[warn(deprecated)]` on by default
[INFO] [stdout]    = note: this warning originates in the macro `__lazy_static_create` (in Nightly builds, run with -Z macro-backtrace for more info)
[INFO] [stdout] 
[INFO] [stdout] 
[INFO] [stdout] warning: use of deprecated constant `std::sync::ONCE_INIT`: the `new` function is now preferred
[INFO] [stdout]   --> src/parser/ray_tokenizer/mod.rs:85:9
[INFO] [stdout]    |
[INFO] [stdout] 85 | /         lazy_static! {
[INFO] [stdout] 86 | |             static ref RE: Regex = Regex::new(r"^\s*").unwrap();
[INFO] [stdout] 87 | |         }
[INFO] [stdout]    | |_________^
[INFO] [stdout]    |
[INFO] [stdout]    = note: this warning originates in the macro `__lazy_static_create` (in Nightly builds, run with -Z macro-backtrace for more info)
[INFO] [stdout] 
[INFO] [stdout] 
[INFO] [stdout] warning: use of deprecated constant `std::sync::ONCE_INIT`: the `new` function is now preferred
[INFO] [stdout]   --> src/parser/ray_tokenizer/mod.rs:95:9
[INFO] [stdout]    |
[INFO] [stdout] 95 | /         lazy_static! {
[INFO] [stdout] 96 | |             static ref RE: Regex = Regex::new(r"^'([^']|\\')*'").unwrap();
[INFO] [stdout] 97 | |         }
[INFO] [stdout]    | |_________^
[INFO] [stdout]    |
[INFO] [stdout]    = note: this warning originates in the macro `__lazy_static_create` (in Nightly builds, run with -Z macro-backtrace for more info)
[INFO] [stdout] 
[INFO] [stdout] 
[INFO] [stdout] warning: use of deprecated constant `std::sync::ONCE_INIT`: the `new` function is now preferred
[INFO] [stdout]   --> src/parser/ray_tokenizer/mod.rs:95:9
[INFO] [stdout]    |
[INFO] [stdout] 95 | /         lazy_static! {
[INFO] [stdout] 96 | |             static ref RE: Regex = Regex::new(r"^'([^']|\\')*'").unwrap();
[INFO] [stdout] 97 | |         }
[INFO] [stdout]    | |_________^
[INFO] [stdout]    |
[INFO] [stdout]    = note: this warning originates in the macro `__lazy_static_create` (in Nightly builds, run with -Z macro-backtrace for more info)
[INFO] [stdout] 
[INFO] [stdout] 
[INFO] [stdout] warning: use of deprecated constant `std::sync::ONCE_INIT`: the `new` function is now preferred
[INFO] [stdout]    --> src/parser/ray_tokenizer/mod.rs:108:8
[INFO] [stdout]     |
[INFO] [stdout] 108 | /        lazy_static! {
[INFO] [stdout] 109 | |             static ref RE: Regex = Regex::new(r"[[:digit:]]").unwrap();
[INFO] [stdout] 110 | |         }
[INFO] [stdout]     | |_________^
[INFO] [stdout]     |
[INFO] [stdout]     = note: this warning originates in the macro `__lazy_static_create` (in Nightly builds, run with -Z macro-backtrace for more info)
[INFO] [stdout] 
[INFO] [stdout] 
[INFO] [stdout] warning: use of deprecated constant `std::sync::ONCE_INIT`: the `new` function is now preferred
[INFO] [stdout]    --> src/parser/ray_tokenizer/mod.rs:108:8
[INFO] [stdout]     |
[INFO] [stdout] 108 | /        lazy_static! {
[INFO] [stdout] 109 | |             static ref RE: Regex = Regex::new(r"[[:digit:]]").unwrap();
[INFO] [stdout] 110 | |         }
[INFO] [stdout]     | |_________^
[INFO] [stdout]     |
[INFO] [stdout]     = note: this warning originates in the macro `__lazy_static_create` (in Nightly builds, run with -Z macro-backtrace for more info)
[INFO] [stdout] 
[INFO] [stdout] 
[INFO] [stdout] warning: use of deprecated constant `std::sync::ONCE_INIT`: the `new` function is now preferred
[INFO] [stdout]    --> src/parser/ray_tokenizer/mod.rs:122:9
[INFO] [stdout]     |
[INFO] [stdout] 122 | /         lazy_static! {
[INFO] [stdout] 123 | |             static ref RE: Regex = Regex::new(r"[[:alpha:]]+[[[:alpha:]]-_]*").unwrap();
[INFO] [stdout] 124 | |         }
[INFO] [stdout]     | |_________^
[INFO] [stdout]     |
[INFO] [stdout]     = note: this warning originates in the macro `__lazy_static_create` (in Nightly builds, run with -Z macro-backtrace for more info)
[INFO] [stdout] 
[INFO] [stdout] 
[INFO] [stdout] warning: use of deprecated constant `std::sync::ONCE_INIT`: the `new` function is now preferred
[INFO] [stdout]    --> src/parser/ray_tokenizer/mod.rs:122:9
[INFO] [stdout]     |
[INFO] [stdout] 122 | /         lazy_static! {
[INFO] [stdout] 123 | |             static ref RE: Regex = Regex::new(r"[[:alpha:]]+[[[:alpha:]]-_]*").unwrap();
[INFO] [stdout] 124 | |         }
[INFO] [stdout]     | |_________^
[INFO] [stdout]     |
[INFO] [stdout]     = note: this warning originates in the macro `__lazy_static_create` (in Nightly builds, run with -Z macro-backtrace for more info)
[INFO] [stdout] 
[INFO] [stdout] 
[INFO] [stdout] warning: unused variable: `tokenizer`
[INFO] [stdout]    --> src/parser/ray_scene_builder/mod.rs:407:29
[INFO] [stdout]     |
[INFO] [stdout] 407 | fn parse_boolean_expression(tokenizer: &mut Tokenizer) -> Result<bool> {
[INFO] [stdout]     |                             ^^^^^^^^^ help: if this is intentional, prefix it with an underscore: `_tokenizer`
[INFO] [stdout]     |
[INFO] [stdout]     = note: `#[warn(unused_variables)]` on by default
[INFO] [stdout] 
[INFO] [stdout] 
[INFO] [stdout] warning: unused variable: `tokenizer`
[INFO] [stdout]    --> src/parser/ray_scene_builder/mod.rs:411:28
[INFO] [stdout]     |
[INFO] [stdout] 411 | fn parse_scalar_expression(tokenizer: &mut Tokenizer) -> Result<f64> {
[INFO] [stdout]     |                            ^^^^^^^^^ help: if this is intentional, prefix it with an underscore: `_tokenizer`
[INFO] [stdout] 
[INFO] [stdout] 
[INFO] [stdout] warning: unused variable: `tokenizer`
[INFO] [stdout]    --> src/parser/ray_scene_builder/mod.rs:415:29
[INFO] [stdout]     |
[INFO] [stdout] 415 | fn parse_vector4_expression(tokenizer: &mut Tokenizer) -> Result<Vector4<f64>> {
[INFO] [stdout]     |                             ^^^^^^^^^ help: if this is intentional, prefix it with an underscore: `_tokenizer`
[INFO] [stdout] 
[INFO] [stdout] 
[INFO] [stdout] warning: unused variable: `tokenizer`
[INFO] [stdout]    --> src/parser/ray_scene_builder/mod.rs:419:18
[INFO] [stdout]     |
[INFO] [stdout] 419 | fn parse_boolean(tokenizer: &mut Tokenizer) -> Result<bool> {
[INFO] [stdout]     |                  ^^^^^^^^^ help: if this is intentional, prefix it with an underscore: `_tokenizer`
[INFO] [stdout] 
[INFO] [stdout] 
[INFO] [stdout] warning: unused variable: `tokenizer`
[INFO] [stdout]    --> src/parser/ray_scene_builder/mod.rs:423:17
[INFO] [stdout]     |
[INFO] [stdout] 423 | fn parse_scalar(tokenizer: &mut Tokenizer) -> Result<f64> {
[INFO] [stdout]     |                 ^^^^^^^^^ help: if this is intentional, prefix it with an underscore: `_tokenizer`
[INFO] [stdout] 
[INFO] [stdout] 
[INFO] [stdout] warning: unused variable: `tokenizer`
[INFO] [stdout]    --> src/parser/ray_scene_builder/mod.rs:427:18
[INFO] [stdout]     |
[INFO] [stdout] 427 | fn parse_vector4(tokenizer: &mut Tokenizer) -> Result<Vector4<f64>> {
[INFO] [stdout]     |                  ^^^^^^^^^ help: if this is intentional, prefix it with an underscore: `_tokenizer`
[INFO] [stdout] 
[INFO] [stdout] 
[INFO] [stdout] warning: 18 warnings emitted
[INFO] [stdout] 
[INFO] [stdout] 
[INFO] [stderr]     Finished test [unoptimized + debuginfo] target(s) in 2.88s
[INFO] running `Command { std: "docker" "inspect" "25a3b2c9b5ab8aba17351d958f1943e68d8aaf7a37c00bb96d43769d6b567a76", kill_on_drop: false }`
[INFO] running `Command { std: "docker" "rm" "-f" "25a3b2c9b5ab8aba17351d958f1943e68d8aaf7a37c00bb96d43769d6b567a76", kill_on_drop: false }`
[INFO] [stdout] 25a3b2c9b5ab8aba17351d958f1943e68d8aaf7a37c00bb96d43769d6b567a76
[INFO] running `Command { std: "docker" "create" "-v" "/var/lib/crater-agent-workspace/builds/worker-0/target:/opt/rustwide/target:rw,Z" "-v" "/var/lib/crater-agent-workspace/builds/worker-0/source:/opt/rustwide/workdir:ro,Z" "-v" "/var/lib/crater-agent-workspace/cargo-home:/opt/rustwide/cargo-home:ro,Z" "-v" "/var/lib/crater-agent-workspace/rustup-home:/opt/rustwide/rustup-home:ro,Z" "-e" "SOURCE_DIR=/opt/rustwide/workdir" "-e" "CARGO_TARGET_DIR=/opt/rustwide/target" "-e" "CARGO_INCREMENTAL=0" "-e" "RUST_BACKTRACE=full" "-e" "RUSTFLAGS=--cap-lints=warn" "-e" "CARGO_HOME=/opt/rustwide/cargo-home" "-e" "RUSTUP_HOME=/opt/rustwide/rustup-home" "-w" "/opt/rustwide/workdir" "-m" "1610612736" "--user" "0:0" "--network" "none" "ghcr.io/rust-lang/crates-build-env/linux@sha256:34b6a614d2c27851fe6cbf88fbd1137609cefab8b10d0615aaeb6fd47975d74e" "/opt/rustwide/cargo-home/bin/cargo" "+beta-2021-08-01" "test" "--frozen", kill_on_drop: false }`
[INFO] [stdout] 828c024e2c706bbf60680a3bbe79c117488da3947d13f8bcda4130d2b49b79f5
[INFO] [stderr] WARNING: Your kernel does not support swap limit capabilities or the cgroup is not mounted. Memory limited without swap.
[INFO] running `Command { std: "docker" "start" "-a" "828c024e2c706bbf60680a3bbe79c117488da3947d13f8bcda4130d2b49b79f5", kill_on_drop: false }`
[INFO] [stderr] warning: unused import: `RayTokenizer`
[INFO] [stderr]   --> src/parser/ray_scene_builder/mod.rs:14:28
[INFO] [stderr]    |
[INFO] [stderr] 14 | use super::ray_tokenizer::{RayTokenizer, Readable, Token};
[INFO] [stderr]    |                            ^^^^^^^^^^^^
[INFO] [stderr]    |
[INFO] [stderr]    = note: `#[warn(unused_imports)]` on by default
[INFO] [stderr] 
[INFO] [stderr] warning: unused import: `std::rc::Weak`
[INFO] [stderr]  --> src/scene/mod.rs:5:5
[INFO] [stderr]   |
[INFO] [stderr] 5 | use std::rc::Weak;
[INFO] [stderr]   |     ^^^^^^^^^^^^^
[INFO] [stderr] 
[INFO] [stderr] warning: trait objects without an explicit `dyn` are deprecated
[INFO] [stderr]   --> src/scene/mod.rs:11:22
[INFO] [stderr]    |
[INFO] [stderr] 11 |     objects: Vec<Box<SceneObject>>,
[INFO] [stderr]    |                      ^^^^^^^^^^^ help: use `dyn`: `dyn SceneObject`
[INFO] [stderr]    |
[INFO] [stderr]    = note: `#[warn(bare_trait_objects)]` on by default
[INFO] [stderr]    = warning: this is accepted in the current edition (Rust 2015) but is a hard error in Rust 2021!
[INFO] [stderr]    = note: for more information, see issue #80165 <https://github.com/rust-lang/rust/issues/80165>
[INFO] [stderr] 
[INFO] [stderr] warning: trait objects without an explicit `dyn` are deprecated
[INFO] [stderr]   --> src/lib.rs:31:45
[INFO] [stderr]    |
[INFO] [stderr] 31 | pub fn run(config: Config) ->Result<(), Box<Error>> {
[INFO] [stderr]    |                                             ^^^^^ help: use `dyn`: `dyn Error`
[INFO] [stderr]    |
[INFO] [stderr]    = warning: this is accepted in the current edition (Rust 2015) but is a hard error in Rust 2021!
[INFO] [stderr]    = note: for more information, see issue #80165 <https://github.com/rust-lang/rust/issues/80165>
[INFO] [stderr] 
[INFO] [stderr] warning: use of deprecated constant `std::sync::ONCE_INIT`: the `new` function is now preferred
[INFO] [stderr]   --> src/parser/ray_tokenizer/mod.rs:85:9
[INFO] [stderr]    |
[INFO] [stderr] 85 | /         lazy_static! {
[INFO] [stderr] 86 | |             static ref RE: Regex = Regex::new(r"^\s*").unwrap();
[INFO] [stderr] 87 | |         }
[INFO] [stderr]    | |_________^
[INFO] [stderr]    |
[INFO] [stderr]    = note: `#[warn(deprecated)]` on by default
[INFO] [stderr]    = note: this warning originates in the macro `__lazy_static_create` (in Nightly builds, run with -Z macro-backtrace for more info)
[INFO] [stderr] 
[INFO] [stderr] warning: use of deprecated constant `std::sync::ONCE_INIT`: the `new` function is now preferred
[INFO] [stderr]   --> src/parser/ray_tokenizer/mod.rs:85:9
[INFO] [stderr]    |
[INFO] [stderr] 85 | /         lazy_static! {
[INFO] [stderr] 86 | |             static ref RE: Regex = Regex::new(r"^\s*").unwrap();
[INFO] [stderr] 87 | |         }
[INFO] [stderr]    | |_________^
[INFO] [stderr]    |
[INFO] [stderr]    = note: this warning originates in the macro `__lazy_static_create` (in Nightly builds, run with -Z macro-backtrace for more info)
[INFO] [stderr] 
[INFO] [stderr] warning: use of deprecated constant `std::sync::ONCE_INIT`: the `new` function is now preferred
[INFO] [stderr]   --> src/parser/ray_tokenizer/mod.rs:95:9
[INFO] [stderr]    |
[INFO] [stderr] 95 | /         lazy_static! {
[INFO] [stderr] 96 | |             static ref RE: Regex = Regex::new(r"^'([^']|\\')*'").unwrap();
[INFO] [stderr] 97 | |         }
[INFO] [stderr]    | |_________^
[INFO] [stderr]    |
[INFO] [stderr]    = note: this warning originates in the macro `__lazy_static_create` (in Nightly builds, run with -Z macro-backtrace for more info)
[INFO] [stderr] 
[INFO] [stderr] warning: use of deprecated constant `std::sync::ONCE_INIT`: the `new` function is now preferred
[INFO] [stderr]    --> src/parser/ray_tokenizer/mod.rs:108:8
[INFO] [stderr]     |
[INFO] [stderr] 108 | /        lazy_static! {
[INFO] [stderr] 109 | |             static ref RE: Regex = Regex::new(r"[[:digit:]]").unwrap();
[INFO] [stderr] 110 | |         }
[INFO] [stderr]     | |_________^
[INFO] [stderr]     |
[INFO] [stderr]     = note: this warning originates in the macro `__lazy_static_create` (in Nightly builds, run with -Z macro-backtrace for more info)
[INFO] [stderr] 
[INFO] [stderr] warning: use of deprecated constant `std::sync::ONCE_INIT`: the `new` function is now preferred
[INFO] [stderr]    --> src/parser/ray_tokenizer/mod.rs:122:9
[INFO] [stderr]     |
[INFO] [stderr] 122 | /         lazy_static! {
[INFO] [stderr] 123 | |             static ref RE: Regex = Regex::new(r"[[:alpha:]]+[[[:alpha:]]-_]*").unwrap();
[INFO] [stderr] 124 | |         }
[INFO] [stderr]     | |_________^
[INFO] [stderr]     |
[INFO] [stderr]     = note: this warning originates in the macro `__lazy_static_create` (in Nightly builds, run with -Z macro-backtrace for more info)
[INFO] [stderr] 
[INFO] [stderr] warning: unused variable: `tokenizer`
[INFO] [stderr]    --> src/parser/ray_scene_builder/mod.rs:407:29
[INFO] [stderr]     |
[INFO] [stderr] 407 | fn parse_boolean_expression(tokenizer: &mut Tokenizer) -> Result<bool> {
[INFO] [stderr]     |                             ^^^^^^^^^ help: if this is intentional, prefix it with an underscore: `_tokenizer`
[INFO] [stderr]     |
[INFO] [stderr]     = note: `#[warn(unused_variables)]` on by default
[INFO] [stderr] 
[INFO] [stderr] warning: unused variable: `tokenizer`
[INFO] [stderr]    --> src/parser/ray_scene_builder/mod.rs:411:28
[INFO] [stderr]     |
[INFO] [stderr] 411 | fn parse_scalar_expression(tokenizer: &mut Tokenizer) -> Result<f64> {
[INFO] [stderr]     |                            ^^^^^^^^^ help: if this is intentional, prefix it with an underscore: `_tokenizer`
[INFO] [stderr] 
[INFO] [stderr] warning: unused variable: `tokenizer`
[INFO] [stderr]    --> src/parser/ray_scene_builder/mod.rs:415:29
[INFO] [stderr]     |
[INFO] [stderr] 415 | fn parse_vector4_expression(tokenizer: &mut Tokenizer) -> Result<Vector4<f64>> {
[INFO] [stderr]     |                             ^^^^^^^^^ help: if this is intentional, prefix it with an underscore: `_tokenizer`
[INFO] [stderr] 
[INFO] [stderr] warning: unused variable: `tokenizer`
[INFO] [stderr]    --> src/parser/ray_scene_builder/mod.rs:419:18
[INFO] [stderr]     |
[INFO] [stderr] 419 | fn parse_boolean(tokenizer: &mut Tokenizer) -> Result<bool> {
[INFO] [stderr]     |                  ^^^^^^^^^ help: if this is intentional, prefix it with an underscore: `_tokenizer`
[INFO] [stderr] 
[INFO] [stderr] warning: unused variable: `tokenizer`
[INFO] [stderr]    --> src/parser/ray_scene_builder/mod.rs:423:17
[INFO] [stderr]     |
[INFO] [stderr] 423 | fn parse_scalar(tokenizer: &mut Tokenizer) -> Result<f64> {
[INFO] [stderr]     |                 ^^^^^^^^^ help: if this is intentional, prefix it with an underscore: `_tokenizer`
[INFO] [stderr] 
[INFO] [stderr] warning: unused variable: `tokenizer`
[INFO] [stderr]    --> src/parser/ray_scene_builder/mod.rs:427:18
[INFO] [stderr]     |
[INFO] [stderr] 427 | fn parse_vector4(tokenizer: &mut Tokenizer) -> Result<Vector4<f64>> {
[INFO] [stderr]     |                  ^^^^^^^^^ help: if this is intentional, prefix it with an underscore: `_tokenizer`
[INFO] [stderr] 
[INFO] [stderr] warning: `ray_rs` (lib) generated 18 warnings (3 duplicates)
[INFO] [stderr] warning: `ray_rs` (lib test) generated 18 warnings (18 duplicates)
[INFO] [stderr]     Finished test [unoptimized + debuginfo] target(s) in 0.04s
[INFO] [stderr]      Running unittests (/opt/rustwide/target/debug/deps/ray_rs-79dd915f8a27f479)
[INFO] [stdout] 
[INFO] [stdout] running 9 tests
[INFO] [stdout] test parser::ray_tokenizer::tests::peekable_conditional_read_test ... ok
[INFO] [stdout] test parser::ray_tokenizer::tests::peekable_read_test ... ok
[INFO] [stdout] test parser::ray_tokenizer::tests::peekable_read_value_test ... ok
[INFO] [stdout] test parser::ray_tokenizer::tests::keyword_tokenize_test ... ok
[INFO] [stdout] test parser::ray_tokenizer::tests::whitespace_tokenize_test ... ok
[INFO] [stdout] test parser::ray_tokenizer::tests::punctuation_tokenize_test ... ok
[INFO] [stdout] test parser::ray_tokenizer::tests::peekable_failed_read_test - should panic ... ok
[INFO] [stdout] test parser::ray_tokenizer::tests::camera_parse_test ... FAILED
[INFO] [stdout] test parser::ray_tokenizer::tests::number_tokenize_test ... FAILED
[INFO] [stdout] 
[INFO] [stdout] failures:
[INFO] [stdout] 
[INFO] [stdout] ---- parser::ray_tokenizer::tests::camera_parse_test stdout ----
[INFO] [stdout] thread 'parser::ray_tokenizer::tests::camera_parse_test' panicked at 'assertion failed: tokens.unwrap().iter().eq(expected.iter())', src/parser/ray_tokenizer/tests.rs:88:5
[INFO] [stdout] stack backtrace:
[INFO] [stdout]    0:     0x556645340910 - std::backtrace_rs::backtrace::libunwind::trace::hff4d1766e93f64f1
[INFO] [stdout]                                at /rustc/53fd98ca776cb875bc9e5514f56b52eb74f9e7a9/library/std/src/../../backtrace/src/backtrace/libunwind.rs:90:5
[INFO] [stdout]    1:     0x556645340910 - std::backtrace_rs::backtrace::trace_unsynchronized::h56bbc8eb78770bcb
[INFO] [stdout]                                at /rustc/53fd98ca776cb875bc9e5514f56b52eb74f9e7a9/library/std/src/../../backtrace/src/backtrace/mod.rs:66:5
[INFO] [stdout]    2:     0x556645340910 - std::sys_common::backtrace::_print_fmt::h5c8e75464faca780
[INFO] [stdout]                                at /rustc/53fd98ca776cb875bc9e5514f56b52eb74f9e7a9/library/std/src/sys_common/backtrace.rs:67:5
[INFO] [stdout]    3:     0x556645340910 - <std::sys_common::backtrace::_print::DisplayBacktrace as core::fmt::Display>::fmt::h48b88277def8b362
[INFO] [stdout]                                at /rustc/53fd98ca776cb875bc9e5514f56b52eb74f9e7a9/library/std/src/sys_common/backtrace.rs:46:22
[INFO] [stdout]    4:     0x5566453641fc - core::fmt::write::h3381b3176fe2b3d3
[INFO] [stdout]                                at /rustc/53fd98ca776cb875bc9e5514f56b52eb74f9e7a9/library/core/src/fmt/mod.rs:1115:17
[INFO] [stdout]    5:     0x55664533d875 - std::io::Write::write_fmt::h5f34a676f60246b5
[INFO] [stdout]                                at /rustc/53fd98ca776cb875bc9e5514f56b52eb74f9e7a9/library/std/src/io/mod.rs:1665:15
[INFO] [stdout]    6:     0x556645342a8b - std::sys_common::backtrace::_print::ha537687d6c17dd0d
[INFO] [stdout]                                at /rustc/53fd98ca776cb875bc9e5514f56b52eb74f9e7a9/library/std/src/sys_common/backtrace.rs:49:5
[INFO] [stdout]    7:     0x556645342a8b - std::sys_common::backtrace::print::h61376ae57d131d72
[INFO] [stdout]                                at /rustc/53fd98ca776cb875bc9e5514f56b52eb74f9e7a9/library/std/src/sys_common/backtrace.rs:36:9
[INFO] [stdout]    8:     0x556645342a8b - std::panicking::default_hook::{{closure}}::h0f7208c0b9644a54
[INFO] [stdout]                                at /rustc/53fd98ca776cb875bc9e5514f56b52eb74f9e7a9/library/std/src/panicking.rs:208:50
[INFO] [stdout]    9:     0x55664534259c - std::panicking::default_hook::hdac7fc06578c14ce
[INFO] [stdout]                                at /rustc/53fd98ca776cb875bc9e5514f56b52eb74f9e7a9/library/std/src/panicking.rs:222:9
[INFO] [stdout]   10:     0x556645343154 - std::panicking::rust_panic_with_hook::h72b21c283da3d1ef
[INFO] [stdout]                                at /rustc/53fd98ca776cb875bc9e5514f56b52eb74f9e7a9/library/std/src/panicking.rs:622:17
[INFO] [stdout]   11:     0x556645342c07 - std::panicking::begin_panic_handler::{{closure}}::he5778f1729cff84a
[INFO] [stdout]                                at /rustc/53fd98ca776cb875bc9e5514f56b52eb74f9e7a9/library/std/src/panicking.rs:517:13
[INFO] [stdout]   12:     0x556645340dec - std::sys_common::backtrace::__rust_end_short_backtrace::h2d11ca8b453b4b1d
[INFO] [stdout]                                at /rustc/53fd98ca776cb875bc9e5514f56b52eb74f9e7a9/library/std/src/sys_common/backtrace.rs:141:18
[INFO] [stdout]   13:     0x556645342b99 - rust_begin_unwind
[INFO] [stdout]                                at /rustc/53fd98ca776cb875bc9e5514f56b52eb74f9e7a9/library/std/src/panicking.rs:515:5
[INFO] [stdout]   14:     0x5566451f8431 - core::panicking::panic_fmt::hf9de31d4acbce4db
[INFO] [stdout]                                at /rustc/53fd98ca776cb875bc9e5514f56b52eb74f9e7a9/library/core/src/panicking.rs:92:14
[INFO] [stdout]   15:     0x5566451f837d - core::panicking::panic::h8a6bc58a21c6c095
[INFO] [stdout]                                at /rustc/53fd98ca776cb875bc9e5514f56b52eb74f9e7a9/library/core/src/panicking.rs:50:5
[INFO] [stdout]   16:     0x5566452019e2 - ray_rs::parser::ray_tokenizer::tests::camera_parse_test::hd8d06ff5570153c5
[INFO] [stdout]                                at /opt/rustwide/workdir/src/parser/ray_tokenizer/tests.rs:88:5
[INFO] [stdout]   17:     0x556645200e2a - ray_rs::parser::ray_tokenizer::tests::camera_parse_test::{{closure}}::h5994d3a385796a03
[INFO] [stdout]                                at /opt/rustwide/workdir/src/parser/ray_tokenizer/tests.rs:76:1
[INFO] [stdout]   18:     0x5566451fc59e - core::ops::function::FnOnce::call_once::h8e31940ec7aad38b
[INFO] [stdout]                                at /rustc/53fd98ca776cb875bc9e5514f56b52eb74f9e7a9/library/core/src/ops/function.rs:227:5
[INFO] [stdout]   19:     0x55664523a553 - core::ops::function::FnOnce::call_once::hbb52c4519d3137b0
[INFO] [stdout]                                at /rustc/53fd98ca776cb875bc9e5514f56b52eb74f9e7a9/library/core/src/ops/function.rs:227:5
[INFO] [stdout]   20:     0x55664523a553 - test::__rust_begin_short_backtrace::h86fe3a2a5a5121af
[INFO] [stdout]                                at /rustc/53fd98ca776cb875bc9e5514f56b52eb74f9e7a9/library/test/src/lib.rs:578:5
[INFO] [stdout]   21:     0x556645239008 - <alloc::boxed::Box<F,A> as core::ops::function::FnOnce<Args>>::call_once::hfd956bc3d57399be
[INFO] [stdout]                                at /rustc/53fd98ca776cb875bc9e5514f56b52eb74f9e7a9/library/alloc/src/boxed.rs:1572:9
[INFO] [stdout]   22:     0x556645239008 - <std::panic::AssertUnwindSafe<F> as core::ops::function::FnOnce<()>>::call_once::h40dc93e0ddb5938a
[INFO] [stdout]                                at /rustc/53fd98ca776cb875bc9e5514f56b52eb74f9e7a9/library/std/src/panic.rs:347:9
[INFO] [stdout]   23:     0x556645239008 - std::panicking::try::do_call::h90d07750cb47c562
[INFO] [stdout]                                at /rustc/53fd98ca776cb875bc9e5514f56b52eb74f9e7a9/library/std/src/panicking.rs:401:40
[INFO] [stdout]   24:     0x556645239008 - std::panicking::try::h063c84733ad2a629
[INFO] [stdout]                                at /rustc/53fd98ca776cb875bc9e5514f56b52eb74f9e7a9/library/std/src/panicking.rs:365:19
[INFO] [stdout]   25:     0x556645239008 - std::panic::catch_unwind::h0c464836a84e7c08
[INFO] [stdout]                                at /rustc/53fd98ca776cb875bc9e5514f56b52eb74f9e7a9/library/std/src/panic.rs:434:14
[INFO] [stdout]   26:     0x556645239008 - test::run_test_in_process::h5cb06ef620b157fc
[INFO] [stdout]                                at /rustc/53fd98ca776cb875bc9e5514f56b52eb74f9e7a9/library/test/src/lib.rs:601:18
[INFO] [stdout]   27:     0x556645239008 - test::run_test::run_test_inner::{{closure}}::h76f677f4b93f9828
[INFO] [stdout]                                at /rustc/53fd98ca776cb875bc9e5514f56b52eb74f9e7a9/library/test/src/lib.rs:493:39
[INFO] [stdout]   28:     0x55664520779d - test::run_test::run_test_inner::{{closure}}::h366d01fe04f4d67a
[INFO] [stdout]                                at /rustc/53fd98ca776cb875bc9e5514f56b52eb74f9e7a9/library/test/src/lib.rs:520:37
[INFO] [stdout]   29:     0x55664520779d - std::sys_common::backtrace::__rust_begin_short_backtrace::h7dfa0de4eb395af2
[INFO] [stdout]                                at /rustc/53fd98ca776cb875bc9e5514f56b52eb74f9e7a9/library/std/src/sys_common/backtrace.rs:125:18
[INFO] [stdout]   30:     0x55664520bf68 - std::thread::Builder::spawn_unchecked::{{closure}}::{{closure}}::hf0a74bb58798037f
[INFO] [stdout]                                at /rustc/53fd98ca776cb875bc9e5514f56b52eb74f9e7a9/library/std/src/thread/mod.rs:476:17
[INFO] [stdout]   31:     0x55664520bf68 - <std::panic::AssertUnwindSafe<F> as core::ops::function::FnOnce<()>>::call_once::hb024e854818586ac
[INFO] [stdout]                                at /rustc/53fd98ca776cb875bc9e5514f56b52eb74f9e7a9/library/std/src/panic.rs:347:9
[INFO] [stdout]   32:     0x55664520bf68 - std::panicking::try::do_call::hb2dd9f1d0d48e41d
[INFO] [stdout]                                at /rustc/53fd98ca776cb875bc9e5514f56b52eb74f9e7a9/library/std/src/panicking.rs:401:40
[INFO] [stdout]   33:     0x55664520bf68 - std::panicking::try::h4717ae7bac8b2bf3
[INFO] [stdout]                                at /rustc/53fd98ca776cb875bc9e5514f56b52eb74f9e7a9/library/std/src/panicking.rs:365:19
[INFO] [stdout]   34:     0x55664520bf68 - std::panic::catch_unwind::h0dc8a061326ce8d8
[INFO] [stdout]                                at /rustc/53fd98ca776cb875bc9e5514f56b52eb74f9e7a9/library/std/src/panic.rs:434:14
[INFO] [stdout]   35:     0x55664520bf68 - std::thread::Builder::spawn_unchecked::{{closure}}::haa369e2d6fd00aa1
[INFO] [stdout]                                at /rustc/53fd98ca776cb875bc9e5514f56b52eb74f9e7a9/library/std/src/thread/mod.rs:475:30
[INFO] [stdout]   36:     0x55664520bf68 - core::ops::function::FnOnce::call_once{{vtable.shim}}::h36dcf3de8b056f17
[INFO] [stdout]                                at /rustc/53fd98ca776cb875bc9e5514f56b52eb74f9e7a9/library/core/src/ops/function.rs:227:5
[INFO] [stdout]   37:     0x556645347cc7 - <alloc::boxed::Box<F,A> as core::ops::function::FnOnce<Args>>::call_once::h65c29e4642be2358
[INFO] [stdout]                                at /rustc/53fd98ca776cb875bc9e5514f56b52eb74f9e7a9/library/alloc/src/boxed.rs:1572:9
[INFO] [stdout]   38:     0x556645347cc7 - <alloc::boxed::Box<F,A> as core::ops::function::FnOnce<Args>>::call_once::hd0f8f7fbbd9fffbf
[INFO] [stdout]                                at /rustc/53fd98ca776cb875bc9e5514f56b52eb74f9e7a9/library/alloc/src/boxed.rs:1572:9
[INFO] [stdout]   39:     0x556645347cc7 - std::sys::unix::thread::Thread::new::thread_start::h2fd22fee3ca77b65
[INFO] [stdout]                                at /rustc/53fd98ca776cb875bc9e5514f56b52eb74f9e7a9/library/std/src/sys/unix/thread.rs:74:17
[INFO] [stdout]   40:     0x7fdcc8d1d609 - start_thread
[INFO] [stdout]   41:     0x7fdcc8aef293 - clone
[INFO] [stdout]   42:                0x0 - <unknown>
[INFO] [stdout] 
[INFO] [stdout] ---- parser::ray_tokenizer::tests::number_tokenize_test stdout ----
[INFO] [stdout] thread 'parser::ray_tokenizer::tests::number_tokenize_test' panicked at 'assertion failed: tokens.unwrap().iter().eq(expected.iter())', src/parser/ray_tokenizer/tests.rs:62:5
[INFO] [stdout] stack backtrace:
[INFO] [stdout]    0:     0x556645340910 - std::backtrace_rs::backtrace::libunwind::trace::hff4d1766e93f64f1
[INFO] [stdout]                                at /rustc/53fd98ca776cb875bc9e5514f56b52eb74f9e7a9/library/std/src/../../backtrace/src/backtrace/libunwind.rs:90:5
[INFO] [stdout]    1:     0x556645340910 - std::backtrace_rs::backtrace::trace_unsynchronized::h56bbc8eb78770bcb
[INFO] [stdout]                                at /rustc/53fd98ca776cb875bc9e5514f56b52eb74f9e7a9/library/std/src/../../backtrace/src/backtrace/mod.rs:66:5
[INFO] [stdout]    2:     0x556645340910 - std::sys_common::backtrace::_print_fmt::h5c8e75464faca780
[INFO] [stdout]                                at /rustc/53fd98ca776cb875bc9e5514f56b52eb74f9e7a9/library/std/src/sys_common/backtrace.rs:67:5
[INFO] [stdout]    3:     0x556645340910 - <std::sys_common::backtrace::_print::DisplayBacktrace as core::fmt::Display>::fmt::h48b88277def8b362
[INFO] [stdout]                                at /rustc/53fd98ca776cb875bc9e5514f56b52eb74f9e7a9/library/std/src/sys_common/backtrace.rs:46:22
[INFO] [stdout]    4:     0x5566453641fc - core::fmt::write::h3381b3176fe2b3d3
[INFO] [stdout]                                at /rustc/53fd98ca776cb875bc9e5514f56b52eb74f9e7a9/library/core/src/fmt/mod.rs:1115:17
[INFO] [stdout]    5:     0x55664533d875 - std::io::Write::write_fmt::h5f34a676f60246b5
[INFO] [stdout]                                at /rustc/53fd98ca776cb875bc9e5514f56b52eb74f9e7a9/library/std/src/io/mod.rs:1665:15
[INFO] [stdout]    6:     0x556645342a8b - std::sys_common::backtrace::_print::ha537687d6c17dd0d
[INFO] [stdout]                                at /rustc/53fd98ca776cb875bc9e5514f56b52eb74f9e7a9/library/std/src/sys_common/backtrace.rs:49:5
[INFO] [stdout]    7:     0x556645342a8b - std::sys_common::backtrace::print::h61376ae57d131d72
[INFO] [stdout]                                at /rustc/53fd98ca776cb875bc9e5514f56b52eb74f9e7a9/library/std/src/sys_common/backtrace.rs:36:9
[INFO] [stdout]    8:     0x556645342a8b - std::panicking::default_hook::{{closure}}::h0f7208c0b9644a54
[INFO] [stdout]                                at /rustc/53fd98ca776cb875bc9e5514f56b52eb74f9e7a9/library/std/src/panicking.rs:208:50
[INFO] [stdout]    9:     0x55664534259c - std::panicking::default_hook::hdac7fc06578c14ce
[INFO] [stdout]                                at /rustc/53fd98ca776cb875bc9e5514f56b52eb74f9e7a9/library/std/src/panicking.rs:222:9
[INFO] [stdout]   10:     0x556645343154 - std::panicking::rust_panic_with_hook::h72b21c283da3d1ef
[INFO] [stdout]                                at /rustc/53fd98ca776cb875bc9e5514f56b52eb74f9e7a9/library/std/src/panicking.rs:622:17
[INFO] [stdout]   11:     0x556645342c07 - std::panicking::begin_panic_handler::{{closure}}::he5778f1729cff84a
[INFO] [stdout]                                at /rustc/53fd98ca776cb875bc9e5514f56b52eb74f9e7a9/library/std/src/panicking.rs:517:13
[INFO] [stdout]   12:     0x556645340dec - std::sys_common::backtrace::__rust_end_short_backtrace::h2d11ca8b453b4b1d
[INFO] [stdout]                                at /rustc/53fd98ca776cb875bc9e5514f56b52eb74f9e7a9/library/std/src/sys_common/backtrace.rs:141:18
[INFO] [stdout]   13:     0x556645342b99 - rust_begin_unwind
[INFO] [stdout]                                at /rustc/53fd98ca776cb875bc9e5514f56b52eb74f9e7a9/library/std/src/panicking.rs:515:5
[INFO] [stdout]   14:     0x5566451f8431 - core::panicking::panic_fmt::hf9de31d4acbce4db
[INFO] [stdout]                                at /rustc/53fd98ca776cb875bc9e5514f56b52eb74f9e7a9/library/core/src/panicking.rs:92:14
[INFO] [stdout]   15:     0x5566451f837d - core::panicking::panic::h8a6bc58a21c6c095
[INFO] [stdout]                                at /rustc/53fd98ca776cb875bc9e5514f56b52eb74f9e7a9/library/core/src/panicking.rs:50:5
[INFO] [stdout]   16:     0x556645200961 - ray_rs::parser::ray_tokenizer::tests::number_tokenize_test::ha1c5c9e42f53beb5
[INFO] [stdout]                                at /opt/rustwide/workdir/src/parser/ray_tokenizer/tests.rs:62:5
[INFO] [stdout]   17:     0x55664520065a - ray_rs::parser::ray_tokenizer::tests::number_tokenize_test::{{closure}}::h2e6580d22441cd43
[INFO] [stdout]                                at /opt/rustwide/workdir/src/parser/ray_tokenizer/tests.rs:57:1
[INFO] [stdout]   18:     0x5566451fc4be - core::ops::function::FnOnce::call_once::h67e7e23803c9b1a4
[INFO] [stdout]                                at /rustc/53fd98ca776cb875bc9e5514f56b52eb74f9e7a9/library/core/src/ops/function.rs:227:5
[INFO] [stdout]   19:     0x55664523a553 - core::ops::function::FnOnce::call_once::hbb52c4519d3137b0
[INFO] [stdout]                                at /rustc/53fd98ca776cb875bc9e5514f56b52eb74f9e7a9/library/core/src/ops/function.rs:227:5
[INFO] [stdout]   20:     0x55664523a553 - test::__rust_begin_short_backtrace::h86fe3a2a5a5121af
[INFO] [stdout]                                at /rustc/53fd98ca776cb875bc9e5514f56b52eb74f9e7a9/library/test/src/lib.rs:578:5
[INFO] [stdout]   21:     0x556645239008 - <alloc::boxed::Box<F,A> as core::ops::function::FnOnce<Args>>::call_once::hfd956bc3d57399be
[INFO] [stdout]                                at /rustc/53fd98ca776cb875bc9e5514f56b52eb74f9e7a9/library/alloc/src/boxed.rs:1572:9
[INFO] [stdout]   22:     0x556645239008 - <std::panic::AssertUnwindSafe<F> as core::ops::function::FnOnce<()>>::call_once::h40dc93e0ddb5938a
[INFO] [stdout]                                at /rustc/53fd98ca776cb875bc9e5514f56b52eb74f9e7a9/library/std/src/panic.rs:347:9
[INFO] [stdout]   23:     0x556645239008 - std::panicking::try::do_call::h90d07750cb47c562
[INFO] [stdout]                                at /rustc/53fd98ca776cb875bc9e5514f56b52eb74f9e7a9/library/std/src/panicking.rs:401:40
[INFO] [stdout]   24:     0x556645239008 - std::panicking::try::h063c84733ad2a629
[INFO] [stdout]                                at /rustc/53fd98ca776cb875bc9e5514f56b52eb74f9e7a9/library/std/src/panicking.rs:365:19
[INFO] [stdout]   25:     0x556645239008 - std::panic::catch_unwind::h0c464836a84e7c08
[INFO] [stdout]                                at /rustc/53fd98ca776cb875bc9e5514f56b52eb74f9e7a9/library/std/src/panic.rs:434:14
[INFO] [stdout]   26:     0x556645239008 - test::run_test_in_process::h5cb06ef620b157fc
[INFO] [stdout]                                at /rustc/53fd98ca776cb875bc9e5514f56b52eb74f9e7a9/library/test/src/lib.rs:601:18
[INFO] [stdout]   27:     0x556645239008 - test::run_test::run_test_inner::{{closure}}::h76f677f4b93f9828
[INFO] [stdout]                                at /rustc/53fd98ca776cb875bc9e5514f56b52eb74f9e7a9/library/test/src/lib.rs:493:39
[INFO] [stdout]   28:     0x55664520779d - test::run_test::run_test_inner::{{closure}}::h366d01fe04f4d67a
[INFO] [stdout]                                at /rustc/53fd98ca776cb875bc9e5514f56b52eb74f9e7a9/library/test/src/lib.rs:520:37
[INFO] [stdout]   29:     0x55664520779d - std::sys_common::backtrace::__rust_begin_short_backtrace::h7dfa0de4eb395af2
[INFO] [stdout]                                at /rustc/53fd98ca776cb875bc9e5514f56b52eb74f9e7a9/library/std/src/sys_common/backtrace.rs:125:18
[INFO] [stdout]   30:     0x55664520bf68 - std::thread::Builder::spawn_unchecked::{{closure}}::{{closure}}::hf0a74bb58798037f
[INFO] [stdout]                                at /rustc/53fd98ca776cb875bc9e5514f56b52eb74f9e7a9/library/std/src/thread/mod.rs:476:17
[INFO] [stdout]   31:     0x55664520bf68 - <std::panic::AssertUnwindSafe<F> as core::ops::function::FnOnce<()>>::call_once::hb024e854818586ac
[INFO] [stdout]                                at /rustc/53fd98ca776cb875bc9e5514f56b52eb74f9e7a9/library/std/src/panic.rs:347:9
[INFO] [stdout]   32:     0x55664520bf68 - std::panicking::try::do_call::hb2dd9f1d0d48e41d
[INFO] [stdout]                                at /rustc/53fd98ca776cb875bc9e5514f56b52eb74f9e7a9/library/std/src/panicking.rs:401:40
[INFO] [stdout]   33:     0x55664520bf68 - std::panicking::try::h4717ae7bac8b2bf3
[INFO] [stdout]                                at /rustc/53fd98ca776cb875bc9e5514f56b52eb74f9e7a9/library/std/src/panicking.rs:365:19
[INFO] [stdout]   34:     0x55664520bf68 - std::panic::catch_unwind::h0dc8a061326ce8d8
[INFO] [stdout]                                at /rustc/53fd98ca776cb875bc9e5514f56b52eb74f9e7a9/library/std/src/panic.rs:434:14
[INFO] [stdout]   35:     0x55664520bf68 - std::thread::Builder::spawn_unchecked::{{closure}}::haa369e2d6fd00aa1
[INFO] [stdout]                                at /rustc/53fd98ca776cb875bc9e5514f56b52eb74f9e7a9/library/std/src/thread/mod.rs:475:30
[INFO] [stdout]   36:     0x55664520bf68 - core::ops::function::FnOnce::call_once{{vtable.shim}}::h36dcf3de8b056f17
[INFO] [stdout]                                at /rustc/53fd98ca776cb875bc9e5514f56b52eb74f9e7a9/library/core/src/ops/function.rs:227:5
[INFO] [stdout]   37:     0x556645347cc7 - <alloc::boxed::Box<F,A> as core::ops::function::FnOnce<Args>>::call_once::h65c29e4642be2358
[INFO] [stdout]                                at /rustc/53fd98ca776cb875bc9e5514f56b52eb74f9e7a9/library/alloc/src/boxed.rs:1572:9
[INFO] [stdout]   38:     0x556645347cc7 - <alloc::boxed::Box<F,A> as core::ops::function::FnOnce<Args>>::call_once::hd0f8f7fbbd9fffbf
[INFO] [stdout]                                at /rustc/53fd98ca776cb875bc9e5514f56b52eb74f9e7a9/library/alloc/src/boxed.rs:1572:9
[INFO] [stdout]   39:     0x556645347cc7 - std::sys::unix::thread::Thread::new::thread_start::h2fd22fee3ca77b65
[INFO] [stdout]                                at /rustc/53fd98ca776cb875bc9e5514f56b52eb74f9e7a9/library/std/src/sys/unix/thread.rs:74:17
[INFO] [stdout]   40:     0x7fdcc8d1d609 - start_thread
[INFO] [stdout]   41:     0x7fdcc8aef293 - clone
[INFO] [stdout]   42:                0x0 - <unknown>
[INFO] [stdout] 
[INFO] [stdout] 
[INFO] [stdout] failures:
[INFO] [stdout]     parser::ray_tokenizer::tests::camera_parse_test
[INFO] [stdout]     parser::ray_tokenizer::tests::number_tokenize_test
[INFO] [stdout] 
[INFO] [stdout] test result: FAILED. 7 passed; 2 failed; 0 ignored; 0 measured; 0 filtered out; finished in 0.07s
[INFO] [stdout] 
[INFO] [stderr] error: test failed, to rerun pass '--lib'
[INFO] running `Command { std: "docker" "inspect" "828c024e2c706bbf60680a3bbe79c117488da3947d13f8bcda4130d2b49b79f5", kill_on_drop: false }`
[INFO] running `Command { std: "docker" "rm" "-f" "828c024e2c706bbf60680a3bbe79c117488da3947d13f8bcda4130d2b49b79f5", kill_on_drop: false }`
[INFO] [stdout] 828c024e2c706bbf60680a3bbe79c117488da3947d13f8bcda4130d2b49b79f5
