[INFO] cloning repository https://github.com/Its-its/xpath-scraper
[INFO] running `Command { std: "git" "-c" "credential.helper=" "-c" "credential.helper=/workspace/cargo-home/bin/git-credential-null" "clone" "--bare" "https://github.com/Its-its/xpath-scraper" "/workspace/cache/git-repos/https%3A%2F%2Fgithub.com%2FIts-its%2Fxpath-scraper", kill_on_drop: false }`
[INFO] [stderr] Cloning into bare repository '/workspace/cache/git-repos/https%3A%2F%2Fgithub.com%2FIts-its%2Fxpath-scraper'...
[INFO] running `Command { std: "git" "rev-parse" "HEAD", kill_on_drop: false }`
[INFO] [stdout] f128f48b6096d949dd1a1fea90c51fd1f4d6f1db
[INFO] testing Its-its/xpath-scraper against 1.54.0 for beta-1.55-1
[INFO] running `Command { std: "git" "clone" "/workspace/cache/git-repos/https%3A%2F%2Fgithub.com%2FIts-its%2Fxpath-scraper" "/workspace/builds/worker-82/source", kill_on_drop: false }`
[INFO] [stderr] Cloning into '/workspace/builds/worker-82/source'...
[INFO] [stderr] done.
[INFO] validating manifest of git repo https://github.com/Its-its/xpath-scraper on toolchain 1.54.0
[INFO] running `Command { std: "/workspace/cargo-home/bin/cargo" "+1.54.0" "metadata" "--manifest-path" "Cargo.toml" "--no-deps", kill_on_drop: false }`
[INFO] started tweaking git repo https://github.com/Its-its/xpath-scraper
[INFO] finished tweaking git repo https://github.com/Its-its/xpath-scraper
[INFO] tweaked toml for git repo https://github.com/Its-its/xpath-scraper written to /workspace/builds/worker-82/source/Cargo.toml
[INFO] crate git repo https://github.com/Its-its/xpath-scraper already has a lockfile, it will not be regenerated
[INFO] running `Command { std: "/workspace/cargo-home/bin/cargo" "+1.54.0" "fetch" "--manifest-path" "Cargo.toml", kill_on_drop: false }`
[INFO] [stderr] warning: /workspace/builds/worker-82/source/macro/Cargo.toml: unused manifest key: package.respository
[INFO] [stderr] warning: /workspace/builds/worker-82/source/main/Cargo.toml: unused manifest key: package.respository
[INFO] [stderr] warning: /workspace/builds/worker-82/source/example/Cargo.toml: unused manifest key: package.respository
[INFO] [stderr]     Blocking waiting for file lock on package cache
[INFO] [stderr]     Blocking waiting for file lock on package cache
[INFO] running `Command { std: "docker" "create" "-v" "/var/lib/crater-agent-workspace/builds/worker-82/target:/opt/rustwide/target:rw,Z" "-v" "/var/lib/crater-agent-workspace/builds/worker-82/source:/opt/rustwide/workdir:ro,Z" "-v" "/var/lib/crater-agent-workspace/cargo-home:/opt/rustwide/cargo-home:ro,Z" "-v" "/var/lib/crater-agent-workspace/rustup-home:/opt/rustwide/rustup-home:ro,Z" "-e" "SOURCE_DIR=/opt/rustwide/workdir" "-e" "CARGO_TARGET_DIR=/opt/rustwide/target" "-e" "CARGO_HOME=/opt/rustwide/cargo-home" "-e" "RUSTUP_HOME=/opt/rustwide/rustup-home" "-w" "/opt/rustwide/workdir" "-m" "1610612736" "--user" "0:0" "--network" "none" "ghcr.io/rust-lang/crates-build-env/linux@sha256:34b6a614d2c27851fe6cbf88fbd1137609cefab8b10d0615aaeb6fd47975d74e" "/opt/rustwide/cargo-home/bin/cargo" "+1.54.0" "metadata" "--no-deps" "--format-version=1", kill_on_drop: false }`
[INFO] [stdout] fe5c8663425cd23d9318220a4a525893b3a3cb93a461e35dfaa439c5b04f5975
[INFO] running `Command { std: "docker" "start" "-a" "fe5c8663425cd23d9318220a4a525893b3a3cb93a461e35dfaa439c5b04f5975", kill_on_drop: false }`
[INFO] running `Command { std: "docker" "inspect" "fe5c8663425cd23d9318220a4a525893b3a3cb93a461e35dfaa439c5b04f5975", kill_on_drop: false }`
[INFO] running `Command { std: "docker" "rm" "-f" "fe5c8663425cd23d9318220a4a525893b3a3cb93a461e35dfaa439c5b04f5975", kill_on_drop: false }`
[INFO] [stdout] fe5c8663425cd23d9318220a4a525893b3a3cb93a461e35dfaa439c5b04f5975
[INFO] running `Command { std: "docker" "create" "-v" "/var/lib/crater-agent-workspace/builds/worker-82/target:/opt/rustwide/target:rw,Z" "-v" "/var/lib/crater-agent-workspace/builds/worker-82/source:/opt/rustwide/workdir:ro,Z" "-v" "/var/lib/crater-agent-workspace/cargo-home:/opt/rustwide/cargo-home:ro,Z" "-v" "/var/lib/crater-agent-workspace/rustup-home:/opt/rustwide/rustup-home:ro,Z" "-e" "SOURCE_DIR=/opt/rustwide/workdir" "-e" "CARGO_TARGET_DIR=/opt/rustwide/target" "-e" "CARGO_INCREMENTAL=0" "-e" "RUST_BACKTRACE=full" "-e" "RUSTFLAGS=--cap-lints=warn" "-e" "CARGO_HOME=/opt/rustwide/cargo-home" "-e" "RUSTUP_HOME=/opt/rustwide/rustup-home" "-w" "/opt/rustwide/workdir" "-m" "1610612736" "--user" "0:0" "--network" "none" "ghcr.io/rust-lang/crates-build-env/linux@sha256:34b6a614d2c27851fe6cbf88fbd1137609cefab8b10d0615aaeb6fd47975d74e" "/opt/rustwide/cargo-home/bin/cargo" "+1.54.0" "build" "--frozen" "--message-format=json", kill_on_drop: false }`
[INFO] [stdout] 797030b888374bc9f77206263e6fb1fe6b7b81b3c32858de02be0548e96c22c2
[INFO] running `Command { std: "docker" "start" "-a" "797030b888374bc9f77206263e6fb1fe6b7b81b3c32858de02be0548e96c22c2", kill_on_drop: false }`
[INFO] [stderr] warning: /opt/rustwide/workdir/main/Cargo.toml: unused manifest key: package.respository
[INFO] [stderr] warning: /opt/rustwide/workdir/macro/Cargo.toml: unused manifest key: package.respository
[INFO] [stderr] warning: /opt/rustwide/workdir/example/Cargo.toml: unused manifest key: package.respository
[INFO] [stderr]     Blocking waiting for file lock on package cache
[INFO] [stderr]    Compiling libc v0.2.97
[INFO] [stderr]    Compiling syn v1.0.73
[INFO] [stderr]    Compiling siphasher v0.3.5
[INFO] [stderr]    Compiling serde v1.0.126
[INFO] [stderr]    Compiling cc v1.0.68
[INFO] [stderr]    Compiling pin-project-lite v0.2.6
[INFO] [stderr]    Compiling new_debug_unreachable v1.0.4
[INFO] [stderr]    Compiling mac v0.1.1
[INFO] [stderr]    Compiling precomputed-hash v0.1.1
[INFO] [stderr]    Compiling futures-task v0.3.15
[INFO] [stderr]    Compiling openssl v0.10.34
[INFO] [stderr]    Compiling hashbrown v0.9.1
[INFO] [stderr]    Compiling anyhow v1.0.41
[INFO] [stderr]    Compiling instant v0.1.9
[INFO] [stderr]    Compiling tokio v1.7.0
[INFO] [stderr]    Compiling futures-util v0.3.15
[INFO] [stderr]    Compiling indexmap v1.6.2
[INFO] [stderr]    Compiling tracing v0.1.26
[INFO] [stderr]    Compiling http-body v0.4.2
[INFO] [stderr]    Compiling futf v0.1.4
[INFO] [stderr]    Compiling phf_shared v0.8.0
[INFO] [stderr]    Compiling tendril v0.4.2
[INFO] [stderr]    Compiling phf v0.8.0
[INFO] [stderr]    Compiling openssl-sys v0.9.63
[INFO] [stderr]    Compiling getrandom v0.1.16
[INFO] [stderr]    Compiling parking_lot_core v0.8.3
[INFO] [stderr]    Compiling num_cpus v1.13.0
[INFO] [stderr]    Compiling mio v0.7.13
[INFO] [stderr]    Compiling signal-hook-registry v1.4.0
[INFO] [stderr]    Compiling time v0.1.43
[INFO] [stderr]    Compiling socket2 v0.4.0
[INFO] [stderr]    Compiling rand_core v0.5.1
[INFO] [stderr]    Compiling parking_lot v0.11.1
[INFO] [stderr]    Compiling rand_chacha v0.2.2
[INFO] [stderr]    Compiling rand_pcg v0.2.1
[INFO] [stderr]    Compiling string_cache v0.8.1
[INFO] [stderr]    Compiling serde_urlencoded v0.7.0
[INFO] [stderr]    Compiling rand v0.7.3
[INFO] [stderr]    Compiling native-tls v0.2.7
[INFO] [stderr]    Compiling phf_generator v0.8.0
[INFO] [stderr]    Compiling string_cache_codegen v0.5.1
[INFO] [stderr]    Compiling phf_codegen v0.8.0
[INFO] [stderr]    Compiling markup5ever v0.10.1
[INFO] [stderr]    Compiling tokio-macros v1.2.0
[INFO] [stderr]    Compiling html5ever v0.25.1
[INFO] [stderr]    Compiling thiserror-impl v1.0.25
[INFO] [stderr]    Compiling scraper-macros v0.1.1 (/opt/rustwide/workdir/macro)
[INFO] [stderr]    Compiling thiserror v1.0.25
[INFO] [stderr]    Compiling xml5ever v0.16.1
[INFO] [stderr]    Compiling markup5ever_rcdom v0.1.0
[INFO] [stderr]    Compiling xpather v0.3.0-beta.1
[INFO] [stderr]    Compiling scraper-main v0.2.0 (/opt/rustwide/workdir/main)
[INFO] [stderr]    Compiling tokio-util v0.6.7
[INFO] [stderr]    Compiling tokio-native-tls v0.3.0
[INFO] [stderr]    Compiling h2 v0.3.3
[INFO] [stderr]    Compiling hyper v0.14.9
[INFO] [stderr]    Compiling hyper-tls v0.5.0
[INFO] [stderr]    Compiling reqwest v0.11.3
[INFO] [stderr]    Compiling scraper-example v0.1.0 (/opt/rustwide/workdir/example)
[INFO] [stderr]     Finished dev [unoptimized + debuginfo] target(s) in 48.33s
[INFO] running `Command { std: "docker" "inspect" "797030b888374bc9f77206263e6fb1fe6b7b81b3c32858de02be0548e96c22c2", kill_on_drop: false }`
[INFO] running `Command { std: "docker" "rm" "-f" "797030b888374bc9f77206263e6fb1fe6b7b81b3c32858de02be0548e96c22c2", kill_on_drop: false }`
[INFO] [stdout] 797030b888374bc9f77206263e6fb1fe6b7b81b3c32858de02be0548e96c22c2
[INFO] running `Command { std: "docker" "create" "-v" "/var/lib/crater-agent-workspace/builds/worker-82/target:/opt/rustwide/target:rw,Z" "-v" "/var/lib/crater-agent-workspace/builds/worker-82/source:/opt/rustwide/workdir:ro,Z" "-v" "/var/lib/crater-agent-workspace/cargo-home:/opt/rustwide/cargo-home:ro,Z" "-v" "/var/lib/crater-agent-workspace/rustup-home:/opt/rustwide/rustup-home:ro,Z" "-e" "SOURCE_DIR=/opt/rustwide/workdir" "-e" "CARGO_TARGET_DIR=/opt/rustwide/target" "-e" "CARGO_INCREMENTAL=0" "-e" "RUST_BACKTRACE=full" "-e" "RUSTFLAGS=--cap-lints=warn" "-e" "CARGO_HOME=/opt/rustwide/cargo-home" "-e" "RUSTUP_HOME=/opt/rustwide/rustup-home" "-w" "/opt/rustwide/workdir" "-m" "1610612736" "--user" "0:0" "--network" "none" "ghcr.io/rust-lang/crates-build-env/linux@sha256:34b6a614d2c27851fe6cbf88fbd1137609cefab8b10d0615aaeb6fd47975d74e" "/opt/rustwide/cargo-home/bin/cargo" "+1.54.0" "test" "--frozen" "--no-run" "--message-format=json", kill_on_drop: false }`
[INFO] [stdout] ce32a922834c01a8d14cf0d37ac15acff19cd6d09b4ea51d53d9d3eb00d35a3d
[INFO] running `Command { std: "docker" "start" "-a" "ce32a922834c01a8d14cf0d37ac15acff19cd6d09b4ea51d53d9d3eb00d35a3d", kill_on_drop: false }`
[INFO] [stderr] warning: /opt/rustwide/workdir/macro/Cargo.toml: unused manifest key: package.respository
[INFO] [stderr] warning: /opt/rustwide/workdir/example/Cargo.toml: unused manifest key: package.respository
[INFO] [stderr] warning: /opt/rustwide/workdir/main/Cargo.toml: unused manifest key: package.respository
[INFO] [stderr]     Blocking waiting for file lock on package cache
[INFO] [stderr]     Blocking waiting for file lock on package cache
[INFO] [stderr]    Compiling scraper-macros v0.1.1 (/opt/rustwide/workdir/macro)
[INFO] [stderr]    Compiling scraper-main v0.2.0 (/opt/rustwide/workdir/main)
[INFO] [stderr]    Compiling scraper-example v0.1.0 (/opt/rustwide/workdir/example)
[INFO] [stderr]     Finished test [unoptimized + debuginfo] target(s) in 5.01s
[INFO] running `Command { std: "docker" "inspect" "ce32a922834c01a8d14cf0d37ac15acff19cd6d09b4ea51d53d9d3eb00d35a3d", kill_on_drop: false }`
[INFO] running `Command { std: "docker" "rm" "-f" "ce32a922834c01a8d14cf0d37ac15acff19cd6d09b4ea51d53d9d3eb00d35a3d", kill_on_drop: false }`
[INFO] [stdout] ce32a922834c01a8d14cf0d37ac15acff19cd6d09b4ea51d53d9d3eb00d35a3d
[INFO] running `Command { std: "docker" "create" "-v" "/var/lib/crater-agent-workspace/builds/worker-82/target:/opt/rustwide/target:rw,Z" "-v" "/var/lib/crater-agent-workspace/builds/worker-82/source:/opt/rustwide/workdir:ro,Z" "-v" "/var/lib/crater-agent-workspace/cargo-home:/opt/rustwide/cargo-home:ro,Z" "-v" "/var/lib/crater-agent-workspace/rustup-home:/opt/rustwide/rustup-home:ro,Z" "-e" "SOURCE_DIR=/opt/rustwide/workdir" "-e" "CARGO_TARGET_DIR=/opt/rustwide/target" "-e" "CARGO_INCREMENTAL=0" "-e" "RUST_BACKTRACE=full" "-e" "RUSTFLAGS=--cap-lints=warn" "-e" "CARGO_HOME=/opt/rustwide/cargo-home" "-e" "RUSTUP_HOME=/opt/rustwide/rustup-home" "-w" "/opt/rustwide/workdir" "-m" "1610612736" "--user" "0:0" "--network" "none" "ghcr.io/rust-lang/crates-build-env/linux@sha256:34b6a614d2c27851fe6cbf88fbd1137609cefab8b10d0615aaeb6fd47975d74e" "/opt/rustwide/cargo-home/bin/cargo" "+1.54.0" "test" "--frozen", kill_on_drop: false }`
[INFO] [stdout] 83368439db26701fe4dd7b67d635edfbecae8b562bd6fa328cde6e513f11f7ed
[INFO] running `Command { std: "docker" "start" "-a" "83368439db26701fe4dd7b67d635edfbecae8b562bd6fa328cde6e513f11f7ed", kill_on_drop: false }`
[INFO] [stderr] warning: /opt/rustwide/workdir/example/Cargo.toml: unused manifest key: package.respository
[INFO] [stderr] warning: /opt/rustwide/workdir/main/Cargo.toml: unused manifest key: package.respository
[INFO] [stderr] warning: /opt/rustwide/workdir/macro/Cargo.toml: unused manifest key: package.respository
[INFO] [stderr]     Blocking waiting for file lock on package cache
[INFO] [stderr]     Blocking waiting for file lock on package cache
[INFO] [stderr]     Finished test [unoptimized + debuginfo] target(s) in 1.60s
[INFO] [stderr]      Running unittests (/opt/rustwide/target/debug/deps/scraper_example-8a4b8275e020a0e9)
[INFO] [stdout] 
[INFO] [stdout] running 0 tests
[INFO] [stdout] 
[INFO] [stdout] test result: ok. 0 passed; 0 failed; 0 ignored; 0 measured; 0 filtered out; finished in 0.00s
[INFO] [stdout] 
[INFO] [stderr]      Running unittests (/opt/rustwide/target/debug/deps/scraper_macros-e3878a0469bd408d)
[INFO] [stdout] 
[INFO] [stdout] running 0 tests
[INFO] [stdout] 
[INFO] [stdout] test result: ok. 0 passed; 0 failed; 0 ignored; 0 measured; 0 filtered out; finished in 0.00s
[INFO] [stdout] 
[INFO] [stderr]      Running unittests (/opt/rustwide/target/debug/deps/scraper_main-1a0792fdba072cf0)
[INFO] [stdout] 
[INFO] [stdout] running 0 tests
[INFO] [stdout] 
[INFO] [stdout] test result: ok. 0 passed; 0 failed; 0 ignored; 0 measured; 0 filtered out; finished in 0.00s
[INFO] [stdout] 
[INFO] [stderr]    Doc-tests scraper-macros
[INFO] [stdout] 
[INFO] [stdout] running 2 tests
[INFO] [stdout] test src/lib.rs - (line 4) ... FAILED
[INFO] [stdout] test src/lib.rs - derive_scraper (line 24) ... FAILED
[INFO] [stdout] 
[INFO] [stdout] failures:
[INFO] [stdout] 
[INFO] [stdout] ---- src/lib.rs - (line 4) stdout ----
[INFO] [stdout] error: cannot find derive macro `Scraper` in this scope
[INFO] [stdout]  --> src/lib.rs:5:10
[INFO] [stdout]   |
[INFO] [stdout] 3 | #[derive(Scraper)]
[INFO] [stdout]   |          ^^^^^^^
[INFO] [stdout] 
[INFO] [stdout] error: cannot find attribute `scrape` in this scope
[INFO] [stdout]  --> src/lib.rs:7:7
[INFO] [stdout]   |
[INFO] [stdout] 5 |     #[scrape(xpath = r#"//a[@data-click-id="body"]/@href"#)]
[INFO] [stdout]   |       ^^^^^^
[INFO] [stdout] 
[INFO] [stdout] error: aborting due to 2 previous errors
[INFO] [stdout] 
[INFO] [stdout] Couldn't compile the test.
[INFO] [stdout] ---- src/lib.rs - derive_scraper (line 24) stdout ----
[INFO] [stdout] error: cannot find derive macro `Scraper` in this scope
[INFO] [stdout]  --> src/lib.rs:25:10
[INFO] [stdout]   |
[INFO] [stdout] 3 | #[derive(Scraper)]
[INFO] [stdout]   |          ^^^^^^^
[INFO] [stdout] 
[INFO] [stdout] error: cannot find attribute `scrape` in this scope
[INFO] [stdout]  --> src/lib.rs:27:7
[INFO] [stdout]   |
[INFO] [stdout] 5 |     #[scrape(xpath = r#"//a[@data-click-id="body"]/@href"#)]
[INFO] [stdout]   |       ^^^^^^
[INFO] [stdout] 
[INFO] [stdout] error: aborting due to 2 previous errors
[INFO] [stdout] 
[INFO] [stdout] Couldn't compile the test.
[INFO] [stdout] 
[INFO] [stdout] failures:
[INFO] [stdout]     src/lib.rs - (line 4)
[INFO] [stdout]     src/lib.rs - derive_scraper (line 24)
[INFO] [stdout] 
[INFO] [stdout] test result: FAILED. 0 passed; 2 failed; 0 ignored; 0 measured; 0 filtered out; finished in 0.11s
[INFO] [stdout] 
[INFO] [stderr] error: test failed, to rerun pass '--doc'
[INFO] running `Command { std: "docker" "inspect" "83368439db26701fe4dd7b67d635edfbecae8b562bd6fa328cde6e513f11f7ed", kill_on_drop: false }`
[INFO] running `Command { std: "docker" "rm" "-f" "83368439db26701fe4dd7b67d635edfbecae8b562bd6fa328cde6e513f11f7ed", kill_on_drop: false }`
[INFO] [stdout] 83368439db26701fe4dd7b67d635edfbecae8b562bd6fa328cde6e513f11f7ed
