[INFO] cloning repository https://github.com/Isan-Rivkin/octi
[INFO] running `Command { std: "git" "-c" "credential.helper=" "-c" "credential.helper=/workspace/cargo-home/bin/git-credential-null" "clone" "--bare" "https://github.com/Isan-Rivkin/octi" "/workspace/cache/git-repos/https%3A%2F%2Fgithub.com%2FIsan-Rivkin%2Focti", kill_on_drop: false }`
[INFO] [stderr] Cloning into bare repository '/workspace/cache/git-repos/https%3A%2F%2Fgithub.com%2FIsan-Rivkin%2Focti'...
[INFO] running `Command { std: "git" "rev-parse" "HEAD", kill_on_drop: false }`
[INFO] [stdout] 804ffaeead7f755fff6ac7e714af7fe071b2281a
[INFO] testing Isan-Rivkin/octi against beta-2021-08-01 for beta-1.55-1
[INFO] running `Command { std: "git" "clone" "/workspace/cache/git-repos/https%3A%2F%2Fgithub.com%2FIsan-Rivkin%2Focti" "/workspace/builds/worker-78/source", kill_on_drop: false }`
[INFO] [stderr] Cloning into '/workspace/builds/worker-78/source'...
[INFO] [stderr] done.
[INFO] validating manifest of git repo https://github.com/Isan-Rivkin/octi on toolchain beta-2021-08-01
[INFO] running `Command { std: "/workspace/cargo-home/bin/cargo" "+beta-2021-08-01" "metadata" "--manifest-path" "Cargo.toml" "--no-deps", kill_on_drop: false }`
[INFO] started tweaking git repo https://github.com/Isan-Rivkin/octi
[INFO] finished tweaking git repo https://github.com/Isan-Rivkin/octi
[INFO] tweaked toml for git repo https://github.com/Isan-Rivkin/octi written to /workspace/builds/worker-78/source/Cargo.toml
[INFO] crate git repo https://github.com/Isan-Rivkin/octi already has a lockfile, it will not be regenerated
[INFO] running `Command { std: "/workspace/cargo-home/bin/cargo" "+beta-2021-08-01" "fetch" "--manifest-path" "Cargo.toml", kill_on_drop: false }`
[INFO] [stderr]     Blocking waiting for file lock on package cache
[INFO] [stderr]     Blocking waiting for file lock on package cache
[INFO] running `Command { std: "docker" "create" "-v" "/var/lib/crater-agent-workspace/builds/worker-78/target:/opt/rustwide/target:rw,Z" "-v" "/var/lib/crater-agent-workspace/builds/worker-78/source:/opt/rustwide/workdir:ro,Z" "-v" "/var/lib/crater-agent-workspace/cargo-home:/opt/rustwide/cargo-home:ro,Z" "-v" "/var/lib/crater-agent-workspace/rustup-home:/opt/rustwide/rustup-home:ro,Z" "-e" "SOURCE_DIR=/opt/rustwide/workdir" "-e" "CARGO_TARGET_DIR=/opt/rustwide/target" "-e" "CARGO_HOME=/opt/rustwide/cargo-home" "-e" "RUSTUP_HOME=/opt/rustwide/rustup-home" "-w" "/opt/rustwide/workdir" "-m" "1610612736" "--user" "0:0" "--network" "none" "ghcr.io/rust-lang/crates-build-env/linux@sha256:34b6a614d2c27851fe6cbf88fbd1137609cefab8b10d0615aaeb6fd47975d74e" "/opt/rustwide/cargo-home/bin/cargo" "+beta-2021-08-01" "metadata" "--no-deps" "--format-version=1", kill_on_drop: false }`
[INFO] [stdout] 14233d59fff3991177698520dc83a24a065dec5d65a20006a31e29700c5d4b98
[INFO] running `Command { std: "docker" "start" "-a" "14233d59fff3991177698520dc83a24a065dec5d65a20006a31e29700c5d4b98", kill_on_drop: false }`
[INFO] running `Command { std: "docker" "inspect" "14233d59fff3991177698520dc83a24a065dec5d65a20006a31e29700c5d4b98", kill_on_drop: false }`
[INFO] running `Command { std: "docker" "rm" "-f" "14233d59fff3991177698520dc83a24a065dec5d65a20006a31e29700c5d4b98", kill_on_drop: false }`
[INFO] [stdout] 14233d59fff3991177698520dc83a24a065dec5d65a20006a31e29700c5d4b98
[INFO] running `Command { std: "docker" "create" "-v" "/var/lib/crater-agent-workspace/builds/worker-78/target:/opt/rustwide/target:rw,Z" "-v" "/var/lib/crater-agent-workspace/builds/worker-78/source:/opt/rustwide/workdir:ro,Z" "-v" "/var/lib/crater-agent-workspace/cargo-home:/opt/rustwide/cargo-home:ro,Z" "-v" "/var/lib/crater-agent-workspace/rustup-home:/opt/rustwide/rustup-home:ro,Z" "-e" "SOURCE_DIR=/opt/rustwide/workdir" "-e" "CARGO_TARGET_DIR=/opt/rustwide/target" "-e" "CARGO_INCREMENTAL=0" "-e" "RUST_BACKTRACE=full" "-e" "RUSTFLAGS=--cap-lints=warn" "-e" "CARGO_HOME=/opt/rustwide/cargo-home" "-e" "RUSTUP_HOME=/opt/rustwide/rustup-home" "-w" "/opt/rustwide/workdir" "-m" "1610612736" "--user" "0:0" "--network" "none" "ghcr.io/rust-lang/crates-build-env/linux@sha256:34b6a614d2c27851fe6cbf88fbd1137609cefab8b10d0615aaeb6fd47975d74e" "/opt/rustwide/cargo-home/bin/cargo" "+beta-2021-08-01" "build" "--frozen" "--message-format=json", kill_on_drop: false }`
[INFO] [stdout] 0637ed624360db847cbd05f5900d7682dcce3644c019422fa2918f46c33a7d57
[INFO] running `Command { std: "docker" "start" "-a" "0637ed624360db847cbd05f5900d7682dcce3644c019422fa2918f46c33a7d57", kill_on_drop: false }`
[INFO] [stderr]     Blocking waiting for file lock on package cache
[INFO] [stderr]    Compiling proc-macro2 v0.4.27
[INFO] [stderr]    Compiling syn v0.15.30
[INFO] [stderr]    Compiling ryu v0.2.7
[INFO] [stderr]    Compiling libc v0.2.51
[INFO] [stderr]    Compiling serde v1.0.90
[INFO] [stderr]    Compiling itoa v0.4.3
[INFO] [stderr]    Compiling same-file v1.0.4
[INFO] [stderr]    Compiling fs_extra v1.1.0
[INFO] [stderr]    Compiling lazy_static v1.3.0
[INFO] [stderr]    Compiling walkdir v2.2.7
[INFO] [stderr]    Compiling uname v0.1.1
[INFO] [stderr]    Compiling quote v0.6.11
[INFO] [stderr]    Compiling serde_derive v1.0.90
[INFO] [stderr]    Compiling serde_json v1.0.39
[INFO] [stderr]    Compiling octi v0.1.0 (/opt/rustwide/workdir)
[INFO] [stdout] warning: unused imports: `PathBuf`, `Path`, `ffi::OsStr`
[INFO] [stdout]  --> src/eval/traverse.rs:5:12
[INFO] [stdout]   |
[INFO] [stdout] 5 |     path::{Path,PathBuf},
[INFO] [stdout]   |            ^^^^ ^^^^^^^
[INFO] [stdout] 6 |     ffi::OsStr,
[INFO] [stdout]   |     ^^^^^^^^^^
[INFO] [stdout]   |
[INFO] [stdout]   = note: `#[warn(unused_imports)]` on by default
[INFO] [stdout] 
[INFO] [stdout] 
[INFO] [stdout] warning: unused imports: `DirEntry`, `WalkDir`
[INFO] [stdout]  --> src/eval/evaluator.rs:1:15
[INFO] [stdout]   |
[INFO] [stdout] 1 | use walkdir::{DirEntry, WalkDir};
[INFO] [stdout]   |               ^^^^^^^^  ^^^^^^^
[INFO] [stdout] 
[INFO] [stdout] 
[INFO] [stdout] warning: unnecessary parentheses around `if` condition
[INFO] [stdout]   --> src/eval/evaluator.rs:24:11
[INFO] [stdout]    |
[INFO] [stdout] 24 |         if(src_dirs.len() > 0){
[INFO] [stdout]    |           ^^^^^^^^^^^^^^^^^^^^ help: remove these parentheses
[INFO] [stdout]    |
[INFO] [stdout]    = note: `#[warn(unused_parens)]` on by default
[INFO] [stdout] 
[INFO] [stdout] 
[INFO] [stdout] warning: unused import: `uname`
[INFO] [stdout]  --> src/parser/manifest.rs:4:5
[INFO] [stdout]   |
[INFO] [stdout] 4 | use uname; 
[INFO] [stdout]   |     ^^^^^
[INFO] [stdout] 
[INFO] [stdout] 
[INFO] [stdout] warning: variant `debug` should have an upper camel case name
[INFO] [stdout]   --> src/parser/manifest.rs:15:5
[INFO] [stdout]    |
[INFO] [stdout] 15 |     debug, 
[INFO] [stdout]    |     ^^^^^ help: convert the identifier to upper camel case: `Debug`
[INFO] [stdout]    |
[INFO] [stdout]    = note: `#[warn(non_camel_case_types)]` on by default
[INFO] [stdout] 
[INFO] [stdout] 
[INFO] [stdout] warning: variant `release` should have an upper camel case name
[INFO] [stdout]   --> src/parser/manifest.rs:16:5
[INFO] [stdout]    |
[INFO] [stdout] 16 |     release,
[INFO] [stdout]    |     ^^^^^^^ help: convert the identifier to upper camel case: `Release`
[INFO] [stdout] 
[INFO] [stdout] 
[INFO] [stdout] warning: variant `staticlib` should have an upper camel case name
[INFO] [stdout]   --> src/parser/manifest.rs:22:5
[INFO] [stdout]    |
[INFO] [stdout] 22 |     staticlib,
[INFO] [stdout]    |     ^^^^^^^^^ help: convert the identifier to upper camel case (notice the capitalization): `Staticlib`
[INFO] [stdout] 
[INFO] [stdout] 
[INFO] [stdout] warning: variant `sharedlib` should have an upper camel case name
[INFO] [stdout]   --> src/parser/manifest.rs:23:5
[INFO] [stdout]    |
[INFO] [stdout] 23 |     sharedlib,
[INFO] [stdout]    |     ^^^^^^^^^ help: convert the identifier to upper camel case (notice the capitalization): `Sharedlib`
[INFO] [stdout] 
[INFO] [stdout] 
[INFO] [stdout] warning: variant `bin` should have an upper camel case name
[INFO] [stdout]   --> src/parser/manifest.rs:24:5
[INFO] [stdout]    |
[INFO] [stdout] 24 |     bin,
[INFO] [stdout]    |     ^^^ help: convert the identifier to upper camel case: `Bin`
[INFO] [stdout] 
[INFO] [stdout] 
[INFO] [stdout] warning: trait objects without an explicit `dyn` are deprecated
[INFO] [stdout]   --> src/parser/manifest.rs:51:61
[INFO] [stdout]    |
[INFO] [stdout] 51 |     pub fn new<P: AsRef<Path>>(path: P) -> Result<Self, Box<Error>> {
[INFO] [stdout]    |                                                             ^^^^^ help: use `dyn`: `dyn Error`
[INFO] [stdout]    |
[INFO] [stdout]    = note: `#[warn(bare_trait_objects)]` on by default
[INFO] [stdout]    = warning: this is accepted in the current edition (Rust 2018) but is a hard error in Rust 2021!
[INFO] [stdout]    = note: for more information, see issue #80165 <https://github.com/rust-lang/rust/issues/80165>
[INFO] [stdout] 
[INFO] [stdout] 
[INFO] [stdout] warning: trait objects without an explicit `dyn` are deprecated
[INFO] [stdout]   --> src/cmake_generator/generator.rs:19:65
[INFO] [stdout]    |
[INFO] [stdout] 19 |     fn add_cmake_meta(&self, file: &mut File) -> Result<(), Box<Error>> {
[INFO] [stdout]    |                                                                 ^^^^^ help: use `dyn`: `dyn Error`
[INFO] [stdout]    |
[INFO] [stdout]    = warning: this is accepted in the current edition (Rust 2018) but is a hard error in Rust 2021!
[INFO] [stdout]    = note: for more information, see issue #80165 <https://github.com/rust-lang/rust/issues/80165>
[INFO] [stdout] 
[INFO] [stdout] 
[INFO] [stdout] warning: trait objects without an explicit `dyn` are deprecated
[INFO] [stdout]   --> src/cmake_generator/generator.rs:30:75
[INFO] [stdout]    |
[INFO] [stdout] 30 |     fn add_cmake_compiler_flags(&self, file: &mut File) -> Result<(), Box<Error>> {
[INFO] [stdout]    |                                                                           ^^^^^ help: use `dyn`: `dyn Error`
[INFO] [stdout]    |
[INFO] [stdout]    = warning: this is accepted in the current edition (Rust 2018) but is a hard error in Rust 2021!
[INFO] [stdout]    = note: for more information, see issue #80165 <https://github.com/rust-lang/rust/issues/80165>
[INFO] [stdout] 
[INFO] [stdout] 
[INFO] [stdout] warning: trait objects without an explicit `dyn` are deprecated
[INFO] [stdout]   --> src/cmake_generator/generator.rs:41:67
[INFO] [stdout]    |
[INFO] [stdout] 41 |     fn add_cmake_target(&self, file: &mut File) -> Result<(), Box<Error>> {
[INFO] [stdout]    |                                                                   ^^^^^ help: use `dyn`: `dyn Error`
[INFO] [stdout]    |
[INFO] [stdout]    = warning: this is accepted in the current edition (Rust 2018) but is a hard error in Rust 2021!
[INFO] [stdout]    = note: for more information, see issue #80165 <https://github.com/rust-lang/rust/issues/80165>
[INFO] [stdout] 
[INFO] [stdout] 
[INFO] [stdout] warning: trait objects without an explicit `dyn` are deprecated
[INFO] [stdout]   --> src/cmake_generator/generator.rs:61:67
[INFO] [stdout]    |
[INFO] [stdout] 61 |     fn add_cmake_config(&self, file: &mut File) -> Result<(), Box<Error>> {
[INFO] [stdout]    |                                                                   ^^^^^ help: use `dyn`: `dyn Error`
[INFO] [stdout]    |
[INFO] [stdout]    = warning: this is accepted in the current edition (Rust 2018) but is a hard error in Rust 2021!
[INFO] [stdout]    = note: for more information, see issue #80165 <https://github.com/rust-lang/rust/issues/80165>
[INFO] [stdout] 
[INFO] [stdout] 
[INFO] [stdout] warning: trait objects without an explicit `dyn` are deprecated
[INFO] [stdout]   --> src/cmake_generator/generator.rs:78:55
[INFO] [stdout]    |
[INFO] [stdout] 78 |     fn create_project_config(&self) -> Result<(), Box<Error>> {
[INFO] [stdout]    |                                                       ^^^^^ help: use `dyn`: `dyn Error`
[INFO] [stdout]    |
[INFO] [stdout]    = warning: this is accepted in the current edition (Rust 2018) but is a hard error in Rust 2021!
[INFO] [stdout]    = note: for more information, see issue #80165 <https://github.com/rust-lang/rust/issues/80165>
[INFO] [stdout] 
[INFO] [stdout] 
[INFO] [stdout] warning: trait objects without an explicit `dyn` are deprecated
[INFO] [stdout]   --> src/cmake_generator/generator.rs:88:45
[INFO] [stdout]    |
[INFO] [stdout] 88 |     pub fn generate(&self) -> Result<(),Box<Error>>{
[INFO] [stdout]    |                                             ^^^^^ help: use `dyn`: `dyn Error`
[INFO] [stdout]    |
[INFO] [stdout]    = warning: this is accepted in the current edition (Rust 2018) but is a hard error in Rust 2021!
[INFO] [stdout]    = note: for more information, see issue #80165 <https://github.com/rust-lang/rust/issues/80165>
[INFO] [stdout] 
[INFO] [stdout] 
[INFO] [stdout] warning: unused import: `PackageType`
[INFO] [stdout]  --> src/workspace/ws_controller.rs:1:41
[INFO] [stdout]   |
[INFO] [stdout] 1 | use crate::parser::manifest::{Manifest, PackageType};
[INFO] [stdout]   |                                         ^^^^^^^^^^^
[INFO] [stdout] 
[INFO] [stdout] 
[INFO] [stdout] warning: unused import: `std::env`
[INFO] [stdout]  --> src/main.rs:8:5
[INFO] [stdout]   |
[INFO] [stdout] 8 | use std::env;
[INFO] [stdout]   |     ^^^^^^^^
[INFO] [stdout] 
[INFO] [stdout] 
[INFO] [stdout] warning: variable `dirs` is assigned to, but never used
[INFO] [stdout]   --> src/eval/evaluator.rs:21:17
[INFO] [stdout]    |
[INFO] [stdout] 21 |         let mut dirs = vec![default_src]; 
[INFO] [stdout]    |                 ^^^^
[INFO] [stdout]    |
[INFO] [stdout]    = note: `#[warn(unused_variables)]` on by default
[INFO] [stdout]    = note: consider using `_dirs` instead
[INFO] [stdout] 
[INFO] [stdout] 
[INFO] [stdout] warning: value assigned to `dirs` is never read
[INFO] [stdout]   --> src/eval/evaluator.rs:25:13
[INFO] [stdout]    |
[INFO] [stdout] 25 |             dirs = src_dirs.to_vec(); 
[INFO] [stdout]    |             ^^^^
[INFO] [stdout]    |
[INFO] [stdout]    = note: `#[warn(unused_assignments)]` on by default
[INFO] [stdout]    = help: maybe it is overwritten before being read?
[INFO] [stdout] 
[INFO] [stdout] 
[INFO] [stdout] warning: unused variable: `base_path`
[INFO] [stdout]   --> src/workspace/ws_controller.rs:96:50
[INFO] [stdout]    |
[INFO] [stdout] 96 | pub fn finalize_source_artifacts<P: AsRef<Path>>(base_path: P, source_name: String) {
[INFO] [stdout]    |                                                  ^^^^^^^^^ help: if this is intentional, prefix it with an underscore: `_base_path`
[INFO] [stdout] 
[INFO] [stdout] 
[INFO] [stdout] warning: unused variable: `source_name`
[INFO] [stdout]   --> src/workspace/ws_controller.rs:96:64
[INFO] [stdout]    |
[INFO] [stdout] 96 | pub fn finalize_source_artifacts<P: AsRef<Path>>(base_path: P, source_name: String) {
[INFO] [stdout]    |                                                                ^^^^^^^^^^^ help: if this is intentional, prefix it with an underscore: `_source_name`
[INFO] [stdout] 
[INFO] [stdout] 
[INFO] [stdout] warning: variable does not need to be mutable
[INFO] [stdout]   --> src/cmake_generator/generator.rs:89:13
[INFO] [stdout]    |
[INFO] [stdout] 89 |         let mut path = Path::new(self.output_path.as_str()).join("CMakeLists.txt");
[INFO] [stdout]    |             ----^^^^
[INFO] [stdout]    |             |
[INFO] [stdout]    |             help: remove this `mut`
[INFO] [stdout]    |
[INFO] [stdout]    = note: `#[warn(unused_mut)]` on by default
[INFO] [stdout] 
[INFO] [stdout] 
[INFO] [stdout] warning: function is never used: `get_src_files`
[INFO] [stdout]   --> src/eval/traverse.rs:21:8
[INFO] [stdout]    |
[INFO] [stdout] 21 | pub fn get_src_files(path : &str)->Result<Vec<DirEntry>,walkdir::Error>{
[INFO] [stdout]    |        ^^^^^^^^^^^^^
[INFO] [stdout]    |
[INFO] [stdout]    = note: `#[warn(dead_code)]` on by default
[INFO] [stdout] 
[INFO] [stdout] 
[INFO] [stdout] warning: function is never used: `is_valid_extension`
[INFO] [stdout]   --> src/eval/traverse.rs:33:8
[INFO] [stdout]    |
[INFO] [stdout] 33 | pub fn is_valid_extension(entry: &DirEntry)->bool{
[INFO] [stdout]    |        ^^^^^^^^^^^^^^^^^^
[INFO] [stdout] 
[INFO] [stdout] 
[INFO] [stdout] warning: struct is never constructed: `Evaluator`
[INFO] [stdout]  --> src/eval/evaluator.rs:5:12
[INFO] [stdout]   |
[INFO] [stdout] 5 | pub struct Evaluator<'a> {
[INFO] [stdout]   |            ^^^^^^^^^
[INFO] [stdout] 
[INFO] [stdout] 
[INFO] [stdout] warning: associated function is never used: `new`
[INFO] [stdout]   --> src/eval/evaluator.rs:11:12
[INFO] [stdout]    |
[INFO] [stdout] 11 |     pub fn new(manifest: &'a mut Manifest) -> Evaluator<'a> {
[INFO] [stdout]    |            ^^^
[INFO] [stdout] 
[INFO] [stdout] 
[INFO] [stdout] warning: associated function is never used: `expand_src_files`
[INFO] [stdout]   --> src/eval/evaluator.rs:18:12
[INFO] [stdout]    |
[INFO] [stdout] 18 |     pub fn expand_src_files(&mut self)->Result<bool,walkdir::Error>{
[INFO] [stdout]    |            ^^^^^^^^^^^^^^^^
[INFO] [stdout] 
[INFO] [stdout] 
[INFO] [stdout] warning: associated function is never used: `new`
[INFO] [stdout]   --> src/parser/manifest.rs:51:12
[INFO] [stdout]    |
[INFO] [stdout] 51 |     pub fn new<P: AsRef<Path>>(path: P) -> Result<Self, Box<Error>> {
[INFO] [stdout]    |            ^^^
[INFO] [stdout] 
[INFO] [stdout] 
[INFO] [stdout] warning: associated function is never used: `set_os_info`
[INFO] [stdout]   --> src/parser/manifest.rs:57:8
[INFO] [stdout]    |
[INFO] [stdout] 57 |     fn set_os_info(&mut self){  
[INFO] [stdout]    |        ^^^^^^^^^^^
[INFO] [stdout] 
[INFO] [stdout] 
[INFO] [stdout] warning: associated function is never used: `add_src_files`
[INFO] [stdout]   --> src/parser/manifest.rs:61:12
[INFO] [stdout]    |
[INFO] [stdout] 61 |     pub fn add_src_files(&mut self,mut other_src_files : Vec<String>){
[INFO] [stdout]    |            ^^^^^^^^^^^^^
[INFO] [stdout] 
[INFO] [stdout] 
[INFO] [stdout] warning: associated function is never used: `get_src_dirs`
[INFO] [stdout]   --> src/parser/manifest.rs:64:12
[INFO] [stdout]    |
[INFO] [stdout] 64 |     pub fn get_src_dirs(&self)-> &Vec<String>{
[INFO] [stdout]    |            ^^^^^^^^^^^^
[INFO] [stdout] 
[INFO] [stdout] 
[INFO] [stdout] warning: associated function is never used: `get_src_files`
[INFO] [stdout]   --> src/parser/manifest.rs:67:12
[INFO] [stdout]    |
[INFO] [stdout] 67 |     pub fn get_src_files(&self)-> &Vec<String>{
[INFO] [stdout]    |            ^^^^^^^^^^^^^
[INFO] [stdout] 
[INFO] [stdout] 
[INFO] [stdout] warning: constant is never used: `CMAKE_TARGET_LIBARY_TEMPLATE`
[INFO] [stdout]   --> src/cmake_generator/templates.rs:1:1
[INFO] [stdout]    |
[INFO] [stdout] 1  | / pub const CMAKE_TARGET_LIBARY_TEMPLATE: &str = r#"
[INFO] [stdout] 2  | |     ADD_LIBRARY(#OCTI_PROJECT_NAME# 
[INFO] [stdout] 3  | |         #OCTI_PROJECT_SOURCE_FILES#
[INFO] [stdout] 4  | |     )
[INFO] [stdout] ...  |
[INFO] [stdout] 11 | |     )
[INFO] [stdout] 12 | | "#;
[INFO] [stdout]    | |___^
[INFO] [stdout] 
[INFO] [stdout] 
[INFO] [stdout] warning: constant is never used: `CMAKE_TARGET_BINARY_TEMPLATE`
[INFO] [stdout]   --> src/cmake_generator/templates.rs:14:1
[INFO] [stdout]    |
[INFO] [stdout] 14 | / pub const CMAKE_TARGET_BINARY_TEMPLATE: &str = r#"
[INFO] [stdout] 15 | |     ADD_EXECUTABLE(#OCTI_PROJECT_NAME# 
[INFO] [stdout] 16 | |         #OCTI_PROJECT_FILES#
[INFO] [stdout] 17 | |     )
[INFO] [stdout] ...  |
[INFO] [stdout] 23 | |     )
[INFO] [stdout] 24 | | "#;
[INFO] [stdout]    | |___^
[INFO] [stdout] 
[INFO] [stdout] 
[INFO] [stdout] warning: constant is never used: `CMAKE_COMPILER_FLAGS_TEMPLATE`
[INFO] [stdout]   --> src/cmake_generator/templates.rs:26:1
[INFO] [stdout]    |
[INFO] [stdout] 26 | / pub const CMAKE_COMPILER_FLAGS_TEMPLATE: &str = r#"
[INFO] [stdout] 27 | |     ADD_COMPILE_OPTIONS(#OCTI_COMPILER_FLAGS#)
[INFO] [stdout] 28 | | "#;
[INFO] [stdout]    | |___^
[INFO] [stdout] 
[INFO] [stdout] 
[INFO] [stdout] warning: constant is never used: `CMAKE_PACKAGE_METADATA_TEMPLATE`
[INFO] [stdout]   --> src/cmake_generator/templates.rs:30:1
[INFO] [stdout]    |
[INFO] [stdout] 30 | / pub const CMAKE_PACKAGE_METADATA_TEMPLATE: &str = r#"
[INFO] [stdout] 31 | |     CMAKE_MINIMUM_REQUIRED(VERSION 3.2)
[INFO] [stdout] 32 | |     PROJECT(#OCTI_PROJECT_NAME# VERSION #OCTI_PROJECT_VERSION#)
[INFO] [stdout] 33 | | "#;
[INFO] [stdout]    | |___^
[INFO] [stdout] 
[INFO] [stdout] 
[INFO] [stdout] warning: constant is never used: `CMAKE_TEST_TEMPLATE`
[INFO] [stdout]   --> src/cmake_generator/templates.rs:35:1
[INFO] [stdout]    |
[INFO] [stdout] 35 | / pub const CMAKE_TEST_TEMPLATE: &str = r#"
[INFO] [stdout] 36 | | "#;
[INFO] [stdout]    | |___^
[INFO] [stdout] 
[INFO] [stdout] 
[INFO] [stdout] warning: constant is never used: `CMAKE_CONFIG_TEMPLATE`
[INFO] [stdout]   --> src/cmake_generator/templates.rs:38:1
[INFO] [stdout]    |
[INFO] [stdout] 38 | / pub const CMAKE_CONFIG_TEMPLATE: &str = r#"
[INFO] [stdout] 39 | |     CONFIGURE_FILE(#OCTI_CONFIG_INPUT# #OCTI_CONFIG_OUTPUT#)
[INFO] [stdout] 40 | | "#;
[INFO] [stdout]    | |___^
[INFO] [stdout] 
[INFO] [stdout] 
[INFO] [stdout] warning: constant is never used: `CPP_CONFIG_TEMPLATE`
[INFO] [stdout]   --> src/cmake_generator/templates.rs:42:1
[INFO] [stdout]    |
[INFO] [stdout] 42 | / pub const CPP_CONFIG_TEMPLATE: &str = r#"
[INFO] [stdout] 43 | | #ifndef @PROJECT_NAME@_CONFIG_
[INFO] [stdout] 44 | | #define @PROJECT_NAME@_CONFIG_
[INFO] [stdout] 45 | |
[INFO] [stdout] ...  |
[INFO] [stdout] 56 | | #endif
[INFO] [stdout] 57 | | "#;
[INFO] [stdout]    | |___^
[INFO] [stdout] 
[INFO] [stdout] 
[INFO] [stdout] warning: associated function is never used: `new`
[INFO] [stdout]   --> src/cmake_generator/generator.rs:15:12
[INFO] [stdout]    |
[INFO] [stdout] 15 |     pub fn new(output_path: String, manifest: &'a Manifest) -> CMakeGenerator<'a> {
[INFO] [stdout]    |            ^^^
[INFO] [stdout] 
[INFO] [stdout] 
[INFO] [stdout] warning: associated function is never used: `add_cmake_meta`
[INFO] [stdout]   --> src/cmake_generator/generator.rs:19:8
[INFO] [stdout]    |
[INFO] [stdout] 19 |     fn add_cmake_meta(&self, file: &mut File) -> Result<(), Box<Error>> {
[INFO] [stdout]    |        ^^^^^^^^^^^^^^
[INFO] [stdout] 
[INFO] [stdout] 
[INFO] [stdout] warning: associated function is never used: `add_cmake_compiler_flags`
[INFO] [stdout]   --> src/cmake_generator/generator.rs:30:8
[INFO] [stdout]    |
[INFO] [stdout] 30 |     fn add_cmake_compiler_flags(&self, file: &mut File) -> Result<(), Box<Error>> {
[INFO] [stdout]    |        ^^^^^^^^^^^^^^^^^^^^^^^^
[INFO] [stdout] 
[INFO] [stdout] 
[INFO] [stdout] warning: associated function is never used: `add_cmake_target`
[INFO] [stdout]   --> src/cmake_generator/generator.rs:41:8
[INFO] [stdout]    |
[INFO] [stdout] 41 |     fn add_cmake_target(&self, file: &mut File) -> Result<(), Box<Error>> {
[INFO] [stdout]    |        ^^^^^^^^^^^^^^^^
[INFO] [stdout] 
[INFO] [stdout] 
[INFO] [stdout] warning: associated function is never used: `add_cmake_config`
[INFO] [stdout]   --> src/cmake_generator/generator.rs:61:8
[INFO] [stdout]    |
[INFO] [stdout] 61 |     fn add_cmake_config(&self, file: &mut File) -> Result<(), Box<Error>> {
[INFO] [stdout]    |        ^^^^^^^^^^^^^^^^
[INFO] [stdout] 
[INFO] [stdout] 
[INFO] [stdout] warning: associated function is never used: `create_project_config`
[INFO] [stdout]   --> src/cmake_generator/generator.rs:78:8
[INFO] [stdout]    |
[INFO] [stdout] 78 |     fn create_project_config(&self) -> Result<(), Box<Error>> {
[INFO] [stdout]    |        ^^^^^^^^^^^^^^^^^^^^^
[INFO] [stdout] 
[INFO] [stdout] 
[INFO] [stdout] warning: associated function is never used: `generate`
[INFO] [stdout]   --> src/cmake_generator/generator.rs:88:12
[INFO] [stdout]    |
[INFO] [stdout] 88 |     pub fn generate(&self) -> Result<(),Box<Error>>{
[INFO] [stdout]    |            ^^^^^^^^
[INFO] [stdout] 
[INFO] [stdout] 
[INFO] [stdout] warning: struct is never constructed: `WorkspaceArtifact`
[INFO] [stdout]  --> src/workspace/ws_controller.rs:6:12
[INFO] [stdout]   |
[INFO] [stdout] 6 | pub struct WorkspaceArtifact {
[INFO] [stdout]   |            ^^^^^^^^^^^^^^^^^
[INFO] [stdout] 
[INFO] [stdout] 
[INFO] [stdout] warning: associated function is never used: `new`
[INFO] [stdout]   --> src/workspace/ws_controller.rs:14:12
[INFO] [stdout]    |
[INFO] [stdout] 14 |     pub fn new() -> WorkspaceArtifact {
[INFO] [stdout]    |            ^^^
[INFO] [stdout] 
[INFO] [stdout] 
[INFO] [stdout] warning: function is never used: `create_folder_in_workspace`
[INFO] [stdout]   --> src/workspace/ws_controller.rs:24:8
[INFO] [stdout]    |
[INFO] [stdout] 24 | pub fn create_folder_in_workspace<P: AsRef<Path>>(base_path: P, folder_path: P) {
[INFO] [stdout]    |        ^^^^^^^^^^^^^^^^^^^^^^^^^^
[INFO] [stdout] 
[INFO] [stdout] 
[INFO] [stdout] warning: function is never used: `create_workspace`
[INFO] [stdout]   --> src/workspace/ws_controller.rs:32:8
[INFO] [stdout]    |
[INFO] [stdout] 32 | pub fn create_workspace<P: AsRef<Path>>(base_path: P) {
[INFO] [stdout]    |        ^^^^^^^^^^^^^^^^
[INFO] [stdout] 
[INFO] [stdout] 
[INFO] [stdout] warning: function is never used: `workspace_exists`
[INFO] [stdout]   --> src/workspace/ws_controller.rs:45:8
[INFO] [stdout]    |
[INFO] [stdout] 45 | pub fn workspace_exists<P: AsRef<Path>>(base_path: P) -> Result<bool, Error> {
[INFO] [stdout]    |        ^^^^^^^^^^^^^^^^
[INFO] [stdout] 
[INFO] [stdout] 
[INFO] [stdout] warning: function is never used: `collect_workspace_artifacts`
[INFO] [stdout]   --> src/workspace/ws_controller.rs:51:8
[INFO] [stdout]    |
[INFO] [stdout] 51 | pub fn collect_workspace_artifacts<P: AsRef<Path>>(base_path: P) -> Result<Vec<WorkspaceArtifact>, Error> {
[INFO] [stdout]    |        ^^^^^^^^^^^^^^^^^^^^^^^^^^^
[INFO] [stdout] 
[INFO] [stdout] 
[INFO] [stdout] warning: function is never used: `clear_workspace_artifacts`
[INFO] [stdout]   --> src/workspace/ws_controller.rs:87:8
[INFO] [stdout]    |
[INFO] [stdout] 87 | pub fn clear_workspace_artifacts<P: AsRef<Path>>(base_path: P) {
[INFO] [stdout]    |        ^^^^^^^^^^^^^^^^^^^^^^^^^
[INFO] [stdout] 
[INFO] [stdout] 
[INFO] [stdout] warning: function is never used: `finalize_source_artifacts`
[INFO] [stdout]   --> src/workspace/ws_controller.rs:96:8
[INFO] [stdout]    |
[INFO] [stdout] 96 | pub fn finalize_source_artifacts<P: AsRef<Path>>(base_path: P, source_name: String) {
[INFO] [stdout]    |        ^^^^^^^^^^^^^^^^^^^^^^^^^
[INFO] [stdout] 
[INFO] [stdout] 
[INFO] [stdout] warning: unused `Result` that must be used
[INFO] [stdout]   --> src/cmake_generator/generator.rs:56:9
[INFO] [stdout]    |
[INFO] [stdout] 56 |         file.write_all(template.as_bytes());
[INFO] [stdout]    |         ^^^^^^^^^^^^^^^^^^^^^^^^^^^^^^^^^^^^
[INFO] [stdout]    |
[INFO] [stdout]    = note: `#[warn(unused_must_use)]` on by default
[INFO] [stdout]    = note: this `Result` may be an `Err` variant, which should be handled
[INFO] [stdout] 
[INFO] [stdout] 
[INFO] [stdout] warning: unused `Result` that must be used
[INFO] [stdout]   --> src/cmake_generator/generator.rs:73:9
[INFO] [stdout]    |
[INFO] [stdout] 73 |         file.write_all(template.as_bytes());
[INFO] [stdout]    |         ^^^^^^^^^^^^^^^^^^^^^^^^^^^^^^^^^^^^
[INFO] [stdout]    |
[INFO] [stdout]    = note: this `Result` may be an `Err` variant, which should be handled
[INFO] [stdout] 
[INFO] [stdout] 
[INFO] [stdout] warning: unused `Result` that must be used
[INFO] [stdout]   --> src/cmake_generator/generator.rs:83:9
[INFO] [stdout]    |
[INFO] [stdout] 83 |         file.write_all(CPP_CONFIG_TEMPLATE.as_bytes());
[INFO] [stdout]    |         ^^^^^^^^^^^^^^^^^^^^^^^^^^^^^^^^^^^^^^^^^^^^^^^
[INFO] [stdout]    |
[INFO] [stdout]    = note: this `Result` may be an `Err` variant, which should be handled
[INFO] [stdout] 
[INFO] [stdout] 
[INFO] [stdout] warning: unused `Result` that must be used
[INFO] [stdout]   --> src/cmake_generator/generator.rs:95:9
[INFO] [stdout]    |
[INFO] [stdout] 95 |         self.create_project_config();
[INFO] [stdout]    |         ^^^^^^^^^^^^^^^^^^^^^^^^^^^^^
[INFO] [stdout]    |
[INFO] [stdout]    = note: this `Result` may be an `Err` variant, which should be handled
[INFO] [stdout] 
[INFO] [stdout] 
[INFO] [stdout] warning: unused `Result` that must be used
[INFO] [stdout]   --> src/cmake_generator/generator.rs:98:9
[INFO] [stdout]    |
[INFO] [stdout] 98 |         self.add_cmake_meta(&mut file);
[INFO] [stdout]    |         ^^^^^^^^^^^^^^^^^^^^^^^^^^^^^^^
[INFO] [stdout]    |
[INFO] [stdout]    = note: this `Result` may be an `Err` variant, which should be handled
[INFO] [stdout] 
[INFO] [stdout] 
[INFO] [stdout] warning: unused `Result` that must be used
[INFO] [stdout]   --> src/cmake_generator/generator.rs:99:9
[INFO] [stdout]    |
[INFO] [stdout] 99 |         self.add_cmake_compiler_flags(&mut file);
[INFO] [stdout]    |         ^^^^^^^^^^^^^^^^^^^^^^^^^^^^^^^^^^^^^^^^^
[INFO] [stdout]    |
[INFO] [stdout]    = note: this `Result` may be an `Err` variant, which should be handled
[INFO] [stdout] 
[INFO] [stdout] 
[INFO] [stdout] warning: unused `Result` that must be used
[INFO] [stdout]    --> src/cmake_generator/generator.rs:100:9
[INFO] [stdout]     |
[INFO] [stdout] 100 |         self.add_cmake_target(&mut file);
[INFO] [stdout]     |         ^^^^^^^^^^^^^^^^^^^^^^^^^^^^^^^^^
[INFO] [stdout]     |
[INFO] [stdout]     = note: this `Result` may be an `Err` variant, which should be handled
[INFO] [stdout] 
[INFO] [stdout] 
[INFO] [stdout] warning: unused `Result` that must be used
[INFO] [stdout]    --> src/cmake_generator/generator.rs:101:9
[INFO] [stdout]     |
[INFO] [stdout] 101 |         self.add_cmake_config(&mut file);
[INFO] [stdout]     |         ^^^^^^^^^^^^^^^^^^^^^^^^^^^^^^^^^
[INFO] [stdout]     |
[INFO] [stdout]     = note: this `Result` may be an `Err` variant, which should be handled
[INFO] [stdout] 
[INFO] [stdout] 
[INFO] [stdout] warning: unused `Result` that must be used
[INFO] [stdout]   --> src/workspace/ws_controller.rs:28:5
[INFO] [stdout]    |
[INFO] [stdout] 28 |     create_dir_all(ws_folder_path);
[INFO] [stdout]    |     ^^^^^^^^^^^^^^^^^^^^^^^^^^^^^^^
[INFO] [stdout]    |
[INFO] [stdout]    = note: this `Result` may be an `Err` variant, which should be handled
[INFO] [stdout] 
[INFO] [stdout] 
[INFO] [stdout] warning: unused `Result` that must be used
[INFO] [stdout]   --> src/workspace/ws_controller.rs:37:9
[INFO] [stdout]    |
[INFO] [stdout] 37 |         create_dir(&ws_path);
[INFO] [stdout]    |         ^^^^^^^^^^^^^^^^^^^^^
[INFO] [stdout]    |
[INFO] [stdout]    = note: this `Result` may be an `Err` variant, which should be handled
[INFO] [stdout] 
[INFO] [stdout] 
[INFO] [stdout] warning: unused `Result` that must be used
[INFO] [stdout]   --> src/workspace/ws_controller.rs:92:5
[INFO] [stdout]    |
[INFO] [stdout] 92 |     remove_dir_all(&artifacts_dir);
[INFO] [stdout]    |     ^^^^^^^^^^^^^^^^^^^^^^^^^^^^^^^
[INFO] [stdout]    |
[INFO] [stdout]    = note: this `Result` may be an `Err` variant, which should be handled
[INFO] [stdout] 
[INFO] [stdout] 
[INFO] [stdout] warning: unused `Result` that must be used
[INFO] [stdout]   --> src/workspace/ws_controller.rs:93:5
[INFO] [stdout]    |
[INFO] [stdout] 93 |     create_dir(artifacts_dir);
[INFO] [stdout]    |     ^^^^^^^^^^^^^^^^^^^^^^^^^^
[INFO] [stdout]    |
[INFO] [stdout]    = note: this `Result` may be an `Err` variant, which should be handled
[INFO] [stdout] 
[INFO] [stdout] 
[INFO] [stdout] warning: 67 warnings emitted
[INFO] [stdout] 
[INFO] [stdout] 
[INFO] [stderr]     Finished dev [unoptimized + debuginfo] target(s) in 29.49s
[INFO] running `Command { std: "docker" "inspect" "0637ed624360db847cbd05f5900d7682dcce3644c019422fa2918f46c33a7d57", kill_on_drop: false }`
[INFO] running `Command { std: "docker" "rm" "-f" "0637ed624360db847cbd05f5900d7682dcce3644c019422fa2918f46c33a7d57", kill_on_drop: false }`
[INFO] [stdout] 0637ed624360db847cbd05f5900d7682dcce3644c019422fa2918f46c33a7d57
[INFO] running `Command { std: "docker" "create" "-v" "/var/lib/crater-agent-workspace/builds/worker-78/target:/opt/rustwide/target:rw,Z" "-v" "/var/lib/crater-agent-workspace/builds/worker-78/source:/opt/rustwide/workdir:ro,Z" "-v" "/var/lib/crater-agent-workspace/cargo-home:/opt/rustwide/cargo-home:ro,Z" "-v" "/var/lib/crater-agent-workspace/rustup-home:/opt/rustwide/rustup-home:ro,Z" "-e" "SOURCE_DIR=/opt/rustwide/workdir" "-e" "CARGO_TARGET_DIR=/opt/rustwide/target" "-e" "CARGO_INCREMENTAL=0" "-e" "RUST_BACKTRACE=full" "-e" "RUSTFLAGS=--cap-lints=warn" "-e" "CARGO_HOME=/opt/rustwide/cargo-home" "-e" "RUSTUP_HOME=/opt/rustwide/rustup-home" "-w" "/opt/rustwide/workdir" "-m" "1610612736" "--user" "0:0" "--network" "none" "ghcr.io/rust-lang/crates-build-env/linux@sha256:34b6a614d2c27851fe6cbf88fbd1137609cefab8b10d0615aaeb6fd47975d74e" "/opt/rustwide/cargo-home/bin/cargo" "+beta-2021-08-01" "test" "--frozen" "--no-run" "--message-format=json", kill_on_drop: false }`
[INFO] [stdout] 58e1ccc46a43cf8810c33e8230ee119c1a4410563efef3c3a65b46d1f45bb983
[INFO] running `Command { std: "docker" "start" "-a" "58e1ccc46a43cf8810c33e8230ee119c1a4410563efef3c3a65b46d1f45bb983", kill_on_drop: false }`
[INFO] [stderr]     Blocking waiting for file lock on package cache
[INFO] [stderr]    Compiling octi v0.1.0 (/opt/rustwide/workdir)
[INFO] [stdout] warning: unused imports: `PathBuf`, `Path`, `ffi::OsStr`
[INFO] [stdout]  --> src/eval/traverse.rs:5:12
[INFO] [stdout]   |
[INFO] [stdout] 5 |     path::{Path,PathBuf},
[INFO] [stdout]   |            ^^^^ ^^^^^^^
[INFO] [stdout] 6 |     ffi::OsStr,
[INFO] [stdout]   |     ^^^^^^^^^^
[INFO] [stdout]   |
[INFO] [stdout]   = note: `#[warn(unused_imports)]` on by default
[INFO] [stdout] 
[INFO] [stdout] 
[INFO] [stdout] warning: unused imports: `DirEntry`, `WalkDir`
[INFO] [stdout]   --> src/eval/traverse.rs:47:19
[INFO] [stdout]    |
[INFO] [stdout] 47 |     use walkdir::{DirEntry, WalkDir};
[INFO] [stdout]    |                   ^^^^^^^^  ^^^^^^^
[INFO] [stdout] 
[INFO] [stdout] 
[INFO] [stdout] warning: unused imports: `DirEntry`, `WalkDir`
[INFO] [stdout]  --> src/eval/evaluator.rs:1:15
[INFO] [stdout]   |
[INFO] [stdout] 1 | use walkdir::{DirEntry, WalkDir};
[INFO] [stdout]   |               ^^^^^^^^  ^^^^^^^
[INFO] [stdout] 
[INFO] [stdout] 
[INFO] [stdout] warning: unnecessary parentheses around `if` condition
[INFO] [stdout]   --> src/eval/evaluator.rs:24:11
[INFO] [stdout]    |
[INFO] [stdout] 24 |         if(src_dirs.len() > 0){
[INFO] [stdout]    |           ^^^^^^^^^^^^^^^^^^^^ help: remove these parentheses
[INFO] [stdout]    |
[INFO] [stdout]    = note: `#[warn(unused_parens)]` on by default
[INFO] [stdout] 
[INFO] [stdout] 
[INFO] [stdout] warning: unused import: `uname`
[INFO] [stdout]  --> src/parser/manifest.rs:4:5
[INFO] [stdout]   |
[INFO] [stdout] 4 | use uname; 
[INFO] [stdout]   |     ^^^^^
[INFO] [stdout] 
[INFO] [stdout] 
[INFO] [stdout] warning: variant `debug` should have an upper camel case name
[INFO] [stdout]   --> src/parser/manifest.rs:15:5
[INFO] [stdout]    |
[INFO] [stdout] 15 |     debug, 
[INFO] [stdout]    |     ^^^^^ help: convert the identifier to upper camel case: `Debug`
[INFO] [stdout]    |
[INFO] [stdout]    = note: `#[warn(non_camel_case_types)]` on by default
[INFO] [stdout] 
[INFO] [stdout] 
[INFO] [stdout] warning: variant `release` should have an upper camel case name
[INFO] [stdout]   --> src/parser/manifest.rs:16:5
[INFO] [stdout]    |
[INFO] [stdout] 16 |     release,
[INFO] [stdout]    |     ^^^^^^^ help: convert the identifier to upper camel case: `Release`
[INFO] [stdout] 
[INFO] [stdout] 
[INFO] [stdout] warning: variant `staticlib` should have an upper camel case name
[INFO] [stdout]   --> src/parser/manifest.rs:22:5
[INFO] [stdout]    |
[INFO] [stdout] 22 |     staticlib,
[INFO] [stdout]    |     ^^^^^^^^^ help: convert the identifier to upper camel case (notice the capitalization): `Staticlib`
[INFO] [stdout] 
[INFO] [stdout] 
[INFO] [stdout] warning: variant `sharedlib` should have an upper camel case name
[INFO] [stdout]   --> src/parser/manifest.rs:23:5
[INFO] [stdout]    |
[INFO] [stdout] 23 |     sharedlib,
[INFO] [stdout]    |     ^^^^^^^^^ help: convert the identifier to upper camel case (notice the capitalization): `Sharedlib`
[INFO] [stdout] 
[INFO] [stdout] 
[INFO] [stdout] warning: variant `bin` should have an upper camel case name
[INFO] [stdout]   --> src/parser/manifest.rs:24:5
[INFO] [stdout]    |
[INFO] [stdout] 24 |     bin,
[INFO] [stdout]    |     ^^^ help: convert the identifier to upper camel case: `Bin`
[INFO] [stdout] 
[INFO] [stdout] 
[INFO] [stdout] warning: trait objects without an explicit `dyn` are deprecated
[INFO] [stdout]   --> src/parser/manifest.rs:51:61
[INFO] [stdout]    |
[INFO] [stdout] 51 |     pub fn new<P: AsRef<Path>>(path: P) -> Result<Self, Box<Error>> {
[INFO] [stdout]    |                                                             ^^^^^ help: use `dyn`: `dyn Error`
[INFO] [stdout]    |
[INFO] [stdout]    = note: `#[warn(bare_trait_objects)]` on by default
[INFO] [stdout]    = warning: this is accepted in the current edition (Rust 2018) but is a hard error in Rust 2021!
[INFO] [stdout]    = note: for more information, see issue #80165 <https://github.com/rust-lang/rust/issues/80165>
[INFO] [stdout] 
[INFO] [stdout] 
[INFO] [stdout] warning: unused import: `OsInfo`
[INFO] [stdout]  --> src/parser/mod.rs:6:34
[INFO] [stdout]   |
[INFO] [stdout] 6 |     use crate::parser::os_info::{OsInfo};
[INFO] [stdout]   |                                  ^^^^^^
[INFO] [stdout] 
[INFO] [stdout] 
[INFO] [stdout] warning: trait objects without an explicit `dyn` are deprecated
[INFO] [stdout]   --> src/cmake_generator/generator.rs:19:65
[INFO] [stdout]    |
[INFO] [stdout] 19 |     fn add_cmake_meta(&self, file: &mut File) -> Result<(), Box<Error>> {
[INFO] [stdout]    |                                                                 ^^^^^ help: use `dyn`: `dyn Error`
[INFO] [stdout]    |
[INFO] [stdout]    = warning: this is accepted in the current edition (Rust 2018) but is a hard error in Rust 2021!
[INFO] [stdout]    = note: for more information, see issue #80165 <https://github.com/rust-lang/rust/issues/80165>
[INFO] [stdout] 
[INFO] [stdout] 
[INFO] [stdout] warning: trait objects without an explicit `dyn` are deprecated
[INFO] [stdout]   --> src/cmake_generator/generator.rs:30:75
[INFO] [stdout]    |
[INFO] [stdout] 30 |     fn add_cmake_compiler_flags(&self, file: &mut File) -> Result<(), Box<Error>> {
[INFO] [stdout]    |                                                                           ^^^^^ help: use `dyn`: `dyn Error`
[INFO] [stdout]    |
[INFO] [stdout]    = warning: this is accepted in the current edition (Rust 2018) but is a hard error in Rust 2021!
[INFO] [stdout]    = note: for more information, see issue #80165 <https://github.com/rust-lang/rust/issues/80165>
[INFO] [stdout] 
[INFO] [stdout] 
[INFO] [stdout] warning: trait objects without an explicit `dyn` are deprecated
[INFO] [stdout]   --> src/cmake_generator/generator.rs:41:67
[INFO] [stdout]    |
[INFO] [stdout] 41 |     fn add_cmake_target(&self, file: &mut File) -> Result<(), Box<Error>> {
[INFO] [stdout]    |                                                                   ^^^^^ help: use `dyn`: `dyn Error`
[INFO] [stdout]    |
[INFO] [stdout]    = warning: this is accepted in the current edition (Rust 2018) but is a hard error in Rust 2021!
[INFO] [stdout]    = note: for more information, see issue #80165 <https://github.com/rust-lang/rust/issues/80165>
[INFO] [stdout] 
[INFO] [stdout] 
[INFO] [stdout] warning: trait objects without an explicit `dyn` are deprecated
[INFO] [stdout]   --> src/cmake_generator/generator.rs:61:67
[INFO] [stdout]    |
[INFO] [stdout] 61 |     fn add_cmake_config(&self, file: &mut File) -> Result<(), Box<Error>> {
[INFO] [stdout]    |                                                                   ^^^^^ help: use `dyn`: `dyn Error`
[INFO] [stdout]    |
[INFO] [stdout]    = warning: this is accepted in the current edition (Rust 2018) but is a hard error in Rust 2021!
[INFO] [stdout]    = note: for more information, see issue #80165 <https://github.com/rust-lang/rust/issues/80165>
[INFO] [stdout] 
[INFO] [stdout] 
[INFO] [stdout] warning: trait objects without an explicit `dyn` are deprecated
[INFO] [stdout]   --> src/cmake_generator/generator.rs:78:55
[INFO] [stdout]    |
[INFO] [stdout] 78 |     fn create_project_config(&self) -> Result<(), Box<Error>> {
[INFO] [stdout]    |                                                       ^^^^^ help: use `dyn`: `dyn Error`
[INFO] [stdout]    |
[INFO] [stdout]    = warning: this is accepted in the current edition (Rust 2018) but is a hard error in Rust 2021!
[INFO] [stdout]    = note: for more information, see issue #80165 <https://github.com/rust-lang/rust/issues/80165>
[INFO] [stdout] 
[INFO] [stdout] 
[INFO] [stdout] warning: trait objects without an explicit `dyn` are deprecated
[INFO] [stdout]   --> src/cmake_generator/generator.rs:88:45
[INFO] [stdout]    |
[INFO] [stdout] 88 |     pub fn generate(&self) -> Result<(),Box<Error>>{
[INFO] [stdout]    |                                             ^^^^^ help: use `dyn`: `dyn Error`
[INFO] [stdout]    |
[INFO] [stdout]    = warning: this is accepted in the current edition (Rust 2018) but is a hard error in Rust 2021!
[INFO] [stdout]    = note: for more information, see issue #80165 <https://github.com/rust-lang/rust/issues/80165>
[INFO] [stdout] 
[INFO] [stdout] 
[INFO] [stdout] warning: unused import: `PackageType`
[INFO] [stdout]  --> src/workspace/ws_controller.rs:1:41
[INFO] [stdout]   |
[INFO] [stdout] 1 | use crate::parser::manifest::{Manifest, PackageType};
[INFO] [stdout]   |                                         ^^^^^^^^^^^
[INFO] [stdout] 
[INFO] [stdout] 
[INFO] [stdout] warning: unnecessary parentheses around `match` scrutinee expression
[INFO] [stdout]   --> src/workspace/mod.rs:31:18
[INFO] [stdout]    |
[INFO] [stdout] 31 |             match(r) {
[INFO] [stdout]    |                  ^^^ help: remove these parentheses
[INFO] [stdout] 
[INFO] [stdout] 
[INFO] [stdout] warning: unused import: `std::env`
[INFO] [stdout]  --> src/main.rs:8:5
[INFO] [stdout]   |
[INFO] [stdout] 8 | use std::env;
[INFO] [stdout]   |     ^^^^^^^^
[INFO] [stdout] 
[INFO] [stdout] 
[INFO] [stdout] warning: variable `dirs` is assigned to, but never used
[INFO] [stdout]   --> src/eval/evaluator.rs:21:17
[INFO] [stdout]    |
[INFO] [stdout] 21 |         let mut dirs = vec![default_src]; 
[INFO] [stdout]    |                 ^^^^
[INFO] [stdout]    |
[INFO] [stdout]    = note: `#[warn(unused_variables)]` on by default
[INFO] [stdout]    = note: consider using `_dirs` instead
[INFO] [stdout] 
[INFO] [stdout] 
[INFO] [stdout] warning: value assigned to `dirs` is never read
[INFO] [stdout]   --> src/eval/evaluator.rs:25:13
[INFO] [stdout]    |
[INFO] [stdout] 25 |             dirs = src_dirs.to_vec(); 
[INFO] [stdout]    |             ^^^^
[INFO] [stdout]    |
[INFO] [stdout]    = note: `#[warn(unused_assignments)]` on by default
[INFO] [stdout]    = help: maybe it is overwritten before being read?
[INFO] [stdout] 
[INFO] [stdout] 
[INFO] [stdout] warning: unused variable: `base_path`
[INFO] [stdout]   --> src/workspace/ws_controller.rs:96:50
[INFO] [stdout]    |
[INFO] [stdout] 96 | pub fn finalize_source_artifacts<P: AsRef<Path>>(base_path: P, source_name: String) {
[INFO] [stdout]    |                                                  ^^^^^^^^^ help: if this is intentional, prefix it with an underscore: `_base_path`
[INFO] [stdout] 
[INFO] [stdout] 
[INFO] [stdout] warning: unused variable: `source_name`
[INFO] [stdout]   --> src/workspace/ws_controller.rs:96:64
[INFO] [stdout]    |
[INFO] [stdout] 96 | pub fn finalize_source_artifacts<P: AsRef<Path>>(base_path: P, source_name: String) {
[INFO] [stdout]    |                                                                ^^^^^^^^^^^ help: if this is intentional, prefix it with an underscore: `_source_name`
[INFO] [stdout] 
[INFO] [stdout] 
[INFO] [stdout] warning: unused variable: `v`
[INFO] [stdout]   --> src/workspace/mod.rs:32:20
[INFO] [stdout]    |
[INFO] [stdout] 32 |                 Ok(v) => {
[INFO] [stdout]    |                    ^ help: if this is intentional, prefix it with an underscore: `_v`
[INFO] [stdout] 
[INFO] [stdout] 
[INFO] [stdout] warning: variable does not need to be mutable
[INFO] [stdout]   --> src/cmake_generator/generator.rs:89:13
[INFO] [stdout]    |
[INFO] [stdout] 89 |         let mut path = Path::new(self.output_path.as_str()).join("CMakeLists.txt");
[INFO] [stdout]    |             ----^^^^
[INFO] [stdout]    |             |
[INFO] [stdout]    |             help: remove this `mut`
[INFO] [stdout]    |
[INFO] [stdout]    = note: `#[warn(unused_mut)]` on by default
[INFO] [stdout] 
[INFO] [stdout] 
[INFO] [stdout] warning: associated function is never used: `set_os_info`
[INFO] [stdout]   --> src/parser/manifest.rs:57:8
[INFO] [stdout]    |
[INFO] [stdout] 57 |     fn set_os_info(&mut self){  
[INFO] [stdout]    |        ^^^^^^^^^^^
[INFO] [stdout]    |
[INFO] [stdout]    = note: `#[warn(dead_code)]` on by default
[INFO] [stdout] 
[INFO] [stdout] 
[INFO] [stdout] warning: constant is never used: `CMAKE_TEST_TEMPLATE`
[INFO] [stdout]   --> src/cmake_generator/templates.rs:35:1
[INFO] [stdout]    |
[INFO] [stdout] 35 | / pub const CMAKE_TEST_TEMPLATE: &str = r#"
[INFO] [stdout] 36 | | "#;
[INFO] [stdout]    | |___^
[INFO] [stdout] 
[INFO] [stdout] 
[INFO] [stdout] warning: function is never used: `clear_workspace_artifacts`
[INFO] [stdout]   --> src/workspace/ws_controller.rs:87:8
[INFO] [stdout]    |
[INFO] [stdout] 87 | pub fn clear_workspace_artifacts<P: AsRef<Path>>(base_path: P) {
[INFO] [stdout]    |        ^^^^^^^^^^^^^^^^^^^^^^^^^
[INFO] [stdout] 
[INFO] [stdout] 
[INFO] [stdout] warning: function is never used: `finalize_source_artifacts`
[INFO] [stdout]   --> src/workspace/ws_controller.rs:96:8
[INFO] [stdout]    |
[INFO] [stdout] 96 | pub fn finalize_source_artifacts<P: AsRef<Path>>(base_path: P, source_name: String) {
[INFO] [stdout]    |        ^^^^^^^^^^^^^^^^^^^^^^^^^
[INFO] [stdout] 
[INFO] [stdout] 
[INFO] [stdout] warning: unused `Result` that must be used
[INFO] [stdout]   --> src/cmake_generator/generator.rs:56:9
[INFO] [stdout]    |
[INFO] [stdout] 56 |         file.write_all(template.as_bytes());
[INFO] [stdout]    |         ^^^^^^^^^^^^^^^^^^^^^^^^^^^^^^^^^^^^
[INFO] [stdout]    |
[INFO] [stdout]    = note: `#[warn(unused_must_use)]` on by default
[INFO] [stdout]    = note: this `Result` may be an `Err` variant, which should be handled
[INFO] [stdout] 
[INFO] [stdout] 
[INFO] [stdout] warning: unused `Result` that must be used
[INFO] [stdout]   --> src/cmake_generator/generator.rs:73:9
[INFO] [stdout]    |
[INFO] [stdout] 73 |         file.write_all(template.as_bytes());
[INFO] [stdout]    |         ^^^^^^^^^^^^^^^^^^^^^^^^^^^^^^^^^^^^
[INFO] [stdout]    |
[INFO] [stdout]    = note: this `Result` may be an `Err` variant, which should be handled
[INFO] [stdout] 
[INFO] [stdout] 
[INFO] [stdout] warning: unused `Result` that must be used
[INFO] [stdout]   --> src/cmake_generator/generator.rs:83:9
[INFO] [stdout]    |
[INFO] [stdout] 83 |         file.write_all(CPP_CONFIG_TEMPLATE.as_bytes());
[INFO] [stdout]    |         ^^^^^^^^^^^^^^^^^^^^^^^^^^^^^^^^^^^^^^^^^^^^^^^
[INFO] [stdout]    |
[INFO] [stdout]    = note: this `Result` may be an `Err` variant, which should be handled
[INFO] [stdout] 
[INFO] [stdout] 
[INFO] [stdout] warning: unused `Result` that must be used
[INFO] [stdout]   --> src/cmake_generator/generator.rs:95:9
[INFO] [stdout]    |
[INFO] [stdout] 95 |         self.create_project_config();
[INFO] [stdout]    |         ^^^^^^^^^^^^^^^^^^^^^^^^^^^^^
[INFO] [stdout]    |
[INFO] [stdout]    = note: this `Result` may be an `Err` variant, which should be handled
[INFO] [stdout] 
[INFO] [stdout] 
[INFO] [stdout] warning: unused `Result` that must be used
[INFO] [stdout]   --> src/cmake_generator/generator.rs:98:9
[INFO] [stdout]    |
[INFO] [stdout] 98 |         self.add_cmake_meta(&mut file);
[INFO] [stdout]    |         ^^^^^^^^^^^^^^^^^^^^^^^^^^^^^^^
[INFO] [stdout]    |
[INFO] [stdout]    = note: this `Result` may be an `Err` variant, which should be handled
[INFO] [stdout] 
[INFO] [stdout] 
[INFO] [stdout] warning: unused `Result` that must be used
[INFO] [stdout]   --> src/cmake_generator/generator.rs:99:9
[INFO] [stdout]    |
[INFO] [stdout] 99 |         self.add_cmake_compiler_flags(&mut file);
[INFO] [stdout]    |         ^^^^^^^^^^^^^^^^^^^^^^^^^^^^^^^^^^^^^^^^^
[INFO] [stdout]    |
[INFO] [stdout]    = note: this `Result` may be an `Err` variant, which should be handled
[INFO] [stdout] 
[INFO] [stdout] 
[INFO] [stdout] warning: unused `Result` that must be used
[INFO] [stdout]    --> src/cmake_generator/generator.rs:100:9
[INFO] [stdout]     |
[INFO] [stdout] 100 |         self.add_cmake_target(&mut file);
[INFO] [stdout]     |         ^^^^^^^^^^^^^^^^^^^^^^^^^^^^^^^^^
[INFO] [stdout]     |
[INFO] [stdout]     = note: this `Result` may be an `Err` variant, which should be handled
[INFO] [stdout] 
[INFO] [stdout] 
[INFO] [stdout] warning: unused `Result` that must be used
[INFO] [stdout]    --> src/cmake_generator/generator.rs:101:9
[INFO] [stdout]     |
[INFO] [stdout] 101 |         self.add_cmake_config(&mut file);
[INFO] [stdout]     |         ^^^^^^^^^^^^^^^^^^^^^^^^^^^^^^^^^
[INFO] [stdout]     |
[INFO] [stdout]     = note: this `Result` may be an `Err` variant, which should be handled
[INFO] [stdout] 
[INFO] [stdout] 
[INFO] [stdout] warning: unused `Result` that must be used
[INFO] [stdout]   --> src/cmake_generator/mod.rs:15:9
[INFO] [stdout]    |
[INFO] [stdout] 15 |         gen.generate();
[INFO] [stdout]    |         ^^^^^^^^^^^^^^^
[INFO] [stdout]    |
[INFO] [stdout]    = note: this `Result` may be an `Err` variant, which should be handled
[INFO] [stdout] 
[INFO] [stdout] 
[INFO] [stdout] warning: unused `Result` that must be used
[INFO] [stdout]   --> src/workspace/ws_controller.rs:28:5
[INFO] [stdout]    |
[INFO] [stdout] 28 |     create_dir_all(ws_folder_path);
[INFO] [stdout]    |     ^^^^^^^^^^^^^^^^^^^^^^^^^^^^^^^
[INFO] [stdout]    |
[INFO] [stdout]    = note: this `Result` may be an `Err` variant, which should be handled
[INFO] [stdout] 
[INFO] [stdout] 
[INFO] [stdout] warning: unused `Result` that must be used
[INFO] [stdout]   --> src/workspace/ws_controller.rs:37:9
[INFO] [stdout]    |
[INFO] [stdout] 37 |         create_dir(&ws_path);
[INFO] [stdout]    |         ^^^^^^^^^^^^^^^^^^^^^
[INFO] [stdout]    |
[INFO] [stdout]    = note: this `Result` may be an `Err` variant, which should be handled
[INFO] [stdout] 
[INFO] [stdout] 
[INFO] [stdout] warning: unused `Result` that must be used
[INFO] [stdout]   --> src/workspace/ws_controller.rs:92:5
[INFO] [stdout]    |
[INFO] [stdout] 92 |     remove_dir_all(&artifacts_dir);
[INFO] [stdout]    |     ^^^^^^^^^^^^^^^^^^^^^^^^^^^^^^^
[INFO] [stdout]    |
[INFO] [stdout]    = note: this `Result` may be an `Err` variant, which should be handled
[INFO] [stdout] 
[INFO] [stdout] 
[INFO] [stdout] warning: unused `Result` that must be used
[INFO] [stdout]   --> src/workspace/ws_controller.rs:93:5
[INFO] [stdout]    |
[INFO] [stdout] 93 |     create_dir(artifacts_dir);
[INFO] [stdout]    |     ^^^^^^^^^^^^^^^^^^^^^^^^^^
[INFO] [stdout]    |
[INFO] [stdout]    = note: this `Result` may be an `Err` variant, which should be handled
[INFO] [stdout] 
[INFO] [stdout] 
[INFO] [stdout] warning: 44 warnings emitted
[INFO] [stdout] 
[INFO] [stdout] 
[INFO] [stderr]     Finished test [unoptimized + debuginfo] target(s) in 1.72s
[INFO] running `Command { std: "docker" "inspect" "58e1ccc46a43cf8810c33e8230ee119c1a4410563efef3c3a65b46d1f45bb983", kill_on_drop: false }`
[INFO] running `Command { std: "docker" "rm" "-f" "58e1ccc46a43cf8810c33e8230ee119c1a4410563efef3c3a65b46d1f45bb983", kill_on_drop: false }`
[INFO] [stdout] 58e1ccc46a43cf8810c33e8230ee119c1a4410563efef3c3a65b46d1f45bb983
[INFO] running `Command { std: "docker" "create" "-v" "/var/lib/crater-agent-workspace/builds/worker-78/target:/opt/rustwide/target:rw,Z" "-v" "/var/lib/crater-agent-workspace/builds/worker-78/source:/opt/rustwide/workdir:ro,Z" "-v" "/var/lib/crater-agent-workspace/cargo-home:/opt/rustwide/cargo-home:ro,Z" "-v" "/var/lib/crater-agent-workspace/rustup-home:/opt/rustwide/rustup-home:ro,Z" "-e" "SOURCE_DIR=/opt/rustwide/workdir" "-e" "CARGO_TARGET_DIR=/opt/rustwide/target" "-e" "CARGO_INCREMENTAL=0" "-e" "RUST_BACKTRACE=full" "-e" "RUSTFLAGS=--cap-lints=warn" "-e" "CARGO_HOME=/opt/rustwide/cargo-home" "-e" "RUSTUP_HOME=/opt/rustwide/rustup-home" "-w" "/opt/rustwide/workdir" "-m" "1610612736" "--user" "0:0" "--network" "none" "ghcr.io/rust-lang/crates-build-env/linux@sha256:34b6a614d2c27851fe6cbf88fbd1137609cefab8b10d0615aaeb6fd47975d74e" "/opt/rustwide/cargo-home/bin/cargo" "+beta-2021-08-01" "test" "--frozen", kill_on_drop: false }`
[INFO] [stdout] 9d80334ed633da05d3ab5a58ef15bd01a06b810f543fcae46b63dd21e926aa05
[INFO] running `Command { std: "docker" "start" "-a" "9d80334ed633da05d3ab5a58ef15bd01a06b810f543fcae46b63dd21e926aa05", kill_on_drop: false }`
[INFO] [stderr]     Blocking waiting for file lock on package cache
[INFO] [stderr] warning: unused imports: `PathBuf`, `Path`, `ffi::OsStr`
[INFO] [stderr]  --> src/eval/traverse.rs:5:12
[INFO] [stderr]   |
[INFO] [stderr] 5 |     path::{Path,PathBuf},
[INFO] [stderr]   |            ^^^^ ^^^^^^^
[INFO] [stderr] 6 |     ffi::OsStr,
[INFO] [stderr]   |     ^^^^^^^^^^
[INFO] [stderr]   |
[INFO] [stderr]   = note: `#[warn(unused_imports)]` on by default
[INFO] [stderr] 
[INFO] [stderr] warning: unused imports: `DirEntry`, `WalkDir`
[INFO] [stderr]   --> src/eval/traverse.rs:47:19
[INFO] [stderr]    |
[INFO] [stderr] 47 |     use walkdir::{DirEntry, WalkDir};
[INFO] [stderr]    |                   ^^^^^^^^  ^^^^^^^
[INFO] [stderr] 
[INFO] [stderr] warning: unused imports: `DirEntry`, `WalkDir`
[INFO] [stderr]  --> src/eval/evaluator.rs:1:15
[INFO] [stderr]   |
[INFO] [stderr] 1 | use walkdir::{DirEntry, WalkDir};
[INFO] [stderr]   |               ^^^^^^^^  ^^^^^^^
[INFO] [stderr] 
[INFO] [stderr] warning: unnecessary parentheses around `if` condition
[INFO] [stderr]   --> src/eval/evaluator.rs:24:11
[INFO] [stderr]    |
[INFO] [stderr] 24 |         if(src_dirs.len() > 0){
[INFO] [stderr]    |           ^^^^^^^^^^^^^^^^^^^^ help: remove these parentheses
[INFO] [stderr]    |
[INFO] [stderr]    = note: `#[warn(unused_parens)]` on by default
[INFO] [stderr] 
[INFO] [stderr] warning: unused import: `uname`
[INFO] [stderr]  --> src/parser/manifest.rs:4:5
[INFO] [stderr]   |
[INFO] [stderr] 4 | use uname; 
[INFO] [stderr]   |     ^^^^^
[INFO] [stderr] 
[INFO] [stderr] warning: variant `debug` should have an upper camel case name
[INFO] [stderr]   --> src/parser/manifest.rs:15:5
[INFO] [stderr]    |
[INFO] [stderr] 15 |     debug, 
[INFO] [stderr]    |     ^^^^^ help: convert the identifier to upper camel case: `Debug`
[INFO] [stderr]    |
[INFO] [stderr]    = note: `#[warn(non_camel_case_types)]` on by default
[INFO] [stderr] 
[INFO] [stderr] warning: variant `release` should have an upper camel case name
[INFO] [stderr]   --> src/parser/manifest.rs:16:5
[INFO] [stderr]    |
[INFO] [stderr] 16 |     release,
[INFO] [stderr]    |     ^^^^^^^ help: convert the identifier to upper camel case: `Release`
[INFO] [stderr] 
[INFO] [stderr] warning: variant `staticlib` should have an upper camel case name
[INFO] [stderr]   --> src/parser/manifest.rs:22:5
[INFO] [stderr]    |
[INFO] [stderr] 22 |     staticlib,
[INFO] [stderr]    |     ^^^^^^^^^ help: convert the identifier to upper camel case (notice the capitalization): `Staticlib`
[INFO] [stderr] 
[INFO] [stderr] warning: variant `sharedlib` should have an upper camel case name
[INFO] [stderr]   --> src/parser/manifest.rs:23:5
[INFO] [stderr]    |
[INFO] [stderr] 23 |     sharedlib,
[INFO] [stderr]    |     ^^^^^^^^^ help: convert the identifier to upper camel case (notice the capitalization): `Sharedlib`
[INFO] [stderr] 
[INFO] [stderr] warning: variant `bin` should have an upper camel case name
[INFO] [stderr]   --> src/parser/manifest.rs:24:5
[INFO] [stderr]    |
[INFO] [stderr] 24 |     bin,
[INFO] [stderr]    |     ^^^ help: convert the identifier to upper camel case: `Bin`
[INFO] [stderr] 
[INFO] [stderr] warning: trait objects without an explicit `dyn` are deprecated
[INFO] [stderr]   --> src/parser/manifest.rs:51:61
[INFO] [stderr]    |
[INFO] [stderr] 51 |     pub fn new<P: AsRef<Path>>(path: P) -> Result<Self, Box<Error>> {
[INFO] [stderr]    |                                                             ^^^^^ help: use `dyn`: `dyn Error`
[INFO] [stderr]    |
[INFO] [stderr]    = note: `#[warn(bare_trait_objects)]` on by default
[INFO] [stderr]    = warning: this is accepted in the current edition (Rust 2018) but is a hard error in Rust 2021!
[INFO] [stderr]    = note: for more information, see issue #80165 <https://github.com/rust-lang/rust/issues/80165>
[INFO] [stderr] 
[INFO] [stderr] warning: unused import: `OsInfo`
[INFO] [stderr]  --> src/parser/mod.rs:6:34
[INFO] [stderr]   |
[INFO] [stderr] 6 |     use crate::parser::os_info::{OsInfo};
[INFO] [stderr]   |                                  ^^^^^^
[INFO] [stderr] 
[INFO] [stderr] warning: trait objects without an explicit `dyn` are deprecated
[INFO] [stderr]   --> src/cmake_generator/generator.rs:19:65
[INFO] [stderr]    |
[INFO] [stderr] 19 |     fn add_cmake_meta(&self, file: &mut File) -> Result<(), Box<Error>> {
[INFO] [stderr]    |                                                                 ^^^^^ help: use `dyn`: `dyn Error`
[INFO] [stderr]    |
[INFO] [stderr]    = warning: this is accepted in the current edition (Rust 2018) but is a hard error in Rust 2021!
[INFO] [stderr]    = note: for more information, see issue #80165 <https://github.com/rust-lang/rust/issues/80165>
[INFO] [stderr] 
[INFO] [stderr] warning: trait objects without an explicit `dyn` are deprecated
[INFO] [stderr]   --> src/cmake_generator/generator.rs:30:75
[INFO] [stderr]    |
[INFO] [stderr] 30 |     fn add_cmake_compiler_flags(&self, file: &mut File) -> Result<(), Box<Error>> {
[INFO] [stderr]    |                                                                           ^^^^^ help: use `dyn`: `dyn Error`
[INFO] [stderr]    |
[INFO] [stderr]    = warning: this is accepted in the current edition (Rust 2018) but is a hard error in Rust 2021!
[INFO] [stderr]    = note: for more information, see issue #80165 <https://github.com/rust-lang/rust/issues/80165>
[INFO] [stderr] 
[INFO] [stderr] warning: trait objects without an explicit `dyn` are deprecated
[INFO] [stderr]   --> src/cmake_generator/generator.rs:41:67
[INFO] [stderr]    |
[INFO] [stderr] 41 |     fn add_cmake_target(&self, file: &mut File) -> Result<(), Box<Error>> {
[INFO] [stderr]    |                                                                   ^^^^^ help: use `dyn`: `dyn Error`
[INFO] [stderr]    |
[INFO] [stderr]    = warning: this is accepted in the current edition (Rust 2018) but is a hard error in Rust 2021!
[INFO] [stderr]    = note: for more information, see issue #80165 <https://github.com/rust-lang/rust/issues/80165>
[INFO] [stderr] 
[INFO] [stderr] warning: trait objects without an explicit `dyn` are deprecated
[INFO] [stderr]   --> src/cmake_generator/generator.rs:61:67
[INFO] [stderr]    |
[INFO] [stderr] 61 |     fn add_cmake_config(&self, file: &mut File) -> Result<(), Box<Error>> {
[INFO] [stderr]    |                                                                   ^^^^^ help: use `dyn`: `dyn Error`
[INFO] [stderr]    |
[INFO] [stderr]    = warning: this is accepted in the current edition (Rust 2018) but is a hard error in Rust 2021!
[INFO] [stderr]    = note: for more information, see issue #80165 <https://github.com/rust-lang/rust/issues/80165>
[INFO] [stderr] 
[INFO] [stderr] warning: trait objects without an explicit `dyn` are deprecated
[INFO] [stderr]   --> src/cmake_generator/generator.rs:78:55
[INFO] [stderr]    |
[INFO] [stderr] 78 |     fn create_project_config(&self) -> Result<(), Box<Error>> {
[INFO] [stderr]    |                                                       ^^^^^ help: use `dyn`: `dyn Error`
[INFO] [stderr]    |
[INFO] [stderr]    = warning: this is accepted in the current edition (Rust 2018) but is a hard error in Rust 2021!
[INFO] [stderr]    = note: for more information, see issue #80165 <https://github.com/rust-lang/rust/issues/80165>
[INFO] [stderr] 
[INFO] [stderr] warning: trait objects without an explicit `dyn` are deprecated
[INFO] [stderr]   --> src/cmake_generator/generator.rs:88:45
[INFO] [stderr]    |
[INFO] [stderr] 88 |     pub fn generate(&self) -> Result<(),Box<Error>>{
[INFO] [stderr]    |                                             ^^^^^ help: use `dyn`: `dyn Error`
[INFO] [stderr]    |
[INFO] [stderr]    = warning: this is accepted in the current edition (Rust 2018) but is a hard error in Rust 2021!
[INFO] [stderr]    = note: for more information, see issue #80165 <https://github.com/rust-lang/rust/issues/80165>
[INFO] [stderr] 
[INFO] [stderr] warning: unused import: `PackageType`
[INFO] [stderr]  --> src/workspace/ws_controller.rs:1:41
[INFO] [stderr]   |
[INFO] [stderr] 1 | use crate::parser::manifest::{Manifest, PackageType};
[INFO] [stderr]   |                                         ^^^^^^^^^^^
[INFO] [stderr] 
[INFO] [stderr] warning: unnecessary parentheses around `match` scrutinee expression
[INFO] [stderr]   --> src/workspace/mod.rs:31:18
[INFO] [stderr]    |
[INFO] [stderr] 31 |             match(r) {
[INFO] [stderr]    |                  ^^^ help: remove these parentheses
[INFO] [stderr] 
[INFO] [stderr] warning: unused import: `std::env`
[INFO] [stderr]  --> src/main.rs:8:5
[INFO] [stderr]   |
[INFO] [stderr] 8 | use std::env;
[INFO] [stderr]   |     ^^^^^^^^
[INFO] [stderr] 
[INFO] [stderr] warning: variable `dirs` is assigned to, but never used
[INFO] [stderr]   --> src/eval/evaluator.rs:21:17
[INFO] [stderr]    |
[INFO] [stderr] 21 |         let mut dirs = vec![default_src]; 
[INFO] [stderr]    |                 ^^^^
[INFO] [stderr]    |
[INFO] [stderr]    = note: `#[warn(unused_variables)]` on by default
[INFO] [stderr]    = note: consider using `_dirs` instead
[INFO] [stderr] 
[INFO] [stderr] warning: value assigned to `dirs` is never read
[INFO] [stderr]   --> src/eval/evaluator.rs:25:13
[INFO] [stderr]    |
[INFO] [stderr] 25 |             dirs = src_dirs.to_vec(); 
[INFO] [stderr]    |             ^^^^
[INFO] [stderr]    |
[INFO] [stderr]    = note: `#[warn(unused_assignments)]` on by default
[INFO] [stderr]    = help: maybe it is overwritten before being read?
[INFO] [stderr] 
[INFO] [stderr] warning: unused variable: `base_path`
[INFO] [stderr]   --> src/workspace/ws_controller.rs:96:50
[INFO] [stderr]    |
[INFO] [stderr] 96 | pub fn finalize_source_artifacts<P: AsRef<Path>>(base_path: P, source_name: String) {
[INFO] [stderr]    |                                                  ^^^^^^^^^ help: if this is intentional, prefix it with an underscore: `_base_path`
[INFO] [stderr] 
[INFO] [stderr] warning: unused variable: `source_name`
[INFO] [stderr]   --> src/workspace/ws_controller.rs:96:64
[INFO] [stderr]    |
[INFO] [stderr] 96 | pub fn finalize_source_artifacts<P: AsRef<Path>>(base_path: P, source_name: String) {
[INFO] [stderr]    |                                                                ^^^^^^^^^^^ help: if this is intentional, prefix it with an underscore: `_source_name`
[INFO] [stderr] 
[INFO] [stderr] warning: unused variable: `v`
[INFO] [stderr]   --> src/workspace/mod.rs:32:20
[INFO] [stderr]    |
[INFO] [stderr] 32 |                 Ok(v) => {
[INFO] [stderr]    |                    ^ help: if this is intentional, prefix it with an underscore: `_v`
[INFO] [stderr] 
[INFO] [stderr] warning: variable does not need to be mutable
[INFO] [stderr]   --> src/cmake_generator/generator.rs:89:13
[INFO] [stderr]    |
[INFO] [stderr] 89 |         let mut path = Path::new(self.output_path.as_str()).join("CMakeLists.txt");
[INFO] [stderr]    |             ----^^^^
[INFO] [stderr]    |             |
[INFO] [stderr]    |             help: remove this `mut`
[INFO] [stderr]    |
[INFO] [stderr]    = note: `#[warn(unused_mut)]` on by default
[INFO] [stderr] 
[INFO] [stderr] warning: associated function is never used: `set_os_info`
[INFO] [stderr]   --> src/parser/manifest.rs:57:8
[INFO] [stderr]    |
[INFO] [stderr] 57 |     fn set_os_info(&mut self){  
[INFO] [stderr]    |        ^^^^^^^^^^^
[INFO] [stderr]    |
[INFO] [stderr]    = note: `#[warn(dead_code)]` on by default
[INFO] [stderr] 
[INFO] [stderr] warning: constant is never used: `CMAKE_TEST_TEMPLATE`
[INFO] [stderr]   --> src/cmake_generator/templates.rs:35:1
[INFO] [stderr]    |
[INFO] [stderr] 35 | / pub const CMAKE_TEST_TEMPLATE: &str = r#"
[INFO] [stderr] 36 | | "#;
[INFO] [stderr]    | |___^
[INFO] [stderr] 
[INFO] [stderr] warning: function is never used: `clear_workspace_artifacts`
[INFO] [stderr]   --> src/workspace/ws_controller.rs:87:8
[INFO] [stderr]    |
[INFO] [stderr] 87 | pub fn clear_workspace_artifacts<P: AsRef<Path>>(base_path: P) {
[INFO] [stderr]    |        ^^^^^^^^^^^^^^^^^^^^^^^^^
[INFO] [stderr] 
[INFO] [stderr] warning: function is never used: `finalize_source_artifacts`
[INFO] [stderr]   --> src/workspace/ws_controller.rs:96:8
[INFO] [stderr]    |
[INFO] [stderr] 96 | pub fn finalize_source_artifacts<P: AsRef<Path>>(base_path: P, source_name: String) {
[INFO] [stderr]    |        ^^^^^^^^^^^^^^^^^^^^^^^^^
[INFO] [stderr] 
[INFO] [stderr] warning: unused `Result` that must be used
[INFO] [stderr]   --> src/cmake_generator/generator.rs:56:9
[INFO] [stderr]    |
[INFO] [stderr] 56 |         file.write_all(template.as_bytes());
[INFO] [stderr]    |         ^^^^^^^^^^^^^^^^^^^^^^^^^^^^^^^^^^^^
[INFO] [stderr]    |
[INFO] [stderr]    = note: `#[warn(unused_must_use)]` on by default
[INFO] [stderr]    = note: this `Result` may be an `Err` variant, which should be handled
[INFO] [stderr] 
[INFO] [stderr] warning: unused `Result` that must be used
[INFO] [stderr]   --> src/cmake_generator/generator.rs:73:9
[INFO] [stderr]    |
[INFO] [stderr] 73 |         file.write_all(template.as_bytes());
[INFO] [stderr]    |         ^^^^^^^^^^^^^^^^^^^^^^^^^^^^^^^^^^^^
[INFO] [stderr]    |
[INFO] [stderr]    = note: this `Result` may be an `Err` variant, which should be handled
[INFO] [stderr] 
[INFO] [stderr] warning: unused `Result` that must be used
[INFO] [stderr]   --> src/cmake_generator/generator.rs:83:9
[INFO] [stderr]    |
[INFO] [stderr] 83 |         file.write_all(CPP_CONFIG_TEMPLATE.as_bytes());
[INFO] [stderr]    |         ^^^^^^^^^^^^^^^^^^^^^^^^^^^^^^^^^^^^^^^^^^^^^^^
[INFO] [stderr]    |
[INFO] [stderr]    = note: this `Result` may be an `Err` variant, which should be handled
[INFO] [stderr] 
[INFO] [stderr] warning: unused `Result` that must be used
[INFO] [stderr]   --> src/cmake_generator/generator.rs:95:9
[INFO] [stderr]    |
[INFO] [stderr] 95 |         self.create_project_config();
[INFO] [stderr]    |         ^^^^^^^^^^^^^^^^^^^^^^^^^^^^^
[INFO] [stderr]    |
[INFO] [stderr]    = note: this `Result` may be an `Err` variant, which should be handled
[INFO] [stderr] 
[INFO] [stderr] warning: unused `Result` that must be used
[INFO] [stderr]   --> src/cmake_generator/generator.rs:98:9
[INFO] [stderr]    |
[INFO] [stderr] 98 |         self.add_cmake_meta(&mut file);
[INFO] [stderr]    |         ^^^^^^^^^^^^^^^^^^^^^^^^^^^^^^^
[INFO] [stderr]    |
[INFO] [stderr]    = note: this `Result` may be an `Err` variant, which should be handled
[INFO] [stderr] 
[INFO] [stderr] warning: unused `Result` that must be used
[INFO] [stderr]   --> src/cmake_generator/generator.rs:99:9
[INFO] [stderr]    |
[INFO] [stderr] 99 |         self.add_cmake_compiler_flags(&mut file);
[INFO] [stderr]    |         ^^^^^^^^^^^^^^^^^^^^^^^^^^^^^^^^^^^^^^^^^
[INFO] [stderr]    |
[INFO] [stderr]    = note: this `Result` may be an `Err` variant, which should be handled
[INFO] [stderr] 
[INFO] [stderr] warning: unused `Result` that must be used
[INFO] [stderr]    --> src/cmake_generator/generator.rs:100:9
[INFO] [stderr]     |
[INFO] [stderr] 100 |         self.add_cmake_target(&mut file);
[INFO] [stderr]     |         ^^^^^^^^^^^^^^^^^^^^^^^^^^^^^^^^^
[INFO] [stderr]     |
[INFO] [stderr]     = note: this `Result` may be an `Err` variant, which should be handled
[INFO] [stderr] 
[INFO] [stderr] warning: unused `Result` that must be used
[INFO] [stderr]    --> src/cmake_generator/generator.rs:101:9
[INFO] [stderr]     |
[INFO] [stderr] 101 |         self.add_cmake_config(&mut file);
[INFO] [stderr]     |         ^^^^^^^^^^^^^^^^^^^^^^^^^^^^^^^^^
[INFO] [stderr]     |
[INFO] [stderr]     = note: this `Result` may be an `Err` variant, which should be handled
[INFO] [stderr] 
[INFO] [stderr] warning: unused `Result` that must be used
[INFO] [stderr]   --> src/cmake_generator/mod.rs:15:9
[INFO] [stderr]    |
[INFO] [stderr] 15 |         gen.generate();
[INFO] [stderr]    |         ^^^^^^^^^^^^^^^
[INFO] [stderr]    |
[INFO] [stderr]    = note: this `Result` may be an `Err` variant, which should be handled
[INFO] [stderr] 
[INFO] [stderr] warning: unused `Result` that must be used
[INFO] [stderr]   --> src/workspace/ws_controller.rs:28:5
[INFO] [stderr]    |
[INFO] [stderr] 28 |     create_dir_all(ws_folder_path);
[INFO] [stderr]    |     ^^^^^^^^^^^^^^^^^^^^^^^^^^^^^^^
[INFO] [stderr]    |
[INFO] [stderr]    = note: this `Result` may be an `Err` variant, which should be handled
[INFO] [stderr] 
[INFO] [stderr] warning: unused `Result` that must be used
[INFO] [stderr]   --> src/workspace/ws_controller.rs:37:9
[INFO] [stderr]    |
[INFO] [stderr] 37 |         create_dir(&ws_path);
[INFO] [stderr]    |         ^^^^^^^^^^^^^^^^^^^^^
[INFO] [stderr]    |
[INFO] [stderr]    = note: this `Result` may be an `Err` variant, which should be handled
[INFO] [stderr] 
[INFO] [stderr] warning: unused `Result` that must be used
[INFO] [stderr]   --> src/workspace/ws_controller.rs:92:5
[INFO] [stderr]    |
[INFO] [stderr] 92 |     remove_dir_all(&artifacts_dir);
[INFO] [stderr]    |     ^^^^^^^^^^^^^^^^^^^^^^^^^^^^^^^
[INFO] [stderr]    |
[INFO] [stderr]    = note: this `Result` may be an `Err` variant, which should be handled
[INFO] [stderr] 
[INFO] [stderr] warning: unused `Result` that must be used
[INFO] [stderr]   --> src/workspace/ws_controller.rs:93:5
[INFO] [stderr]    |
[INFO] [stderr] 93 |     create_dir(artifacts_dir);
[INFO] [stderr]    |     ^^^^^^^^^^^^^^^^^^^^^^^^^^
[INFO] [stderr]    |
[INFO] [stderr]    = note: this `Result` may be an `Err` variant, which should be handled
[INFO] [stderr] 
[INFO] [stderr] warning: `octi` (bin "octi" test) generated 44 warnings
[INFO] [stderr]     Finished test [unoptimized + debuginfo] target(s) in 0.25s
[INFO] [stderr]      Running unittests (/opt/rustwide/target/debug/deps/octi-57e7f0e1c6ae2829)
[INFO] [stdout] 
[INFO] [stdout] running 7 tests
[INFO] [stdout] test parser::os_info::test::basic_os_detection ... ok
[INFO] [stdout] test cmake_generator::test::test_generate_cmake ... ok
[INFO] [stdout] test parser::test::test_load_manifest ... ok
[INFO] [stdout] test eval::evaluator::test::test_evaluateor ... ok
[INFO] [stdout] test eval::traverse::test::test_dir_traverse ... ok
[INFO] [stdout] test workspace::test::test_collect_workspace_artifacts ... ok
[INFO] [stdout] test workspace::test::test_create_workspace ... FAILED
[INFO] [stdout] 
[INFO] [stdout] failures:
[INFO] [stdout] 
[INFO] [stdout] ---- workspace::test::test_create_workspace stdout ----
[INFO] [stdout] thread 'workspace::test::test_create_workspace' panicked at 'assertion failed: Path::new([WORKSPACE_NAME, \"target\", \"build\"].join(\"/\").as_str()).exists()', src/workspace/mod.rs:17:9
[INFO] [stdout] stack backtrace:
[INFO] [stdout]    0:     0x55f6b2663030 - std::backtrace_rs::backtrace::libunwind::trace::hff4d1766e93f64f1
[INFO] [stdout]                                at /rustc/53fd98ca776cb875bc9e5514f56b52eb74f9e7a9/library/std/src/../../backtrace/src/backtrace/libunwind.rs:90:5
[INFO] [stdout]    1:     0x55f6b2663030 - std::backtrace_rs::backtrace::trace_unsynchronized::h56bbc8eb78770bcb
[INFO] [stdout]                                at /rustc/53fd98ca776cb875bc9e5514f56b52eb74f9e7a9/library/std/src/../../backtrace/src/backtrace/mod.rs:66:5
[INFO] [stdout]    2:     0x55f6b2663030 - std::sys_common::backtrace::_print_fmt::h5c8e75464faca780
[INFO] [stdout]                                at /rustc/53fd98ca776cb875bc9e5514f56b52eb74f9e7a9/library/std/src/sys_common/backtrace.rs:67:5
[INFO] [stdout]    3:     0x55f6b2663030 - <std::sys_common::backtrace::_print::DisplayBacktrace as core::fmt::Display>::fmt::h48b88277def8b362
[INFO] [stdout]                                at /rustc/53fd98ca776cb875bc9e5514f56b52eb74f9e7a9/library/std/src/sys_common/backtrace.rs:46:22
[INFO] [stdout]    4:     0x55f6b26871ec - core::fmt::write::h3381b3176fe2b3d3
[INFO] [stdout]                                at /rustc/53fd98ca776cb875bc9e5514f56b52eb74f9e7a9/library/core/src/fmt/mod.rs:1115:17
[INFO] [stdout]    5:     0x55f6b265fa95 - std::io::Write::write_fmt::h5f34a676f60246b5
[INFO] [stdout]                                at /rustc/53fd98ca776cb875bc9e5514f56b52eb74f9e7a9/library/std/src/io/mod.rs:1665:15
[INFO] [stdout]    6:     0x55f6b26655db - std::sys_common::backtrace::_print::ha537687d6c17dd0d
[INFO] [stdout]                                at /rustc/53fd98ca776cb875bc9e5514f56b52eb74f9e7a9/library/std/src/sys_common/backtrace.rs:49:5
[INFO] [stdout]    7:     0x55f6b26655db - std::sys_common::backtrace::print::h61376ae57d131d72
[INFO] [stdout]                                at /rustc/53fd98ca776cb875bc9e5514f56b52eb74f9e7a9/library/std/src/sys_common/backtrace.rs:36:9
[INFO] [stdout]    8:     0x55f6b26655db - std::panicking::default_hook::{{closure}}::h0f7208c0b9644a54
[INFO] [stdout]                                at /rustc/53fd98ca776cb875bc9e5514f56b52eb74f9e7a9/library/std/src/panicking.rs:208:50
[INFO] [stdout]    9:     0x55f6b26650ec - std::panicking::default_hook::hdac7fc06578c14ce
[INFO] [stdout]                                at /rustc/53fd98ca776cb875bc9e5514f56b52eb74f9e7a9/library/std/src/panicking.rs:222:9
[INFO] [stdout]   10:     0x55f6b2665ca4 - std::panicking::rust_panic_with_hook::h72b21c283da3d1ef
[INFO] [stdout]                                at /rustc/53fd98ca776cb875bc9e5514f56b52eb74f9e7a9/library/std/src/panicking.rs:622:17
[INFO] [stdout]   11:     0x55f6b2665757 - std::panicking::begin_panic_handler::{{closure}}::he5778f1729cff84a
[INFO] [stdout]                                at /rustc/53fd98ca776cb875bc9e5514f56b52eb74f9e7a9/library/std/src/panicking.rs:517:13
[INFO] [stdout]   12:     0x55f6b266350c - std::sys_common::backtrace::__rust_end_short_backtrace::h2d11ca8b453b4b1d
[INFO] [stdout]                                at /rustc/53fd98ca776cb875bc9e5514f56b52eb74f9e7a9/library/std/src/sys_common/backtrace.rs:141:18
[INFO] [stdout]   13:     0x55f6b26656e9 - rust_begin_unwind
[INFO] [stdout]                                at /rustc/53fd98ca776cb875bc9e5514f56b52eb74f9e7a9/library/std/src/panicking.rs:515:5
[INFO] [stdout]   14:     0x55f6b25a7511 - core::panicking::panic_fmt::hf9de31d4acbce4db
[INFO] [stdout]                                at /rustc/53fd98ca776cb875bc9e5514f56b52eb74f9e7a9/library/core/src/panicking.rs:92:14
[INFO] [stdout]   15:     0x55f6b25a745d - core::panicking::panic::h8a6bc58a21c6c095
[INFO] [stdout]                                at /rustc/53fd98ca776cb875bc9e5514f56b52eb74f9e7a9/library/core/src/panicking.rs:50:5
[INFO] [stdout]   16:     0x55f6b25c274e - octi::workspace::test::test_create_workspace::h3417a5926422d649
[INFO] [stdout]                                at /opt/rustwide/workdir/src/workspace/mod.rs:17:9
[INFO] [stdout]   17:     0x55f6b25c24fa - octi::workspace::test::test_create_workspace::{{closure}}::haac6efb5dd03ad0d
[INFO] [stdout]                                at /opt/rustwide/workdir/src/workspace/mod.rs:14:5
[INFO] [stdout]   18:     0x55f6b25da65e - core::ops::function::FnOnce::call_once::h8befc45405440fca
[INFO] [stdout]                                at /rustc/53fd98ca776cb875bc9e5514f56b52eb74f9e7a9/library/core/src/ops/function.rs:227:5
[INFO] [stdout]   19:     0x55f6b2626733 - core::ops::function::FnOnce::call_once::hbb52c4519d3137b0
[INFO] [stdout]                                at /rustc/53fd98ca776cb875bc9e5514f56b52eb74f9e7a9/library/core/src/ops/function.rs:227:5
[INFO] [stdout]   20:     0x55f6b2626733 - test::__rust_begin_short_backtrace::h86fe3a2a5a5121af
[INFO] [stdout]                                at /rustc/53fd98ca776cb875bc9e5514f56b52eb74f9e7a9/library/test/src/lib.rs:578:5
[INFO] [stdout]   21:     0x55f6b26251e8 - <alloc::boxed::Box<F,A> as core::ops::function::FnOnce<Args>>::call_once::hfd956bc3d57399be
[INFO] [stdout]                                at /rustc/53fd98ca776cb875bc9e5514f56b52eb74f9e7a9/library/alloc/src/boxed.rs:1572:9
[INFO] [stdout]   22:     0x55f6b26251e8 - <std::panic::AssertUnwindSafe<F> as core::ops::function::FnOnce<()>>::call_once::h40dc93e0ddb5938a
[INFO] [stdout]                                at /rustc/53fd98ca776cb875bc9e5514f56b52eb74f9e7a9/library/std/src/panic.rs:347:9
[INFO] [stdout]   23:     0x55f6b26251e8 - std::panicking::try::do_call::h90d07750cb47c562
[INFO] [stdout]                                at /rustc/53fd98ca776cb875bc9e5514f56b52eb74f9e7a9/library/std/src/panicking.rs:401:40
[INFO] [stdout]   24:     0x55f6b26251e8 - std::panicking::try::h063c84733ad2a629
[INFO] [stdout]                                at /rustc/53fd98ca776cb875bc9e5514f56b52eb74f9e7a9/library/std/src/panicking.rs:365:19
[INFO] [stdout]   25:     0x55f6b26251e8 - std::panic::catch_unwind::h0c464836a84e7c08
[INFO] [stdout]                                at /rustc/53fd98ca776cb875bc9e5514f56b52eb74f9e7a9/library/std/src/panic.rs:434:14
[INFO] [stdout]   26:     0x55f6b26251e8 - test::run_test_in_process::h5cb06ef620b157fc
[INFO] [stdout]                                at /rustc/53fd98ca776cb875bc9e5514f56b52eb74f9e7a9/library/test/src/lib.rs:601:18
[INFO] [stdout]   27:     0x55f6b26251e8 - test::run_test::run_test_inner::{{closure}}::h76f677f4b93f9828
[INFO] [stdout]                                at /rustc/53fd98ca776cb875bc9e5514f56b52eb74f9e7a9/library/test/src/lib.rs:493:39
[INFO] [stdout]   28:     0x55f6b25f397d - test::run_test::run_test_inner::{{closure}}::h366d01fe04f4d67a
[INFO] [stdout]                                at /rustc/53fd98ca776cb875bc9e5514f56b52eb74f9e7a9/library/test/src/lib.rs:520:37
[INFO] [stdout]   29:     0x55f6b25f397d - std::sys_common::backtrace::__rust_begin_short_backtrace::h7dfa0de4eb395af2
[INFO] [stdout]                                at /rustc/53fd98ca776cb875bc9e5514f56b52eb74f9e7a9/library/std/src/sys_common/backtrace.rs:125:18
[INFO] [stdout]   30:     0x55f6b25f8148 - std::thread::Builder::spawn_unchecked::{{closure}}::{{closure}}::hf0a74bb58798037f
[INFO] [stdout]                                at /rustc/53fd98ca776cb875bc9e5514f56b52eb74f9e7a9/library/std/src/thread/mod.rs:476:17
[INFO] [stdout]   31:     0x55f6b25f8148 - <std::panic::AssertUnwindSafe<F> as core::ops::function::FnOnce<()>>::call_once::hb024e854818586ac
[INFO] [stdout]                                at /rustc/53fd98ca776cb875bc9e5514f56b52eb74f9e7a9/library/std/src/panic.rs:347:9
[INFO] [stdout]   32:     0x55f6b25f8148 - std::panicking::try::do_call::hb2dd9f1d0d48e41d
[INFO] [stdout]                                at /rustc/53fd98ca776cb875bc9e5514f56b52eb74f9e7a9/library/std/src/panicking.rs:401:40
[INFO] [stdout]   33:     0x55f6b25f8148 - std::panicking::try::h4717ae7bac8b2bf3
[INFO] [stdout]                                at /rustc/53fd98ca776cb875bc9e5514f56b52eb74f9e7a9/library/std/src/panicking.rs:365:19
[INFO] [stdout]   34:     0x55f6b25f8148 - std::panic::catch_unwind::h0dc8a061326ce8d8
[INFO] [stdout]                                at /rustc/53fd98ca776cb875bc9e5514f56b52eb74f9e7a9/library/std/src/panic.rs:434:14
[INFO] [stdout]   35:     0x55f6b25f8148 - std::thread::Builder::spawn_unchecked::{{closure}}::haa369e2d6fd00aa1
[INFO] [stdout]                                at /rustc/53fd98ca776cb875bc9e5514f56b52eb74f9e7a9/library/std/src/thread/mod.rs:475:30
[INFO] [stdout]   36:     0x55f6b25f8148 - core::ops::function::FnOnce::call_once{{vtable.shim}}::h36dcf3de8b056f17
[INFO] [stdout]                                at /rustc/53fd98ca776cb875bc9e5514f56b52eb74f9e7a9/library/core/src/ops/function.rs:227:5
[INFO] [stdout]   37:     0x55f6b266bdd7 - <alloc::boxed::Box<F,A> as core::ops::function::FnOnce<Args>>::call_once::h65c29e4642be2358
[INFO] [stdout]                                at /rustc/53fd98ca776cb875bc9e5514f56b52eb74f9e7a9/library/alloc/src/boxed.rs:1572:9
[INFO] [stdout]   38:     0x55f6b266bdd7 - <alloc::boxed::Box<F,A> as core::ops::function::FnOnce<Args>>::call_once::hd0f8f7fbbd9fffbf
[INFO] [stdout]                                at /rustc/53fd98ca776cb875bc9e5514f56b52eb74f9e7a9/library/alloc/src/boxed.rs:1572:9
[INFO] [stdout]   39:     0x55f6b266bdd7 - std::sys::unix::thread::Thread::new::thread_start::h2fd22fee3ca77b65
[INFO] [stdout]                                at /rustc/53fd98ca776cb875bc9e5514f56b52eb74f9e7a9/library/std/src/sys/unix/thread.rs:74:17
[INFO] [stdout]   40:     0x7f7493566609 - start_thread
[INFO] [stdout]   41:     0x7f7493338293 - clone
[INFO] [stdout]   42:                0x0 - <unknown>
[INFO] [stdout] 
[INFO] [stdout] 
[INFO] [stdout] failures:
[INFO] [stdout]     workspace::test::test_create_workspace
[INFO] [stdout] 
[INFO] [stdout] test result: FAILED. 6 passed; 1 failed; 0 ignored; 0 measured; 0 filtered out; finished in 0.07s
[INFO] [stdout] 
[INFO] [stderr] error: test failed, to rerun pass '--bin octi'
[INFO] running `Command { std: "docker" "inspect" "9d80334ed633da05d3ab5a58ef15bd01a06b810f543fcae46b63dd21e926aa05", kill_on_drop: false }`
[INFO] running `Command { std: "docker" "rm" "-f" "9d80334ed633da05d3ab5a58ef15bd01a06b810f543fcae46b63dd21e926aa05", kill_on_drop: false }`
[INFO] [stdout] 9d80334ed633da05d3ab5a58ef15bd01a06b810f543fcae46b63dd21e926aa05
