[INFO] cloning repository https://github.com/Inky-developer/debris
[INFO] running `Command { std: "git" "-c" "credential.helper=" "-c" "credential.helper=/workspace/cargo-home/bin/git-credential-null" "clone" "--bare" "https://github.com/Inky-developer/debris" "/workspace/cache/git-repos/https%3A%2F%2Fgithub.com%2FInky-developer%2Fdebris", kill_on_drop: false }`
[INFO] [stderr] Cloning into bare repository '/workspace/cache/git-repos/https%3A%2F%2Fgithub.com%2FInky-developer%2Fdebris'...
[INFO] running `Command { std: "git" "rev-parse" "HEAD", kill_on_drop: false }`
[INFO] [stdout] a77ebbbd339fa49dbc2991e410f208ae46fc74d8
[INFO] testing Inky-developer/debris against 1.54.0 for beta-1.55-1
[INFO] running `Command { std: "git" "clone" "/workspace/cache/git-repos/https%3A%2F%2Fgithub.com%2FInky-developer%2Fdebris" "/workspace/builds/worker-49/source", kill_on_drop: false }`
[INFO] [stderr] Cloning into '/workspace/builds/worker-49/source'...
[INFO] [stderr] done.
[INFO] validating manifest of git repo https://github.com/Inky-developer/debris on toolchain 1.54.0
[INFO] running `Command { std: "/workspace/cargo-home/bin/cargo" "+1.54.0" "metadata" "--manifest-path" "Cargo.toml" "--no-deps", kill_on_drop: false }`
[INFO] started tweaking git repo https://github.com/Inky-developer/debris
[INFO] finished tweaking git repo https://github.com/Inky-developer/debris
[INFO] tweaked toml for git repo https://github.com/Inky-developer/debris written to /workspace/builds/worker-49/source/Cargo.toml
[INFO] crate git repo https://github.com/Inky-developer/debris already has a lockfile, it will not be regenerated
[INFO] running `Command { std: "/workspace/cargo-home/bin/cargo" "+1.54.0" "fetch" "--manifest-path" "Cargo.toml", kill_on_drop: false }`
[INFO] [stderr]     Blocking waiting for file lock on package cache
[INFO] [stderr]     Blocking waiting for file lock on package cache
[INFO] running `Command { std: "docker" "create" "-v" "/var/lib/crater-agent-workspace/builds/worker-49/target:/opt/rustwide/target:rw,Z" "-v" "/var/lib/crater-agent-workspace/builds/worker-49/source:/opt/rustwide/workdir:ro,Z" "-v" "/var/lib/crater-agent-workspace/cargo-home:/opt/rustwide/cargo-home:ro,Z" "-v" "/var/lib/crater-agent-workspace/rustup-home:/opt/rustwide/rustup-home:ro,Z" "-e" "SOURCE_DIR=/opt/rustwide/workdir" "-e" "CARGO_TARGET_DIR=/opt/rustwide/target" "-e" "CARGO_HOME=/opt/rustwide/cargo-home" "-e" "RUSTUP_HOME=/opt/rustwide/rustup-home" "-w" "/opt/rustwide/workdir" "-m" "1610612736" "--user" "0:0" "--network" "none" "ghcr.io/rust-lang/crates-build-env/linux@sha256:34b6a614d2c27851fe6cbf88fbd1137609cefab8b10d0615aaeb6fd47975d74e" "/opt/rustwide/cargo-home/bin/cargo" "+1.54.0" "metadata" "--no-deps" "--format-version=1", kill_on_drop: false }`
[INFO] [stdout] d06dfdd5babe2969d0d0cab0b6faf1d3c2c9ddfa37337866c7554628f2a23700
[INFO] running `Command { std: "docker" "start" "-a" "d06dfdd5babe2969d0d0cab0b6faf1d3c2c9ddfa37337866c7554628f2a23700", kill_on_drop: false }`
[INFO] running `Command { std: "docker" "inspect" "d06dfdd5babe2969d0d0cab0b6faf1d3c2c9ddfa37337866c7554628f2a23700", kill_on_drop: false }`
[INFO] running `Command { std: "docker" "rm" "-f" "d06dfdd5babe2969d0d0cab0b6faf1d3c2c9ddfa37337866c7554628f2a23700", kill_on_drop: false }`
[INFO] [stdout] d06dfdd5babe2969d0d0cab0b6faf1d3c2c9ddfa37337866c7554628f2a23700
[INFO] running `Command { std: "docker" "create" "-v" "/var/lib/crater-agent-workspace/builds/worker-49/target:/opt/rustwide/target:rw,Z" "-v" "/var/lib/crater-agent-workspace/builds/worker-49/source:/opt/rustwide/workdir:ro,Z" "-v" "/var/lib/crater-agent-workspace/cargo-home:/opt/rustwide/cargo-home:ro,Z" "-v" "/var/lib/crater-agent-workspace/rustup-home:/opt/rustwide/rustup-home:ro,Z" "-e" "SOURCE_DIR=/opt/rustwide/workdir" "-e" "CARGO_TARGET_DIR=/opt/rustwide/target" "-e" "CARGO_INCREMENTAL=0" "-e" "RUST_BACKTRACE=full" "-e" "RUSTFLAGS=--cap-lints=warn" "-e" "CARGO_HOME=/opt/rustwide/cargo-home" "-e" "RUSTUP_HOME=/opt/rustwide/rustup-home" "-w" "/opt/rustwide/workdir" "-m" "1610612736" "--user" "0:0" "--network" "none" "ghcr.io/rust-lang/crates-build-env/linux@sha256:34b6a614d2c27851fe6cbf88fbd1137609cefab8b10d0615aaeb6fd47975d74e" "/opt/rustwide/cargo-home/bin/cargo" "+1.54.0" "build" "--frozen" "--message-format=json", kill_on_drop: false }`
[INFO] [stdout] 2e91d569e8b448ddb4d3e125fb40692aa7e45d5206a9b8e82e6cf13623a65bc5
[INFO] running `Command { std: "docker" "start" "-a" "2e91d569e8b448ddb4d3e125fb40692aa7e45d5206a9b8e82e6cf13623a65bc5", kill_on_drop: false }`
[INFO] [stderr]    Compiling syn v1.0.73
[INFO] [stderr]    Compiling rustc-hash v1.1.0
[INFO] [stderr]    Compiling yansi-term v0.1.2
[INFO] [stderr]    Compiling smol_str v0.1.18
[INFO] [stderr]    Compiling indexmap v1.7.0
[INFO] [stderr]    Compiling vfs v0.1.0 (/opt/rustwide/workdir/debris/vfs)
[INFO] [stderr]    Compiling annotate-snippets v0.9.0
[INFO] [stderr]    Compiling debris-common v0.1.0 (/opt/rustwide/workdir/debris/common)
[INFO] [stderr]    Compiling pest_generator v2.1.3
[INFO] [stderr]    Compiling thiserror-impl v1.0.26
[INFO] [stderr]    Compiling debris-derive v0.1.0 (/opt/rustwide/workdir/debris/derive)
[INFO] [stderr]    Compiling pest_derive v2.1.0
[INFO] [stderr]    Compiling thiserror v1.0.26
[INFO] [stderr]    Compiling debris-core v0.1.0 (/opt/rustwide/workdir/debris/core)
[INFO] [stderr]    Compiling debris-std v0.1.0 (/opt/rustwide/workdir/debris/std)
[INFO] [stderr]    Compiling debris-backends v0.1.0 (/opt/rustwide/workdir/debris/backends)
[INFO] [stderr]    Compiling debris-lang v0.1.0 (/opt/rustwide/workdir/debris)
[INFO] [stderr]     Finished dev [unoptimized + debuginfo] target(s) in 25.60s
[INFO] running `Command { std: "docker" "inspect" "2e91d569e8b448ddb4d3e125fb40692aa7e45d5206a9b8e82e6cf13623a65bc5", kill_on_drop: false }`
[INFO] running `Command { std: "docker" "rm" "-f" "2e91d569e8b448ddb4d3e125fb40692aa7e45d5206a9b8e82e6cf13623a65bc5", kill_on_drop: false }`
[INFO] [stdout] 2e91d569e8b448ddb4d3e125fb40692aa7e45d5206a9b8e82e6cf13623a65bc5
[INFO] running `Command { std: "docker" "create" "-v" "/var/lib/crater-agent-workspace/builds/worker-49/target:/opt/rustwide/target:rw,Z" "-v" "/var/lib/crater-agent-workspace/builds/worker-49/source:/opt/rustwide/workdir:ro,Z" "-v" "/var/lib/crater-agent-workspace/cargo-home:/opt/rustwide/cargo-home:ro,Z" "-v" "/var/lib/crater-agent-workspace/rustup-home:/opt/rustwide/rustup-home:ro,Z" "-e" "SOURCE_DIR=/opt/rustwide/workdir" "-e" "CARGO_TARGET_DIR=/opt/rustwide/target" "-e" "CARGO_INCREMENTAL=0" "-e" "RUST_BACKTRACE=full" "-e" "RUSTFLAGS=--cap-lints=warn" "-e" "CARGO_HOME=/opt/rustwide/cargo-home" "-e" "RUSTUP_HOME=/opt/rustwide/rustup-home" "-w" "/opt/rustwide/workdir" "-m" "1610612736" "--user" "0:0" "--network" "none" "ghcr.io/rust-lang/crates-build-env/linux@sha256:34b6a614d2c27851fe6cbf88fbd1137609cefab8b10d0615aaeb6fd47975d74e" "/opt/rustwide/cargo-home/bin/cargo" "+1.54.0" "test" "--frozen" "--no-run" "--message-format=json", kill_on_drop: false }`
[INFO] [stdout] 89fd3e64156db63e1f71e32449a93fbd39f9d23cfeab20004b7bd9f45746af98
[INFO] running `Command { std: "docker" "start" "-a" "89fd3e64156db63e1f71e32449a93fbd39f9d23cfeab20004b7bd9f45746af98", kill_on_drop: false }`
[INFO] [stderr]    Compiling encoding_index_tests v0.1.4
[INFO] [stderr]    Compiling semver v1.0.3
[INFO] [stderr]    Compiling untrusted v0.7.1
[INFO] [stderr]    Compiling spin v0.5.2
[INFO] [stderr]    Compiling crossbeam-epoch v0.9.5
[INFO] [stderr]    Compiling log v0.4.14
[INFO] [stderr]    Compiling rayon-core v1.9.1
[INFO] [stderr]    Compiling chunked_transfer v1.4.0
[INFO] [stderr]    Compiling plotters-backend v0.3.2
[INFO] [stderr]    Compiling regex-automata v0.1.10
[INFO] [stderr]    Compiling half v1.7.1
[INFO] [stderr]    Compiling oorandom v11.1.3
[INFO] [stderr]    Compiling rayon v1.5.1
[INFO] [stderr]    Compiling ring v0.16.20
[INFO] [stderr]    Compiling itertools v0.9.0
[INFO] [stderr]    Compiling rcon v0.1.0 (https://github.com/Inky-developer/mc_utils#03f2e628)
[INFO] [stderr]    Compiling vfs v0.1.0 (/opt/rustwide/workdir/debris/vfs)
[INFO] [stderr]    Compiling unicode-normalization v0.1.19
[INFO] [stderr]    Compiling crossbeam-channel v0.5.1
[INFO] [stderr]    Compiling dirs-sys v0.3.6
[INFO] [stderr]    Compiling csv-core v0.1.10
[INFO] [stderr]    Compiling clap v2.33.3
[INFO] [stderr]    Compiling debris-common v0.1.0 (/opt/rustwide/workdir/debris/common)
[INFO] [stderr]    Compiling num-integer v0.1.44
[INFO] [stderr]    Compiling serde_derive v1.0.126
[INFO] [stderr]    Compiling debris-derive v0.1.0 (/opt/rustwide/workdir/debris/derive)
[INFO] [stderr]    Compiling debris-core v0.1.0 (/opt/rustwide/workdir/debris/core)
[INFO] [stderr]    Compiling debris-std v0.1.0 (/opt/rustwide/workdir/debris/std)
[INFO] [stderr]    Compiling debris-backends v0.1.0 (/opt/rustwide/workdir/debris/backends)
[INFO] [stderr]    Compiling encoding-index-singlebyte v1.20141219.5
[INFO] [stderr]    Compiling encoding-index-korean v1.20141219.5
[INFO] [stderr]    Compiling encoding-index-simpchinese v1.20141219.5
[INFO] [stderr]    Compiling encoding-index-japanese v1.20141219.5
[INFO] [stderr]    Compiling encoding-index-tradchinese v1.20141219.5
[INFO] [stderr]    Compiling dirs v3.0.2
[INFO] [stderr]    Compiling plotters-svg v0.3.1
[INFO] [stderr]    Compiling chrono v0.4.19
[INFO] [stderr]    Compiling plotters v0.3.1
[INFO] [stderr]    Compiling encoding v0.2.33
[INFO] [stderr]    Compiling crossbeam-deque v0.8.0
[INFO] [stderr]    Compiling rustc_version v0.4.0
[INFO] [stderr]    Compiling java-properties v1.3.0
[INFO] [stderr]    Compiling idna v0.2.3
[INFO] [stderr]    Compiling cast v0.2.7
[INFO] [stderr]    Compiling url v2.2.2
[INFO] [stderr]    Compiling criterion-plot v0.4.3
[INFO] [stderr]    Compiling webpki v0.21.4
[INFO] [stderr]    Compiling sct v0.6.1
[INFO] [stderr]    Compiling webpki-roots v0.21.1
[INFO] [stderr]    Compiling rustls v0.19.1
[INFO] [stderr]    Compiling serde v1.0.126
[INFO] [stderr]    Compiling serde_json v1.0.64
[INFO] [stderr]    Compiling bstr v0.2.16
[INFO] [stderr]    Compiling serde_cbor v0.11.1
[INFO] [stderr]    Compiling csv v1.1.6
[INFO] [stderr]    Compiling ureq v2.1.1
[INFO] [stderr]    Compiling tinytemplate v1.2.1
[INFO] [stderr]    Compiling criterion v0.3.4
[INFO] [stderr]    Compiling server v0.1.0 (https://github.com/Inky-developer/mc_utils#03f2e628)
[INFO] [stderr]    Compiling mc_utils v0.1.0 (https://github.com/Inky-developer/mc_utils#03f2e628)
[INFO] [stderr]    Compiling debris-lang v0.1.0 (/opt/rustwide/workdir/debris)
[INFO] [stderr]     Finished test [unoptimized + debuginfo] target(s) in 36.48s
[INFO] running `Command { std: "docker" "inspect" "89fd3e64156db63e1f71e32449a93fbd39f9d23cfeab20004b7bd9f45746af98", kill_on_drop: false }`
[INFO] running `Command { std: "docker" "rm" "-f" "89fd3e64156db63e1f71e32449a93fbd39f9d23cfeab20004b7bd9f45746af98", kill_on_drop: false }`
[INFO] [stdout] 89fd3e64156db63e1f71e32449a93fbd39f9d23cfeab20004b7bd9f45746af98
[INFO] running `Command { std: "docker" "create" "-v" "/var/lib/crater-agent-workspace/builds/worker-49/target:/opt/rustwide/target:rw,Z" "-v" "/var/lib/crater-agent-workspace/builds/worker-49/source:/opt/rustwide/workdir:ro,Z" "-v" "/var/lib/crater-agent-workspace/cargo-home:/opt/rustwide/cargo-home:ro,Z" "-v" "/var/lib/crater-agent-workspace/rustup-home:/opt/rustwide/rustup-home:ro,Z" "-e" "SOURCE_DIR=/opt/rustwide/workdir" "-e" "CARGO_TARGET_DIR=/opt/rustwide/target" "-e" "CARGO_INCREMENTAL=0" "-e" "RUST_BACKTRACE=full" "-e" "RUSTFLAGS=--cap-lints=warn" "-e" "CARGO_HOME=/opt/rustwide/cargo-home" "-e" "RUSTUP_HOME=/opt/rustwide/rustup-home" "-w" "/opt/rustwide/workdir" "-m" "1610612736" "--user" "0:0" "--network" "none" "ghcr.io/rust-lang/crates-build-env/linux@sha256:34b6a614d2c27851fe6cbf88fbd1137609cefab8b10d0615aaeb6fd47975d74e" "/opt/rustwide/cargo-home/bin/cargo" "+1.54.0" "test" "--frozen", kill_on_drop: false }`
[INFO] [stdout] 74ca1872b3f95d4c393d24159a4e0417bd256ee2d635b7e222f0ff899be8d94d
[INFO] running `Command { std: "docker" "start" "-a" "74ca1872b3f95d4c393d24159a4e0417bd256ee2d635b7e222f0ff899be8d94d", kill_on_drop: false }`
[INFO] [stderr]     Blocking waiting for file lock on package cache
[INFO] [stderr]     Finished test [unoptimized + debuginfo] target(s) in 0.17s
[INFO] [stderr]      Running unittests (/opt/rustwide/target/debug/deps/debris_backends-d6395b9557ae5e49)
[INFO] [stdout] 
[INFO] [stdout] running 24 tests
[INFO] [stdout] test common::string_escape::test::test_escape_minecraft ... ok
[INFO] [stdout] test datapack::json_formatter::tests::test_formatter ... ok
[INFO] [stdout] test datapack::json_formatter::tests::test_formatter_empty ... ok
[INFO] [stdout] test datapack::json_formatter::tests::test_newlines ... ok
[INFO] [stdout] test datapack::json_formatter::tests::test_formatter_multiple_args ... ok
[INFO] [stdout] test datapack::stringify::tests::test_execute ... ok
[INFO] [stdout] test datapack::stringify::tests::test_execute_no_command ... ok
[INFO] [stdout] test datapack::stringify::tests::test_function ... ok
[INFO] [stdout] test datapack::stringify::tests::test_raw_command ... ok
[INFO] [stdout] test datapack::stringify::tests::test_scoreboard_add ... ok
[INFO] [stdout] test datapack::stringify::tests::test_scoreboard_operation ... ok
[INFO] [stdout] test datapack::stringify::tests::test_scoreboard_operation_add ... ok
[INFO] [stdout] test datapack::stringify::tests::test_scoreboard_operation_add_neg ... ok
[INFO] [stdout] test datapack::stringify::tests::test_scoreboard_remove ... ok
[INFO] [stdout] test datapack::stringify::tests::test_scoreboard_set ... ok
[INFO] [stdout] test datapack::stringify::tests::test_scoreboard_set_equal ... ok
[INFO] [stdout] test datapack::stringify::tests::test_scoreboard_set_from_result ... ok
[INFO] [stdout] test datapack::stringify::tests::test_stringify_execute_part_score_range ... ok
[INFO] [stdout] test datapack::stringify::tests::test_stringify_execute_part_score_range_greater ... ok
[INFO] [stdout] test datapack::stringify::tests::test_stringify_execute_part_score_range_not ... ok
[INFO] [stdout] test datapack::stringify::tests::test_stringify_execute_part_score_relation ... ok
[INFO] [stdout] test datapack::stringify::tests::test_write_message ... ok
[INFO] [stdout] test datapack::stringify::tests::test_write_message_chat ... ok
[INFO] [stdout] test datapack::tests::test_default_pack ... ok
[INFO] [stdout] 
[INFO] [stdout] test result: ok. 24 passed; 0 failed; 0 ignored; 0 measured; 0 filtered out; finished in 0.00s
[INFO] [stdout] 
[INFO] [stderr]      Running unittests (/opt/rustwide/target/debug/deps/debris_common-f1a70a550d437290)
[INFO] [stdout] 
[INFO] [stdout] running 13 tests
[INFO] [stdout] test graph::tests::test_graph_matrix ... ok
[INFO] [stdout] test graph::tests::test_graph_dfs ... ok
[INFO] [stdout] test graph::tests::test_loop_detector ... ok
[INFO] [stdout] test input_file::tests::test_code_span ... ok
[INFO] [stdout] test input_file::tests::test_code_from_span ... ok
[INFO] [stdout] test input_file::tests::test_input_files_members ... ok
[INFO] [stdout] test input_file::tests::test_input_files_offset ... ok
[INFO] [stdout] test input_file::tests::test_span_line ... ok
[INFO] [stdout] test input_file::tests::test_span_str ... ok
[INFO] [stdout] test span::tests::local_span_correct ... ok
[INFO] [stdout] test span::tests::span_char_bounds ... ok
[INFO] [stdout] test input_file::tests::test_span_str_panic_a - should panic ... ok
[INFO] [stdout] test input_file::tests::test_span_str_panic_b - should panic ... ok
[INFO] [stdout] 
[INFO] [stdout] test result: ok. 13 passed; 0 failed; 0 ignored; 0 measured; 0 filtered out; finished in 0.02s
[INFO] [stdout] 
[INFO] [stderr]      Running unittests (/opt/rustwide/target/debug/deps/debris_core-693601b07a580a08)
[INFO] [stdout] 
[INFO] [stdout] running 5 tests
[INFO] [stdout] test hir::tests::test_parses_int ... ok
[INFO] [stdout] test llir::opt::global_opt::tests::test_not_accidentally_debug ... ok
[INFO] [stdout] test hir::tests::test_parses_string ... ok
[INFO] [stdout] test hir::tests::test_not_parses ... ok
[INFO] [stdout] test hir::tests::test_parses ... ok
[INFO] [stdout] 
[INFO] [stdout] test result: ok. 5 passed; 0 failed; 0 ignored; 0 measured; 0 filtered out; finished in 0.01s
[INFO] [stdout] 
[INFO] [stderr]      Running unittests (/opt/rustwide/target/debug/deps/debris_derive-17609c4e14cdf2f3)
[INFO] [stdout] 
[INFO] [stdout] running 0 tests
[INFO] [stdout] 
[INFO] [stdout] test result: ok. 0 passed; 0 failed; 0 ignored; 0 measured; 0 filtered out; finished in 0.00s
[INFO] [stdout] 
[INFO] [stderr]      Running unittests (/opt/rustwide/target/debug/deps/debris_lang-2d749b5687a732cc)
[INFO] [stdout] 
[INFO] [stdout] running 0 tests
[INFO] [stdout] 
[INFO] [stdout] test result: ok. 0 passed; 0 failed; 0 ignored; 0 measured; 0 filtered out; finished in 0.00s
[INFO] [stdout] 
[INFO] [stderr]      Running unittests (/opt/rustwide/target/debug/deps/debris_lang-1237762c31841f6b)
[INFO] [stdout] 
[INFO] [stdout] running 0 tests
[INFO] [stdout] 
[INFO] [stdout] test result: ok. 0 passed; 0 failed; 0 ignored; 0 measured; 0 filtered out; finished in 0.00s
[INFO] [stdout] 
[INFO] [stderr]      Running tests/compile_tests.rs (/opt/rustwide/target/debug/deps/compile_tests-de7771eaec8ad6cf)
[INFO] [stdout] 
[INFO] [stdout] running 2 tests
[INFO] [stdout] test test_compile_fails ... ok
[INFO] [stdout] test test_compile_succeeds ... ok
[INFO] [stdout] 
[INFO] [stdout] test result: ok. 2 passed; 0 failed; 0 ignored; 0 measured; 0 filtered out; finished in 0.09s
[INFO] [stdout] 
[INFO] [stderr]      Running tests/datapack_tests.rs (/opt/rustwide/target/debug/deps/datapack_tests-b132ba5b78cc6484)
[INFO] [stdout] 
[INFO] [stdout] running 1 test
[INFO] [stdout] test test_compiled_datapacks ... FAILED
[INFO] [stdout] 
[INFO] [stdout] failures:
[INFO] [stdout] 
[INFO] [stdout] ---- test_compiled_datapacks stdout ----
[INFO] [stdout] Tempdir at /tmp/.debris_test
[INFO] [stdout] thread 'test_compiled_datapacks' panicked at 'Could not download the version manifest: Transport(Transport { kind: Dns, message: None, url: Some(Url { scheme: "https", cannot_be_a_base: false, username: "", password: None, host: Some(Domain("launchermeta.mojang.com")), port: None, path: "/mc/game/version_manifest.json", query: None, fragment: None }), source: Some(Custom { kind: Other, error: "failed to lookup address information: Temporary failure in name resolution" }), response: None })', /opt/rustwide/cargo-home/git/checkouts/mc_utils-1c97280ebd8bc8f0/03f2e62/mc_utils/server/src/version.rs:118:14
[INFO] [stdout] stack backtrace:
[INFO] [stdout]    0:     0x555d9ad9e2f0 - std::backtrace_rs::backtrace::libunwind::trace::h34055254b57d8e79
[INFO] [stdout]                                at /rustc/a178d0322ce20e33eac124758e837cbd80a6f633/library/std/src/../../backtrace/src/backtrace/libunwind.rs:90:5
[INFO] [stdout]    1:     0x555d9ad9e2f0 - std::backtrace_rs::backtrace::trace_unsynchronized::h8f1e3fbd9afff6ec
[INFO] [stdout]                                at /rustc/a178d0322ce20e33eac124758e837cbd80a6f633/library/std/src/../../backtrace/src/backtrace/mod.rs:66:5
[INFO] [stdout]    2:     0x555d9ad9e2f0 - std::sys_common::backtrace::_print_fmt::h3a99a796b770c360
[INFO] [stdout]                                at /rustc/a178d0322ce20e33eac124758e837cbd80a6f633/library/std/src/sys_common/backtrace.rs:67:5
[INFO] [stdout]    3:     0x555d9ad9e2f0 - <std::sys_common::backtrace::_print::DisplayBacktrace as core::fmt::Display>::fmt::h32d1f94a80615d18
[INFO] [stdout]                                at /rustc/a178d0322ce20e33eac124758e837cbd80a6f633/library/std/src/sys_common/backtrace.rs:46:22
[INFO] [stdout]    4:     0x555d9adc38bc - core::fmt::write::h306731c068f7162c
[INFO] [stdout]                                at /rustc/a178d0322ce20e33eac124758e837cbd80a6f633/library/core/src/fmt/mod.rs:1110:17
[INFO] [stdout]    5:     0x555d9ad96bf5 - std::io::Write::write_fmt::h87f19b0a2cd190bc
[INFO] [stdout]                                at /rustc/a178d0322ce20e33eac124758e837cbd80a6f633/library/std/src/io/mod.rs:1588:15
[INFO] [stdout]    6:     0x555d9ada088b - std::sys_common::backtrace::_print::h5abaa2601a852287
[INFO] [stdout]                                at /rustc/a178d0322ce20e33eac124758e837cbd80a6f633/library/std/src/sys_common/backtrace.rs:49:5
[INFO] [stdout]    7:     0x555d9ada088b - std::sys_common::backtrace::print::h8d81445442bb638f
[INFO] [stdout]                                at /rustc/a178d0322ce20e33eac124758e837cbd80a6f633/library/std/src/sys_common/backtrace.rs:36:9
[INFO] [stdout]    8:     0x555d9ada088b - std::panicking::default_hook::{{closure}}::hcfe804496a9fa747
[INFO] [stdout]                                at /rustc/a178d0322ce20e33eac124758e837cbd80a6f633/library/std/src/panicking.rs:208:50
[INFO] [stdout]    9:     0x555d9ada039c - std::panicking::default_hook::hbea8e3ccf2ba8901
[INFO] [stdout]                                at /rustc/a178d0322ce20e33eac124758e837cbd80a6f633/library/std/src/panicking.rs:222:9
[INFO] [stdout]   10:     0x555d9ada0f54 - std::panicking::rust_panic_with_hook::h7ee9e1a2d0f8975a
[INFO] [stdout]                                at /rustc/a178d0322ce20e33eac124758e837cbd80a6f633/library/std/src/panicking.rs:622:17
[INFO] [stdout]   11:     0x555d9ada0a37 - std::panicking::begin_panic_handler::{{closure}}::h8ab3b4491718b2c7
[INFO] [stdout]                                at /rustc/a178d0322ce20e33eac124758e837cbd80a6f633/library/std/src/panicking.rs:519:13
[INFO] [stdout]   12:     0x555d9ad9e7ec - std::sys_common::backtrace::__rust_end_short_backtrace::hd489062ffa586a9f
[INFO] [stdout]                                at /rustc/a178d0322ce20e33eac124758e837cbd80a6f633/library/std/src/sys_common/backtrace.rs:141:18
[INFO] [stdout]   13:     0x555d9ada0999 - rust_begin_unwind
[INFO] [stdout]                                at /rustc/a178d0322ce20e33eac124758e837cbd80a6f633/library/std/src/panicking.rs:515:5
[INFO] [stdout]   14:     0x555d9a632cb1 - core::panicking::panic_fmt::hca6330e3e14086b4
[INFO] [stdout]                                at /rustc/a178d0322ce20e33eac124758e837cbd80a6f633/library/core/src/panicking.rs:92:14
[INFO] [stdout]   15:     0x555d9a632da3 - core::result::unwrap_failed::h6160d2b4bfbb0e87
[INFO] [stdout]                                at /rustc/a178d0322ce20e33eac124758e837cbd80a6f633/library/core/src/result.rs:1355:5
[INFO] [stdout]   16:     0x555d9a67866e - core::result::Result<T,E>::expect::hcaa53f938dcecbe2
[INFO] [stdout]                                at /rustc/a178d0322ce20e33eac124758e837cbd80a6f633/library/core/src/result.rs:997:23
[INFO] [stdout]   17:     0x555d9a684507 - <server::version::VersionManifest as core::default::Default>::default::hcbf361ec3d824450
[INFO] [stdout]                                at /opt/rustwide/cargo-home/git/checkouts/mc_utils-1c97280ebd8bc8f0/03f2e62/mc_utils/server/src/version.rs:116:45
[INFO] [stdout]   18:     0x555d9a634bf1 - datapack_tests::test_compiled_datapacks::h4a22c7d997750d01
[INFO] [stdout]                                at /opt/rustwide/workdir/debris/tests/datapack_tests.rs:103:28
[INFO] [stdout]   19:     0x555d9a63480a - datapack_tests::test_compiled_datapacks::{{closure}}::h006e48fe66789cf7
[INFO] [stdout]                                at /opt/rustwide/workdir/debris/tests/datapack_tests.rs:61:1
[INFO] [stdout]   20:     0x555d9a6384fe - core::ops::function::FnOnce::call_once::h63eba13020952595
[INFO] [stdout]                                at /rustc/a178d0322ce20e33eac124758e837cbd80a6f633/library/core/src/ops/function.rs:227:5
[INFO] [stdout]   21:     0x555d9a664d33 - core::ops::function::FnOnce::call_once::h152e7e439ff59e19
[INFO] [stdout]                                at /rustc/a178d0322ce20e33eac124758e837cbd80a6f633/library/core/src/ops/function.rs:227:5
[INFO] [stdout]   22:     0x555d9a664d33 - test::__rust_begin_short_backtrace::h0908f3b1fdbb72ab
[INFO] [stdout]                                at /rustc/a178d0322ce20e33eac124758e837cbd80a6f633/library/test/src/lib.rs:577:5
[INFO] [stdout]   23:     0x555d9a6637f0 - <alloc::boxed::Box<F,A> as core::ops::function::FnOnce<Args>>::call_once::hf6d2a51e5587546c
[INFO] [stdout]                                at /rustc/a178d0322ce20e33eac124758e837cbd80a6f633/library/alloc/src/boxed.rs:1575:9
[INFO] [stdout]   24:     0x555d9a6637f0 - <std::panic::AssertUnwindSafe<F> as core::ops::function::FnOnce<()>>::call_once::h8af660f3a89ef593
[INFO] [stdout]                                at /rustc/a178d0322ce20e33eac124758e837cbd80a6f633/library/std/src/panic.rs:347:9
[INFO] [stdout]   25:     0x555d9a6637f0 - std::panicking::try::do_call::hd36aef60f84b6d36
[INFO] [stdout]                                at /rustc/a178d0322ce20e33eac124758e837cbd80a6f633/library/std/src/panicking.rs:401:40
[INFO] [stdout]   26:     0x555d9a6637f0 - std::panicking::try::h9932b4480e69817c
[INFO] [stdout]                                at /rustc/a178d0322ce20e33eac124758e837cbd80a6f633/library/std/src/panicking.rs:365:19
[INFO] [stdout]   27:     0x555d9a6637f0 - std::panic::catch_unwind::h6aa177099cfff5f8
[INFO] [stdout]                                at /rustc/a178d0322ce20e33eac124758e837cbd80a6f633/library/std/src/panic.rs:434:14
[INFO] [stdout]   28:     0x555d9a6637f0 - test::run_test_in_process::h5884d6f2d99e20c3
[INFO] [stdout]                                at /rustc/a178d0322ce20e33eac124758e837cbd80a6f633/library/test/src/lib.rs:600:18
[INFO] [stdout]   29:     0x555d9a6637f0 - test::run_test::run_test_inner::{{closure}}::h6fdc58c6d5f5b6e3
[INFO] [stdout]                                at /rustc/a178d0322ce20e33eac124758e837cbd80a6f633/library/test/src/lib.rs:492:39
[INFO] [stdout]   30:     0x555d9a63cea2 - test::run_test::run_test_inner::{{closure}}::h408365d67a78ade8
[INFO] [stdout]                                at /rustc/a178d0322ce20e33eac124758e837cbd80a6f633/library/test/src/lib.rs:519:37
[INFO] [stdout]   31:     0x555d9a63cea2 - std::sys_common::backtrace::__rust_begin_short_backtrace::hb560b77c4f701523
[INFO] [stdout]                                at /rustc/a178d0322ce20e33eac124758e837cbd80a6f633/library/std/src/sys_common/backtrace.rs:125:18
[INFO] [stdout]   32:     0x555d9a640a58 - std::thread::Builder::spawn_unchecked::{{closure}}::{{closure}}::hf2e7831dad93c597
[INFO] [stdout]                                at /rustc/a178d0322ce20e33eac124758e837cbd80a6f633/library/std/src/thread/mod.rs:481:17
[INFO] [stdout]   33:     0x555d9a640a58 - <std::panic::AssertUnwindSafe<F> as core::ops::function::FnOnce<()>>::call_once::hd2e08783d8be4d02
[INFO] [stdout]                                at /rustc/a178d0322ce20e33eac124758e837cbd80a6f633/library/std/src/panic.rs:347:9
[INFO] [stdout]   34:     0x555d9a640a58 - std::panicking::try::do_call::h062597b7acfd6b82
[INFO] [stdout]                                at /rustc/a178d0322ce20e33eac124758e837cbd80a6f633/library/std/src/panicking.rs:401:40
[INFO] [stdout]   35:     0x555d9a640a58 - std::panicking::try::h0d7b79db04c14552
[INFO] [stdout]                                at /rustc/a178d0322ce20e33eac124758e837cbd80a6f633/library/std/src/panicking.rs:365:19
[INFO] [stdout]   36:     0x555d9a640a58 - std::panic::catch_unwind::hb01a0b5e7c8cd43b
[INFO] [stdout]                                at /rustc/a178d0322ce20e33eac124758e837cbd80a6f633/library/std/src/panic.rs:434:14
[INFO] [stdout]   37:     0x555d9a640a58 - std::thread::Builder::spawn_unchecked::{{closure}}::h5bde48cc887e0d1e
[INFO] [stdout]                                at /rustc/a178d0322ce20e33eac124758e837cbd80a6f633/library/std/src/thread/mod.rs:480:30
[INFO] [stdout]   38:     0x555d9a640a58 - core::ops::function::FnOnce::call_once{{vtable.shim}}::h745ea30807a29e55
[INFO] [stdout]                                at /rustc/a178d0322ce20e33eac124758e837cbd80a6f633/library/core/src/ops/function.rs:227:5
[INFO] [stdout]   39:     0x555d9ada73f7 - <alloc::boxed::Box<F,A> as core::ops::function::FnOnce<Args>>::call_once::h7ece6cfefaff1005
[INFO] [stdout]                                at /rustc/a178d0322ce20e33eac124758e837cbd80a6f633/library/alloc/src/boxed.rs:1575:9
[INFO] [stdout]   40:     0x555d9ada73f7 - <alloc::boxed::Box<F,A> as core::ops::function::FnOnce<Args>>::call_once::hb8b48e55c21f193e
[INFO] [stdout]                                at /rustc/a178d0322ce20e33eac124758e837cbd80a6f633/library/alloc/src/boxed.rs:1575:9
[INFO] [stdout]   41:     0x555d9ada73f7 - std::sys::unix::thread::Thread::new::thread_start::h8c7c4450dba62914
[INFO] [stdout]                                at /rustc/a178d0322ce20e33eac124758e837cbd80a6f633/library/std/src/sys/unix/thread.rs:71:17
[INFO] [stdout]   42:     0x7ff24a615609 - start_thread
[INFO] [stdout]   43:     0x7ff24a3e7293 - clone
[INFO] [stdout]   44:                0x0 - <unknown>
[INFO] [stdout] 
[INFO] [stdout] 
[INFO] [stdout] failures:
[INFO] [stdout]     test_compiled_datapacks
[INFO] [stdout] 
[INFO] [stdout] test result: FAILED. 0 passed; 1 failed; 0 ignored; 0 measured; 0 filtered out; finished in 0.05s
[INFO] [stdout] 
[INFO] [stderr] error: test failed, to rerun pass '-p debris-lang --test datapack_tests'
[INFO] running `Command { std: "docker" "inspect" "74ca1872b3f95d4c393d24159a4e0417bd256ee2d635b7e222f0ff899be8d94d", kill_on_drop: false }`
[INFO] running `Command { std: "docker" "rm" "-f" "74ca1872b3f95d4c393d24159a4e0417bd256ee2d635b7e222f0ff899be8d94d", kill_on_drop: false }`
[INFO] [stdout] 74ca1872b3f95d4c393d24159a4e0417bd256ee2d635b7e222f0ff899be8d94d
