[INFO] cloning repository https://github.com/Ichimonji10/killjoy
[INFO] running `Command { std: "git" "-c" "credential.helper=" "-c" "credential.helper=/workspace/cargo-home/bin/git-credential-null" "clone" "--bare" "https://github.com/Ichimonji10/killjoy" "/workspace/cache/git-repos/https%3A%2F%2Fgithub.com%2FIchimonji10%2Fkilljoy", kill_on_drop: false }`
[INFO] [stderr] Cloning into bare repository '/workspace/cache/git-repos/https%3A%2F%2Fgithub.com%2FIchimonji10%2Fkilljoy'...
[INFO] running `Command { std: "git" "rev-parse" "HEAD", kill_on_drop: false }`
[INFO] [stdout] 4dc8737124104fe58f2d2d2c718bfe15fd8fe6fa
[INFO] testing Ichimonji10/killjoy against 1.54.0 for beta-1.55-1
[INFO] running `Command { std: "git" "clone" "/workspace/cache/git-repos/https%3A%2F%2Fgithub.com%2FIchimonji10%2Fkilljoy" "/workspace/builds/worker-66/source", kill_on_drop: false }`
[INFO] [stderr] Cloning into '/workspace/builds/worker-66/source'...
[INFO] [stderr] done.
[INFO] validating manifest of git repo https://github.com/Ichimonji10/killjoy on toolchain 1.54.0
[INFO] running `Command { std: "/workspace/cargo-home/bin/cargo" "+1.54.0" "metadata" "--manifest-path" "Cargo.toml" "--no-deps", kill_on_drop: false }`
[INFO] started tweaking git repo https://github.com/Ichimonji10/killjoy
[INFO] finished tweaking git repo https://github.com/Ichimonji10/killjoy
[INFO] tweaked toml for git repo https://github.com/Ichimonji10/killjoy written to /workspace/builds/worker-66/source/Cargo.toml
[INFO] crate git repo https://github.com/Ichimonji10/killjoy already has a lockfile, it will not be regenerated
[INFO] running `Command { std: "/workspace/cargo-home/bin/cargo" "+1.54.0" "fetch" "--manifest-path" "Cargo.toml", kill_on_drop: false }`
[INFO] [stderr]     Blocking waiting for file lock on package cache
[INFO] running `Command { std: "docker" "create" "-v" "/var/lib/crater-agent-workspace/builds/worker-66/target:/opt/rustwide/target:rw,Z" "-v" "/var/lib/crater-agent-workspace/builds/worker-66/source:/opt/rustwide/workdir:ro,Z" "-v" "/var/lib/crater-agent-workspace/cargo-home:/opt/rustwide/cargo-home:ro,Z" "-v" "/var/lib/crater-agent-workspace/rustup-home:/opt/rustwide/rustup-home:ro,Z" "-e" "SOURCE_DIR=/opt/rustwide/workdir" "-e" "CARGO_TARGET_DIR=/opt/rustwide/target" "-e" "CARGO_HOME=/opt/rustwide/cargo-home" "-e" "RUSTUP_HOME=/opt/rustwide/rustup-home" "-w" "/opt/rustwide/workdir" "-m" "1610612736" "--user" "0:0" "--network" "none" "ghcr.io/rust-lang/crates-build-env/linux@sha256:34b6a614d2c27851fe6cbf88fbd1137609cefab8b10d0615aaeb6fd47975d74e" "/opt/rustwide/cargo-home/bin/cargo" "+1.54.0" "metadata" "--no-deps" "--format-version=1", kill_on_drop: false }`
[INFO] [stdout] 27496c9284a34830d669b6c25ba04620c2ab3a8272549bf0129e0adf38afaca2
[INFO] running `Command { std: "docker" "start" "-a" "27496c9284a34830d669b6c25ba04620c2ab3a8272549bf0129e0adf38afaca2", kill_on_drop: false }`
[INFO] running `Command { std: "docker" "inspect" "27496c9284a34830d669b6c25ba04620c2ab3a8272549bf0129e0adf38afaca2", kill_on_drop: false }`
[INFO] running `Command { std: "docker" "rm" "-f" "27496c9284a34830d669b6c25ba04620c2ab3a8272549bf0129e0adf38afaca2", kill_on_drop: false }`
[INFO] [stdout] 27496c9284a34830d669b6c25ba04620c2ab3a8272549bf0129e0adf38afaca2
[INFO] running `Command { std: "docker" "create" "-v" "/var/lib/crater-agent-workspace/builds/worker-66/target:/opt/rustwide/target:rw,Z" "-v" "/var/lib/crater-agent-workspace/builds/worker-66/source:/opt/rustwide/workdir:ro,Z" "-v" "/var/lib/crater-agent-workspace/cargo-home:/opt/rustwide/cargo-home:ro,Z" "-v" "/var/lib/crater-agent-workspace/rustup-home:/opt/rustwide/rustup-home:ro,Z" "-e" "SOURCE_DIR=/opt/rustwide/workdir" "-e" "CARGO_TARGET_DIR=/opt/rustwide/target" "-e" "CARGO_INCREMENTAL=0" "-e" "RUST_BACKTRACE=full" "-e" "RUSTFLAGS=--cap-lints=warn" "-e" "CARGO_HOME=/opt/rustwide/cargo-home" "-e" "RUSTUP_HOME=/opt/rustwide/rustup-home" "-w" "/opt/rustwide/workdir" "-m" "1610612736" "--user" "0:0" "--network" "none" "ghcr.io/rust-lang/crates-build-env/linux@sha256:34b6a614d2c27851fe6cbf88fbd1137609cefab8b10d0615aaeb6fd47975d74e" "/opt/rustwide/cargo-home/bin/cargo" "+1.54.0" "build" "--frozen" "--message-format=json", kill_on_drop: false }`
[INFO] [stdout] 60487a93dce4e491452bffe4ab0d4c79b5f0327d52ade5da50a2f43dd174d9bb
[INFO] running `Command { std: "docker" "start" "-a" "60487a93dce4e491452bffe4ab0d4c79b5f0327d52ade5da50a2f43dd174d9bb", kill_on_drop: false }`
[INFO] [stderr]    Compiling proc-macro2 v1.0.5
[INFO] [stderr]    Compiling unicode-xid v0.2.0
[INFO] [stderr]    Compiling syn v1.0.5
[INFO] [stderr]    Compiling libc v0.2.64
[INFO] [stderr]    Compiling pkg-config v0.3.16
[INFO] [stderr]    Compiling memchr v2.2.1
[INFO] [stderr]    Compiling serde v1.0.101
[INFO] [stderr]    Compiling ryu v1.0.2
[INFO] [stderr]    Compiling unicode-width v0.1.6
[INFO] [stderr]    Compiling itoa v0.4.4
[INFO] [stderr]    Compiling regex-syntax v0.6.12
[INFO] [stderr]    Compiling xdg v2.2.0
[INFO] [stderr]    Compiling thread_local v0.3.6
[INFO] [stderr]    Compiling textwrap v0.11.0
[INFO] [stderr]    Compiling libdbus-sys v0.2.1
[INFO] [stderr]    Compiling aho-corasick v0.7.6
[INFO] [stderr]    Compiling atty v0.2.13
[INFO] [stderr]    Compiling dbus v0.6.5
[INFO] [stderr]    Compiling quote v1.0.2
[INFO] [stderr]    Compiling clap v2.33.0
[INFO] [stderr]    Compiling regex v1.3.1
[INFO] [stderr]    Compiling serde_derive v1.0.101
[INFO] [stderr]    Compiling serde_json v1.0.41
[INFO] [stderr]    Compiling killjoy v0.2.0 (/opt/rustwide/workdir)
[INFO] [stderr]     Finished dev [unoptimized + debuginfo] target(s) in 30.73s
[INFO] running `Command { std: "docker" "inspect" "60487a93dce4e491452bffe4ab0d4c79b5f0327d52ade5da50a2f43dd174d9bb", kill_on_drop: false }`
[INFO] running `Command { std: "docker" "rm" "-f" "60487a93dce4e491452bffe4ab0d4c79b5f0327d52ade5da50a2f43dd174d9bb", kill_on_drop: false }`
[INFO] [stdout] 60487a93dce4e491452bffe4ab0d4c79b5f0327d52ade5da50a2f43dd174d9bb
[INFO] running `Command { std: "docker" "create" "-v" "/var/lib/crater-agent-workspace/builds/worker-66/target:/opt/rustwide/target:rw,Z" "-v" "/var/lib/crater-agent-workspace/builds/worker-66/source:/opt/rustwide/workdir:ro,Z" "-v" "/var/lib/crater-agent-workspace/cargo-home:/opt/rustwide/cargo-home:ro,Z" "-v" "/var/lib/crater-agent-workspace/rustup-home:/opt/rustwide/rustup-home:ro,Z" "-e" "SOURCE_DIR=/opt/rustwide/workdir" "-e" "CARGO_TARGET_DIR=/opt/rustwide/target" "-e" "CARGO_INCREMENTAL=0" "-e" "RUST_BACKTRACE=full" "-e" "RUSTFLAGS=--cap-lints=warn" "-e" "CARGO_HOME=/opt/rustwide/cargo-home" "-e" "RUSTUP_HOME=/opt/rustwide/rustup-home" "-w" "/opt/rustwide/workdir" "-m" "1610612736" "--user" "0:0" "--network" "none" "ghcr.io/rust-lang/crates-build-env/linux@sha256:34b6a614d2c27851fe6cbf88fbd1137609cefab8b10d0615aaeb6fd47975d74e" "/opt/rustwide/cargo-home/bin/cargo" "+1.54.0" "test" "--frozen" "--no-run" "--message-format=json", kill_on_drop: false }`
[INFO] [stdout] d62c78cebe7e15bb47910f4b4134950b4d3b2caac1642d8d1a1dddfd6feabca5
[INFO] running `Command { std: "docker" "start" "-a" "d62c78cebe7e15bb47910f4b4134950b4d3b2caac1642d8d1a1dddfd6feabca5", kill_on_drop: false }`
[INFO] [stderr]    Compiling log v0.4.8
[INFO] [stderr]    Compiling predicates-core v1.0.0
[INFO] [stderr]    Compiling escargot v0.4.0
[INFO] [stderr]    Compiling treeline v0.1.0
[INFO] [stderr]    Compiling difference v2.0.0
[INFO] [stderr]    Compiling remove_dir_all v0.5.2
[INFO] [stderr]    Compiling getrandom v0.1.12
[INFO] [stderr]    Compiling predicates-tree v1.0.0
[INFO] [stderr]    Compiling predicates v1.0.1
[INFO] [stderr]    Compiling rand_core v0.5.1
[INFO] [stderr]    Compiling rand_chacha v0.2.1
[INFO] [stderr]    Compiling rand v0.7.2
[INFO] [stderr]    Compiling assert_cmd v0.11.1
[INFO] [stderr]    Compiling tempfile v3.1.0
[INFO] [stderr]    Compiling killjoy v0.2.0 (/opt/rustwide/workdir)
[INFO] [stderr]     Finished test [unoptimized + debuginfo] target(s) in 5.28s
[INFO] running `Command { std: "docker" "inspect" "d62c78cebe7e15bb47910f4b4134950b4d3b2caac1642d8d1a1dddfd6feabca5", kill_on_drop: false }`
[INFO] running `Command { std: "docker" "rm" "-f" "d62c78cebe7e15bb47910f4b4134950b4d3b2caac1642d8d1a1dddfd6feabca5", kill_on_drop: false }`
[INFO] [stdout] d62c78cebe7e15bb47910f4b4134950b4d3b2caac1642d8d1a1dddfd6feabca5
[INFO] running `Command { std: "docker" "create" "-v" "/var/lib/crater-agent-workspace/builds/worker-66/target:/opt/rustwide/target:rw,Z" "-v" "/var/lib/crater-agent-workspace/builds/worker-66/source:/opt/rustwide/workdir:ro,Z" "-v" "/var/lib/crater-agent-workspace/cargo-home:/opt/rustwide/cargo-home:ro,Z" "-v" "/var/lib/crater-agent-workspace/rustup-home:/opt/rustwide/rustup-home:ro,Z" "-e" "SOURCE_DIR=/opt/rustwide/workdir" "-e" "CARGO_TARGET_DIR=/opt/rustwide/target" "-e" "CARGO_INCREMENTAL=0" "-e" "RUST_BACKTRACE=full" "-e" "RUSTFLAGS=--cap-lints=warn" "-e" "CARGO_HOME=/opt/rustwide/cargo-home" "-e" "RUSTUP_HOME=/opt/rustwide/rustup-home" "-w" "/opt/rustwide/workdir" "-m" "1610612736" "--user" "0:0" "--network" "none" "ghcr.io/rust-lang/crates-build-env/linux@sha256:34b6a614d2c27851fe6cbf88fbd1137609cefab8b10d0615aaeb6fd47975d74e" "/opt/rustwide/cargo-home/bin/cargo" "+1.54.0" "test" "--frozen", kill_on_drop: false }`
[INFO] [stdout] cbe4d161df65ed712a4364da2c0ac29ce2deeae8eb849897aaf24623d11d8f61
[INFO] running `Command { std: "docker" "start" "-a" "cbe4d161df65ed712a4364da2c0ac29ce2deeae8eb849897aaf24623d11d8f61", kill_on_drop: false }`
[INFO] [stderr]     Finished test [unoptimized + debuginfo] target(s) in 0.03s
[INFO] [stderr]      Running unittests (/opt/rustwide/target/debug/deps/killjoy-8ffd89c6a84ef255)
[INFO] [stdout] 
[INFO] [stdout] running 45 tests
[INFO] [stdout] test bus::tests::test_interface_for_systemd_unit ... ok
[INFO] [stdout] test bus::tests::test_cast_bus_name_to_path ... ok
[INFO] [stdout] test bus::tests::test_match_rules_and_active_state_v1 ... ok
[INFO] [stdout] test bus::tests::test_match_rules_and_active_state_v2 ... ok
[INFO] [stdout] test bus::tests::test_match_rules_and_active_state_v3 ... ok
[INFO] [stdout] test bus::tests::test_match_rules_and_names_v1 ... ok
[INFO] [stdout] test bus::tests::test_match_rules_and_names_v2 ... ok
[INFO] [stdout] test bus::tests::test_match_rules_and_names_v3 ... ok
[INFO] [stdout] test bus::tests::test_wrap_bus_name_for_systemd ... ok
[INFO] [stdout] test bus::tests::test_wrap_member_for_notify ... ok
[INFO] [stdout] test bus::tests::test_wrap_interface_for_killjoy_notifier ... ok
[INFO] [stdout] test bus::tests::test_wrap_path_for_systemd ... ok
[INFO] [stdout] test settings::tests::test_expression_unit_name_matches_success ... ok
[INFO] [stdout] test settings::tests::test_expression_unit_name_matches_failure ... ok
[INFO] [stdout] test settings::tests::test_expression_unit_type_matches_failure ... ok
[INFO] [stdout] test settings::tests::test_get_bus_types_v1 ... ok
[INFO] [stdout] test settings::tests::test_expression_unit_type_matches_success ... ok
[INFO] [stdout] test settings::tests::test_get_bus_types_v2 ... ok
[INFO] [stdout] test settings::tests::test_get_bus_types_v3 ... ok
[INFO] [stdout] test settings::tests::test_expression_regex_matches ... ok
[INFO] [stdout] test settings::tests::test_get_bus_types_v4 ... ok
[INFO] [stdout] test cli::tests::test_help_messages_factory_new ... ok
[INFO] [stdout] test cli::tests::test_help_messages_factory_re ... ok
[INFO] [stdout] test settings::tests::test_settings_new_deserialization_failed ... ok
[INFO] [stdout] test settings::tests::test_settings_new ... ok
[INFO] [stdout] test settings::tests::test_settings_new_invalid_bus_type_v1 ... ok
[INFO] [stdout] test settings::tests::test_settings_new_invalid_active_state ... ok
[INFO] [stdout] test settings::tests::test_settings_new_invalid_bus_name ... ok
[INFO] [stdout] test settings::tests::test_settings_new_invalid_bus_type_v2 ... ok
[INFO] [stdout] test settings::tests::test_settings_new_invalid_expression_type ... ok
[INFO] [stdout] test timestamp::tests::test_get_monotonic_timestamp_key ... ok
[INFO] [stdout] test timestamp::tests::test_get_realtime_timestamp_key ... ok
[INFO] [stdout] test unit::tests::test_active_state_display ... ok
[INFO] [stdout] test settings::tests::test_settings_new_invalid_notifier ... ok
[INFO] [stdout] test unit::tests::test_active_state_from_activating ... ok
[INFO] [stdout] test unit::tests::test_active_state_from_deactivating ... ok
[INFO] [stdout] test unit::tests::test_active_state_from_active ... ok
[INFO] [stdout] test settings::tests::test_settings_new_invalid_regex ... ok
[INFO] [stdout] test unit::tests::test_active_state_from_inactive ... ok
[INFO] [stdout] test unit::tests::test_active_state_from_failed ... ok
[INFO] [stdout] test unit::tests::test_active_state_from_other ... ok
[INFO] [stdout] test unit::tests::test_string_from_active_state ... ok
[INFO] [stdout] test unit::tests::test_usm_new ... ok
[INFO] [stdout] test unit::tests::test_usm_update_v1 ... ok
[INFO] [stdout] test unit::tests::test_usm_update_v2 ... ok
[INFO] [stdout] 
[INFO] [stdout] test result: ok. 45 passed; 0 failed; 0 ignored; 0 measured; 0 filtered out; finished in 0.01s
[INFO] [stdout] 
[INFO] [stderr]      Running tests/cli.rs (/opt/rustwide/target/debug/deps/cli-93179b4da35736f1)
[INFO] [stdout] 
[INFO] [stdout] running 11 tests
[INFO] [stdout] test test_settings_validate_failure_v3 ... ok
[INFO] [stdout] test test_settings_validate_path_success ... ok
[INFO] [stdout] test test_settings_validate_path_failure ... ok
[INFO] [stdout] test test_settings_load_path_success ... ok
[INFO] [stdout] test test_settings_validate_success ... ok
[INFO] [stdout] test test_settings_load_path_failure ... ok
[INFO] [stdout] test test_settings_validate_failure_v2 ... ok
[INFO] [stdout] test test_run_settings_failure ... ok
[INFO] [stdout] test test_settings_validate_failure_v1 ... ok
[INFO] [stdout] test test_no_systemd ... ok
[INFO] [stdout] test test_run_settings_success ... FAILED
[INFO] [stdout] 
[INFO] [stdout] failures:
[INFO] [stdout] 
[INFO] [stdout] ---- test_run_settings_success stdout ----
[INFO] [stdout] thread 'test_run_settings_success' panicked at 'Unexpected return code, failed var == 0
[INFO] [stdout] 
[INFO] [stdout] code=1
[INFO] [stdout] stdout=``````
[INFO] [stdout] stderr=```Failed to connect to D-Bus bus. Cause: "Failed to connect to socket /var/run/dbus/system_bus_socket: No such file or directory"
[INFO] [stdout] ```
[INFO] [stdout] ', /opt/rustwide/cargo-home/registry/src/github.com-1ecc6299db9ec823/assert_cmd-0.11.1/src/assert.rs:262:13
[INFO] [stdout] stack backtrace:
[INFO] [stdout]    0:     0x5624fe7c34d0 - std::backtrace_rs::backtrace::libunwind::trace::h34055254b57d8e79
[INFO] [stdout]                                at /rustc/a178d0322ce20e33eac124758e837cbd80a6f633/library/std/src/../../backtrace/src/backtrace/libunwind.rs:90:5
[INFO] [stdout]    1:     0x5624fe7c34d0 - std::backtrace_rs::backtrace::trace_unsynchronized::h8f1e3fbd9afff6ec
[INFO] [stdout]                                at /rustc/a178d0322ce20e33eac124758e837cbd80a6f633/library/std/src/../../backtrace/src/backtrace/mod.rs:66:5
[INFO] [stdout]    2:     0x5624fe7c34d0 - std::sys_common::backtrace::_print_fmt::h3a99a796b770c360
[INFO] [stdout]                                at /rustc/a178d0322ce20e33eac124758e837cbd80a6f633/library/std/src/sys_common/backtrace.rs:67:5
[INFO] [stdout]    3:     0x5624fe7c34d0 - <std::sys_common::backtrace::_print::DisplayBacktrace as core::fmt::Display>::fmt::h32d1f94a80615d18
[INFO] [stdout]                                at /rustc/a178d0322ce20e33eac124758e837cbd80a6f633/library/std/src/sys_common/backtrace.rs:46:22
[INFO] [stdout]    4:     0x5624fe7e70fc - core::fmt::write::h306731c068f7162c
[INFO] [stdout]                                at /rustc/a178d0322ce20e33eac124758e837cbd80a6f633/library/core/src/fmt/mod.rs:1110:17
[INFO] [stdout]    5:     0x5624fe7c0025 - std::io::Write::write_fmt::h87f19b0a2cd190bc
[INFO] [stdout]                                at /rustc/a178d0322ce20e33eac124758e837cbd80a6f633/library/std/src/io/mod.rs:1588:15
[INFO] [stdout]    6:     0x5624fe7c5acb - std::sys_common::backtrace::_print::h5abaa2601a852287
[INFO] [stdout]                                at /rustc/a178d0322ce20e33eac124758e837cbd80a6f633/library/std/src/sys_common/backtrace.rs:49:5
[INFO] [stdout]    7:     0x5624fe7c5acb - std::sys_common::backtrace::print::h8d81445442bb638f
[INFO] [stdout]                                at /rustc/a178d0322ce20e33eac124758e837cbd80a6f633/library/std/src/sys_common/backtrace.rs:36:9
[INFO] [stdout]    8:     0x5624fe7c5acb - std::panicking::default_hook::{{closure}}::hcfe804496a9fa747
[INFO] [stdout]                                at /rustc/a178d0322ce20e33eac124758e837cbd80a6f633/library/std/src/panicking.rs:208:50
[INFO] [stdout]    9:     0x5624fe7c55dc - std::panicking::default_hook::hbea8e3ccf2ba8901
[INFO] [stdout]                                at /rustc/a178d0322ce20e33eac124758e837cbd80a6f633/library/std/src/panicking.rs:222:9
[INFO] [stdout]   10:     0x5624fe7c6194 - std::panicking::rust_panic_with_hook::h7ee9e1a2d0f8975a
[INFO] [stdout]                                at /rustc/a178d0322ce20e33eac124758e837cbd80a6f633/library/std/src/panicking.rs:622:17
[INFO] [stdout]   11:     0x5624fe7c5c77 - std::panicking::begin_panic_handler::{{closure}}::h8ab3b4491718b2c7
[INFO] [stdout]                                at /rustc/a178d0322ce20e33eac124758e837cbd80a6f633/library/std/src/panicking.rs:519:13
[INFO] [stdout]   12:     0x5624fe7c39cc - std::sys_common::backtrace::__rust_end_short_backtrace::hd489062ffa586a9f
[INFO] [stdout]                                at /rustc/a178d0322ce20e33eac124758e837cbd80a6f633/library/std/src/sys_common/backtrace.rs:141:18
[INFO] [stdout]   13:     0x5624fe7c5bd9 - rust_begin_unwind
[INFO] [stdout]                                at /rustc/a178d0322ce20e33eac124758e837cbd80a6f633/library/std/src/panicking.rs:515:5
[INFO] [stdout]   14:     0x5624fe70df4b - std::panicking::begin_panic_fmt::h5479575e112541f8
[INFO] [stdout]                                at /rustc/a178d0322ce20e33eac124758e837cbd80a6f633/library/std/src/panicking.rs:457:5
[INFO] [stdout]   15:     0x5624fe794a0f - assert_cmd::assert::Assert::code_impl::h7172449bff238ad7
[INFO] [stdout]                                at /opt/rustwide/cargo-home/registry/src/github.com-1ecc6299db9ec823/assert_cmd-0.11.1/src/assert.rs:262:13
[INFO] [stdout]   16:     0x5624fe7130ea - assert_cmd::assert::Assert::code::h363281515989cb25
[INFO] [stdout]                                at /opt/rustwide/cargo-home/registry/src/github.com-1ecc6299db9ec823/assert_cmd-0.11.1/src/assert.rs:252:9
[INFO] [stdout]   17:     0x5624fe7127d8 - cli::test_run_settings_success::h5bc37918cdca9407
[INFO] [stdout]                                at /opt/rustwide/workdir/tests/cli.rs:244:5
[INFO] [stdout]   18:     0x5624fe71248a - cli::test_run_settings_success::{{closure}}::h86ff11d70cf7f2cc
[INFO] [stdout]                                at /opt/rustwide/workdir/tests/cli.rs:237:1
[INFO] [stdout]   19:     0x5624fe7144ce - core::ops::function::FnOnce::call_once::hc7744060d614a3e2
[INFO] [stdout]                                at /rustc/a178d0322ce20e33eac124758e837cbd80a6f633/library/core/src/ops/function.rs:227:5
[INFO] [stdout]   20:     0x5624fe73c773 - core::ops::function::FnOnce::call_once::h152e7e439ff59e19
[INFO] [stdout]                                at /rustc/a178d0322ce20e33eac124758e837cbd80a6f633/library/core/src/ops/function.rs:227:5
[INFO] [stdout]   21:     0x5624fe73c773 - test::__rust_begin_short_backtrace::h0908f3b1fdbb72ab
[INFO] [stdout]                                at /rustc/a178d0322ce20e33eac124758e837cbd80a6f633/library/test/src/lib.rs:577:5
[INFO] [stdout]   22:     0x5624fe73b230 - <alloc::boxed::Box<F,A> as core::ops::function::FnOnce<Args>>::call_once::hf6d2a51e5587546c
[INFO] [stdout]                                at /rustc/a178d0322ce20e33eac124758e837cbd80a6f633/library/alloc/src/boxed.rs:1575:9
[INFO] [stdout]   23:     0x5624fe73b230 - <std::panic::AssertUnwindSafe<F> as core::ops::function::FnOnce<()>>::call_once::h8af660f3a89ef593
[INFO] [stdout]                                at /rustc/a178d0322ce20e33eac124758e837cbd80a6f633/library/std/src/panic.rs:347:9
[INFO] [stdout]   24:     0x5624fe73b230 - std::panicking::try::do_call::hd36aef60f84b6d36
[INFO] [stdout]                                at /rustc/a178d0322ce20e33eac124758e837cbd80a6f633/library/std/src/panicking.rs:401:40
[INFO] [stdout]   25:     0x5624fe73b230 - std::panicking::try::h9932b4480e69817c
[INFO] [stdout]                                at /rustc/a178d0322ce20e33eac124758e837cbd80a6f633/library/std/src/panicking.rs:365:19
[INFO] [stdout]   26:     0x5624fe73b230 - std::panic::catch_unwind::h6aa177099cfff5f8
[INFO] [stdout]                                at /rustc/a178d0322ce20e33eac124758e837cbd80a6f633/library/std/src/panic.rs:434:14
[INFO] [stdout]   27:     0x5624fe73b230 - test::run_test_in_process::h5884d6f2d99e20c3
[INFO] [stdout]                                at /rustc/a178d0322ce20e33eac124758e837cbd80a6f633/library/test/src/lib.rs:600:18
[INFO] [stdout]   28:     0x5624fe73b230 - test::run_test::run_test_inner::{{closure}}::h6fdc58c6d5f5b6e3
[INFO] [stdout]                                at /rustc/a178d0322ce20e33eac124758e837cbd80a6f633/library/test/src/lib.rs:492:39
[INFO] [stdout]   29:     0x5624fe7148e2 - test::run_test::run_test_inner::{{closure}}::h408365d67a78ade8
[INFO] [stdout]                                at /rustc/a178d0322ce20e33eac124758e837cbd80a6f633/library/test/src/lib.rs:519:37
[INFO] [stdout]   30:     0x5624fe7148e2 - std::sys_common::backtrace::__rust_begin_short_backtrace::hb560b77c4f701523
[INFO] [stdout]                                at /rustc/a178d0322ce20e33eac124758e837cbd80a6f633/library/std/src/sys_common/backtrace.rs:125:18
[INFO] [stdout]   31:     0x5624fe718498 - std::thread::Builder::spawn_unchecked::{{closure}}::{{closure}}::hf2e7831dad93c597
[INFO] [stdout]                                at /rustc/a178d0322ce20e33eac124758e837cbd80a6f633/library/std/src/thread/mod.rs:481:17
[INFO] [stdout]   32:     0x5624fe718498 - <std::panic::AssertUnwindSafe<F> as core::ops::function::FnOnce<()>>::call_once::hd2e08783d8be4d02
[INFO] [stdout]                                at /rustc/a178d0322ce20e33eac124758e837cbd80a6f633/library/std/src/panic.rs:347:9
[INFO] [stdout]   33:     0x5624fe718498 - std::panicking::try::do_call::h062597b7acfd6b82
[INFO] [stdout]                                at /rustc/a178d0322ce20e33eac124758e837cbd80a6f633/library/std/src/panicking.rs:401:40
[INFO] [stdout]   34:     0x5624fe718498 - std::panicking::try::h0d7b79db04c14552
[INFO] [stdout]                                at /rustc/a178d0322ce20e33eac124758e837cbd80a6f633/library/std/src/panicking.rs:365:19
[INFO] [stdout]   35:     0x5624fe718498 - std::panic::catch_unwind::hb01a0b5e7c8cd43b
[INFO] [stdout]                                at /rustc/a178d0322ce20e33eac124758e837cbd80a6f633/library/std/src/panic.rs:434:14
[INFO] [stdout]   36:     0x5624fe718498 - std::thread::Builder::spawn_unchecked::{{closure}}::h5bde48cc887e0d1e
[INFO] [stdout]                                at /rustc/a178d0322ce20e33eac124758e837cbd80a6f633/library/std/src/thread/mod.rs:480:30
[INFO] [stdout]   37:     0x5624fe718498 - core::ops::function::FnOnce::call_once{{vtable.shim}}::h745ea30807a29e55
[INFO] [stdout]                                at /rustc/a178d0322ce20e33eac124758e837cbd80a6f633/library/core/src/ops/function.rs:227:5
[INFO] [stdout]   38:     0x5624fe7cbbd7 - <alloc::boxed::Box<F,A> as core::ops::function::FnOnce<Args>>::call_once::h7ece6cfefaff1005
[INFO] [stdout]                                at /rustc/a178d0322ce20e33eac124758e837cbd80a6f633/library/alloc/src/boxed.rs:1575:9
[INFO] [stdout]   39:     0x5624fe7cbbd7 - <alloc::boxed::Box<F,A> as core::ops::function::FnOnce<Args>>::call_once::hb8b48e55c21f193e
[INFO] [stdout]                                at /rustc/a178d0322ce20e33eac124758e837cbd80a6f633/library/alloc/src/boxed.rs:1575:9
[INFO] [stdout]   40:     0x5624fe7cbbd7 - std::sys::unix::thread::Thread::new::thread_start::h8c7c4450dba62914
[INFO] [stdout]                                at /rustc/a178d0322ce20e33eac124758e837cbd80a6f633/library/std/src/sys/unix/thread.rs:71:17
[INFO] [stdout]   41:     0x7fd44609c609 - start_thread
[INFO] [stdout]   42:     0x7fd445e6e293 - clone
[INFO] [stdout]   43:                0x0 - <unknown>
[INFO] [stdout] 
[INFO] [stdout] 
[INFO] [stdout] failures:
[INFO] [stdout]     test_run_settings_success
[INFO] [stdout] 
[INFO] [stdout] test result: FAILED. 10 passed; 1 failed; 0 ignored; 0 measured; 0 filtered out; finished in 0.08s
[INFO] [stdout] 
[INFO] [stderr] error: test failed, to rerun pass '--test cli'
[INFO] running `Command { std: "docker" "inspect" "cbe4d161df65ed712a4364da2c0ac29ce2deeae8eb849897aaf24623d11d8f61", kill_on_drop: false }`
[INFO] running `Command { std: "docker" "rm" "-f" "cbe4d161df65ed712a4364da2c0ac29ce2deeae8eb849897aaf24623d11d8f61", kill_on_drop: false }`
[INFO] [stdout] cbe4d161df65ed712a4364da2c0ac29ce2deeae8eb849897aaf24623d11d8f61
