[INFO] cloning repository https://github.com/ILoomans/ink-erc721-enumerable
[INFO] running `Command { std: "git" "-c" "credential.helper=" "-c" "credential.helper=/workspace/cargo-home/bin/git-credential-null" "clone" "--bare" "https://github.com/ILoomans/ink-erc721-enumerable" "/workspace/cache/git-repos/https%3A%2F%2Fgithub.com%2FILoomans%2Fink-erc721-enumerable", kill_on_drop: false }`
[INFO] [stderr] Cloning into bare repository '/workspace/cache/git-repos/https%3A%2F%2Fgithub.com%2FILoomans%2Fink-erc721-enumerable'...
[INFO] running `Command { std: "git" "rev-parse" "HEAD", kill_on_drop: false }`
[INFO] [stdout] fd2aea1518f8579f90e7e73deb57dcaeb165c089
[INFO] testing ILoomans/ink-erc721-enumerable against beta-2021-08-01 for beta-1.55-1
[INFO] running `Command { std: "git" "clone" "/workspace/cache/git-repos/https%3A%2F%2Fgithub.com%2FILoomans%2Fink-erc721-enumerable" "/workspace/builds/worker-13/source", kill_on_drop: false }`
[INFO] [stderr] Cloning into '/workspace/builds/worker-13/source'...
[INFO] [stderr] done.
[INFO] validating manifest of git repo https://github.com/ILoomans/ink-erc721-enumerable on toolchain beta-2021-08-01
[INFO] running `Command { std: "/workspace/cargo-home/bin/cargo" "+beta-2021-08-01" "metadata" "--manifest-path" "Cargo.toml" "--no-deps", kill_on_drop: false }`
[INFO] started tweaking git repo https://github.com/ILoomans/ink-erc721-enumerable
[INFO] finished tweaking git repo https://github.com/ILoomans/ink-erc721-enumerable
[INFO] tweaked toml for git repo https://github.com/ILoomans/ink-erc721-enumerable written to /workspace/builds/worker-13/source/Cargo.toml
[INFO] crate git repo https://github.com/ILoomans/ink-erc721-enumerable already has a lockfile, it will not be regenerated
[INFO] running `Command { std: "/workspace/cargo-home/bin/cargo" "+beta-2021-08-01" "fetch" "--manifest-path" "Cargo.toml", kill_on_drop: false }`
[INFO] [stderr]     Blocking waiting for file lock on package cache
[INFO] [stderr]  Downloading crates ...
[INFO] [stderr]   Downloaded serde v1.0.125
[INFO] [stderr]   Downloaded env_logger v0.8.3
[INFO] [stderr]   Downloaded quickcheck v1.0.3
[INFO] [stderr]   Downloaded serde_derive v1.0.125
[INFO] [stderr]   Downloaded regex-syntax v0.6.23
[INFO] [stderr]   Downloaded trybuild v1.0.41
[INFO] [stderr]   Downloaded sha2 v0.9.3
[INFO] [stderr]   Downloaded wasm-bindgen-backend v0.2.73
[INFO] [stderr]   Downloaded scale-info v0.6.0
[INFO] [stderr]   Downloaded js-sys v0.3.50
[INFO] [stderr]   Downloaded array-init v2.0.0
[INFO] [stderr]   Downloaded wasm-bindgen-shared v0.2.73
[INFO] [stderr]   Downloaded scale-info-derive v0.4.0
[INFO] [stderr]   Downloaded parity-scale-codec-derive v2.1.0
[INFO] [stderr]   Downloaded parity-scale-codec v2.1.0
[INFO] [stderr]   Downloaded wasm-bindgen-macro v0.2.73
[INFO] [stderr]   Downloaded arrayvec v0.7.0
[INFO] [stderr]   Downloaded syn v1.0.69
[INFO] [stderr]   Downloaded libc v0.2.93
[INFO] [stderr]   Downloaded regex v1.4.5
[INFO] [stderr]   Downloaded pretty_assertions v0.7.1
[INFO] [stderr]   Downloaded wasm-bindgen v0.2.73
[INFO] [stderr]   Downloaded radium v0.6.2
[INFO] [stderr]   Downloaded wasm-bindgen-macro-support v0.2.73
[INFO] [stderr]   Downloaded quickcheck_macros v1.0.0
[INFO] [stderr]   Downloaded bitvec v0.20.2
[INFO] [stderr]   Downloaded tap v1.0.1
[INFO] running `Command { std: "docker" "create" "-v" "/var/lib/crater-agent-workspace/builds/worker-13/target:/opt/rustwide/target:rw,Z" "-v" "/var/lib/crater-agent-workspace/builds/worker-13/source:/opt/rustwide/workdir:ro,Z" "-v" "/var/lib/crater-agent-workspace/cargo-home:/opt/rustwide/cargo-home:ro,Z" "-v" "/var/lib/crater-agent-workspace/rustup-home:/opt/rustwide/rustup-home:ro,Z" "-e" "SOURCE_DIR=/opt/rustwide/workdir" "-e" "CARGO_TARGET_DIR=/opt/rustwide/target" "-e" "CARGO_HOME=/opt/rustwide/cargo-home" "-e" "RUSTUP_HOME=/opt/rustwide/rustup-home" "-w" "/opt/rustwide/workdir" "-m" "1610612736" "--user" "0:0" "--network" "none" "ghcr.io/rust-lang/crates-build-env/linux@sha256:34b6a614d2c27851fe6cbf88fbd1137609cefab8b10d0615aaeb6fd47975d74e" "/opt/rustwide/cargo-home/bin/cargo" "+beta-2021-08-01" "metadata" "--no-deps" "--format-version=1", kill_on_drop: false }`
[INFO] [stdout] 1b169383e23ee45aa481db967e636d3380471423a33ec5d54bf7aac23e68aa29
[INFO] running `Command { std: "docker" "start" "-a" "1b169383e23ee45aa481db967e636d3380471423a33ec5d54bf7aac23e68aa29", kill_on_drop: false }`
[INFO] running `Command { std: "docker" "inspect" "1b169383e23ee45aa481db967e636d3380471423a33ec5d54bf7aac23e68aa29", kill_on_drop: false }`
[INFO] running `Command { std: "docker" "rm" "-f" "1b169383e23ee45aa481db967e636d3380471423a33ec5d54bf7aac23e68aa29", kill_on_drop: false }`
[INFO] [stdout] 1b169383e23ee45aa481db967e636d3380471423a33ec5d54bf7aac23e68aa29
[INFO] running `Command { std: "docker" "create" "-v" "/var/lib/crater-agent-workspace/builds/worker-13/target:/opt/rustwide/target:rw,Z" "-v" "/var/lib/crater-agent-workspace/builds/worker-13/source:/opt/rustwide/workdir:ro,Z" "-v" "/var/lib/crater-agent-workspace/cargo-home:/opt/rustwide/cargo-home:ro,Z" "-v" "/var/lib/crater-agent-workspace/rustup-home:/opt/rustwide/rustup-home:ro,Z" "-e" "SOURCE_DIR=/opt/rustwide/workdir" "-e" "CARGO_TARGET_DIR=/opt/rustwide/target" "-e" "CARGO_INCREMENTAL=0" "-e" "RUST_BACKTRACE=full" "-e" "RUSTFLAGS=--cap-lints=warn" "-e" "CARGO_HOME=/opt/rustwide/cargo-home" "-e" "RUSTUP_HOME=/opt/rustwide/rustup-home" "-w" "/opt/rustwide/workdir" "-m" "1610612736" "--user" "0:0" "--network" "none" "ghcr.io/rust-lang/crates-build-env/linux@sha256:34b6a614d2c27851fe6cbf88fbd1137609cefab8b10d0615aaeb6fd47975d74e" "/opt/rustwide/cargo-home/bin/cargo" "+beta-2021-08-01" "build" "--frozen" "--message-format=json", kill_on_drop: false }`
[INFO] [stdout] 0511ed5bca0fd13a1c55bac75eff510ad76ce9379dbeefa5d9b12905d823a0f7
[INFO] running `Command { std: "docker" "start" "-a" "0511ed5bca0fd13a1c55bac75eff510ad76ce9379dbeefa5d9b12905d823a0f7", kill_on_drop: false }`
[INFO] [stderr]    Compiling syn v1.0.69
[INFO] [stderr]    Compiling serde_derive v1.0.125
[INFO] [stderr]    Compiling serde v1.0.125
[INFO] [stderr]    Compiling libc v0.2.93
[INFO] [stderr]    Compiling radium v0.6.2
[INFO] [stderr]    Compiling either v1.6.1
[INFO] [stderr]    Compiling funty v1.1.0
[INFO] [stderr]    Compiling arrayvec v0.7.0
[INFO] [stderr]    Compiling byte-slice-cast v1.0.0
[INFO] [stderr]    Compiling subtle v2.4.0
[INFO] [stderr]    Compiling wee_alloc v0.4.5
[INFO] [stderr]    Compiling byteorder v1.4.3
[INFO] [stderr]    Compiling plotters-backend v0.3.0
[INFO] [stderr]    Compiling half v1.7.1
[INFO] [stderr]    Compiling oorandom v11.1.3
[INFO] [stderr]    Compiling array-init v2.0.0
[INFO] [stderr]    Compiling memoffset v0.6.3
[INFO] [stderr]    Compiling ink_prelude v3.0.0-rc3 (/opt/rustwide/workdir/crates/prelude)
[INFO] [stderr]    Compiling cast v0.2.3
[INFO] [stderr]    Compiling sha2 v0.9.3
[INFO] [stderr]    Compiling crypto-mac v0.8.0
[INFO] [stderr]    Compiling regex-automata v0.1.9
[INFO] [stderr]    Compiling plotters-svg v0.3.0
[INFO] [stderr]    Compiling itertools v0.10.0
[INFO] [stderr]    Compiling itertools v0.9.0
[INFO] [stderr]    Compiling blake2 v0.9.1
[INFO] [stderr]    Compiling bitvec v0.20.2
[INFO] [stderr]    Compiling crossbeam-epoch v0.9.3
[INFO] [stderr]    Compiling plotters v0.3.0
[INFO] [stderr]    Compiling crossbeam-deque v0.8.0
[INFO] [stderr]    Compiling criterion-plot v0.4.3
[INFO] [stderr]    Compiling getrandom v0.2.2
[INFO] [stderr]    Compiling num_cpus v1.13.0
[INFO] [stderr]    Compiling atty v0.2.14
[INFO] [stderr]    Compiling ink_allocator v3.0.0-rc3 (/opt/rustwide/workdir/crates/allocator)
[INFO] [stderr]    Compiling rand_core v0.6.2
[INFO] [stderr]    Compiling rayon-core v1.9.0
[INFO] [stderr]    Compiling rand_chacha v0.3.0
[INFO] [stderr]    Compiling rand v0.8.3
[INFO] [stderr]    Compiling rayon v1.5.0
[INFO] [stderr]    Compiling synstructure v0.12.4
[INFO] [stderr]    Compiling ink_lang_ir v3.0.0-rc3 (/opt/rustwide/workdir/crates/lang/ir)
[INFO] [stderr]    Compiling derive_more v0.99.13
[INFO] [stderr]    Compiling ink_storage_derive v3.0.0-rc3 (/opt/rustwide/workdir/crates/storage/derive)
[INFO] [stderr]    Compiling toml v0.5.8
[INFO] [stderr]    Compiling impl-serde v0.3.1
[INFO] [stderr]    Compiling bstr v0.2.15
[INFO] [stderr]    Compiling serde_json v1.0.64
[INFO] [stderr]    Compiling serde_cbor v0.11.1
[INFO] [stderr]    Compiling csv v1.1.6
[INFO] [stderr]    Compiling tinytemplate v1.2.1
[INFO] [stderr]    Compiling criterion v0.3.4
[INFO] [stderr]    Compiling proc-macro-crate v0.1.5
[INFO] [stderr]    Compiling parity-scale-codec-derive v2.1.0
[INFO] [stderr]    Compiling scale-info-derive v0.4.0
[INFO] [stderr]    Compiling parity-scale-codec v2.1.0
[INFO] [stderr]    Compiling scale-info v0.6.0
[INFO] [stderr]    Compiling ink_lang_codegen v3.0.0-rc3 (/opt/rustwide/workdir/crates/lang/codegen)
[INFO] [stderr]    Compiling ink_primitives v3.0.0-rc3 (/opt/rustwide/workdir/crates/primitives)
[INFO] [stderr]    Compiling ink_metadata v3.0.0-rc3 (/opt/rustwide/workdir/crates/metadata)
[INFO] [stderr]    Compiling ink_lang_macro v3.0.0-rc3 (/opt/rustwide/workdir/crates/lang/macro)
[INFO] [stderr]    Compiling ink_env v3.0.0-rc3 (/opt/rustwide/workdir/crates/env)
[INFO] [stderr]    Compiling ink_storage v3.0.0-rc3 (/opt/rustwide/workdir/crates/storage)
[INFO] [stderr]    Compiling ink_lang v3.0.0-rc3 (/opt/rustwide/workdir/crates/lang)
[INFO] [stderr]     Finished dev [unoptimized + debuginfo] target(s) in 1m 01s
[INFO] running `Command { std: "docker" "inspect" "0511ed5bca0fd13a1c55bac75eff510ad76ce9379dbeefa5d9b12905d823a0f7", kill_on_drop: false }`
[INFO] running `Command { std: "docker" "rm" "-f" "0511ed5bca0fd13a1c55bac75eff510ad76ce9379dbeefa5d9b12905d823a0f7", kill_on_drop: false }`
[INFO] [stdout] 0511ed5bca0fd13a1c55bac75eff510ad76ce9379dbeefa5d9b12905d823a0f7
[INFO] running `Command { std: "docker" "create" "-v" "/var/lib/crater-agent-workspace/builds/worker-13/target:/opt/rustwide/target:rw,Z" "-v" "/var/lib/crater-agent-workspace/builds/worker-13/source:/opt/rustwide/workdir:ro,Z" "-v" "/var/lib/crater-agent-workspace/cargo-home:/opt/rustwide/cargo-home:ro,Z" "-v" "/var/lib/crater-agent-workspace/rustup-home:/opt/rustwide/rustup-home:ro,Z" "-e" "SOURCE_DIR=/opt/rustwide/workdir" "-e" "CARGO_TARGET_DIR=/opt/rustwide/target" "-e" "CARGO_INCREMENTAL=0" "-e" "RUST_BACKTRACE=full" "-e" "RUSTFLAGS=--cap-lints=warn" "-e" "CARGO_HOME=/opt/rustwide/cargo-home" "-e" "RUSTUP_HOME=/opt/rustwide/rustup-home" "-w" "/opt/rustwide/workdir" "-m" "1610612736" "--user" "0:0" "--network" "none" "ghcr.io/rust-lang/crates-build-env/linux@sha256:34b6a614d2c27851fe6cbf88fbd1137609cefab8b10d0615aaeb6fd47975d74e" "/opt/rustwide/cargo-home/bin/cargo" "+beta-2021-08-01" "test" "--frozen" "--no-run" "--message-format=json", kill_on_drop: false }`
[INFO] [stdout] 3badbae2c2d6b63e6f779403fc7ab65e99b1d46c04408bc3ffbf7f190a217f9b
[INFO] running `Command { std: "docker" "start" "-a" "3badbae2c2d6b63e6f779403fc7ab65e99b1d46c04408bc3ffbf7f190a217f9b", kill_on_drop: false }`
[INFO] [stderr]    Compiling trybuild v1.0.41
[INFO] [stderr]    Compiling ink_prelude v3.0.0-rc3 (/opt/rustwide/workdir/crates/prelude)
[INFO] [stderr]    Compiling pretty_assertions v0.7.1
[INFO] [stderr]    Compiling ink_allocator v3.0.0-rc3 (/opt/rustwide/workdir/crates/allocator)
[INFO] [stderr]    Compiling env_logger v0.8.3
[INFO] [stderr]    Compiling quickcheck_macros v1.0.0
[INFO] [stderr]    Compiling ink_lang_ir v3.0.0-rc3 (/opt/rustwide/workdir/crates/lang/ir)
[INFO] [stderr]    Compiling ink_lang_codegen v3.0.0-rc3 (/opt/rustwide/workdir/crates/lang/codegen)
[INFO] [stderr]    Compiling ink_primitives v3.0.0-rc3 (/opt/rustwide/workdir/crates/primitives)
[INFO] [stderr]    Compiling ink_env v3.0.0-rc3 (/opt/rustwide/workdir/crates/env)
[INFO] [stderr]    Compiling ink_storage_derive v3.0.0-rc3 (/opt/rustwide/workdir/crates/storage/derive)
[INFO] [stderr]    Compiling ink_lang v3.0.0-rc3 (/opt/rustwide/workdir/crates/lang)
[INFO] [stderr]    Compiling ink_metadata v3.0.0-rc3 (/opt/rustwide/workdir/crates/metadata)
[INFO] [stderr]    Compiling quickcheck v1.0.3
[INFO] [stderr]    Compiling ink_storage v3.0.0-rc3 (/opt/rustwide/workdir/crates/storage)
[INFO] [stderr]    Compiling ink_lang_macro v3.0.0-rc3 (/opt/rustwide/workdir/crates/lang/macro)
[INFO] [stderr]     Finished test [unoptimized + debuginfo] target(s) in 23.74s
[INFO] running `Command { std: "docker" "inspect" "3badbae2c2d6b63e6f779403fc7ab65e99b1d46c04408bc3ffbf7f190a217f9b", kill_on_drop: false }`
[INFO] running `Command { std: "docker" "rm" "-f" "3badbae2c2d6b63e6f779403fc7ab65e99b1d46c04408bc3ffbf7f190a217f9b", kill_on_drop: false }`
[INFO] [stdout] 3badbae2c2d6b63e6f779403fc7ab65e99b1d46c04408bc3ffbf7f190a217f9b
[INFO] running `Command { std: "docker" "create" "-v" "/var/lib/crater-agent-workspace/builds/worker-13/target:/opt/rustwide/target:rw,Z" "-v" "/var/lib/crater-agent-workspace/builds/worker-13/source:/opt/rustwide/workdir:ro,Z" "-v" "/var/lib/crater-agent-workspace/cargo-home:/opt/rustwide/cargo-home:ro,Z" "-v" "/var/lib/crater-agent-workspace/rustup-home:/opt/rustwide/rustup-home:ro,Z" "-e" "SOURCE_DIR=/opt/rustwide/workdir" "-e" "CARGO_TARGET_DIR=/opt/rustwide/target" "-e" "CARGO_INCREMENTAL=0" "-e" "RUST_BACKTRACE=full" "-e" "RUSTFLAGS=--cap-lints=warn" "-e" "CARGO_HOME=/opt/rustwide/cargo-home" "-e" "RUSTUP_HOME=/opt/rustwide/rustup-home" "-w" "/opt/rustwide/workdir" "-m" "1610612736" "--user" "0:0" "--network" "none" "ghcr.io/rust-lang/crates-build-env/linux@sha256:34b6a614d2c27851fe6cbf88fbd1137609cefab8b10d0615aaeb6fd47975d74e" "/opt/rustwide/cargo-home/bin/cargo" "+beta-2021-08-01" "test" "--frozen", kill_on_drop: false }`
[INFO] [stdout] f002494416ffbf99fa835fbcd4f72005cf28b153b7fe4ef793e491fd0ac6bb28
[INFO] running `Command { std: "docker" "start" "-a" "f002494416ffbf99fa835fbcd4f72005cf28b153b7fe4ef793e491fd0ac6bb28", kill_on_drop: false }`
[INFO] [stderr]     Finished test [unoptimized + debuginfo] target(s) in 0.12s
[INFO] [stderr]      Running unittests (/opt/rustwide/target/debug/deps/ink_allocator-3c4a8920a5fa48fc)
[INFO] [stderr]      Running unittests (/opt/rustwide/target/debug/deps/ink_env-e34a97d72d2acd4e)
[INFO] [stdout] 
[INFO] [stdout] running 0 tests
[INFO] [stdout] 
[INFO] [stdout] test result: ok. 0 passed; 0 failed; 0 ignored; 0 measured; 0 filtered out; finished in 0.00s
[INFO] [stdout] 
[INFO] [stdout] 
[INFO] [stdout] running 16 tests
[INFO] [stdout] test arithmetic::tests::saturating_add ... ok
[INFO] [stdout] test call::execution_input::tests::single_argument_works ... ok
[INFO] [stdout] test engine::off_chain::tests::gas_price ... ok
[INFO] [stdout] test engine::off_chain::tests::key_add ... ok
[INFO] [stdout] test engine::off_chain::tests::key_add_sub ... ok
[INFO] [stdout] test engine::off_chain::tests::store_load_clear ... ok
[INFO] [stdout] test tests::test_hash_blake2_128 ... ok
[INFO] [stdout] test tests::test_hash_blake2_256 ... ok
[INFO] [stdout] test tests::test_hash_keccak_256 ... ok
[INFO] [stdout] test tests::test_hash_sha2_256 ... ok
[INFO] [stdout] test call::execution_input::tests::empty_args_works ... ok
[INFO] [stdout] test arithmetic::tests::saturating_pow ... ok
[INFO] [stdout] test arithmetic::tests::saturating_mul ... ok
[INFO] [stdout] test call::execution_input::tests::empty_exec_input_works ... ok
[INFO] [stdout] test call::execution_input::tests::multiple_arguments_works ... ok
[INFO] [stdout] test arithmetic::tests::saturatiung_sub ... ok
[INFO] [stdout] 
[INFO] [stdout] test result: ok. 16 passed; 0 failed; 0 ignored; 0 measured; 0 filtered out; finished in 0.01s
[INFO] [stdout] 
[INFO] [stderr]      Running unittests (/opt/rustwide/target/debug/deps/ink_lang-48ab64068ef6f744)
[INFO] [stdout] 
[INFO] [stdout] running 0 tests
[INFO] [stdout] 
[INFO] [stdout] test result: ok. 0 passed; 0 failed; 0 ignored; 0 measured; 0 filtered out; finished in 0.00s
[INFO] [stdout] 
[INFO] [stdout] 
[INFO] [stdout] running 1 test
[INFO] [stderr]      Running unittests (/opt/rustwide/target/debug/deps/ink_lang_codegen-7e625bfc78e8d85e)
[INFO] [stdout] test generator::metadata::tests::extract_doc_comments_works ... ok
[INFO] [stderr]      Running unittests (/opt/rustwide/target/debug/deps/ink_lang_ir-f82b6b434d5a776d)
[INFO] [stdout] 
[INFO] [stdout] test result: ok. 1 passed; 0 failed; 0 ignored; 0 measured; 0 filtered out; finished in 0.01s
[INFO] [stdout] 
[INFO] [stdout] 
[INFO] [stdout] running 166 tests
[INFO] [stdout] test ast::attr_args::tests::empty_works ... ok
[INFO] [stdout] test ast::attr_args::tests::trailing_comma_works ... ok
[INFO] [stdout] test ast::attr_args::tests::relative_path_value_works ... ok
[INFO] [stdout] test ast::attr_args::tests::literal_str_value_works ... ok
[INFO] [stdout] test ast::attr_args::tests::literal_bool_value_works ... ok
[INFO] [stdout] test ast::attr_args::tests::ident_value_works ... ok
[INFO] [stdout] test ir::attrs::tests::compound_mixed_works ... ok
[INFO] [stdout] test ir::attrs::tests::namespace_invalid_type ... ok
[INFO] [stdout] test ir::attrs::tests::empty_ink_attribute_fails ... ok
[INFO] [stdout] test ir::attrs::tests::storage_works ... ok
[INFO] [stdout] test ir::attrs::tests::extension_invalid_value_type ... ok
[INFO] [stdout] test ir::attrs::tests::handle_status_works ... ok
[INFO] [stdout] test ir::attrs::tests::namespace_missing_parameter ... ok
[INFO] [stdout] test ast::attr_args::tests::many_mixed_works ... ok
[INFO] [stdout] test ir::attrs::tests::returns_result_works ... ok
[INFO] [stdout] test ir::attrs::tests::contains_ink_attributes_works ... ok
[INFO] [stdout] test ir::attrs::tests::selector_invalid_type ... ok
[INFO] [stdout] test ir::attrs::tests::extension_too_big_integer ... ok
[INFO] [stdout] test ir::attrs::tests::extension_works ... ok
[INFO] [stdout] test ir::attrs::tests::duplicate_flags_fails ... ok
[INFO] [stdout] test ir::attrs::tests::extension_missing_parameter ... ok
[INFO] [stdout] test ir::attrs::tests::returns_result_invalid_parameter_type ... ok
[INFO] [stdout] test ir::attrs::tests::handle_status_invalid_parameter_type ... ok
[INFO] [stdout] test ir::attrs::tests::first_ink_attribute_works ... ok
[INFO] [stdout] test ir::attrs::tests::handle_status_missing_parameter ... ok
[INFO] [stdout] test ir::attrs::tests::impl_works ... ok
[INFO] [stdout] test ir::attrs::tests::parition_attributes_works ... ok
[INFO] [stdout] test ir::attrs::tests::non_ink_attribute_works ... ok
[INFO] [stdout] test ir::attrs::tests::namespace_works ... ok
[INFO] [stdout] test ir::chain_extension::tests::auto_chain_extension_is_denied ... ok
[INFO] [stdout] test ir::chain_extension::tests::chain_extension_containing_const_item_is_denied ... ok
[INFO] [stdout] test ir::chain_extension::tests::chain_extension_containing_generic_methods_is_denied ... ok
[INFO] [stdout] test ir::chain_extension::tests::chain_extension_with_params_is_ok ... ok
[INFO] [stdout] test ir::chain_extension::tests::chain_extension_containing_method_with_invalid_marker ... ok
[INFO] [stdout] test ir::chain_extension::tests::chain_extension_containing_async_methods_is_denied ... ok
[INFO] [stdout] test ir::chain_extension::tests::chain_extension_containing_const_methods_is_denied ... ok
[INFO] [stdout] test ir::chain_extension::tests::chain_extension_containing_invalid_associated_type_is_denied ... ok
[INFO] [stdout] test ir::chain_extension::tests::chain_extension_containing_default_implemented_methods_is_denied ... ok
[INFO] [stdout] test ir::chain_extension::tests::chain_extension_containing_macro_is_denied ... ok
[INFO] [stdout] test ir::chain_extension::tests::chain_extension_containing_method_with_unsupported_ink_attribute_is_denied ... ok
[INFO] [stdout] test ir::attrs::tests::parition_duplicates_fails ... ok
[INFO] [stdout] test ir::chain_extension::tests::chain_extension_containing_methods_using_explicit_abi_is_denied ... ok
[INFO] [stdout] test ir::chain_extension::tests::chain_extension_containing_non_flagged_method_is_denied ... ok
[INFO] [stdout] test ir::chain_extension::tests::chain_extension_containing_method_with_self_receiver_is_denied ... ok
[INFO] [stdout] test ir::chain_extension::tests::chain_extension_containing_variadic_methods_is_denied ... ok
[INFO] [stdout] test ir::chain_extension::tests::chain_extension_with_invalid_error_code ... ok
[INFO] [stdout] test ir::chain_extension::tests::chain_extension_with_overlapping_extension_ids ... ok
[INFO] [stdout] test ir::chain_extension::tests::chain_extension_containing_unsafe_methods_is_denied ... ok
[INFO] [stdout] test ir::attrs::tests::extension_negative_integer ... ok
[INFO] [stdout] test ast::attr_args::tests::root_path_value_works ... ok
[INFO] [stdout] test ir::chain_extension::tests::chain_extension_with_supertraits_is_denied ... ok
[INFO] [stdout] test ir::attrs::tests::returns_result_missing_parameter ... ok
[INFO] [stdout] test ir::chain_extension::tests::chain_extension_is_ok ... ok
[INFO] [stdout] test ir::chain_extension::tests::generic_chain_extension_is_denied ... ok
[INFO] [stdout] test ir::config::tests::env_works ... ok
[INFO] [stdout] test ir::config::tests::storage_alloc_invalid_value_fails ... ok
[INFO] [stdout] test ir::config::tests::as_dependency_works ... ok
[INFO] [stdout] test ir::config::tests::as_dependency_invalid_value_fails ... ok
[INFO] [stdout] test ir::item::event::tests::simple_try_from_works ... ok
[INFO] [stdout] test ir::item::event::tests::duplicate_field_attributes_fails ... ok
[INFO] [stdout] test ir::config::tests::unknown_arg_fails ... ok
[INFO] [stdout] test ir::chain_extension::tests::unsafe_chain_extension_is_denied ... ok
[INFO] [stdout] test ir::chain_extension::tests::non_pub_chain_extension_is_denied ... ok
[INFO] [stdout] test ir::config::tests::env_invalid_value_fails ... ok
[INFO] [stdout] test ir::item::storage::tests::duplicate_attributes_fails ... ok
[INFO] [stdout] test ir::config::tests::storage_alloc_works ... ok
[INFO] [stdout] test ir::attrs::tests::compound_simple_works ... ok
[INFO] [stdout] test ir::item::event::tests::non_pub_event_struct ... ok
[INFO] [stdout] test ir::item::event::tests::duplicate_struct_attributes_fails ... ok
[INFO] [stdout] test ir::config::tests::empty_config_works ... ok
[INFO] [stdout] test ir::config::tests::duplicate_args_fails ... ok
[INFO] [stdout] test ir::item::storage::tests::wrong_first_attribute_fails ... ok
[INFO] [stdout] test ir::item::event::tests::anonymous_event_works ... ok
[INFO] [stdout] test ir::item::tests::simple_rust_item_works ... ok
[INFO] [stdout] test ir::item::tests::simple_event_works ... ok
[INFO] [stdout] test ir::item_impl::constructor::tests::try_from_generics_fails ... ok
[INFO] [stdout] test ir::item::event::tests::conflicting_field_attributes_fails ... ok
[INFO] [stdout] test ir::item::event::tests::generic_event_fails ... ok
[INFO] [stdout] test ir::item::event::tests::invalid_field_attributes_fails ... ok
[INFO] [stdout] test ir::item::event::tests::missing_storage_attribute_fails ... ok
[INFO] [stdout] test ir::item::event::tests::wrong_first_struct_attribute_fails ... ok
[INFO] [stdout] test ir::item::storage::tests::conflicting_attributes_fails ... ok
[INFO] [stdout] test ir::attrs::tests::selector_too_long ... ok
[INFO] [stdout] test ir::attrs::tests::selector_works ... ok
[INFO] [stdout] test ir::item::event::tests::event_fields_iter_works ... ok
[INFO] [stdout] test ir::item::storage::tests::non_pub_storage_struct ... ok
[INFO] [stdout] test ir::item_impl::constructor::tests::inputs_works ... ok
[INFO] [stdout] test ir::item::storage::tests::generic_storage_fails ... ok
[INFO] [stdout] test ir::item_impl::constructor::tests::try_from_const_fails ... ok
[INFO] [stdout] test ir::item_impl::constructor::tests::try_from_async_fails ... ok
[INFO] [stdout] test ir::item::storage::tests::simple_try_from_works ... ok
[INFO] [stdout] test ir::item::tests::simple_storage_works ... ok
[INFO] [stdout] test ir::item_impl::constructor::tests::conflicting_attributes_fails ... ok
[INFO] [stdout] test ir::item_impl::constructor::tests::try_from_explicit_abi_fails ... ok
[INFO] [stdout] test ir::item::event::tests::conflicting_struct_attributes_fails ... ok
[INFO] [stdout] test ir::item_impl::message::tests::try_from_const_fails ... ok
[INFO] [stdout] test ir::item_impl::constructor::tests::try_from_unsafe_fails ... ok
[INFO] [stdout] test ir::item_impl::constructor::tests::try_from_invalid_self_receiver_fails ... ok
[INFO] [stdout] test ir::item::storage::tests::missing_storage_attribute_fails ... ok
[INFO] [stdout] test ir::item_impl::message::tests::try_from_explicit_abi_fails ... ok
[INFO] [stdout] test ir::item_impl::message::tests::try_from_async_fails ... ok
[INFO] [stdout] test ir::item_impl::constructor::tests::try_from_missing_return_fails ... ok
[INFO] [stdout] test ir::item_impl::constructor::tests::try_from_visibility_fails ... ok
[INFO] [stdout] test ir::item_impl::constructor::tests::try_from_variadic_fails ... ok
[INFO] [stdout] test ir::item_impl::message::tests::conflicting_attributes_fails ... ok
[INFO] [stdout] test ir::item_impl::message::tests::inputs_works ... ok
[INFO] [stdout] test ir::item_impl::message::tests::try_from_works ... ok
[INFO] [stdout] test ir::item_impl::message::tests::output_works ... ok
[INFO] [stdout] test ir::item_impl::message::tests::receiver_works ... ok
[INFO] [stdout] test ir::item_impl::tests::try_from_works ... ok
[INFO] [stdout] test ir::item_impl::constructor::tests::try_from_works ... ok
[INFO] [stdout] test ir::item_impl::message::tests::visibility_works ... ok
[INFO] [stdout] test ir::item_impl::message::tests::try_from_generics_fails ... ok
[INFO] [stdout] test ir::item_impl::message::tests::try_from_receiver_fails ... ok
[INFO] [stdout] test ir::item_impl::message::tests::try_from_unsafe_fails ... ok
[INFO] [stdout] test ir::item_impl::message::tests::try_from_variadic_fails ... ok
[INFO] [stdout] test ir::item_impl::message::tests::try_from_visibility_fails ... ok
[INFO] [stdout] test ir::item_impl::tests::is_ink_impl_block_eval_false_works ... ok
[INFO] [stdout] test ir::item_impl::tests::is_ink_impl_block_eval_true_works ... ok
[INFO] [stdout] test ir::item_impl::tests::is_ink_impl_block_fails ... ok
[INFO] [stdout] test ir::item_impl::tests::visibility_fails ... ok
[INFO] [stdout] test ir::item_impl::tests::namespace_works ... ok
[INFO] [stdout] test ir::item_impl::message::tests::is_payable_works ... ok
[INFO] [stdout] test ir::item_mod::tests::conflicting_attributes_fails ... ok
[INFO] [stdout] test ir::trait_def::tests::auto_trait_def_is_denied ... ok
[INFO] [stdout] test ir::item_mod::tests::overlapping_trait_impls_fails ... ok
[INFO] [stdout] test ir::item_mod::tests::missing_storage_struct_fails ... ok
[INFO] [stdout] test ir::item_mod::tests::missing_constructor_fails ... ok
[INFO] [stdout] test ir::item_mod::tests::invalid_out_of_line_module_fails ... ok
[INFO] [stdout] test ir::item_mod::tests::missing_message_fails ... ok
[INFO] [stdout] test ir::item_mod::tests::multiple_storage_struct_fails ... ok
[INFO] [stdout] test ir::attrs::tests::selector_non_hexcode ... ok
[INFO] [stdout] test ir::item_impl::constructor::tests::try_from_invalid_return_fails ... ok
[INFO] [stdout] test ir::item_mod::tests::item_mod_try_from_works ... ok
[INFO] [stdout] test ir::trait_def::tests::generic_trait_def_is_denied ... ok
[INFO] [stdout] test ir::item_impl::constructor::tests::visibility_works ... ok
[INFO] [stdout] test ir::item_impl::callable::tests::compose_selector_works ... ok
[INFO] [stdout] test ir::item_mod::tests::namespaced_overlapping_trait_impls_works ... ok
[INFO] [stdout] test ir::trait_def::tests::iter_messages_works ... ok
[INFO] [stdout] test ir::trait_def::tests::unsafe_trait_def_is_denied ... ok
[INFO] [stdout] test ir::trait_def::tests::trait_def_with_supertraits_is_denied ... ok
[INFO] [stdout] test ir::trait_def::tests::trait_def_containing_macro_is_denied ... ok
[INFO] [stdout] test ir::trait_def::tests::non_pub_trait_def_is_denied ... ok
[INFO] [stdout] test ir::trait_def::tests::trait_def_containing_message_with_invalid_ink_attributes_is_denied ... ok
[INFO] [stdout] test ir::trait_def::tests::trait_def_containing_methods_using_explicit_abi_is_denied ... ok
[INFO] [stdout] test ir::trait_def::tests::trait_def_containing_variadic_methods_is_denied ... ok
[INFO] [stdout] test ir::trait_def::tests::trait_def_is_ok ... ok
[INFO] [stdout] test ir::trait_def::tests::verify_hash_works_without_constructors ... ok
[INFO] [stdout] test ir::trait_def::tests::verify_hash_works_without_messages ... ok
[INFO] [stdout] test ir::trait_def::tests::trait_def_containing_generic_methods_is_denied ... ok
[INFO] [stdout] test ir::trait_def::tests::trait_def_containing_async_methods_is_denied ... ok
[INFO] [stdout] test ir::trait_def::tests::trait_def_containing_unsafe_methods_is_denied ... ok
[INFO] [stdout] test ir::trait_def::tests::trait_def_containing_default_implemented_methods_is_denied ... ok
[INFO] [stdout] test ir::trait_def::tests::trait_def_containing_method_with_unsupported_ink_attribute_is_denied ... ok
[INFO] [stdout] test ir::trait_def::tests::iter_constructors_works ... ok
[INFO] [stdout] test ir::trait_def::tests::trait_def_containing_constructor_with_invalid_ink_attributes_is_denied ... ok
[INFO] [stdout] test ir::trait_def::tests::trait_def_containing_associated_type_is_denied ... ok
[INFO] [stdout] test ir::trait_def::tests::trait_def_containing_non_flagged_method_is_denied ... ok
[INFO] [stdout] test ir::trait_def::tests::trait_def_containing_const_methods_is_denied ... ok
[INFO] [stdout] test ir::trait_def::tests::trait_def_containing_const_item_is_denied ... ok
[INFO] [stdout] test ir::trait_def::tests::trait_def_containing_invalid_message_is_denied ... ok
[INFO] [stdout] test ir::trait_def::tests::verify_hash_works ... ok
[INFO] [stdout] test ir::trait_def::tests::trait_def_containing_invalid_constructor_is_denied ... ok
[INFO] [stdout] test ir::item_mod::tests::overlapping_messages_fails ... ok
[INFO] [stdout] test ir::item_mod::tests::allow_overlap_between_messages_and_constructors ... ok
[INFO] [stderr]      Running unittests (/opt/rustwide/target/debug/deps/ink_lang_macro-a09a231c78567160)
[INFO] [stdout] test ir::item_mod::tests::overlapping_constructors_fails ... ok
[INFO] [stdout] 
[INFO] [stdout] test result: ok. 166 passed; 0 failed; 0 ignored; 0 measured; 0 filtered out; finished in 0.63s
[INFO] [stdout] 
[INFO] [stdout] 
[INFO] [stdout] running 0 tests
[INFO] [stdout] 
[INFO] [stdout] test result: ok. 0 passed; 0 failed; 0 ignored; 0 measured; 0 filtered out; finished in 0.00s
[INFO] [stdout] 
[INFO] [stderr]      Running tests/compile_tests.rs (/opt/rustwide/target/debug/deps/compile_tests-47cd7da2fb10795e)
[INFO] [stdout] 
[INFO] [stdout] running 1 test
[INFO] [stderr]    Compiling proc-macro2 v1.0.26
[INFO] [stderr]    Compiling syn v1.0.69
[INFO] [stderr]    Compiling unicode-xid v0.2.1
[INFO] [stderr]    Compiling serde_derive v1.0.125
[INFO] [stderr]    Compiling serde v1.0.125
[INFO] [stderr]    Compiling typenum v1.13.0
[INFO] [stderr]    Compiling version_check v0.9.3
[INFO] [stderr]    Compiling autocfg v1.0.1
[INFO] [stderr]    Compiling cfg-if v1.0.0
[INFO] [stderr]    Compiling memchr v2.3.4
[INFO] [stderr]    Compiling radium v0.6.2
[INFO] [stderr]    Compiling libc v0.2.93
[INFO] [stderr]    Compiling lazy_static v1.4.0
[INFO] [stderr]    Compiling funty v1.1.0
[INFO] [stderr]    Compiling semver-parser v0.7.0
[INFO] [stderr]    Compiling tap v1.0.1
[INFO] [stderr]    Compiling wyz v0.2.0
[INFO] [stderr]    Compiling either v1.6.1
[INFO] [stderr]    Compiling byte-slice-cast v1.0.0
[INFO] [stderr]    Compiling getrandom v0.2.2
[INFO] [stderr]    Compiling arrayvec v0.7.0
[INFO] [stderr]    Compiling ryu v1.0.5
[INFO] [stderr]    Compiling opaque-debug v0.3.0
[INFO] [stderr]    Compiling scopeguard v1.1.0
[INFO] [stderr]    Compiling rayon-core v1.9.0
[INFO] [stderr]    Compiling subtle v2.4.0
[INFO] [stderr]    Compiling byteorder v1.4.3
[INFO] [stderr]    Compiling serde_json v1.0.64
[INFO] [stderr]    Compiling wee_alloc v0.4.5
[INFO] [stderr]    Compiling regex-syntax v0.6.23
[INFO] [stderr]    Compiling bitflags v1.2.1
[INFO] [stderr]    Compiling itoa v0.4.7
[INFO] [stderr]    Compiling block-padding v0.2.1
[INFO] [stderr]    Compiling plotters-backend v0.3.0
[INFO] [stderr]    Compiling ppv-lite86 v0.2.10
[INFO] [stderr]    Compiling cfg-if v0.1.10
[INFO] [stderr]    Compiling unicode-width v0.1.8
[INFO] [stderr]    Compiling memory_units v0.4.0
[INFO] [stderr]    Compiling keccak v0.1.0
[INFO] [stderr]    Compiling same-file v1.0.6
[INFO] [stderr]    Compiling half v1.7.1
[INFO] [stderr]    Compiling cpuid-bool v0.1.2
[INFO] [stderr]    Compiling unicode-segmentation v1.7.1
[INFO] [stderr]    Compiling oorandom v11.1.3
[INFO] [stderr]    Compiling arrayref v0.3.6
[INFO] [stderr]    Compiling paste v1.0.5
[INFO] [stderr]    Compiling static_assertions v1.1.0
[INFO] [stderr]    Compiling array-init v2.0.0
[INFO] [stderr]    Compiling ink_prelude v3.0.0-rc3 (/opt/rustwide/workdir/crates/prelude)
[INFO] [stderr]    Compiling regex-automata v0.1.9
[INFO] [stderr]    Compiling itertools v0.10.0
[INFO] [stderr]    Compiling itertools v0.9.0
[INFO] [stderr]    Compiling semver v0.9.0
[INFO] [stderr]    Compiling plotters-svg v0.3.0
[INFO] [stderr]    Compiling textwrap v0.11.0
[INFO] [stderr]    Compiling walkdir v2.3.2
[INFO] [stderr]    Compiling heck v0.3.2
[INFO] [stderr]    Compiling rustc_version v0.2.3
[INFO] [stderr]    Compiling crossbeam-utils v0.8.3
[INFO] [stderr]    Compiling memoffset v0.6.3
[INFO] [stderr]    Compiling num-traits v0.2.14
[INFO] [stderr]    Compiling rayon v1.5.0
[INFO] [stderr]    Compiling clap v2.33.3
[INFO] [stderr]    Compiling generic-array v0.14.4
[INFO] [stderr]    Compiling bitvec v0.20.2
[INFO] [stderr]    Compiling aho-corasick v0.7.15
[INFO] [stderr]    Compiling csv-core v0.1.10
[INFO] [stderr]    Compiling quote v1.0.9
[INFO] [stderr]    Compiling cast v0.2.3
[INFO] [stderr]    Compiling num_cpus v1.13.0
[INFO] [stderr]    Compiling atty v0.2.14
[INFO] [stderr]    Compiling rand_core v0.6.2
[INFO] [stderr]    Compiling ink_allocator v3.0.0-rc3 (/opt/rustwide/workdir/crates/allocator)
[INFO] [stderr]    Compiling rand_chacha v0.3.0
[INFO] [stderr]    Compiling criterion-plot v0.4.3
[INFO] [stderr]    Compiling regex v1.4.5
[INFO] [stderr]    Compiling rand v0.8.3
[INFO] [stderr]    Compiling digest v0.9.0
[INFO] [stderr]    Compiling crypto-mac v0.8.0
[INFO] [stderr]    Compiling blake2 v0.9.1
[INFO] [stderr]    Compiling crossbeam-epoch v0.9.3
[INFO] [stderr]    Compiling crossbeam-channel v0.5.0
[INFO] [stderr]    Compiling block-buffer v0.9.0
[INFO] [stderr]    Compiling plotters v0.3.0
[INFO] [stderr]    Compiling sha3 v0.9.1
[INFO] [stderr]    Compiling sha2 v0.9.3
[INFO] [stderr]    Compiling crossbeam-deque v0.8.0
[INFO] [stderr]    Compiling synstructure v0.12.4
[INFO] [stderr]    Compiling ink_lang_ir v3.0.0-rc3 (/opt/rustwide/workdir/crates/lang/ir)
[INFO] [stderr]    Compiling derive_more v0.99.13
[INFO] [stderr]    Compiling ink_storage_derive v3.0.0-rc3 (/opt/rustwide/workdir/crates/storage/derive)
[INFO] [stdout] test compile_tests has been running for over 60 seconds
[INFO] [stderr]    Compiling impl-serde v0.3.1
[INFO] [stderr]    Compiling bstr v0.2.15
[INFO] [stderr]    Compiling serde_cbor v0.11.1
[INFO] [stderr]    Compiling toml v0.5.8
[INFO] [stderr]    Compiling tinytemplate v1.2.1
[INFO] [stderr]    Compiling csv v1.1.6
[INFO] [stderr]    Compiling proc-macro-crate v0.1.5
[INFO] [stderr]    Compiling criterion v0.3.4
[INFO] [stderr]    Compiling parity-scale-codec-derive v2.1.0
[INFO] [stderr]    Compiling scale-info-derive v0.4.0
[INFO] [stderr]    Compiling parity-scale-codec v2.1.0
[INFO] [stderr]    Compiling scale-info v0.6.0
[INFO] [stderr]    Compiling ink_lang_codegen v3.0.0-rc3 (/opt/rustwide/workdir/crates/lang/codegen)
[INFO] [stderr]    Compiling ink_primitives v3.0.0-rc3 (/opt/rustwide/workdir/crates/primitives)
[INFO] [stderr]    Compiling ink_metadata v3.0.0-rc3 (/opt/rustwide/workdir/crates/metadata)
[INFO] [stderr]    Compiling ink_lang_macro v3.0.0-rc3 (/opt/rustwide/workdir/crates/lang/macro)
[INFO] [stderr]    Compiling ink_env v3.0.0-rc3 (/opt/rustwide/workdir/crates/env)
[INFO] [stderr]    Compiling ink_storage v3.0.0-rc3 (/opt/rustwide/workdir/crates/storage)
[INFO] [stderr]    Compiling ink_lang v3.0.0-rc3 (/opt/rustwide/workdir/crates/lang)
[INFO] [stderr]    Compiling ink_lang_macro-tests v0.0.0 (/opt/rustwide/target/tests/ink_lang_macro)
[INFO] [stderr]     Finished dev [unoptimized + debuginfo] target(s) in 1m 40s
[INFO] [stderr] 
[INFO] [stderr] 
[INFO] [stderr] test 01-noop-contract.rs [should pass] ... ok
[INFO] [stderr] test 02-flipper-contract.rs [should pass] ... ok
[INFO] [stderr] test 03-incrementer-contract.rs [should pass] ... ok
[INFO] [stderr] test 04-erc20-contract.rs [should pass] ... ok
[INFO] [stderr] test 05-erc721-contract.rs [should pass] ... ok
[INFO] [stderr] test 06-non-ink-items.rs [should pass] ... ok
[INFO] [stderr] test 07-flipper-as-dependency.rs [should pass] ... ok
[INFO] [stderr] test 08-static-env.rs [should pass] ... ok
[INFO] [stderr] test 09-derive-for-storage.rs [should pass] ... ok
[INFO] [stderr] test 10-alias-storage-struct-impl.rs [should pass] ... ok
[INFO] [stderr] test C-00-constructor-self-ref.rs [should fail to compile] ... ok
[INFO] [stderr] test C-01-constructor-self-mut.rs [should fail to compile] ... ok
[INFO] [stderr] test C-02-constructor-self-val.rs [should fail to compile] ... ok
[INFO] [stderr] test C-03-constructor-missing-return.rs [should fail to compile] ... ok
[INFO] [stderr] test C-04-missing-constructor.rs [should fail to compile] ... mismatch
[INFO] [stderr] 
[INFO] [stderr] EXPECTED:
[INFO] [stderr] ┈┈┈┈┈┈┈┈┈┈┈┈┈┈┈┈┈┈┈┈┈┈┈┈┈┈┈┈┈┈┈┈┈┈┈┈┈┈┈┈┈┈┈┈┈┈┈┈┈┈┈┈┈┈┈┈┈┈┈┈
[INFO] [stderr] error: missing ink! constructor
[INFO] [stderr]   --> $DIR/C-04-missing-constructor.rs:4:1
[INFO] [stderr]    |
[INFO] [stderr] 4  | / mod noop {
[INFO] [stderr] 5  | |     #[ink(storage)]
[INFO] [stderr] 6  | |     pub struct Noop {}
[INFO] [stderr] 7  | |
[INFO] [stderr] ...  |
[INFO] [stderr] 11 | |     }
[INFO] [stderr] 12 | | }
[INFO] [stderr]    | |_^
[INFO] [stderr] ┈┈┈┈┈┈┈┈┈┈┈┈┈┈┈┈┈┈┈┈┈┈┈┈┈┈┈┈┈┈┈┈┈┈┈┈┈┈┈┈┈┈┈┈┈┈┈┈┈┈┈┈┈┈┈┈┈┈┈┈
[INFO] [stderr] 
[INFO] [stderr] ACTUAL OUTPUT:
[INFO] [stderr] ┈┈┈┈┈┈┈┈┈┈┈┈┈┈┈┈┈┈┈┈┈┈┈┈┈┈┈┈┈┈┈┈┈┈┈┈┈┈┈┈┈┈┈┈┈┈┈┈┈┈┈┈┈┈┈┈┈┈┈┈
[INFO] [stderr] error: missing ink! constructor
[INFO] [stderr]  --> $DIR/C-04-missing-constructor.rs:4:1
[INFO] [stderr]   |
[INFO] [stderr] 4 | mod noop {
[INFO] [stderr]   | ^^^
[INFO] [stderr] ┈┈┈┈┈┈┈┈┈┈┈┈┈┈┈┈┈┈┈┈┈┈┈┈┈┈┈┈┈┈┈┈┈┈┈┈┈┈┈┈┈┈┈┈┈┈┈┈┈┈┈┈┈┈┈┈┈┈┈┈
[INFO] [stderr] note: If the actual output is the correct output you can bless it by rerunning
[INFO] [stderr]       your test with the environment variable TRYBUILD=overwrite
[INFO] [stderr] 
[INFO] [stderr] test C-10-async-constructor.rs [should fail to compile] ... ok
[INFO] [stderr] test C-11-unsafe-constructor.rs [should fail to compile] ... ok
[INFO] [stderr] test C-12-const-constructor.rs [should fail to compile] ... ok
[INFO] [stderr] test C-13-abi-constructor.rs [should fail to compile] ... ok
[INFO] [stderr] test C-14-payable-constructor.rs [should fail to compile] ... ok
[INFO] [stderr] test C-15-payable-trait-constructor.rs [should fail to compile] ... ok
[INFO] [stderr] test H-01-invalid-dyn-alloc.rs [should fail to compile] ... ok
[INFO] [stderr] test H-02-invalid-as-dependency.rs [should fail to compile] ... ok
[INFO] [stderr] test H-03-use-forbidden-idents.rs [should fail to compile] ... ok
[INFO] [stderr] test M-01-missing-message.rs [should fail to compile] ... mismatch
[INFO] [stderr] 
[INFO] [stderr] EXPECTED:
[INFO] [stderr] ┈┈┈┈┈┈┈┈┈┈┈┈┈┈┈┈┈┈┈┈┈┈┈┈┈┈┈┈┈┈┈┈┈┈┈┈┈┈┈┈┈┈┈┈┈┈┈┈┈┈┈┈┈┈┈┈┈┈┈┈
[INFO] [stderr] error: missing ink! message
[INFO] [stderr]   --> $DIR/M-01-missing-message.rs:4:1
[INFO] [stderr]    |
[INFO] [stderr] 4  | / mod missing_message {
[INFO] [stderr] 5  | |     #[ink(storage)]
[INFO] [stderr] 6  | |     pub struct MissingMessage {}
[INFO] [stderr] 7  | |
[INFO] [stderr] ...  |
[INFO] [stderr] 13 | |     }
[INFO] [stderr] 14 | | }
[INFO] [stderr]    | |_^
[INFO] [stderr] ┈┈┈┈┈┈┈┈┈┈┈┈┈┈┈┈┈┈┈┈┈┈┈┈┈┈┈┈┈┈┈┈┈┈┈┈┈┈┈┈┈┈┈┈┈┈┈┈┈┈┈┈┈┈┈┈┈┈┈┈
[INFO] [stderr] 
[INFO] [stderr] ACTUAL OUTPUT:
[INFO] [stderr] ┈┈┈┈┈┈┈┈┈┈┈┈┈┈┈┈┈┈┈┈┈┈┈┈┈┈┈┈┈┈┈┈┈┈┈┈┈┈┈┈┈┈┈┈┈┈┈┈┈┈┈┈┈┈┈┈┈┈┈┈
[INFO] [stderr] error: missing ink! message
[INFO] [stderr]  --> $DIR/M-01-missing-message.rs:4:1
[INFO] [stderr]   |
[INFO] [stderr] 4 | mod missing_message {
[INFO] [stderr]   | ^^^
[INFO] [stderr] ┈┈┈┈┈┈┈┈┈┈┈┈┈┈┈┈┈┈┈┈┈┈┈┈┈┈┈┈┈┈┈┈┈┈┈┈┈┈┈┈┈┈┈┈┈┈┈┈┈┈┈┈┈┈┈┈┈┈┈┈
[INFO] [stderr] note: If the actual output is the correct output you can bless it by rerunning
[INFO] [stderr]       your test with the environment variable TRYBUILD=overwrite
[INFO] [stderr] 
[INFO] [stderr] test M-02-message-missing-self-arg.rs [should fail to compile] ... mismatch
[INFO] [stderr] 
[INFO] [stderr] EXPECTED:
[INFO] [stderr] ┈┈┈┈┈┈┈┈┈┈┈┈┈┈┈┈┈┈┈┈┈┈┈┈┈┈┈┈┈┈┈┈┈┈┈┈┈┈┈┈┈┈┈┈┈┈┈┈┈┈┈┈┈┈┈┈┈┈┈┈
[INFO] [stderr] error: ink! messages must have `&self` or `&mut self` receiver
[INFO] [stderr]   --> $DIR/M-02-message-missing-self-arg.rs:14:9
[INFO] [stderr]    |
[INFO] [stderr] 14 | /         #[ink(message)]
[INFO] [stderr] 15 | |         pub fn missing_self_arg() {}
[INFO] [stderr]    | |____________________________________^
[INFO] [stderr] ┈┈┈┈┈┈┈┈┈┈┈┈┈┈┈┈┈┈┈┈┈┈┈┈┈┈┈┈┈┈┈┈┈┈┈┈┈┈┈┈┈┈┈┈┈┈┈┈┈┈┈┈┈┈┈┈┈┈┈┈
[INFO] [stderr] 
[INFO] [stderr] ACTUAL OUTPUT:
[INFO] [stderr] ┈┈┈┈┈┈┈┈┈┈┈┈┈┈┈┈┈┈┈┈┈┈┈┈┈┈┈┈┈┈┈┈┈┈┈┈┈┈┈┈┈┈┈┈┈┈┈┈┈┈┈┈┈┈┈┈┈┈┈┈
[INFO] [stderr] error: ink! messages must have `&self` or `&mut self` receiver
[INFO] [stderr]   --> $DIR/M-02-message-missing-self-arg.rs:14:9
[INFO] [stderr]    |
[INFO] [stderr] 14 |         #[ink(message)]
[INFO] [stderr]    |         ^
[INFO] [stderr] ┈┈┈┈┈┈┈┈┈┈┈┈┈┈┈┈┈┈┈┈┈┈┈┈┈┈┈┈┈┈┈┈┈┈┈┈┈┈┈┈┈┈┈┈┈┈┈┈┈┈┈┈┈┈┈┈┈┈┈┈
[INFO] [stderr] note: If the actual output is the correct output you can bless it by rerunning
[INFO] [stderr]       your test with the environment variable TRYBUILD=overwrite
[INFO] [stderr] 
[INFO] [stderr] test M-03-message-returns-self.rs [should fail to compile] ... ok
[INFO] [stderr] test M-04-message-returns-non-codec.rs [should fail to compile] ... ok
[INFO] [stderr] test M-05-message-invalid-selector.rs [should fail to compile] ... ok
[INFO] [stderr] test M-10-method-unknown-ink-marker.rs [should fail to compile] ... ok
[INFO] [stderr] test S-01-missing-storage-struct.rs [should fail to compile] ... mismatch
[INFO] [stderr] 
[INFO] [stderr] EXPECTED:
[INFO] [stderr] ┈┈┈┈┈┈┈┈┈┈┈┈┈┈┈┈┈┈┈┈┈┈┈┈┈┈┈┈┈┈┈┈┈┈┈┈┈┈┈┈┈┈┈┈┈┈┈┈┈┈┈┈┈┈┈┈┈┈┈┈
[INFO] [stderr] error: missing ink! storage struct
[INFO] [stderr]   --> $DIR/S-01-missing-storage-struct.rs:4:1
[INFO] [stderr]    |
[INFO] [stderr] 4  | / mod missing_storage_struct {
[INFO] [stderr] 5  | |     // We are missing the #[ink(storage)] attribute here
[INFO] [stderr] 6  | |     pub struct MissingStorageStruct {}
[INFO] [stderr] 7  | |
[INFO] [stderr] ...  |
[INFO] [stderr] 14 | |     }
[INFO] [stderr] 15 | | }
[INFO] [stderr]    | |_^
[INFO] [stderr] ┈┈┈┈┈┈┈┈┈┈┈┈┈┈┈┈┈┈┈┈┈┈┈┈┈┈┈┈┈┈┈┈┈┈┈┈┈┈┈┈┈┈┈┈┈┈┈┈┈┈┈┈┈┈┈┈┈┈┈┈
[INFO] [stderr] 
[INFO] [stderr] ACTUAL OUTPUT:
[INFO] [stderr] ┈┈┈┈┈┈┈┈┈┈┈┈┈┈┈┈┈┈┈┈┈┈┈┈┈┈┈┈┈┈┈┈┈┈┈┈┈┈┈┈┈┈┈┈┈┈┈┈┈┈┈┈┈┈┈┈┈┈┈┈
[INFO] [stderr] error: missing ink! storage struct
[INFO] [stderr]  --> $DIR/S-01-missing-storage-struct.rs:4:1
[INFO] [stderr]   |
[INFO] [stderr] 4 | mod missing_storage_struct {
[INFO] [stderr]   | ^^^
[INFO] [stderr] ┈┈┈┈┈┈┈┈┈┈┈┈┈┈┈┈┈┈┈┈┈┈┈┈┈┈┈┈┈┈┈┈┈┈┈┈┈┈┈┈┈┈┈┈┈┈┈┈┈┈┈┈┈┈┈┈┈┈┈┈
[INFO] [stderr] note: If the actual output is the correct output you can bless it by rerunning
[INFO] [stderr]       your test with the environment variable TRYBUILD=overwrite
[INFO] [stderr] 
[INFO] [stderr] test S-02-multiple-storage-structs.rs [should fail to compile] ... mismatch
[INFO] [stderr] 
[INFO] [stderr] EXPECTED:
[INFO] [stderr] ┈┈┈┈┈┈┈┈┈┈┈┈┈┈┈┈┈┈┈┈┈┈┈┈┈┈┈┈┈┈┈┈┈┈┈┈┈┈┈┈┈┈┈┈┈┈┈┈┈┈┈┈┈┈┈┈┈┈┈┈
[INFO] [stderr] error: encountered multiple ink! storage structs, expected exactly one
[INFO] [stderr]   --> $DIR/S-02-multiple-storage-structs.rs:4:1
[INFO] [stderr]    |
[INFO] [stderr] 4  | / mod multiple_storage_structs {
[INFO] [stderr] 5  | |     #[ink(storage)]
[INFO] [stderr] 6  | |     pub struct FirstStorageStruct {}
[INFO] [stderr] 7  | |
[INFO] [stderr] ...  |
[INFO] [stderr] 30 | |     }
[INFO] [stderr] 31 | | }
[INFO] [stderr]    | |_^
[INFO] [stderr] 
[INFO] [stderr] error: ink! storage struct here
[INFO] [stderr]  --> $DIR/S-02-multiple-storage-structs.rs:6:5
[INFO] [stderr]   |
[INFO] [stderr] 6 |     pub struct FirstStorageStruct {}
[INFO] [stderr]   |     ^^^^^^^^^^^^^^^^^^^^^^^^^^^^^^^^
[INFO] [stderr] 
[INFO] [stderr] error: ink! storage struct here
[INFO] [stderr]   --> $DIR/S-02-multiple-storage-structs.rs:10:5
[INFO] [stderr]    |
[INFO] [stderr] 10 |     pub struct SecondStorageStruct {}
[INFO] [stderr]    |     ^^^^^^^^^^^^^^^^^^^^^^^^^^^^^^^^^
[INFO] [stderr] ┈┈┈┈┈┈┈┈┈┈┈┈┈┈┈┈┈┈┈┈┈┈┈┈┈┈┈┈┈┈┈┈┈┈┈┈┈┈┈┈┈┈┈┈┈┈┈┈┈┈┈┈┈┈┈┈┈┈┈┈
[INFO] [stderr] 
[INFO] [stderr] ACTUAL OUTPUT:
[INFO] [stderr] ┈┈┈┈┈┈┈┈┈┈┈┈┈┈┈┈┈┈┈┈┈┈┈┈┈┈┈┈┈┈┈┈┈┈┈┈┈┈┈┈┈┈┈┈┈┈┈┈┈┈┈┈┈┈┈┈┈┈┈┈
[INFO] [stderr] error: encountered multiple ink! storage structs, expected exactly one
[INFO] [stderr]  --> $DIR/S-02-multiple-storage-structs.rs:4:1
[INFO] [stderr]   |
[INFO] [stderr] 4 | mod multiple_storage_structs {
[INFO] [stderr]   | ^^^
[INFO] [stderr] 
[INFO] [stderr] error: ink! storage struct here
[INFO] [stderr]  --> $DIR/S-02-multiple-storage-structs.rs:6:5
[INFO] [stderr]   |
[INFO] [stderr] 6 |     pub struct FirstStorageStruct {}
[INFO] [stderr]   |     ^^^
[INFO] [stderr] 
[INFO] [stderr] error: ink! storage struct here
[INFO] [stderr]   --> $DIR/S-02-multiple-storage-structs.rs:10:5
[INFO] [stderr]    |
[INFO] [stderr] 10 |     pub struct SecondStorageStruct {}
[INFO] [stderr]    |     ^^^
[INFO] [stderr] ┈┈┈┈┈┈┈┈┈┈┈┈┈┈┈┈┈┈┈┈┈┈┈┈┈┈┈┈┈┈┈┈┈┈┈┈┈┈┈┈┈┈┈┈┈┈┈┈┈┈┈┈┈┈┈┈┈┈┈┈
[INFO] [stderr] note: If the actual output is the correct output you can bless it by rerunning
[INFO] [stderr]       your test with the environment variable TRYBUILD=overwrite
[INFO] [stderr] 
[INFO] [stderr] test S-03-struct-unknown-ink-marker.rs [should fail to compile] ... ok
[INFO] [stderr] test S-04-non-storage-ink-impls.rs [should fail to compile] ... mismatch
[INFO] [stderr] 
[INFO] [stderr] EXPECTED:
[INFO] [stderr] ┈┈┈┈┈┈┈┈┈┈┈┈┈┈┈┈┈┈┈┈┈┈┈┈┈┈┈┈┈┈┈┈┈┈┈┈┈┈┈┈┈┈┈┈┈┈┈┈┈┈┈┈┈┈┈┈┈┈┈┈
[INFO] [stderr] error[E0271]: type mismatch resolving `<NonStorageStruct as non_storage_ink_impls::_::_::{closure#0}::TypeEq>::This == StorageStruct`
[INFO] [stderr]   --> $DIR/S-04-non-storage-ink-impls.rs:28:10
[INFO] [stderr]    |
[INFO] [stderr] 28 |     impl NonStorageStruct {
[INFO] [stderr]    |          ^^^^^^^^^^^^^^^^
[INFO] [stderr]    |          |
[INFO] [stderr]    |          expected struct `StorageStruct`, found struct `NonStorageStruct`
[INFO] [stderr]    |          required by a bound in this
[INFO] [stderr]    |          required by this bound in `non_storage_ink_impls::_::_::{closure#0}::assert_type_eq_all`
[INFO] [stderr]    |
[INFO] [stderr]    = note: this error originates in a macro (in Nightly builds, run with -Z macro-backtrace for more info)
[INFO] [stderr] 
[INFO] [stderr] error[E0599]: no function or associated item named `constructor2` found for struct `StorageStruct` in the current scope
[INFO] [stderr]   --> $DIR/S-04-non-storage-ink-impls.rs:30:16
[INFO] [stderr]    |
[INFO] [stderr] 9  |     pub struct StorageStruct {}
[INFO] [stderr]    |     ------------------------ function or associated item `constructor2` not found for this
[INFO] [stderr] ...
[INFO] [stderr] 30 |         pub fn constructor2() -> Self {
[INFO] [stderr]    |                ^^^^^^^^^^^^
[INFO] [stderr]    |                |
[INFO] [stderr]    |                function or associated item not found in `StorageStruct`
[INFO] [stderr]    |                help: there is an associated function with a similar name: `constructor1`
[INFO] [stderr] 
[INFO] [stderr] error[E0599]: no function or associated item named `message2` found for struct `StorageStruct` in the current scope
[INFO] [stderr]   --> $DIR/S-04-non-storage-ink-impls.rs:35:16
[INFO] [stderr]    |
[INFO] [stderr] 9  |     pub struct StorageStruct {}
[INFO] [stderr]    |     ------------------------ function or associated item `message2` not found for this
[INFO] [stderr] ...
[INFO] [stderr] 35 |         pub fn message2(&self) {}
[INFO] [stderr]    |                ^^^^^^^^
[INFO] [stderr]    |                |
[INFO] [stderr]    |                function or associated item not found in `StorageStruct`
[INFO] [stderr]    |                help: there is an associated function with a similar name: `message1`
[INFO] [stderr] ┈┈┈┈┈┈┈┈┈┈┈┈┈┈┈┈┈┈┈┈┈┈┈┈┈┈┈┈┈┈┈┈┈┈┈┈┈┈┈┈┈┈┈┈┈┈┈┈┈┈┈┈┈┈┈┈┈┈┈┈
[INFO] [stderr] 
[INFO] [stderr] ACTUAL OUTPUT:
[INFO] [stderr] ┈┈┈┈┈┈┈┈┈┈┈┈┈┈┈┈┈┈┈┈┈┈┈┈┈┈┈┈┈┈┈┈┈┈┈┈┈┈┈┈┈┈┈┈┈┈┈┈┈┈┈┈┈┈┈┈┈┈┈┈
[INFO] [stderr] error[E0271]: type mismatch resolving `<NonStorageStruct as non_storage_ink_impls::_::_::{closure#0}::TypeEq>::This == StorageStruct`
[INFO] [stderr]   --> $DIR/S-04-non-storage-ink-impls.rs:28:10
[INFO] [stderr]    |
[INFO] [stderr] 28 |     impl NonStorageStruct {
[INFO] [stderr]    |          ^^^^^^^^^^^^^^^^
[INFO] [stderr]    |          |
[INFO] [stderr]    |          expected struct `StorageStruct`, found struct `NonStorageStruct`
[INFO] [stderr]    |          required by a bound in this
[INFO] [stderr]    |          required by this bound in `non_storage_ink_impls::_::_::{closure#0}::assert_type_eq_all`
[INFO] [stderr]    |
[INFO] [stderr]    = note: this error originates in the macro `::ink_lang::static_assertions::assert_type_eq_all` (in Nightly builds, run with -Z macro-backtrace for more info)
[INFO] [stderr] 
[INFO] [stderr] error[E0599]: no function or associated item named `constructor2` found for struct `StorageStruct` in the current scope
[INFO] [stderr]   --> $DIR/S-04-non-storage-ink-impls.rs:30:16
[INFO] [stderr]    |
[INFO] [stderr] 9  |     pub struct StorageStruct {}
[INFO] [stderr]    |     --- function or associated item `constructor2` not found for this
[INFO] [stderr] ...
[INFO] [stderr] 30 |         pub fn constructor2() -> Self {
[INFO] [stderr]    |                ^^^^^^^^^^^^
[INFO] [stderr]    |                |
[INFO] [stderr]    |                function or associated item not found in `StorageStruct`
[INFO] [stderr]    |                help: there is an associated function with a similar name: `constructor1`
[INFO] [stderr] 
[INFO] [stderr] error[E0599]: no function or associated item named `message2` found for struct `StorageStruct` in the current scope
[INFO] [stderr]   --> $DIR/S-04-non-storage-ink-impls.rs:35:16
[INFO] [stderr]    |
[INFO] [stderr] 9  |     pub struct StorageStruct {}
[INFO] [stderr]    |     --- function or associated item `message2` not found for this
[INFO] [stderr] ...
[INFO] [stderr] 35 |         pub fn message2(&self) {}
[INFO] [stderr]    |                ^^^^^^^^
[INFO] [stderr]    |                |
[INFO] [stderr]    |                function or associated item not found in `StorageStruct`
[INFO] [stderr]    |                help: there is an associated function with a similar name: `message1`
[INFO] [stderr] ┈┈┈┈┈┈┈┈┈┈┈┈┈┈┈┈┈┈┈┈┈┈┈┈┈┈┈┈┈┈┈┈┈┈┈┈┈┈┈┈┈┈┈┈┈┈┈┈┈┈┈┈┈┈┈┈┈┈┈┈
[INFO] [stderr] note: If the actual output is the correct output you can bless it by rerunning
[INFO] [stderr]       your test with the environment variable TRYBUILD=overwrite
[INFO] [stderr] 
[INFO] [stderr] test S-05-storage-as-event.rs [should fail to compile] ... ok
[INFO] [stderr] test S-06-event-as-storage.rs [should fail to compile] ... ok
[INFO] [stderr] test E-01-simple.rs [should pass] ... ok
[INFO] [stderr] 
[INFO] [stderr] 
[INFO] [stdout] test compile_tests ... FAILED
[INFO] [stdout] 
[INFO] [stdout] failures:
[INFO] [stdout] 
[INFO] [stdout] ---- compile_tests stdout ----
[INFO] [stdout] thread 'compile_tests' panicked at '6 of 37 tests failed', /opt/rustwide/cargo-home/registry/src/github.com-1ecc6299db9ec823/trybuild-1.0.41/src/run.rs:65:13
[INFO] [stdout] stack backtrace:
[INFO] [stdout]    0:     0x55e7aceeb660 - std::backtrace_rs::backtrace::libunwind::trace::hff4d1766e93f64f1
[INFO] [stdout]                                at /rustc/53fd98ca776cb875bc9e5514f56b52eb74f9e7a9/library/std/src/../../backtrace/src/backtrace/libunwind.rs:90:5
[INFO] [stdout]    1:     0x55e7aceeb660 - std::backtrace_rs::backtrace::trace_unsynchronized::h56bbc8eb78770bcb
[INFO] [stdout]                                at /rustc/53fd98ca776cb875bc9e5514f56b52eb74f9e7a9/library/std/src/../../backtrace/src/backtrace/mod.rs:66:5
[INFO] [stdout]    2:     0x55e7aceeb660 - std::sys_common::backtrace::_print_fmt::h5c8e75464faca780
[INFO] [stdout]                                at /rustc/53fd98ca776cb875bc9e5514f56b52eb74f9e7a9/library/std/src/sys_common/backtrace.rs:67:5
[INFO] [stdout]    3:     0x55e7aceeb660 - <std::sys_common::backtrace::_print::DisplayBacktrace as core::fmt::Display>::fmt::h48b88277def8b362
[INFO] [stdout]                                at /rustc/53fd98ca776cb875bc9e5514f56b52eb74f9e7a9/library/std/src/sys_common/backtrace.rs:46:22
[INFO] [stdout]    4:     0x55e7acf1060c - core::fmt::write::h3381b3176fe2b3d3
[INFO] [stdout]                                at /rustc/53fd98ca776cb875bc9e5514f56b52eb74f9e7a9/library/core/src/fmt/mod.rs:1115:17
[INFO] [stdout]    5:     0x55e7acee7bf5 - std::io::Write::write_fmt::h5f34a676f60246b5
[INFO] [stdout]                                at /rustc/53fd98ca776cb875bc9e5514f56b52eb74f9e7a9/library/std/src/io/mod.rs:1665:15
[INFO] [stdout]    6:     0x55e7aceed98b - std::sys_common::backtrace::_print::ha537687d6c17dd0d
[INFO] [stdout]                                at /rustc/53fd98ca776cb875bc9e5514f56b52eb74f9e7a9/library/std/src/sys_common/backtrace.rs:49:5
[INFO] [stdout]    7:     0x55e7aceed98b - std::sys_common::backtrace::print::h61376ae57d131d72
[INFO] [stdout]                                at /rustc/53fd98ca776cb875bc9e5514f56b52eb74f9e7a9/library/std/src/sys_common/backtrace.rs:36:9
[INFO] [stdout]    8:     0x55e7aceed98b - std::panicking::default_hook::{{closure}}::h0f7208c0b9644a54
[INFO] [stdout]                                at /rustc/53fd98ca776cb875bc9e5514f56b52eb74f9e7a9/library/std/src/panicking.rs:208:50
[INFO] [stdout]    9:     0x55e7aceed49c - std::panicking::default_hook::hdac7fc06578c14ce
[INFO] [stdout]                                at /rustc/53fd98ca776cb875bc9e5514f56b52eb74f9e7a9/library/std/src/panicking.rs:222:9
[INFO] [stdout]   10:     0x55e7aceee054 - std::panicking::rust_panic_with_hook::h72b21c283da3d1ef
[INFO] [stdout]                                at /rustc/53fd98ca776cb875bc9e5514f56b52eb74f9e7a9/library/std/src/panicking.rs:622:17
[INFO] [stdout]   11:     0x55e7aceedb37 - std::panicking::begin_panic_handler::{{closure}}::he5778f1729cff84a
[INFO] [stdout]                                at /rustc/53fd98ca776cb875bc9e5514f56b52eb74f9e7a9/library/std/src/panicking.rs:519:13
[INFO] [stdout]   12:     0x55e7aceebb3c - std::sys_common::backtrace::__rust_end_short_backtrace::h2d11ca8b453b4b1d
[INFO] [stdout]                                at /rustc/53fd98ca776cb875bc9e5514f56b52eb74f9e7a9/library/std/src/sys_common/backtrace.rs:141:18
[INFO] [stdout]   13:     0x55e7aceeda99 - rust_begin_unwind
[INFO] [stdout]                                at /rustc/53fd98ca776cb875bc9e5514f56b52eb74f9e7a9/library/std/src/panicking.rs:515:5
[INFO] [stdout]   14:     0x55e7acc97cfb - std::panicking::begin_panic_fmt::h746518bde832d259
[INFO] [stdout]                                at /rustc/53fd98ca776cb875bc9e5514f56b52eb74f9e7a9/library/std/src/panicking.rs:457:5
[INFO] [stdout]   15:     0x55e7accd6e85 - trybuild::run::<impl trybuild::Runner>::run::h805ee0b028c4d6d8
[INFO] [stdout]                                at /opt/rustwide/cargo-home/registry/src/github.com-1ecc6299db9ec823/trybuild-1.0.41/src/run.rs:65:13
[INFO] [stdout]   16:     0x55e7accdb734 - <trybuild::TestCases as core::ops::drop::Drop>::drop::h1e07e4fcfe8119ae
[INFO] [stdout]                                at /opt/rustwide/cargo-home/registry/src/github.com-1ecc6299db9ec823/trybuild-1.0.41/src/lib.rs:303:13
[INFO] [stdout]   17:     0x55e7acc99b67 - core::ptr::drop_in_place<trybuild::TestCases>::h49913f4521213369
[INFO] [stdout]                                at /rustc/53fd98ca776cb875bc9e5514f56b52eb74f9e7a9/library/core/src/ptr/mod.rs:192:1
[INFO] [stdout]   18:     0x55e7acc9a1f0 - compile_tests::compile_tests::h27f4308d62674e01
[INFO] [stdout]                                at /opt/rustwide/workdir/crates/lang/macro/tests/compile_tests.rs:61:1
[INFO] [stdout]   19:     0x55e7acc99e2a - compile_tests::compile_tests::{{closure}}::hdee60a74bb616a01
[INFO] [stdout]                                at /opt/rustwide/workdir/crates/lang/macro/tests/compile_tests.rs:16:1
[INFO] [stdout]   20:     0x55e7acc99abe - core::ops::function::FnOnce::call_once::h505611d662382908
[INFO] [stdout]                                at /rustc/53fd98ca776cb875bc9e5514f56b52eb74f9e7a9/library/core/src/ops/function.rs:227:5
[INFO] [stdout]   21:     0x55e7acece333 - core::ops::function::FnOnce::call_once::hbb52c4519d3137b0
[INFO] [stdout]                                at /rustc/53fd98ca776cb875bc9e5514f56b52eb74f9e7a9/library/core/src/ops/function.rs:227:5
[INFO] [stdout]   22:     0x55e7acece333 - test::__rust_begin_short_backtrace::h86fe3a2a5a5121af
[INFO] [stdout]                                at /rustc/53fd98ca776cb875bc9e5514f56b52eb74f9e7a9/library/test/src/lib.rs:578:5
[INFO] [stdout]   23:     0x55e7aceccde8 - <alloc::boxed::Box<F,A> as core::ops::function::FnOnce<Args>>::call_once::hfd956bc3d57399be
[INFO] [stdout]                                at /rustc/53fd98ca776cb875bc9e5514f56b52eb74f9e7a9/library/alloc/src/boxed.rs:1572:9
[INFO] [stdout]   24:     0x55e7aceccde8 - <std::panic::AssertUnwindSafe<F> as core::ops::function::FnOnce<()>>::call_once::h40dc93e0ddb5938a
[INFO] [stdout]                                at /rustc/53fd98ca776cb875bc9e5514f56b52eb74f9e7a9/library/std/src/panic.rs:347:9
[INFO] [stdout]   25:     0x55e7aceccde8 - std::panicking::try::do_call::h90d07750cb47c562
[INFO] [stdout]                                at /rustc/53fd98ca776cb875bc9e5514f56b52eb74f9e7a9/library/std/src/panicking.rs:401:40
[INFO] [stdout]   26:     0x55e7aceccde8 - std::panicking::try::h063c84733ad2a629
[INFO] [stdout]                                at /rustc/53fd98ca776cb875bc9e5514f56b52eb74f9e7a9/library/std/src/panicking.rs:365:19
[INFO] [stdout]   27:     0x55e7aceccde8 - std::panic::catch_unwind::h0c464836a84e7c08
[INFO] [stdout]                                at /rustc/53fd98ca776cb875bc9e5514f56b52eb74f9e7a9/library/std/src/panic.rs:434:14
[INFO] [stdout]   28:     0x55e7aceccde8 - test::run_test_in_process::h5cb06ef620b157fc
[INFO] [stdout]                                at /rustc/53fd98ca776cb875bc9e5514f56b52eb74f9e7a9/library/test/src/lib.rs:601:18
[INFO] [stdout]   29:     0x55e7aceccde8 - test::run_test::run_test_inner::{{closure}}::h76f677f4b93f9828
[INFO] [stdout]                                at /rustc/53fd98ca776cb875bc9e5514f56b52eb74f9e7a9/library/test/src/lib.rs:493:39
[INFO] [stdout]   30:     0x55e7ace9b57d - test::run_test::run_test_inner::{{closure}}::h366d01fe04f4d67a
[INFO] [stdout]                                at /rustc/53fd98ca776cb875bc9e5514f56b52eb74f9e7a9/library/test/src/lib.rs:520:37
[INFO] [stdout]   31:     0x55e7ace9b57d - std::sys_common::backtrace::__rust_begin_short_backtrace::h7dfa0de4eb395af2
[INFO] [stdout]                                at /rustc/53fd98ca776cb875bc9e5514f56b52eb74f9e7a9/library/std/src/sys_common/backtrace.rs:125:18
[INFO] [stdout]   32:     0x55e7ace9fd48 - std::thread::Builder::spawn_unchecked::{{closure}}::{{closure}}::hf0a74bb58798037f
[INFO] [stdout]                                at /rustc/53fd98ca776cb875bc9e5514f56b52eb74f9e7a9/library/std/src/thread/mod.rs:476:17
[INFO] [stdout]   33:     0x55e7ace9fd48 - <std::panic::AssertUnwindSafe<F> as core::ops::function::FnOnce<()>>::call_once::hb024e854818586ac
[INFO] [stdout]                                at /rustc/53fd98ca776cb875bc9e5514f56b52eb74f9e7a9/library/std/src/panic.rs:347:9
[INFO] [stdout]   34:     0x55e7ace9fd48 - std::panicking::try::do_call::hb2dd9f1d0d48e41d
[INFO] [stdout]                                at /rustc/53fd98ca776cb875bc9e5514f56b52eb74f9e7a9/library/std/src/panicking.rs:401:40
[INFO] [stdout]   35:     0x55e7ace9fd48 - std::panicking::try::h4717ae7bac8b2bf3
[INFO] [stdout]                                at /rustc/53fd98ca776cb875bc9e5514f56b52eb74f9e7a9/library/std/src/panicking.rs:365:19
[INFO] [stdout]   36:     0x55e7ace9fd48 - std::panic::catch_unwind::h0dc8a061326ce8d8
[INFO] [stdout]                                at /rustc/53fd98ca776cb875bc9e5514f56b52eb74f9e7a9/library/std/src/panic.rs:434:14
[INFO] [stdout]   37:     0x55e7ace9fd48 - std::thread::Builder::spawn_unchecked::{{closure}}::haa369e2d6fd00aa1
[INFO] [stdout]                                at /rustc/53fd98ca776cb875bc9e5514f56b52eb74f9e7a9/library/std/src/thread/mod.rs:475:30
[INFO] [stdout]   38:     0x55e7ace9fd48 - core::ops::function::FnOnce::call_once{{vtable.shim}}::h36dcf3de8b056f17
[INFO] [stdout]                                at /rustc/53fd98ca776cb875bc9e5514f56b52eb74f9e7a9/library/core/src/ops/function.rs:227:5
[INFO] [stdout]   39:     0x55e7acef3f17 - <alloc::boxed::Box<F,A> as core::ops::function::FnOnce<Args>>::call_once::h65c29e4642be2358
[INFO] [stdout]                                at /rustc/53fd98ca776cb875bc9e5514f56b52eb74f9e7a9/library/alloc/src/boxed.rs:1572:9
[INFO] [stdout]   40:     0x55e7acef3f17 - <alloc::boxed::Box<F,A> as core::ops::function::FnOnce<Args>>::call_once::hd0f8f7fbbd9fffbf
[INFO] [stdout]                                at /rustc/53fd98ca776cb875bc9e5514f56b52eb74f9e7a9/library/alloc/src/boxed.rs:1572:9
[INFO] [stdout]   41:     0x55e7acef3f17 - std::sys::unix::thread::Thread::new::thread_start::h2fd22fee3ca77b65
[INFO] [stdout]                                at /rustc/53fd98ca776cb875bc9e5514f56b52eb74f9e7a9/library/std/src/sys/unix/thread.rs:74:17
[INFO] [stdout]   42:     0x7fa808360609 - start_thread
[INFO] [stdout]   43:     0x7fa808132293 - clone
[INFO] [stdout]   44:                0x0 - <unknown>
[INFO] [stdout] 
[INFO] [stdout] 
[INFO] [stdout] failures:
[INFO] [stdout]     compile_tests
[INFO] [stdout] 
[INFO] [stdout] test result: FAILED. 0 passed; 1 failed; 0 ignored; 0 measured; 0 filtered out; finished in 150.40s
[INFO] [stdout] 
[INFO] [stderr] error: test failed, to rerun pass '-p ink_lang_macro --test compile_tests'
[INFO] running `Command { std: "docker" "inspect" "f002494416ffbf99fa835fbcd4f72005cf28b153b7fe4ef793e491fd0ac6bb28", kill_on_drop: false }`
[INFO] running `Command { std: "docker" "rm" "-f" "f002494416ffbf99fa835fbcd4f72005cf28b153b7fe4ef793e491fd0ac6bb28", kill_on_drop: false }`
[INFO] [stdout] f002494416ffbf99fa835fbcd4f72005cf28b153b7fe4ef793e491fd0ac6bb28
