[INFO] cloning repository https://github.com/House-of-IoT/InfaredMotionDetector
[INFO] running `Command { std: "git" "-c" "credential.helper=" "-c" "credential.helper=/workspace/cargo-home/bin/git-credential-null" "clone" "--bare" "https://github.com/House-of-IoT/InfaredMotionDetector" "/workspace/cache/git-repos/https%3A%2F%2Fgithub.com%2FHouse-of-IoT%2FInfaredMotionDetector", kill_on_drop: false }`
[INFO] [stderr] Cloning into bare repository '/workspace/cache/git-repos/https%3A%2F%2Fgithub.com%2FHouse-of-IoT%2FInfaredMotionDetector'...
[INFO] running `Command { std: "git" "rev-parse" "HEAD", kill_on_drop: false }`
[INFO] [stdout] 201df2a4b27022d57b4c0d066fc5228f5ffeb473
[INFO] testing House-of-IoT/InfaredMotionDetector against 1.54.0 for beta-1.55-1
[INFO] running `Command { std: "git" "clone" "/workspace/cache/git-repos/https%3A%2F%2Fgithub.com%2FHouse-of-IoT%2FInfaredMotionDetector" "/workspace/builds/worker-6/source", kill_on_drop: false }`
[INFO] [stderr] Cloning into '/workspace/builds/worker-6/source'...
[INFO] [stderr] done.
[INFO] validating manifest of git repo https://github.com/House-of-IoT/InfaredMotionDetector on toolchain 1.54.0
[INFO] running `Command { std: "/workspace/cargo-home/bin/cargo" "+1.54.0" "metadata" "--manifest-path" "Cargo.toml" "--no-deps", kill_on_drop: false }`
[INFO] started tweaking git repo https://github.com/House-of-IoT/InfaredMotionDetector
[INFO] finished tweaking git repo https://github.com/House-of-IoT/InfaredMotionDetector
[INFO] tweaked toml for git repo https://github.com/House-of-IoT/InfaredMotionDetector written to /workspace/builds/worker-6/source/Cargo.toml
[INFO] crate git repo https://github.com/House-of-IoT/InfaredMotionDetector already has a lockfile, it will not be regenerated
[INFO] running `Command { std: "/workspace/cargo-home/bin/cargo" "+1.54.0" "fetch" "--manifest-path" "Cargo.toml", kill_on_drop: false }`
[INFO] running `Command { std: "docker" "create" "-v" "/var/lib/crater-agent-workspace/builds/worker-6/target:/opt/rustwide/target:rw,Z" "-v" "/var/lib/crater-agent-workspace/builds/worker-6/source:/opt/rustwide/workdir:ro,Z" "-v" "/var/lib/crater-agent-workspace/cargo-home:/opt/rustwide/cargo-home:ro,Z" "-v" "/var/lib/crater-agent-workspace/rustup-home:/opt/rustwide/rustup-home:ro,Z" "-e" "SOURCE_DIR=/opt/rustwide/workdir" "-e" "CARGO_TARGET_DIR=/opt/rustwide/target" "-e" "CARGO_HOME=/opt/rustwide/cargo-home" "-e" "RUSTUP_HOME=/opt/rustwide/rustup-home" "-w" "/opt/rustwide/workdir" "-m" "1610612736" "--user" "0:0" "--network" "none" "ghcr.io/rust-lang/crates-build-env/linux@sha256:34b6a614d2c27851fe6cbf88fbd1137609cefab8b10d0615aaeb6fd47975d74e" "/opt/rustwide/cargo-home/bin/cargo" "+1.54.0" "metadata" "--no-deps" "--format-version=1", kill_on_drop: false }`
[INFO] [stdout] 94657f49ae61fb95691e3c79c6bfbe8016738a82d138367197c5f0383c6334f9
[INFO] running `Command { std: "docker" "start" "-a" "94657f49ae61fb95691e3c79c6bfbe8016738a82d138367197c5f0383c6334f9", kill_on_drop: false }`
[INFO] running `Command { std: "docker" "inspect" "94657f49ae61fb95691e3c79c6bfbe8016738a82d138367197c5f0383c6334f9", kill_on_drop: false }`
[INFO] running `Command { std: "docker" "rm" "-f" "94657f49ae61fb95691e3c79c6bfbe8016738a82d138367197c5f0383c6334f9", kill_on_drop: false }`
[INFO] [stdout] 94657f49ae61fb95691e3c79c6bfbe8016738a82d138367197c5f0383c6334f9
[INFO] running `Command { std: "docker" "create" "-v" "/var/lib/crater-agent-workspace/builds/worker-6/target:/opt/rustwide/target:rw,Z" "-v" "/var/lib/crater-agent-workspace/builds/worker-6/source:/opt/rustwide/workdir:ro,Z" "-v" "/var/lib/crater-agent-workspace/cargo-home:/opt/rustwide/cargo-home:ro,Z" "-v" "/var/lib/crater-agent-workspace/rustup-home:/opt/rustwide/rustup-home:ro,Z" "-e" "SOURCE_DIR=/opt/rustwide/workdir" "-e" "CARGO_TARGET_DIR=/opt/rustwide/target" "-e" "CARGO_INCREMENTAL=0" "-e" "RUST_BACKTRACE=full" "-e" "RUSTFLAGS=--cap-lints=warn" "-e" "CARGO_HOME=/opt/rustwide/cargo-home" "-e" "RUSTUP_HOME=/opt/rustwide/rustup-home" "-w" "/opt/rustwide/workdir" "-m" "1610612736" "--user" "0:0" "--network" "none" "ghcr.io/rust-lang/crates-build-env/linux@sha256:34b6a614d2c27851fe6cbf88fbd1137609cefab8b10d0615aaeb6fd47975d74e" "/opt/rustwide/cargo-home/bin/cargo" "+1.54.0" "build" "--frozen" "--message-format=json", kill_on_drop: false }`
[INFO] [stdout] f294d89ded738e0a5da9d5b7aee7f426ad25b52f0b455efda1c2cdceb6167ff6
[INFO] running `Command { std: "docker" "start" "-a" "f294d89ded738e0a5da9d5b7aee7f426ad25b52f0b455efda1c2cdceb6167ff6", kill_on_drop: false }`
[INFO] [stderr]    Compiling libc v0.2.98
[INFO] [stderr]    Compiling cc v1.0.68
[INFO] [stderr]    Compiling version_check v0.9.3
[INFO] [stderr]    Compiling proc-macro2 v1.0.27
[INFO] [stderr]    Compiling typenum v1.13.0
[INFO] [stderr]    Compiling unicode-xid v0.2.2
[INFO] [stderr]    Compiling syn v1.0.73
[INFO] [stderr]    Compiling log v0.4.14
[INFO] [stderr]    Compiling openssl v0.10.35
[INFO] [stderr]    Compiling httparse v1.4.1
[INFO] [stderr]    Compiling once_cell v1.8.0
[INFO] [stderr]    Compiling opaque-debug v0.3.0
[INFO] [stderr]    Compiling openssl-probe v0.1.4
[INFO] [stderr]    Compiling cpufeatures v0.1.5
[INFO] [stderr]    Compiling byteorder v1.4.3
[INFO] [stderr]    Compiling dtoa v0.4.8
[INFO] [stderr]    Compiling serde v0.9.15
[INFO] [stderr]    Compiling itoa v0.3.4
[INFO] [stderr]    Compiling utf-8 v0.7.6
[INFO] [stderr]    Compiling gpio v0.4.1
[INFO] [stderr]    Compiling ansi_term v0.12.1
[INFO] [stderr]    Compiling tinyvec v1.2.0
[INFO] [stderr]    Compiling unicode-bidi v0.3.5
[INFO] [stderr]    Compiling http v0.2.4
[INFO] [stderr]    Compiling input_buffer v0.4.0
[INFO] [stderr]    Compiling num-traits v0.2.14
[INFO] [stderr]    Compiling generic-array v0.14.4
[INFO] [stderr]    Compiling unicode-normalization v0.1.19
[INFO] [stderr]    Compiling quote v1.0.9
[INFO] [stderr]    Compiling getrandom v0.2.3
[INFO] [stderr]    Compiling time v0.1.43
[INFO] [stderr]    Compiling openssl-sys v0.9.65
[INFO] [stderr]    Compiling rand_core v0.6.3
[INFO] [stderr]    Compiling num-integer v0.1.44
[INFO] [stderr]    Compiling num-traits v0.1.43
[INFO] [stderr]    Compiling rand_chacha v0.3.1
[INFO] [stderr]    Compiling chrono v0.4.19
[INFO] [stderr]    Compiling serde_json v0.9.10
[INFO] [stderr]    Compiling rand v0.8.4
[INFO] [stderr]    Compiling native-tls v0.2.7
[INFO] [stderr]    Compiling idna v0.2.3
[INFO] [stderr]    Compiling digest v0.9.0
[INFO] [stderr]    Compiling block-buffer v0.9.0
[INFO] [stderr]    Compiling sha-1 v0.9.6
[INFO] [stderr]    Compiling url v2.2.2
[INFO] [stderr]    Compiling thiserror-impl v1.0.26
[INFO] [stderr]    Compiling thiserror v1.0.26
[INFO] [stderr]    Compiling tungstenite v0.13.0
[INFO] [stderr]    Compiling InfaredMotionDetector v0.1.0 (/opt/rustwide/workdir)
[INFO] [stdout] warning: unused imports: `NaiveDateTime`, `TimeZone`
[INFO] [stdout]  --> src/client.rs:4:24
[INFO] [stdout]   |
[INFO] [stdout] 4 | use chrono::{DateTime, TimeZone, NaiveDateTime, Utc};
[INFO] [stdout]   |                        ^^^^^^^^  ^^^^^^^^^^^^^
[INFO] [stdout]   |
[INFO] [stdout]   = note: `#[warn(unused_imports)]` on by default
[INFO] [stdout] 
[INFO] [stdout] 
[INFO] [stdout] warning: unused import: `std::env`
[INFO] [stdout]  --> src/client.rs:5:5
[INFO] [stdout]   |
[INFO] [stdout] 5 | use std::env;
[INFO] [stdout]   |     ^^^^^^^^
[INFO] [stdout] 
[INFO] [stdout] 
[INFO] [stdout] warning: unused import: `serde_json::Value`
[INFO] [stdout]  --> src/client.rs:6:5
[INFO] [stdout]   |
[INFO] [stdout] 6 | use serde_json::Value;
[INFO] [stdout]   |     ^^^^^^^^^^^^^^^^^
[INFO] [stdout] 
[INFO] [stdout] 
[INFO] [stdout] warning: unused import: `std::fs`
[INFO] [stdout]  --> src/client.rs:7:5
[INFO] [stdout]   |
[INFO] [stdout] 7 | use std::fs;
[INFO] [stdout]   |     ^^^^^^^
[INFO] [stdout] 
[INFO] [stdout] 
[INFO] [stdout] warning: unused import: `std::thread`
[INFO] [stdout]  --> src/client.rs:9:5
[INFO] [stdout]   |
[INFO] [stdout] 9 | use std::thread;
[INFO] [stdout]   |     ^^^^^^^^^^^
[INFO] [stdout] 
[INFO] [stdout] 
[INFO] [stdout] warning: unused import: `GpioOut`
[INFO] [stdout]  --> src/gpio_handler.rs:1:20
[INFO] [stdout]   |
[INFO] [stdout] 1 | use gpio::{GpioIn, GpioOut,GpioValue};
[INFO] [stdout]   |                    ^^^^^^^
[INFO] [stdout] 
[INFO] [stdout] 
[INFO] [stdout] warning: unused import: `client::Client`
[INFO] [stdout]  --> src/gpio_handler.rs:2:5
[INFO] [stdout]   |
[INFO] [stdout] 2 | use client::Client;
[INFO] [stdout]   |     ^^^^^^^^^^^^^^
[INFO] [stdout] 
[INFO] [stdout] 
[INFO] [stdout] warning: unused import: `std::thread`
[INFO] [stdout]  --> src/gpio_handler.rs:4:5
[INFO] [stdout]   |
[INFO] [stdout] 4 | use std::thread;
[INFO] [stdout]   |     ^^^^^^^^^^^
[INFO] [stdout] 
[INFO] [stdout] 
[INFO] [stdout] warning: unused imports: `NaiveDateTime`, `TimeZone`
[INFO] [stdout]  --> src/gpio_handler.rs:6:24
[INFO] [stdout]   |
[INFO] [stdout] 6 | use chrono::{DateTime, TimeZone, NaiveDateTime, Utc};
[INFO] [stdout]   |                        ^^^^^^^^  ^^^^^^^^^^^^^
[INFO] [stdout] 
[INFO] [stdout] 
[INFO] [stdout] warning: denote infinite loops with `loop { ... }`
[INFO] [stdout]   --> src/gpio_handler.rs:27:9
[INFO] [stdout]    |
[INFO] [stdout] 27 |         while true{
[INFO] [stdout]    |         ^^^^^^^^^^ help: use `loop`
[INFO] [stdout]    |
[INFO] [stdout]    = note: `#[warn(while_true)]` on by default
[INFO] [stdout] 
[INFO] [stdout] 
[INFO] [stdout] warning: unused imports: `NaiveDateTime`, `TimeZone`
[INFO] [stdout]   --> src/main.rs:14:24
[INFO] [stdout]    |
[INFO] [stdout] 14 | use chrono::{DateTime, TimeZone, NaiveDateTime, Utc};
[INFO] [stdout]    |                        ^^^^^^^^  ^^^^^^^^^^^^^
[INFO] [stdout] 
[INFO] [stdout] 
[INFO] [stdout] warning: unused import: `std::thread::sleep`
[INFO] [stdout]   --> src/main.rs:20:5
[INFO] [stdout]    |
[INFO] [stdout] 20 | use std::thread::sleep;
[INFO] [stdout]    |     ^^^^^^^^^^^^^^^^^^
[INFO] [stdout] 
[INFO] [stdout] 
[INFO] [stdout] warning: denote infinite loops with `loop { ... }`
[INFO] [stdout]   --> src/main.rs:57:5
[INFO] [stdout]    |
[INFO] [stdout] 57 |     while true{
[INFO] [stdout]    |     ^^^^^^^^^^ help: use `loop`
[INFO] [stdout] 
[INFO] [stdout] 
[INFO] [stdout] warning: unused variable: `response`
[INFO] [stdout]    --> src/client.rs:123:30
[INFO] [stdout]     |
[INFO] [stdout] 123 |             let (mut socket, response) = attempt.unwrap();
[INFO] [stdout]     |                              ^^^^^^^^ help: if this is intentional, prefix it with an underscore: `_response`
[INFO] [stdout]     |
[INFO] [stdout]     = note: `#[warn(unused_variables)]` on by default
[INFO] [stdout] 
[INFO] [stdout] 
[INFO] [stdout] warning: unused variable: `number_of_times_sensed`
[INFO] [stdout]    --> src/client.rs:217:24
[INFO] [stdout]     |
[INFO] [stdout] 217 |     fn alert(&mut self,number_of_times_sensed:&Arc<Mutex<i8>>,motion_last_sensed:&Arc<Mutex<DateTime<Utc>>>)->String{
[INFO] [stdout]     |                        ^^^^^^^^^^^^^^^^^^^^^^ help: if this is intentional, prefix it with an underscore: `_number_of_times_sensed`
[INFO] [stdout] 
[INFO] [stdout] 
[INFO] [stdout] warning: unused variable: `motion_last_sensed`
[INFO] [stdout]    --> src/client.rs:217:63
[INFO] [stdout]     |
[INFO] [stdout] 217 |     fn alert(&mut self,number_of_times_sensed:&Arc<Mutex<i8>>,motion_last_sensed:&Arc<Mutex<DateTime<Utc>>>)->String{
[INFO] [stdout]     |                                                               ^^^^^^^^^^^^^^^^^^ help: if this is intentional, prefix it with an underscore: `_motion_last_sensed`
[INFO] [stdout] 
[INFO] [stdout] 
[INFO] [stdout] warning: variable does not need to be mutable
[INFO] [stdout]   --> src/main.rs:31:9
[INFO] [stdout]    |
[INFO] [stdout] 31 |     let mut gpio_handler = GpioHandler::new(pin);
[INFO] [stdout]    |         ----^^^^^^^^^^^^
[INFO] [stdout]    |         |
[INFO] [stdout]    |         help: remove this `mut`
[INFO] [stdout]    |
[INFO] [stdout]    = note: `#[warn(unused_mut)]` on by default
[INFO] [stdout] 
[INFO] [stdout] 
[INFO] [stdout] warning: variable does not need to be mutable
[INFO] [stdout]   --> src/main.rs:51:9
[INFO] [stdout]    |
[INFO] [stdout] 51 |     let mut running = Arc::new(Mutex::new(true));
[INFO] [stdout]    |         ----^^^^^^^
[INFO] [stdout]    |         |
[INFO] [stdout]    |         help: remove this `mut`
[INFO] [stdout] 
[INFO] [stdout] 
[INFO] [stdout] warning: associated function is never used: `log_disconnection_info`
[INFO] [stdout]   --> src/console_logger.rs:28:12
[INFO] [stdout]    |
[INFO] [stdout] 28 |     pub fn log_disconnection_info(&mut self){
[INFO] [stdout]    |            ^^^^^^^^^^^^^^^^^^^^^^
[INFO] [stdout]    |
[INFO] [stdout]    = note: `#[warn(dead_code)]` on by default
[INFO] [stdout] 
[INFO] [stdout] 
[INFO] [stdout] warning: associated function is never used: `log_no_config`
[INFO] [stdout]   --> src/console_logger.rs:34:12
[INFO] [stdout]    |
[INFO] [stdout] 34 |     pub fn log_no_config(&mut self){
[INFO] [stdout]    |            ^^^^^^^^^^^^^
[INFO] [stdout] 
[INFO] [stdout] 
[INFO] [stdout] warning: crate `InfaredMotionDetector` should have a snake case name
[INFO] [stdout]   |
[INFO] [stdout]   = note: `#[warn(non_snake_case)]` on by default
[INFO] [stdout]   = help: convert the identifier to snake case: `infared_motion_detector`
[INFO] [stdout] 
[INFO] [stdout] 
[INFO] [stdout] warning: unused `Result` that must be used
[INFO] [stdout]    --> src/client.rs:159:13
[INFO] [stdout]     |
[INFO] [stdout] 159 | /             socket.write_message(
[INFO] [stdout] 160 | |                 Message::Text(
[INFO] [stdout] 161 | |                     self.formatted_basic_data(&times_sensed_data,&last_time_data)));
[INFO] [stdout]     | |____________________________________________________________________________________^
[INFO] [stdout]     |
[INFO] [stdout]     = note: `#[warn(unused_must_use)]` on by default
[INFO] [stdout]     = note: this `Result` may be an `Err` variant, which should be handled
[INFO] [stdout] 
[INFO] [stdout] 
[INFO] [stdout] warning: unused `Result` that must be used
[INFO] [stdout]    --> src/client.rs:202:13
[INFO] [stdout]     |
[INFO] [stdout] 202 |             socket.write_message(Message::Text(self.alert(number_of_times_sensed,motion_last_sensed)));
[INFO] [stdout]     |             ^^^^^^^^^^^^^^^^^^^^^^^^^^^^^^^^^^^^^^^^^^^^^^^^^^^^^^^^^^^^^^^^^^^^^^^^^^^^^^^^^^^^^^^^^^^
[INFO] [stdout]     |
[INFO] [stdout]     = note: this `Result` may be an `Err` variant, which should be handled
[INFO] [stdout] 
[INFO] [stdout] 
[INFO] [stdout] warning: unused `Result` that must be used
[INFO] [stdout]    --> src/client.rs:205:13
[INFO] [stdout]     |
[INFO] [stdout] 205 |             socket.write_message(Message::Text(self.no_alert()));
[INFO] [stdout]     |             ^^^^^^^^^^^^^^^^^^^^^^^^^^^^^^^^^^^^^^^^^^^^^^^^^^^^^
[INFO] [stdout]     |
[INFO] [stdout]     = note: this `Result` may be an `Err` variant, which should be handled
[INFO] [stdout] 
[INFO] [stdout] 
[INFO] [stdout] warning: 24 warnings emitted
[INFO] [stdout] 
[INFO] [stdout] 
[INFO] [stderr]     Finished dev [unoptimized + debuginfo] target(s) in 30.68s
[INFO] running `Command { std: "docker" "inspect" "f294d89ded738e0a5da9d5b7aee7f426ad25b52f0b455efda1c2cdceb6167ff6", kill_on_drop: false }`
[INFO] running `Command { std: "docker" "rm" "-f" "f294d89ded738e0a5da9d5b7aee7f426ad25b52f0b455efda1c2cdceb6167ff6", kill_on_drop: false }`
[INFO] [stdout] f294d89ded738e0a5da9d5b7aee7f426ad25b52f0b455efda1c2cdceb6167ff6
[INFO] running `Command { std: "docker" "create" "-v" "/var/lib/crater-agent-workspace/builds/worker-6/target:/opt/rustwide/target:rw,Z" "-v" "/var/lib/crater-agent-workspace/builds/worker-6/source:/opt/rustwide/workdir:ro,Z" "-v" "/var/lib/crater-agent-workspace/cargo-home:/opt/rustwide/cargo-home:ro,Z" "-v" "/var/lib/crater-agent-workspace/rustup-home:/opt/rustwide/rustup-home:ro,Z" "-e" "SOURCE_DIR=/opt/rustwide/workdir" "-e" "CARGO_TARGET_DIR=/opt/rustwide/target" "-e" "CARGO_INCREMENTAL=0" "-e" "RUST_BACKTRACE=full" "-e" "RUSTFLAGS=--cap-lints=warn" "-e" "CARGO_HOME=/opt/rustwide/cargo-home" "-e" "RUSTUP_HOME=/opt/rustwide/rustup-home" "-w" "/opt/rustwide/workdir" "-m" "1610612736" "--user" "0:0" "--network" "none" "ghcr.io/rust-lang/crates-build-env/linux@sha256:34b6a614d2c27851fe6cbf88fbd1137609cefab8b10d0615aaeb6fd47975d74e" "/opt/rustwide/cargo-home/bin/cargo" "+1.54.0" "test" "--frozen" "--no-run" "--message-format=json", kill_on_drop: false }`
[INFO] [stdout] bd2e132430e5ffea61d78d21d296c17f562f9794c39481bd27c9251926b71d35
[INFO] running `Command { std: "docker" "start" "-a" "bd2e132430e5ffea61d78d21d296c17f562f9794c39481bd27c9251926b71d35", kill_on_drop: false }`
[INFO] [stderr]    Compiling InfaredMotionDetector v0.1.0 (/opt/rustwide/workdir)
[INFO] [stdout] warning: unused imports: `NaiveDateTime`, `TimeZone`
[INFO] [stdout]  --> src/client.rs:4:24
[INFO] [stdout]   |
[INFO] [stdout] 4 | use chrono::{DateTime, TimeZone, NaiveDateTime, Utc};
[INFO] [stdout]   |                        ^^^^^^^^  ^^^^^^^^^^^^^
[INFO] [stdout]   |
[INFO] [stdout]   = note: `#[warn(unused_imports)]` on by default
[INFO] [stdout] 
[INFO] [stdout] 
[INFO] [stdout] warning: unused import: `std::env`
[INFO] [stdout]  --> src/client.rs:5:5
[INFO] [stdout]   |
[INFO] [stdout] 5 | use std::env;
[INFO] [stdout]   |     ^^^^^^^^
[INFO] [stdout] 
[INFO] [stdout] 
[INFO] [stdout] warning: unused import: `serde_json::Value`
[INFO] [stdout]  --> src/client.rs:6:5
[INFO] [stdout]   |
[INFO] [stdout] 6 | use serde_json::Value;
[INFO] [stdout]   |     ^^^^^^^^^^^^^^^^^
[INFO] [stdout] 
[INFO] [stdout] 
[INFO] [stdout] warning: unused import: `std::fs`
[INFO] [stdout]  --> src/client.rs:7:5
[INFO] [stdout]   |
[INFO] [stdout] 7 | use std::fs;
[INFO] [stdout]   |     ^^^^^^^
[INFO] [stdout] 
[INFO] [stdout] 
[INFO] [stdout] warning: unused import: `std::thread`
[INFO] [stdout]  --> src/client.rs:9:5
[INFO] [stdout]   |
[INFO] [stdout] 9 | use std::thread;
[INFO] [stdout]   |     ^^^^^^^^^^^
[INFO] [stdout] 
[INFO] [stdout] 
[INFO] [stdout] warning: unused import: `GpioOut`
[INFO] [stdout]  --> src/gpio_handler.rs:1:20
[INFO] [stdout]   |
[INFO] [stdout] 1 | use gpio::{GpioIn, GpioOut,GpioValue};
[INFO] [stdout]   |                    ^^^^^^^
[INFO] [stdout] 
[INFO] [stdout] 
[INFO] [stdout] warning: unused import: `client::Client`
[INFO] [stdout]  --> src/gpio_handler.rs:2:5
[INFO] [stdout]   |
[INFO] [stdout] 2 | use client::Client;
[INFO] [stdout]   |     ^^^^^^^^^^^^^^
[INFO] [stdout] 
[INFO] [stdout] 
[INFO] [stdout] warning: unused import: `std::thread`
[INFO] [stdout]  --> src/gpio_handler.rs:4:5
[INFO] [stdout]   |
[INFO] [stdout] 4 | use std::thread;
[INFO] [stdout]   |     ^^^^^^^^^^^
[INFO] [stdout] 
[INFO] [stdout] 
[INFO] [stdout] warning: unused imports: `NaiveDateTime`, `TimeZone`
[INFO] [stdout]  --> src/gpio_handler.rs:6:24
[INFO] [stdout]   |
[INFO] [stdout] 6 | use chrono::{DateTime, TimeZone, NaiveDateTime, Utc};
[INFO] [stdout]   |                        ^^^^^^^^  ^^^^^^^^^^^^^
[INFO] [stdout] 
[INFO] [stdout] 
[INFO] [stdout] warning: denote infinite loops with `loop { ... }`
[INFO] [stdout]   --> src/gpio_handler.rs:27:9
[INFO] [stdout]    |
[INFO] [stdout] 27 |         while true{
[INFO] [stdout]    |         ^^^^^^^^^^ help: use `loop`
[INFO] [stdout]    |
[INFO] [stdout]    = note: `#[warn(while_true)]` on by default
[INFO] [stdout] 
[INFO] [stdout] 
[INFO] [stdout] warning: unused import: `std::thread::sleep`
[INFO] [stdout]   --> src/tests.rs:11:5
[INFO] [stdout]    |
[INFO] [stdout] 11 | use std::thread::sleep;
[INFO] [stdout]    |     ^^^^^^^^^^^^^^^^^^
[INFO] [stdout] 
[INFO] [stdout] 
[INFO] [stdout] warning: unused import: `std::time::Duration`
[INFO] [stdout]   --> src/tests.rs:12:5
[INFO] [stdout]    |
[INFO] [stdout] 12 | use std::time::Duration;
[INFO] [stdout]    |     ^^^^^^^^^^^^^^^^^^^
[INFO] [stdout] 
[INFO] [stdout] 
[INFO] [stdout] warning: unused imports: `Message`, `WebSocket`
[INFO] [stdout]   --> src/tests.rs:13:28
[INFO] [stdout]    |
[INFO] [stdout] 13 | use tungstenite::{connect, Message,WebSocket};
[INFO] [stdout]    |                            ^^^^^^^ ^^^^^^^^^
[INFO] [stdout] 
[INFO] [stdout] 
[INFO] [stdout] warning: unused import: `tungstenite::client::AutoStream`
[INFO] [stdout]   --> src/tests.rs:14:5
[INFO] [stdout]    |
[INFO] [stdout] 14 | use tungstenite::client::AutoStream;
[INFO] [stdout]    |     ^^^^^^^^^^^^^^^^^^^^^^^^^^^^^^^
[INFO] [stdout] 
[INFO] [stdout] 
[INFO] [stdout] warning: unused imports: `NaiveDateTime`, `TimeZone`
[INFO] [stdout]   --> src/tests.rs:16:24
[INFO] [stdout]    |
[INFO] [stdout] 16 | use chrono::{DateTime, TimeZone, NaiveDateTime, Utc};
[INFO] [stdout]    |                        ^^^^^^^^  ^^^^^^^^^^^^^
[INFO] [stdout] 
[INFO] [stdout] 
[INFO] [stdout] warning: unused import: `std::env`
[INFO] [stdout]   --> src/tests.rs:17:5
[INFO] [stdout]    |
[INFO] [stdout] 17 | use std::env;
[INFO] [stdout]    |     ^^^^^^^^
[INFO] [stdout] 
[INFO] [stdout] 
[INFO] [stdout] warning: unused import: `serde_json::Value`
[INFO] [stdout]   --> src/tests.rs:18:5
[INFO] [stdout]    |
[INFO] [stdout] 18 | use serde_json::Value;
[INFO] [stdout]    |     ^^^^^^^^^^^^^^^^^
[INFO] [stdout] 
[INFO] [stdout] 
[INFO] [stdout] warning: unused import: `std::fs`
[INFO] [stdout]   --> src/tests.rs:19:5
[INFO] [stdout]    |
[INFO] [stdout] 19 | use std::fs;
[INFO] [stdout]    |     ^^^^^^^
[INFO] [stdout] 
[INFO] [stdout] 
[INFO] [stdout] warning: unused import: `std::thread`
[INFO] [stdout]   --> src/tests.rs:21:5
[INFO] [stdout]    |
[INFO] [stdout] 21 | use std::thread;
[INFO] [stdout]    |     ^^^^^^^^^^^
[INFO] [stdout] 
[INFO] [stdout] 
[INFO] [stdout] warning: unused imports: `NaiveDateTime`, `TimeZone`
[INFO] [stdout]   --> src/main.rs:14:24
[INFO] [stdout]    |
[INFO] [stdout] 14 | use chrono::{DateTime, TimeZone, NaiveDateTime, Utc};
[INFO] [stdout]    |                        ^^^^^^^^  ^^^^^^^^^^^^^
[INFO] [stdout] 
[INFO] [stdout] 
[INFO] [stdout] warning: unused import: `std::thread::sleep`
[INFO] [stdout]   --> src/main.rs:20:5
[INFO] [stdout]    |
[INFO] [stdout] 20 | use std::thread::sleep;
[INFO] [stdout]    |     ^^^^^^^^^^^^^^^^^^
[INFO] [stdout] 
[INFO] [stdout] 
[INFO] [stdout] warning: denote infinite loops with `loop { ... }`
[INFO] [stdout]   --> src/main.rs:57:5
[INFO] [stdout]    |
[INFO] [stdout] 57 |     while true{
[INFO] [stdout]    |     ^^^^^^^^^^ help: use `loop`
[INFO] [stdout] 
[INFO] [stdout] 
[INFO] [stdout] warning: unused variable: `response`
[INFO] [stdout]    --> src/client.rs:123:30
[INFO] [stdout]     |
[INFO] [stdout] 123 |             let (mut socket, response) = attempt.unwrap();
[INFO] [stdout]     |                              ^^^^^^^^ help: if this is intentional, prefix it with an underscore: `_response`
[INFO] [stdout]     |
[INFO] [stdout]     = note: `#[warn(unused_variables)]` on by default
[INFO] [stdout] 
[INFO] [stdout] 
[INFO] [stdout] warning: unused variable: `number_of_times_sensed`
[INFO] [stdout]    --> src/client.rs:217:24
[INFO] [stdout]     |
[INFO] [stdout] 217 |     fn alert(&mut self,number_of_times_sensed:&Arc<Mutex<i8>>,motion_last_sensed:&Arc<Mutex<DateTime<Utc>>>)->String{
[INFO] [stdout]     |                        ^^^^^^^^^^^^^^^^^^^^^^ help: if this is intentional, prefix it with an underscore: `_number_of_times_sensed`
[INFO] [stdout] 
[INFO] [stdout] 
[INFO] [stdout] warning: unused variable: `motion_last_sensed`
[INFO] [stdout]    --> src/client.rs:217:63
[INFO] [stdout]     |
[INFO] [stdout] 217 |     fn alert(&mut self,number_of_times_sensed:&Arc<Mutex<i8>>,motion_last_sensed:&Arc<Mutex<DateTime<Utc>>>)->String{
[INFO] [stdout]     |                                                               ^^^^^^^^^^^^^^^^^^ help: if this is intentional, prefix it with an underscore: `_motion_last_sensed`
[INFO] [stdout] 
[INFO] [stdout] 
[INFO] [stdout] warning: unused variable: `response`
[INFO] [stdout]   --> src/tests.rs:34:26
[INFO] [stdout]    |
[INFO] [stdout] 34 |         let (mut socket, response) =connect(Url::parse(&url).unwrap()).unwrap();
[INFO] [stdout]    |                          ^^^^^^^^ help: if this is intentional, prefix it with an underscore: `_response`
[INFO] [stdout] 
[INFO] [stdout] 
[INFO] [stdout] warning: unused variable: `response`
[INFO] [stdout]   --> src/tests.rs:48:26
[INFO] [stdout]    |
[INFO] [stdout] 48 |         let (mut socket, response) =connect(Url::parse(&url).unwrap()).unwrap();
[INFO] [stdout]    |                          ^^^^^^^^ help: if this is intentional, prefix it with an underscore: `_response`
[INFO] [stdout] 
[INFO] [stdout] 
[INFO] [stdout] warning: variable does not need to be mutable
[INFO] [stdout]   --> src/main.rs:31:9
[INFO] [stdout]    |
[INFO] [stdout] 31 |     let mut gpio_handler = GpioHandler::new(pin);
[INFO] [stdout]    |         ----^^^^^^^^^^^^
[INFO] [stdout]    |         |
[INFO] [stdout]    |         help: remove this `mut`
[INFO] [stdout]    |
[INFO] [stdout]    = note: `#[warn(unused_mut)]` on by default
[INFO] [stdout] 
[INFO] [stdout] 
[INFO] [stdout] warning: variable does not need to be mutable
[INFO] [stdout]   --> src/main.rs:51:9
[INFO] [stdout]    |
[INFO] [stdout] 51 |     let mut running = Arc::new(Mutex::new(true));
[INFO] [stdout]    |         ----^^^^^^^
[INFO] [stdout]    |         |
[INFO] [stdout]    |         help: remove this `mut`
[INFO] [stdout] 
[INFO] [stdout] 
[INFO] [stdout] warning: associated function is never used: `log_disconnection_info`
[INFO] [stdout]   --> src/console_logger.rs:28:12
[INFO] [stdout]    |
[INFO] [stdout] 28 |     pub fn log_disconnection_info(&mut self){
[INFO] [stdout]    |            ^^^^^^^^^^^^^^^^^^^^^^
[INFO] [stdout]    |
[INFO] [stdout]    = note: `#[warn(dead_code)]` on by default
[INFO] [stdout] 
[INFO] [stdout] 
[INFO] [stdout] warning: associated function is never used: `log_no_config`
[INFO] [stdout]   --> src/console_logger.rs:34:12
[INFO] [stdout]    |
[INFO] [stdout] 34 |     pub fn log_no_config(&mut self){
[INFO] [stdout]    |            ^^^^^^^^^^^^^
[INFO] [stdout] 
[INFO] [stdout] 
[INFO] [stdout] warning: crate `InfaredMotionDetector` should have a snake case name
[INFO] [stdout]   |
[INFO] [stdout]   = note: `#[warn(non_snake_case)]` on by default
[INFO] [stdout]   = help: convert the identifier to snake case: `infared_motion_detector`
[INFO] [stdout] 
[INFO] [stdout] 
[INFO] [stdout] warning: unused `Result` that must be used
[INFO] [stdout]    --> src/client.rs:159:13
[INFO] [stdout]     |
[INFO] [stdout] 159 | /             socket.write_message(
[INFO] [stdout] 160 | |                 Message::Text(
[INFO] [stdout] 161 | |                     self.formatted_basic_data(&times_sensed_data,&last_time_data)));
[INFO] [stdout]     | |____________________________________________________________________________________^
[INFO] [stdout]     |
[INFO] [stdout]     = note: `#[warn(unused_must_use)]` on by default
[INFO] [stdout]     = note: this `Result` may be an `Err` variant, which should be handled
[INFO] [stdout] 
[INFO] [stdout] 
[INFO] [stdout] warning: unused `Result` that must be used
[INFO] [stdout]    --> src/client.rs:202:13
[INFO] [stdout]     |
[INFO] [stdout] 202 |             socket.write_message(Message::Text(self.alert(number_of_times_sensed,motion_last_sensed)));
[INFO] [stdout]     |             ^^^^^^^^^^^^^^^^^^^^^^^^^^^^^^^^^^^^^^^^^^^^^^^^^^^^^^^^^^^^^^^^^^^^^^^^^^^^^^^^^^^^^^^^^^^
[INFO] [stdout]     |
[INFO] [stdout]     = note: this `Result` may be an `Err` variant, which should be handled
[INFO] [stdout] 
[INFO] [stdout] 
[INFO] [stdout] warning: unused `Result` that must be used
[INFO] [stdout]    --> src/client.rs:205:13
[INFO] [stdout]     |
[INFO] [stdout] 205 |             socket.write_message(Message::Text(self.no_alert()));
[INFO] [stdout]     |             ^^^^^^^^^^^^^^^^^^^^^^^^^^^^^^^^^^^^^^^^^^^^^^^^^^^^^
[INFO] [stdout]     |
[INFO] [stdout]     = note: this `Result` may be an `Err` variant, which should be handled
[INFO] [stdout] 
[INFO] [stdout] 
[INFO] [stdout] warning: 35 warnings emitted
[INFO] [stdout] 
[INFO] [stdout] 
[INFO] [stderr]     Finished test [unoptimized + debuginfo] target(s) in 2.34s
[INFO] running `Command { std: "docker" "inspect" "bd2e132430e5ffea61d78d21d296c17f562f9794c39481bd27c9251926b71d35", kill_on_drop: false }`
[INFO] running `Command { std: "docker" "rm" "-f" "bd2e132430e5ffea61d78d21d296c17f562f9794c39481bd27c9251926b71d35", kill_on_drop: false }`
[INFO] [stdout] bd2e132430e5ffea61d78d21d296c17f562f9794c39481bd27c9251926b71d35
[INFO] running `Command { std: "docker" "create" "-v" "/var/lib/crater-agent-workspace/builds/worker-6/target:/opt/rustwide/target:rw,Z" "-v" "/var/lib/crater-agent-workspace/builds/worker-6/source:/opt/rustwide/workdir:ro,Z" "-v" "/var/lib/crater-agent-workspace/cargo-home:/opt/rustwide/cargo-home:ro,Z" "-v" "/var/lib/crater-agent-workspace/rustup-home:/opt/rustwide/rustup-home:ro,Z" "-e" "SOURCE_DIR=/opt/rustwide/workdir" "-e" "CARGO_TARGET_DIR=/opt/rustwide/target" "-e" "CARGO_INCREMENTAL=0" "-e" "RUST_BACKTRACE=full" "-e" "RUSTFLAGS=--cap-lints=warn" "-e" "CARGO_HOME=/opt/rustwide/cargo-home" "-e" "RUSTUP_HOME=/opt/rustwide/rustup-home" "-w" "/opt/rustwide/workdir" "-m" "1610612736" "--user" "0:0" "--network" "none" "ghcr.io/rust-lang/crates-build-env/linux@sha256:34b6a614d2c27851fe6cbf88fbd1137609cefab8b10d0615aaeb6fd47975d74e" "/opt/rustwide/cargo-home/bin/cargo" "+1.54.0" "test" "--frozen", kill_on_drop: false }`
[INFO] [stdout] bfd22c00cdc5f1ab1f996e25bfa36499975c0f2f54acbd8c43d0412fd06b14a9
[INFO] running `Command { std: "docker" "start" "-a" "bfd22c00cdc5f1ab1f996e25bfa36499975c0f2f54acbd8c43d0412fd06b14a9", kill_on_drop: false }`
[INFO] [stderr] warning: unused imports: `NaiveDateTime`, `TimeZone`
[INFO] [stderr]  --> src/client.rs:4:24
[INFO] [stderr]   |
[INFO] [stderr] 4 | use chrono::{DateTime, TimeZone, NaiveDateTime, Utc};
[INFO] [stderr]   |                        ^^^^^^^^  ^^^^^^^^^^^^^
[INFO] [stderr]   |
[INFO] [stderr]   = note: `#[warn(unused_imports)]` on by default
[INFO] [stderr] 
[INFO] [stderr] warning: unused import: `std::env`
[INFO] [stderr]  --> src/client.rs:5:5
[INFO] [stderr]   |
[INFO] [stderr] 5 | use std::env;
[INFO] [stderr]   |     ^^^^^^^^
[INFO] [stderr] 
[INFO] [stderr] warning: unused import: `serde_json::Value`
[INFO] [stderr]  --> src/client.rs:6:5
[INFO] [stderr]   |
[INFO] [stderr] 6 | use serde_json::Value;
[INFO] [stderr]   |     ^^^^^^^^^^^^^^^^^
[INFO] [stderr] 
[INFO] [stderr] warning: unused import: `std::fs`
[INFO] [stderr]  --> src/client.rs:7:5
[INFO] [stderr]   |
[INFO] [stderr] 7 | use std::fs;
[INFO] [stderr]   |     ^^^^^^^
[INFO] [stderr] 
[INFO] [stderr] warning: unused import: `std::thread`
[INFO] [stderr]  --> src/client.rs:9:5
[INFO] [stderr]   |
[INFO] [stderr] 9 | use std::thread;
[INFO] [stderr]   |     ^^^^^^^^^^^
[INFO] [stderr] 
[INFO] [stderr] warning: unused import: `GpioOut`
[INFO] [stderr]  --> src/gpio_handler.rs:1:20
[INFO] [stderr]   |
[INFO] [stderr] 1 | use gpio::{GpioIn, GpioOut,GpioValue};
[INFO] [stderr]   |                    ^^^^^^^
[INFO] [stderr] 
[INFO] [stderr] warning: unused import: `client::Client`
[INFO] [stderr]  --> src/gpio_handler.rs:2:5
[INFO] [stderr]   |
[INFO] [stderr] 2 | use client::Client;
[INFO] [stderr]   |     ^^^^^^^^^^^^^^
[INFO] [stderr] 
[INFO] [stderr] warning: unused import: `std::thread`
[INFO] [stderr]  --> src/gpio_handler.rs:4:5
[INFO] [stderr]   |
[INFO] [stderr] 4 | use std::thread;
[INFO] [stderr]   |     ^^^^^^^^^^^
[INFO] [stderr] 
[INFO] [stderr] warning: unused imports: `NaiveDateTime`, `TimeZone`
[INFO] [stderr]  --> src/gpio_handler.rs:6:24
[INFO] [stderr]   |
[INFO] [stderr] 6 | use chrono::{DateTime, TimeZone, NaiveDateTime, Utc};
[INFO] [stderr]   |                        ^^^^^^^^  ^^^^^^^^^^^^^
[INFO] [stderr] 
[INFO] [stderr] warning: denote infinite loops with `loop { ... }`
[INFO] [stderr]   --> src/gpio_handler.rs:27:9
[INFO] [stderr]    |
[INFO] [stderr] 27 |         while true{
[INFO] [stderr]    |         ^^^^^^^^^^ help: use `loop`
[INFO] [stderr]    |
[INFO] [stderr]    = note: `#[warn(while_true)]` on by default
[INFO] [stderr] 
[INFO] [stderr] warning: unused import: `std::thread::sleep`
[INFO] [stderr]   --> src/tests.rs:11:5
[INFO] [stderr]    |
[INFO] [stderr] 11 | use std::thread::sleep;
[INFO] [stderr]    |     ^^^^^^^^^^^^^^^^^^
[INFO] [stderr] 
[INFO] [stderr] warning: unused import: `std::time::Duration`
[INFO] [stderr]   --> src/tests.rs:12:5
[INFO] [stderr]    |
[INFO] [stderr] 12 | use std::time::Duration;
[INFO] [stderr]    |     ^^^^^^^^^^^^^^^^^^^
[INFO] [stderr] 
[INFO] [stderr] warning: unused imports: `Message`, `WebSocket`
[INFO] [stderr]   --> src/tests.rs:13:28
[INFO] [stderr]    |
[INFO] [stderr] 13 | use tungstenite::{connect, Message,WebSocket};
[INFO] [stderr]    |                            ^^^^^^^ ^^^^^^^^^
[INFO] [stderr] 
[INFO] [stderr] warning: unused import: `tungstenite::client::AutoStream`
[INFO] [stderr]   --> src/tests.rs:14:5
[INFO] [stderr]    |
[INFO] [stderr] 14 | use tungstenite::client::AutoStream;
[INFO] [stderr]    |     ^^^^^^^^^^^^^^^^^^^^^^^^^^^^^^^
[INFO] [stderr] 
[INFO] [stderr] warning: unused imports: `NaiveDateTime`, `TimeZone`
[INFO] [stderr]   --> src/tests.rs:16:24
[INFO] [stderr]    |
[INFO] [stderr] 16 | use chrono::{DateTime, TimeZone, NaiveDateTime, Utc};
[INFO] [stderr]    |                        ^^^^^^^^  ^^^^^^^^^^^^^
[INFO] [stderr] 
[INFO] [stderr] warning: unused import: `std::env`
[INFO] [stderr]   --> src/tests.rs:17:5
[INFO] [stderr]    |
[INFO] [stderr] 17 | use std::env;
[INFO] [stderr]    |     ^^^^^^^^
[INFO] [stderr] 
[INFO] [stderr] warning: unused import: `serde_json::Value`
[INFO] [stderr]   --> src/tests.rs:18:5
[INFO] [stderr]    |
[INFO] [stderr] 18 | use serde_json::Value;
[INFO] [stderr]    |     ^^^^^^^^^^^^^^^^^
[INFO] [stderr] 
[INFO] [stderr] warning: unused import: `std::fs`
[INFO] [stderr]   --> src/tests.rs:19:5
[INFO] [stderr]    |
[INFO] [stderr] 19 | use std::fs;
[INFO] [stderr]    |     ^^^^^^^
[INFO] [stderr] 
[INFO] [stderr] warning: unused import: `std::thread`
[INFO] [stderr]   --> src/tests.rs:21:5
[INFO] [stderr]    |
[INFO] [stderr] 21 | use std::thread;
[INFO] [stderr]    |     ^^^^^^^^^^^
[INFO] [stderr] 
[INFO] [stderr] warning: unused imports: `NaiveDateTime`, `TimeZone`
[INFO] [stderr]   --> src/main.rs:14:24
[INFO] [stderr]    |
[INFO] [stderr] 14 | use chrono::{DateTime, TimeZone, NaiveDateTime, Utc};
[INFO] [stderr]    |                        ^^^^^^^^  ^^^^^^^^^^^^^
[INFO] [stderr] 
[INFO] [stderr] warning: unused import: `std::thread::sleep`
[INFO] [stderr]   --> src/main.rs:20:5
[INFO] [stderr]    |
[INFO] [stderr] 20 | use std::thread::sleep;
[INFO] [stderr]    |     ^^^^^^^^^^^^^^^^^^
[INFO] [stderr] 
[INFO] [stderr] warning: denote infinite loops with `loop { ... }`
[INFO] [stderr]   --> src/main.rs:57:5
[INFO] [stderr]    |
[INFO] [stderr] 57 |     while true{
[INFO] [stderr]    |     ^^^^^^^^^^ help: use `loop`
[INFO] [stderr] 
[INFO] [stderr] warning: unused variable: `response`
[INFO] [stderr]    --> src/client.rs:123:30
[INFO] [stderr]     |
[INFO] [stderr] 123 |             let (mut socket, response) = attempt.unwrap();
[INFO] [stderr]     |                              ^^^^^^^^ help: if this is intentional, prefix it with an underscore: `_response`
[INFO] [stderr]     |
[INFO] [stderr]     = note: `#[warn(unused_variables)]` on by default
[INFO] [stderr] 
[INFO] [stderr] warning: unused variable: `number_of_times_sensed`
[INFO] [stderr]    --> src/client.rs:217:24
[INFO] [stderr]     |
[INFO] [stderr] 217 |     fn alert(&mut self,number_of_times_sensed:&Arc<Mutex<i8>>,motion_last_sensed:&Arc<Mutex<DateTime<Utc>>>)->String{
[INFO] [stderr]     |                        ^^^^^^^^^^^^^^^^^^^^^^ help: if this is intentional, prefix it with an underscore: `_number_of_times_sensed`
[INFO] [stderr] 
[INFO] [stderr] warning: unused variable: `motion_last_sensed`
[INFO] [stderr]    --> src/client.rs:217:63
[INFO] [stderr]     |
[INFO] [stderr] 217 |     fn alert(&mut self,number_of_times_sensed:&Arc<Mutex<i8>>,motion_last_sensed:&Arc<Mutex<DateTime<Utc>>>)->String{
[INFO] [stderr]     |                                                               ^^^^^^^^^^^^^^^^^^ help: if this is intentional, prefix it with an underscore: `_motion_last_sensed`
[INFO] [stderr] 
[INFO] [stderr] warning: unused variable: `response`
[INFO] [stderr]   --> src/tests.rs:34:26
[INFO] [stderr]    |
[INFO] [stderr] 34 |         let (mut socket, response) =connect(Url::parse(&url).unwrap()).unwrap();
[INFO] [stderr]    |                          ^^^^^^^^ help: if this is intentional, prefix it with an underscore: `_response`
[INFO] [stderr] 
[INFO] [stderr] warning: unused variable: `response`
[INFO] [stderr]   --> src/tests.rs:48:26
[INFO] [stderr]    |
[INFO] [stderr] 48 |         let (mut socket, response) =connect(Url::parse(&url).unwrap()).unwrap();
[INFO] [stderr]    |                          ^^^^^^^^ help: if this is intentional, prefix it with an underscore: `_response`
[INFO] [stderr] 
[INFO] [stderr] warning: variable does not need to be mutable
[INFO] [stderr]   --> src/main.rs:31:9
[INFO] [stderr]    |
[INFO] [stderr] 31 |     let mut gpio_handler = GpioHandler::new(pin);
[INFO] [stderr]    |         ----^^^^^^^^^^^^
[INFO] [stderr]    |         |
[INFO] [stderr]    |         help: remove this `mut`
[INFO] [stderr]    |
[INFO] [stderr]    = note: `#[warn(unused_mut)]` on by default
[INFO] [stderr] 
[INFO] [stderr] warning: variable does not need to be mutable
[INFO] [stderr]   --> src/main.rs:51:9
[INFO] [stderr]    |
[INFO] [stderr] 51 |     let mut running = Arc::new(Mutex::new(true));
[INFO] [stderr]    |         ----^^^^^^^
[INFO] [stderr]    |         |
[INFO] [stderr]    |         help: remove this `mut`
[INFO] [stderr] 
[INFO] [stderr] warning: associated function is never used: `log_disconnection_info`
[INFO] [stderr]   --> src/console_logger.rs:28:12
[INFO] [stderr]    |
[INFO] [stderr] 28 |     pub fn log_disconnection_info(&mut self){
[INFO] [stderr]    |            ^^^^^^^^^^^^^^^^^^^^^^
[INFO] [stderr]    |
[INFO] [stderr]    = note: `#[warn(dead_code)]` on by default
[INFO] [stderr] 
[INFO] [stderr] warning: associated function is never used: `log_no_config`
[INFO] [stderr]   --> src/console_logger.rs:34:12
[INFO] [stderr]    |
[INFO] [stderr] 34 |     pub fn log_no_config(&mut self){
[INFO] [stderr]    |            ^^^^^^^^^^^^^
[INFO] [stderr] 
[INFO] [stderr] warning: crate `InfaredMotionDetector` should have a snake case name
[INFO] [stderr]   |
[INFO] [stderr]   = note: `#[warn(non_snake_case)]` on by default
[INFO] [stderr]   = help: convert the identifier to snake case: `infared_motion_detector`
[INFO] [stderr] 
[INFO] [stderr] warning: unused `Result` that must be used
[INFO] [stderr]    --> src/client.rs:159:13
[INFO] [stderr]     |
[INFO] [stderr] 159 | /             socket.write_message(
[INFO] [stderr] 160 | |                 Message::Text(
[INFO] [stderr] 161 | |                     self.formatted_basic_data(&times_sensed_data,&last_time_data)));
[INFO] [stderr]     | |____________________________________________________________________________________^
[INFO] [stderr]     |
[INFO] [stderr]     = note: `#[warn(unused_must_use)]` on by default
[INFO] [stderr]     = note: this `Result` may be an `Err` variant, which should be handled
[INFO] [stderr] 
[INFO] [stderr] warning: unused `Result` that must be used
[INFO] [stderr]    --> src/client.rs:202:13
[INFO] [stderr]     |
[INFO] [stderr] 202 |             socket.write_message(Message::Text(self.alert(number_of_times_sensed,motion_last_sensed)));
[INFO] [stderr]     |             ^^^^^^^^^^^^^^^^^^^^^^^^^^^^^^^^^^^^^^^^^^^^^^^^^^^^^^^^^^^^^^^^^^^^^^^^^^^^^^^^^^^^^^^^^^^
[INFO] [stderr]     |
[INFO] [stderr]     = note: this `Result` may be an `Err` variant, which should be handled
[INFO] [stderr] 
[INFO] [stderr] warning: unused `Result` that must be used
[INFO] [stderr]    --> src/client.rs:205:13
[INFO] [stderr]     |
[INFO] [stderr] 205 |             socket.write_message(Message::Text(self.no_alert()));
[INFO] [stderr]     |             ^^^^^^^^^^^^^^^^^^^^^^^^^^^^^^^^^^^^^^^^^^^^^^^^^^^^^
[INFO] [stderr]     |
[INFO] [stderr]     = note: this `Result` may be an `Err` variant, which should be handled
[INFO] [stderr] 
[INFO] [stderr] warning: 35 warnings emitted
[INFO] [stderr] 
[INFO] [stderr]     Finished test [unoptimized + debuginfo] target(s) in 0.08s
[INFO] [stderr]      Running unittests (/opt/rustwide/target/debug/deps/InfaredMotionDetector-1ad324ba8e921c9d)
[INFO] [stdout] 
[INFO] [stdout] running 3 tests
[INFO] [stdout] test tests::tests::test_encountered_error ... ok
[INFO] [stdout] test tests::tests::test_successful_auth ... FAILED
[INFO] [stdout] test tests::tests::test_failed_auth ... FAILED
[INFO] [stdout] 
[INFO] [stdout] failures:
[INFO] [stdout] 
[INFO] [stdout] ---- tests::tests::test_successful_auth stdout ----
[INFO] [stdout] thread 'tests::tests::test_successful_auth' panicked at 'called `Result::unwrap()` on an `Err` value: Url(UnableToConnect("ws://192.168.1.109:50223/"))', src/tests.rs:34:72
[INFO] [stdout] stack backtrace:
[INFO] [stdout]    0:     0x55f9e4b7a1f0 - std::backtrace_rs::backtrace::libunwind::trace::h34055254b57d8e79
[INFO] [stdout]                                at /rustc/a178d0322ce20e33eac124758e837cbd80a6f633/library/std/src/../../backtrace/src/backtrace/libunwind.rs:90:5
[INFO] [stdout]    1:     0x55f9e4b7a1f0 - std::backtrace_rs::backtrace::trace_unsynchronized::h8f1e3fbd9afff6ec
[INFO] [stdout]                                at /rustc/a178d0322ce20e33eac124758e837cbd80a6f633/library/std/src/../../backtrace/src/backtrace/mod.rs:66:5
[INFO] [stdout]    2:     0x55f9e4b7a1f0 - std::sys_common::backtrace::_print_fmt::h3a99a796b770c360
[INFO] [stdout]                                at /rustc/a178d0322ce20e33eac124758e837cbd80a6f633/library/std/src/sys_common/backtrace.rs:67:5
[INFO] [stdout]    3:     0x55f9e4b7a1f0 - <std::sys_common::backtrace::_print::DisplayBacktrace as core::fmt::Display>::fmt::h32d1f94a80615d18
[INFO] [stdout]                                at /rustc/a178d0322ce20e33eac124758e837cbd80a6f633/library/std/src/sys_common/backtrace.rs:46:22
[INFO] [stdout]    4:     0x55f9e4b9d62c - core::fmt::write::h306731c068f7162c
[INFO] [stdout]                                at /rustc/a178d0322ce20e33eac124758e837cbd80a6f633/library/core/src/fmt/mod.rs:1110:17
[INFO] [stdout]    5:     0x55f9e4b74135 - std::io::Write::write_fmt::h87f19b0a2cd190bc
[INFO] [stdout]                                at /rustc/a178d0322ce20e33eac124758e837cbd80a6f633/library/std/src/io/mod.rs:1588:15
[INFO] [stdout]    6:     0x55f9e4b7c35b - std::sys_common::backtrace::_print::h5abaa2601a852287
[INFO] [stdout]                                at /rustc/a178d0322ce20e33eac124758e837cbd80a6f633/library/std/src/sys_common/backtrace.rs:49:5
[INFO] [stdout]    7:     0x55f9e4b7c35b - std::sys_common::backtrace::print::h8d81445442bb638f
[INFO] [stdout]                                at /rustc/a178d0322ce20e33eac124758e837cbd80a6f633/library/std/src/sys_common/backtrace.rs:36:9
[INFO] [stdout]    8:     0x55f9e4b7c35b - std::panicking::default_hook::{{closure}}::hcfe804496a9fa747
[INFO] [stdout]                                at /rustc/a178d0322ce20e33eac124758e837cbd80a6f633/library/std/src/panicking.rs:208:50
[INFO] [stdout]    9:     0x55f9e4b7be6c - std::panicking::default_hook::hbea8e3ccf2ba8901
[INFO] [stdout]                                at /rustc/a178d0322ce20e33eac124758e837cbd80a6f633/library/std/src/panicking.rs:222:9
[INFO] [stdout]   10:     0x55f9e4b7ca24 - std::panicking::rust_panic_with_hook::h7ee9e1a2d0f8975a
[INFO] [stdout]                                at /rustc/a178d0322ce20e33eac124758e837cbd80a6f633/library/std/src/panicking.rs:622:17
[INFO] [stdout]   11:     0x55f9e4b7c507 - std::panicking::begin_panic_handler::{{closure}}::h8ab3b4491718b2c7
[INFO] [stdout]                                at /rustc/a178d0322ce20e33eac124758e837cbd80a6f633/library/std/src/panicking.rs:519:13
[INFO] [stdout]   12:     0x55f9e4b7a6ec - std::sys_common::backtrace::__rust_end_short_backtrace::hd489062ffa586a9f
[INFO] [stdout]                                at /rustc/a178d0322ce20e33eac124758e837cbd80a6f633/library/std/src/sys_common/backtrace.rs:141:18
[INFO] [stdout]   13:     0x55f9e4b7c469 - rust_begin_unwind
[INFO] [stdout]                                at /rustc/a178d0322ce20e33eac124758e837cbd80a6f633/library/std/src/panicking.rs:515:5
[INFO] [stdout]   14:     0x55f9e49a9c11 - core::panicking::panic_fmt::hca6330e3e14086b4
[INFO] [stdout]                                at /rustc/a178d0322ce20e33eac124758e837cbd80a6f633/library/core/src/panicking.rs:92:14
[INFO] [stdout]   15:     0x55f9e49a9d03 - core::result::unwrap_failed::h6160d2b4bfbb0e87
[INFO] [stdout]                                at /rustc/a178d0322ce20e33eac124758e837cbd80a6f633/library/core/src/result.rs:1355:5
[INFO] [stdout]   16:     0x55f9e49acd84 - core::result::Result<T,E>::unwrap::h409c92a6b9540837
[INFO] [stdout]                                at /rustc/a178d0322ce20e33eac124758e837cbd80a6f633/library/core/src/result.rs:1037:23
[INFO] [stdout]   17:     0x55f9e49bdb09 - InfaredMotionDetector::tests::tests::test_successful_auth::hc7b78e3846d76f03
[INFO] [stdout]                                at /opt/rustwide/workdir/src/tests.rs:34:37
[INFO] [stdout]   18:     0x55f9e49bd53a - InfaredMotionDetector::tests::tests::test_successful_auth::{{closure}}::h29bdf80f10f99b90
[INFO] [stdout]                                at /opt/rustwide/workdir/src/tests.rs:25:5
[INFO] [stdout]   19:     0x55f9e49ae94e - core::ops::function::FnOnce::call_once::h0ce2f69d71f0be42
[INFO] [stdout]                                at /rustc/a178d0322ce20e33eac124758e837cbd80a6f633/library/core/src/ops/function.rs:227:5
[INFO] [stdout]   20:     0x55f9e49e9ae3 - core::ops::function::FnOnce::call_once::h152e7e439ff59e19
[INFO] [stdout]                                at /rustc/a178d0322ce20e33eac124758e837cbd80a6f633/library/core/src/ops/function.rs:227:5
[INFO] [stdout]   21:     0x55f9e49e9ae3 - test::__rust_begin_short_backtrace::h0908f3b1fdbb72ab
[INFO] [stdout]                                at /rustc/a178d0322ce20e33eac124758e837cbd80a6f633/library/test/src/lib.rs:577:5
[INFO] [stdout]   22:     0x55f9e49e85a0 - <alloc::boxed::Box<F,A> as core::ops::function::FnOnce<Args>>::call_once::hf6d2a51e5587546c
[INFO] [stdout]                                at /rustc/a178d0322ce20e33eac124758e837cbd80a6f633/library/alloc/src/boxed.rs:1575:9
[INFO] [stdout]   23:     0x55f9e49e85a0 - <std::panic::AssertUnwindSafe<F> as core::ops::function::FnOnce<()>>::call_once::h8af660f3a89ef593
[INFO] [stdout]                                at /rustc/a178d0322ce20e33eac124758e837cbd80a6f633/library/std/src/panic.rs:347:9
[INFO] [stdout]   24:     0x55f9e49e85a0 - std::panicking::try::do_call::hd36aef60f84b6d36
[INFO] [stdout]                                at /rustc/a178d0322ce20e33eac124758e837cbd80a6f633/library/std/src/panicking.rs:401:40
[INFO] [stdout]   25:     0x55f9e49e85a0 - std::panicking::try::h9932b4480e69817c
[INFO] [stdout]                                at /rustc/a178d0322ce20e33eac124758e837cbd80a6f633/library/std/src/panicking.rs:365:19
[INFO] [stdout]   26:     0x55f9e49e85a0 - std::panic::catch_unwind::h6aa177099cfff5f8
[INFO] [stdout]                                at /rustc/a178d0322ce20e33eac124758e837cbd80a6f633/library/std/src/panic.rs:434:14
[INFO] [stdout]   27:     0x55f9e49e85a0 - test::run_test_in_process::h5884d6f2d99e20c3
[INFO] [stdout]                                at /rustc/a178d0322ce20e33eac124758e837cbd80a6f633/library/test/src/lib.rs:600:18
[INFO] [stdout]   28:     0x55f9e49e85a0 - test::run_test::run_test_inner::{{closure}}::h6fdc58c6d5f5b6e3
[INFO] [stdout]                                at /rustc/a178d0322ce20e33eac124758e837cbd80a6f633/library/test/src/lib.rs:492:39
[INFO] [stdout]   29:     0x55f9e49c1c52 - test::run_test::run_test_inner::{{closure}}::h408365d67a78ade8
[INFO] [stdout]                                at /rustc/a178d0322ce20e33eac124758e837cbd80a6f633/library/test/src/lib.rs:519:37
[INFO] [stdout]   30:     0x55f9e49c1c52 - std::sys_common::backtrace::__rust_begin_short_backtrace::hb560b77c4f701523
[INFO] [stdout]                                at /rustc/a178d0322ce20e33eac124758e837cbd80a6f633/library/std/src/sys_common/backtrace.rs:125:18
[INFO] [stdout]   31:     0x55f9e49c5808 - std::thread::Builder::spawn_unchecked::{{closure}}::{{closure}}::hf2e7831dad93c597
[INFO] [stdout]                                at /rustc/a178d0322ce20e33eac124758e837cbd80a6f633/library/std/src/thread/mod.rs:481:17
[INFO] [stdout]   32:     0x55f9e49c5808 - <std::panic::AssertUnwindSafe<F> as core::ops::function::FnOnce<()>>::call_once::hd2e08783d8be4d02
[INFO] [stdout]                                at /rustc/a178d0322ce20e33eac124758e837cbd80a6f633/library/std/src/panic.rs:347:9
[INFO] [stdout]   33:     0x55f9e49c5808 - std::panicking::try::do_call::h062597b7acfd6b82
[INFO] [stdout]                                at /rustc/a178d0322ce20e33eac124758e837cbd80a6f633/library/std/src/panicking.rs:401:40
[INFO] [stdout]   34:     0x55f9e49c5808 - std::panicking::try::h0d7b79db04c14552
[INFO] [stdout]                                at /rustc/a178d0322ce20e33eac124758e837cbd80a6f633/library/std/src/panicking.rs:365:19
[INFO] [stdout]   35:     0x55f9e49c5808 - std::panic::catch_unwind::hb01a0b5e7c8cd43b
[INFO] [stdout]                                at /rustc/a178d0322ce20e33eac124758e837cbd80a6f633/library/std/src/panic.rs:434:14
[INFO] [stdout]   36:     0x55f9e49c5808 - std::thread::Builder::spawn_unchecked::{{closure}}::h5bde48cc887e0d1e
[INFO] [stdout]                                at /rustc/a178d0322ce20e33eac124758e837cbd80a6f633/library/std/src/thread/mod.rs:480:30
[INFO] [stdout]   37:     0x55f9e49c5808 - core::ops::function::FnOnce::call_once{{vtable.shim}}::h745ea30807a29e55
[INFO] [stdout]                                at /rustc/a178d0322ce20e33eac124758e837cbd80a6f633/library/core/src/ops/function.rs:227:5
[INFO] [stdout]   38:     0x55f9e4b81c17 - <alloc::boxed::Box<F,A> as core::ops::function::FnOnce<Args>>::call_once::h7ece6cfefaff1005
[INFO] [stdout]                                at /rustc/a178d0322ce20e33eac124758e837cbd80a6f633/library/alloc/src/boxed.rs:1575:9
[INFO] [stdout]   39:     0x55f9e4b81c17 - <alloc::boxed::Box<F,A> as core::ops::function::FnOnce<Args>>::call_once::hb8b48e55c21f193e
[INFO] [stdout]                                at /rustc/a178d0322ce20e33eac124758e837cbd80a6f633/library/alloc/src/boxed.rs:1575:9
[INFO] [stdout]   40:     0x55f9e4b81c17 - std::sys::unix::thread::Thread::new::thread_start::h8c7c4450dba62914
[INFO] [stdout]                                at /rustc/a178d0322ce20e33eac124758e837cbd80a6f633/library/std/src/sys/unix/thread.rs:71:17
[INFO] [stdout]   41:     0x7f7196b46609 - start_thread
[INFO] [stdout]   42:     0x7f7196916293 - clone
[INFO] [stdout]   43:                0x0 - <unknown>
[INFO] [stdout] 
[INFO] [stdout] ---- tests::tests::test_failed_auth stdout ----
[INFO] [stdout] thread 'tests::tests::test_failed_auth' panicked at 'called `Result::unwrap()` on an `Err` value: Url(UnableToConnect("ws://192.168.1.109:50223/"))', src/tests.rs:48:72
[INFO] [stdout] stack backtrace:
[INFO] [stdout]    0:     0x55f9e4b7a1f0 - std::backtrace_rs::backtrace::libunwind::trace::h34055254b57d8e79
[INFO] [stdout]                                at /rustc/a178d0322ce20e33eac124758e837cbd80a6f633/library/std/src/../../backtrace/src/backtrace/libunwind.rs:90:5
[INFO] [stdout]    1:     0x55f9e4b7a1f0 - std::backtrace_rs::backtrace::trace_unsynchronized::h8f1e3fbd9afff6ec
[INFO] [stdout]                                at /rustc/a178d0322ce20e33eac124758e837cbd80a6f633/library/std/src/../../backtrace/src/backtrace/mod.rs:66:5
[INFO] [stdout]    2:     0x55f9e4b7a1f0 - std::sys_common::backtrace::_print_fmt::h3a99a796b770c360
[INFO] [stdout]                                at /rustc/a178d0322ce20e33eac124758e837cbd80a6f633/library/std/src/sys_common/backtrace.rs:67:5
[INFO] [stdout]    3:     0x55f9e4b7a1f0 - <std::sys_common::backtrace::_print::DisplayBacktrace as core::fmt::Display>::fmt::h32d1f94a80615d18
[INFO] [stdout]                                at /rustc/a178d0322ce20e33eac124758e837cbd80a6f633/library/std/src/sys_common/backtrace.rs:46:22
[INFO] [stdout]    4:     0x55f9e4b9d62c - core::fmt::write::h306731c068f7162c
[INFO] [stdout]                                at /rustc/a178d0322ce20e33eac124758e837cbd80a6f633/library/core/src/fmt/mod.rs:1110:17
[INFO] [stdout]    5:     0x55f9e4b74135 - std::io::Write::write_fmt::h87f19b0a2cd190bc
[INFO] [stdout]                                at /rustc/a178d0322ce20e33eac124758e837cbd80a6f633/library/std/src/io/mod.rs:1588:15
[INFO] [stdout]    6:     0x55f9e4b7c35b - std::sys_common::backtrace::_print::h5abaa2601a852287
[INFO] [stdout]                                at /rustc/a178d0322ce20e33eac124758e837cbd80a6f633/library/std/src/sys_common/backtrace.rs:49:5
[INFO] [stdout]    7:     0x55f9e4b7c35b - std::sys_common::backtrace::print::h8d81445442bb638f
[INFO] [stdout]                                at /rustc/a178d0322ce20e33eac124758e837cbd80a6f633/library/std/src/sys_common/backtrace.rs:36:9
[INFO] [stdout]    8:     0x55f9e4b7c35b - std::panicking::default_hook::{{closure}}::hcfe804496a9fa747
[INFO] [stdout]                                at /rustc/a178d0322ce20e33eac124758e837cbd80a6f633/library/std/src/panicking.rs:208:50
[INFO] [stdout]    9:     0x55f9e4b7be6c - std::panicking::default_hook::hbea8e3ccf2ba8901
[INFO] [stdout]                                at /rustc/a178d0322ce20e33eac124758e837cbd80a6f633/library/std/src/panicking.rs:222:9
[INFO] [stdout]   10:     0x55f9e4b7ca24 - std::panicking::rust_panic_with_hook::h7ee9e1a2d0f8975a
[INFO] [stdout]                                at /rustc/a178d0322ce20e33eac124758e837cbd80a6f633/library/std/src/panicking.rs:622:17
[INFO] [stdout]   11:     0x55f9e4b7c507 - std::panicking::begin_panic_handler::{{closure}}::h8ab3b4491718b2c7
[INFO] [stdout]                                at /rustc/a178d0322ce20e33eac124758e837cbd80a6f633/library/std/src/panicking.rs:519:13
[INFO] [stdout]   12:     0x55f9e4b7a6ec - std::sys_common::backtrace::__rust_end_short_backtrace::hd489062ffa586a9f
[INFO] [stdout]                                at /rustc/a178d0322ce20e33eac124758e837cbd80a6f633/library/std/src/sys_common/backtrace.rs:141:18
[INFO] [stdout]   13:     0x55f9e4b7c469 - rust_begin_unwind
[INFO] [stdout]                                at /rustc/a178d0322ce20e33eac124758e837cbd80a6f633/library/std/src/panicking.rs:515:5
[INFO] [stdout]   14:     0x55f9e49a9c11 - core::panicking::panic_fmt::hca6330e3e14086b4
[INFO] [stdout]                                at /rustc/a178d0322ce20e33eac124758e837cbd80a6f633/library/core/src/panicking.rs:92:14
[INFO] [stdout]   15:     0x55f9e49a9d03 - core::result::unwrap_failed::h6160d2b4bfbb0e87
[INFO] [stdout]                                at /rustc/a178d0322ce20e33eac124758e837cbd80a6f633/library/core/src/result.rs:1355:5
[INFO] [stdout]   16:     0x55f9e49acd84 - core::result::Result<T,E>::unwrap::h409c92a6b9540837
[INFO] [stdout]                                at /rustc/a178d0322ce20e33eac124758e837cbd80a6f633/library/core/src/result.rs:1037:23
[INFO] [stdout]   17:     0x55f9e49be2ca - InfaredMotionDetector::tests::tests::test_failed_auth::hb5d9ccaa60200144
[INFO] [stdout]                                at /opt/rustwide/workdir/src/tests.rs:48:37
[INFO] [stdout]   18:     0x55f9e49bdcfa - InfaredMotionDetector::tests::tests::test_failed_auth::{{closure}}::h29d4cc85a96baa55
[INFO] [stdout]                                at /opt/rustwide/workdir/src/tests.rs:39:5
[INFO] [stdout]   19:     0x55f9e49ae98e - core::ops::function::FnOnce::call_once::h2e6bb11b9006adec
[INFO] [stdout]                                at /rustc/a178d0322ce20e33eac124758e837cbd80a6f633/library/core/src/ops/function.rs:227:5
[INFO] [stdout]   20:     0x55f9e49e9ae3 - core::ops::function::FnOnce::call_once::h152e7e439ff59e19
[INFO] [stdout]                                at /rustc/a178d0322ce20e33eac124758e837cbd80a6f633/library/core/src/ops/function.rs:227:5
[INFO] [stdout]   21:     0x55f9e49e9ae3 - test::__rust_begin_short_backtrace::h0908f3b1fdbb72ab
[INFO] [stdout]                                at /rustc/a178d0322ce20e33eac124758e837cbd80a6f633/library/test/src/lib.rs:577:5
[INFO] [stdout]   22:     0x55f9e49e85a0 - <alloc::boxed::Box<F,A> as core::ops::function::FnOnce<Args>>::call_once::hf6d2a51e5587546c
[INFO] [stdout]                                at /rustc/a178d0322ce20e33eac124758e837cbd80a6f633/library/alloc/src/boxed.rs:1575:9
[INFO] [stdout]   23:     0x55f9e49e85a0 - <std::panic::AssertUnwindSafe<F> as core::ops::function::FnOnce<()>>::call_once::h8af660f3a89ef593
[INFO] [stdout]                                at /rustc/a178d0322ce20e33eac124758e837cbd80a6f633/library/std/src/panic.rs:347:9
[INFO] [stdout]   24:     0x55f9e49e85a0 - std::panicking::try::do_call::hd36aef60f84b6d36
[INFO] [stdout]                                at /rustc/a178d0322ce20e33eac124758e837cbd80a6f633/library/std/src/panicking.rs:401:40
[INFO] [stdout]   25:     0x55f9e49e85a0 - std::panicking::try::h9932b4480e69817c
[INFO] [stdout]                                at /rustc/a178d0322ce20e33eac124758e837cbd80a6f633/library/std/src/panicking.rs:365:19
[INFO] [stdout]   26:     0x55f9e49e85a0 - std::panic::catch_unwind::h6aa177099cfff5f8
[INFO] [stdout]                                at /rustc/a178d0322ce20e33eac124758e837cbd80a6f633/library/std/src/panic.rs:434:14
[INFO] [stdout]   27:     0x55f9e49e85a0 - test::run_test_in_process::h5884d6f2d99e20c3
[INFO] [stdout]                                at /rustc/a178d0322ce20e33eac124758e837cbd80a6f633/library/test/src/lib.rs:600:18
[INFO] [stdout]   28:     0x55f9e49e85a0 - test::run_test::run_test_inner::{{closure}}::h6fdc58c6d5f5b6e3
[INFO] [stdout]                                at /rustc/a178d0322ce20e33eac124758e837cbd80a6f633/library/test/src/lib.rs:492:39
[INFO] [stdout]   29:     0x55f9e49c1c52 - test::run_test::run_test_inner::{{closure}}::h408365d67a78ade8
[INFO] [stdout]                                at /rustc/a178d0322ce20e33eac124758e837cbd80a6f633/library/test/src/lib.rs:519:37
[INFO] [stdout]   30:     0x55f9e49c1c52 - std::sys_common::backtrace::__rust_begin_short_backtrace::hb560b77c4f701523
[INFO] [stdout]                                at /rustc/a178d0322ce20e33eac124758e837cbd80a6f633/library/std/src/sys_common/backtrace.rs:125:18
[INFO] [stdout]   31:     0x55f9e49c5808 - std::thread::Builder::spawn_unchecked::{{closure}}::{{closure}}::hf2e7831dad93c597
[INFO] [stdout]                                at /rustc/a178d0322ce20e33eac124758e837cbd80a6f633/library/std/src/thread/mod.rs:481:17
[INFO] [stdout]   32:     0x55f9e49c5808 - <std::panic::AssertUnwindSafe<F> as core::ops::function::FnOnce<()>>::call_once::hd2e08783d8be4d02
[INFO] [stdout]                                at /rustc/a178d0322ce20e33eac124758e837cbd80a6f633/library/std/src/panic.rs:347:9
[INFO] [stdout]   33:     0x55f9e49c5808 - std::panicking::try::do_call::h062597b7acfd6b82
[INFO] [stdout]                                at /rustc/a178d0322ce20e33eac124758e837cbd80a6f633/library/std/src/panicking.rs:401:40
[INFO] [stdout]   34:     0x55f9e49c5808 - std::panicking::try::h0d7b79db04c14552
[INFO] [stdout]                                at /rustc/a178d0322ce20e33eac124758e837cbd80a6f633/library/std/src/panicking.rs:365:19
[INFO] [stdout]   35:     0x55f9e49c5808 - std::panic::catch_unwind::hb01a0b5e7c8cd43b
[INFO] [stdout]                                at /rustc/a178d0322ce20e33eac124758e837cbd80a6f633/library/std/src/panic.rs:434:14
[INFO] [stdout]   36:     0x55f9e49c5808 - std::thread::Builder::spawn_unchecked::{{closure}}::h5bde48cc887e0d1e
[INFO] [stdout]                                at /rustc/a178d0322ce20e33eac124758e837cbd80a6f633/library/std/src/thread/mod.rs:480:30
[INFO] [stdout]   37:     0x55f9e49c5808 - core::ops::function::FnOnce::call_once{{vtable.shim}}::h745ea30807a29e55
[INFO] [stdout]                                at /rustc/a178d0322ce20e33eac124758e837cbd80a6f633/library/core/src/ops/function.rs:227:5
[INFO] [stdout]   38:     0x55f9e4b81c17 - <alloc::boxed::Box<F,A> as core::ops::function::FnOnce<Args>>::call_once::h7ece6cfefaff1005
[INFO] [stdout]                                at /rustc/a178d0322ce20e33eac124758e837cbd80a6f633/library/alloc/src/boxed.rs:1575:9
[INFO] [stdout]   39:     0x55f9e4b81c17 - <alloc::boxed::Box<F,A> as core::ops::function::FnOnce<Args>>::call_once::hb8b48e55c21f193e
[INFO] [stdout]                                at /rustc/a178d0322ce20e33eac124758e837cbd80a6f633/library/alloc/src/boxed.rs:1575:9
[INFO] [stdout]   40:     0x55f9e4b81c17 - std::sys::unix::thread::Thread::new::thread_start::h8c7c4450dba62914
[INFO] [stdout]                                at /rustc/a178d0322ce20e33eac124758e837cbd80a6f633/library/std/src/sys/unix/thread.rs:71:17
[INFO] [stdout]   41:     0x7f7196b46609 - start_thread
[INFO] [stdout]   42:     0x7f7196916293 - clone
[INFO] [stdout]   43:                0x0 - <unknown>
[INFO] [stdout] 
[INFO] [stdout] 
[INFO] [stdout] failures:
[INFO] [stdout]     tests::tests::test_failed_auth
[INFO] [stdout]     tests::tests::test_successful_auth
[INFO] [stdout] 
[INFO] [stdout] test result: FAILED. 1 passed; 2 failed; 0 ignored; 0 measured; 0 filtered out; finished in 0.07s
[INFO] [stdout] 
[INFO] [stderr] error: test failed, to rerun pass '--bin InfaredMotionDetector'
[INFO] running `Command { std: "docker" "inspect" "bfd22c00cdc5f1ab1f996e25bfa36499975c0f2f54acbd8c43d0412fd06b14a9", kill_on_drop: false }`
[INFO] running `Command { std: "docker" "rm" "-f" "bfd22c00cdc5f1ab1f996e25bfa36499975c0f2f54acbd8c43d0412fd06b14a9", kill_on_drop: false }`
[INFO] [stdout] bfd22c00cdc5f1ab1f996e25bfa36499975c0f2f54acbd8c43d0412fd06b14a9
