[INFO] cloning repository https://github.com/Hentioe/irir
[INFO] running `Command { std: "git" "-c" "credential.helper=" "-c" "credential.helper=/workspace/cargo-home/bin/git-credential-null" "clone" "--bare" "https://github.com/Hentioe/irir" "/workspace/cache/git-repos/https%3A%2F%2Fgithub.com%2FHentioe%2Firir", kill_on_drop: false }`
[INFO] [stderr] Cloning into bare repository '/workspace/cache/git-repos/https%3A%2F%2Fgithub.com%2FHentioe%2Firir'...
[INFO] running `Command { std: "git" "rev-parse" "HEAD", kill_on_drop: false }`
[INFO] [stdout] aa04b84e627ff0bcaf47dd01667296f8afeabf90
[INFO] testing Hentioe/irir against 1.54.0 for beta-1.55-1
[INFO] running `Command { std: "git" "clone" "/workspace/cache/git-repos/https%3A%2F%2Fgithub.com%2FHentioe%2Firir" "/workspace/builds/worker-14/source", kill_on_drop: false }`
[INFO] [stderr] Cloning into '/workspace/builds/worker-14/source'...
[INFO] [stderr] done.
[INFO] validating manifest of git repo https://github.com/Hentioe/irir on toolchain 1.54.0
[INFO] running `Command { std: "/workspace/cargo-home/bin/cargo" "+1.54.0" "metadata" "--manifest-path" "Cargo.toml" "--no-deps", kill_on_drop: false }`
[INFO] started tweaking git repo https://github.com/Hentioe/irir
[INFO] finished tweaking git repo https://github.com/Hentioe/irir
[INFO] tweaked toml for git repo https://github.com/Hentioe/irir written to /workspace/builds/worker-14/source/Cargo.toml
[INFO] crate git repo https://github.com/Hentioe/irir already has a lockfile, it will not be regenerated
[INFO] running `Command { std: "/workspace/cargo-home/bin/cargo" "+1.54.0" "fetch" "--manifest-path" "Cargo.toml", kill_on_drop: false }`
[INFO] [stderr]     Blocking waiting for file lock on package cache
[INFO] [stderr]     Blocking waiting for file lock on package cache
[INFO] running `Command { std: "docker" "create" "-v" "/var/lib/crater-agent-workspace/builds/worker-14/target:/opt/rustwide/target:rw,Z" "-v" "/var/lib/crater-agent-workspace/builds/worker-14/source:/opt/rustwide/workdir:ro,Z" "-v" "/var/lib/crater-agent-workspace/cargo-home:/opt/rustwide/cargo-home:ro,Z" "-v" "/var/lib/crater-agent-workspace/rustup-home:/opt/rustwide/rustup-home:ro,Z" "-e" "SOURCE_DIR=/opt/rustwide/workdir" "-e" "CARGO_TARGET_DIR=/opt/rustwide/target" "-e" "CARGO_HOME=/opt/rustwide/cargo-home" "-e" "RUSTUP_HOME=/opt/rustwide/rustup-home" "-w" "/opt/rustwide/workdir" "-m" "1610612736" "--user" "0:0" "--network" "none" "ghcr.io/rust-lang/crates-build-env/linux@sha256:34b6a614d2c27851fe6cbf88fbd1137609cefab8b10d0615aaeb6fd47975d74e" "/opt/rustwide/cargo-home/bin/cargo" "+1.54.0" "metadata" "--no-deps" "--format-version=1", kill_on_drop: false }`
[INFO] [stdout] 7a9484ce0c05cf807bb7a4f49a10ed5fcd35a0bb8a67d927a6b03aa299edfca2
[INFO] running `Command { std: "docker" "start" "-a" "7a9484ce0c05cf807bb7a4f49a10ed5fcd35a0bb8a67d927a6b03aa299edfca2", kill_on_drop: false }`
[INFO] running `Command { std: "docker" "inspect" "7a9484ce0c05cf807bb7a4f49a10ed5fcd35a0bb8a67d927a6b03aa299edfca2", kill_on_drop: false }`
[INFO] running `Command { std: "docker" "rm" "-f" "7a9484ce0c05cf807bb7a4f49a10ed5fcd35a0bb8a67d927a6b03aa299edfca2", kill_on_drop: false }`
[INFO] [stdout] 7a9484ce0c05cf807bb7a4f49a10ed5fcd35a0bb8a67d927a6b03aa299edfca2
[INFO] running `Command { std: "docker" "create" "-v" "/var/lib/crater-agent-workspace/builds/worker-14/target:/opt/rustwide/target:rw,Z" "-v" "/var/lib/crater-agent-workspace/builds/worker-14/source:/opt/rustwide/workdir:ro,Z" "-v" "/var/lib/crater-agent-workspace/cargo-home:/opt/rustwide/cargo-home:ro,Z" "-v" "/var/lib/crater-agent-workspace/rustup-home:/opt/rustwide/rustup-home:ro,Z" "-e" "SOURCE_DIR=/opt/rustwide/workdir" "-e" "CARGO_TARGET_DIR=/opt/rustwide/target" "-e" "CARGO_INCREMENTAL=0" "-e" "RUST_BACKTRACE=full" "-e" "RUSTFLAGS=--cap-lints=warn" "-e" "CARGO_HOME=/opt/rustwide/cargo-home" "-e" "RUSTUP_HOME=/opt/rustwide/rustup-home" "-w" "/opt/rustwide/workdir" "-m" "1610612736" "--user" "0:0" "--network" "none" "ghcr.io/rust-lang/crates-build-env/linux@sha256:34b6a614d2c27851fe6cbf88fbd1137609cefab8b10d0615aaeb6fd47975d74e" "/opt/rustwide/cargo-home/bin/cargo" "+1.54.0" "build" "--frozen" "--message-format=json", kill_on_drop: false }`
[INFO] [stdout] c8ea5eb927e6f72dc0f5177c07dda99f09cb27e44eef55461ed9d11ec655dbfa
[INFO] running `Command { std: "docker" "start" "-a" "c8ea5eb927e6f72dc0f5177c07dda99f09cb27e44eef55461ed9d11ec655dbfa", kill_on_drop: false }`
[INFO] [stderr]    Compiling libc v0.2.43
[INFO] [stderr]    Compiling rand_core v0.3.0
[INFO] [stderr]    Compiling lazy_static v1.2.0
[INFO] [stderr]    Compiling byteorder v1.2.7
[INFO] [stderr]    Compiling cc v1.0.25
[INFO] [stderr]    Compiling futures v0.1.25
[INFO] [stderr]    Compiling proc-macro2 v0.4.20
[INFO] [stderr]    Compiling void v1.0.2
[INFO] [stderr]    Compiling nodrop v0.1.12
[INFO] [stderr]    Compiling memoffset v0.2.1
[INFO] [stderr]    Compiling crossbeam-utils v0.5.0
[INFO] [stderr]    Compiling slab v0.4.1
[INFO] [stderr]    Compiling lazycell v1.2.0
[INFO] [stderr]    Compiling failure_derive v0.1.4
[INFO] [stderr]    Compiling rustc-demangle v0.1.9
[INFO] [stderr]    Compiling num-traits v0.2.6
[INFO] [stderr]    Compiling unicode-normalization v0.1.7
[INFO] [stderr]    Compiling rayon-core v1.4.1
[INFO] [stderr]    Compiling num-integer v0.1.39
[INFO] [stderr]    Compiling itoa v0.4.3
[INFO] [stderr]    Compiling serde v1.0.80
[INFO] [stderr]    Compiling linked-hash-map v0.4.2
[INFO] [stderr]    Compiling arc-swap v0.3.4
[INFO] [stderr]    Compiling rayon v1.0.3
[INFO] [stderr]    Compiling num-iter v0.1.37
[INFO] [stderr]    Compiling num-derive v0.2.3
[INFO] [stderr]    Compiling ryu v0.2.6
[INFO] [stderr]    Compiling ucd-util v0.1.2
[INFO] [stderr]    Compiling num-rational v0.2.1
[INFO] [stderr]    Compiling regex v1.1.0
[INFO] [stderr]    Compiling lzw v0.10.0
[INFO] [stderr]    Compiling either v1.5.0
[INFO] [stderr]    Compiling httparse v1.3.3
[INFO] [stderr]    Compiling safemem v0.3.0
[INFO] [stderr]    Compiling color_quant v1.0.1
[INFO] [stderr]    Compiling utf8-ranges v1.0.2
[INFO] [stderr]    Compiling untrusted v0.6.2
[INFO] [stderr]    Compiling dtoa v0.4.3
[INFO] [stderr]    Compiling string v0.1.1
[INFO] [stderr]    Compiling askama_escape v0.1.0
[INFO] [stderr]    Compiling termcolor v1.0.4
[INFO] [stderr]    Compiling sha1 v0.6.0
[INFO] [stderr]    Compiling log v0.4.6
[INFO] [stderr]    Compiling owning_ref v0.3.3
[INFO] [stderr]    Compiling crossbeam-utils v0.6.3
[INFO] [stderr]    Compiling crossbeam-utils v0.2.2
[INFO] [stderr]    Compiling memchr v2.1.1
[INFO] [stderr]    Compiling unicase v2.2.0
[INFO] [stderr]    Compiling inflate v0.4.3
[INFO] [stderr]    Compiling actix-web v0.7.17
[INFO] [stderr]    Compiling humantime v1.1.1
[INFO] [stderr]    Compiling unreachable v1.0.0
[INFO] [stderr]    Compiling regex-syntax v0.6.2
[INFO] [stderr]    Compiling arrayvec v0.4.7
[INFO] [stderr]    Compiling thread_local v0.3.6
[INFO] [stderr]    Compiling lru-cache v0.1.1
[INFO] [stderr]    Compiling gif v0.10.1
[INFO] [stderr]    Compiling iovec v0.1.2
[INFO] [stderr]    Compiling num_cpus v1.8.0
[INFO] [stderr]    Compiling net2 v0.2.33
[INFO] [stderr]    Compiling socket2 v0.3.8
[INFO] [stderr]    Compiling hostname v0.1.5
[INFO] [stderr]    Compiling signal-hook v0.1.5
[INFO] [stderr]    Compiling atty v0.2.11
[INFO] [stderr]    Compiling time v0.1.40
[INFO] [stderr]    Compiling rand_core v0.2.2
[INFO] [stderr]    Compiling rand_isaac v0.1.1
[INFO] [stderr]    Compiling rand_xorshift v0.1.0
[INFO] [stderr]    Compiling rand_hc v0.1.0
[INFO] [stderr]    Compiling deflate v0.7.19
[INFO] [stderr]    Compiling base64 v0.9.3
[INFO] [stderr]    Compiling base64 v0.10.0
[INFO] [stderr]    Compiling parking_lot_core v0.3.1
[INFO] [stderr]    Compiling rand_pcg v0.1.1
[INFO] [stderr]    Compiling rand_chacha v0.1.0
[INFO] [stderr]    Compiling rand v0.6.1
[INFO] [stderr]    Compiling smallvec v0.6.5
[INFO] [stderr]    Compiling lock_api v0.1.4
[INFO] [stderr]    Compiling clap v2.32.0
[INFO] [stderr]    Compiling bytes v0.4.10
[INFO] [stderr]    Compiling mio v0.6.16
[INFO] [stderr]    Compiling resolv-conf v0.6.1
[INFO] [stderr]    Compiling crossbeam-epoch v0.5.2
[INFO] [stderr]    Compiling crossbeam-epoch v0.3.1
[INFO] [stderr]    Compiling rand v0.5.5
[INFO] [stderr]    Compiling phf_shared v0.7.23
[INFO] [stderr]    Compiling tokio-executor v0.1.5
[INFO] [stderr]    Compiling tower-service v0.1.0
[INFO] [stderr]    Compiling futures-cpupool v0.1.8
[INFO] [stderr]    Compiling idna v0.1.5
[INFO] [stderr]    Compiling crossbeam-deque v0.2.0
[INFO] [stderr]    Compiling crossbeam-deque v0.6.1
[INFO] [stderr]    Compiling phf v0.7.23
[INFO] [stderr]    Compiling tokio-timer v0.2.8
[INFO] [stderr]    Compiling tokio-current-thread v0.1.3
[INFO] [stderr]    Compiling tokio-io v0.1.10
[INFO] [stderr]    Compiling http v0.1.14
[INFO] [stderr]    Compiling aho-corasick v0.6.9
[INFO] [stderr]    Compiling quote v0.6.9
[INFO] [stderr]    Compiling mime v0.3.12
[INFO] [stderr]    Compiling tokio-threadpool v0.1.8
[INFO] [stderr]    Compiling phf_generator v0.7.23
[INFO] [stderr]    Compiling uuid v0.7.1
[INFO] [stderr]    Compiling mio-uds v0.6.7
[INFO] [stderr]    Compiling tokio-codec v0.1.1
[INFO] [stderr]    Compiling url v1.7.2
[INFO] [stderr]    Compiling syn v0.15.23
[INFO] [stderr]    Compiling phf_codegen v0.7.23
[INFO] [stderr]    Compiling tokio-fs v0.1.4
[INFO] [stderr]    Compiling parking_lot v0.6.4
[INFO] [stderr]    Compiling backtrace-sys v0.1.24
[INFO] [stderr]    Compiling ring v0.13.2
[INFO] [stderr]    Compiling brotli-sys v0.3.2
[INFO] [stderr]    Compiling miniz-sys v0.1.11
[INFO] [stderr]    Compiling mime_guess v2.0.0-alpha.6
[INFO] [stderr]    Compiling png v0.12.0
[INFO] [stderr]    Compiling tokio-reactor v0.1.6
[INFO] [stderr]    Compiling parking_lot_core v0.4.0
[INFO] [stderr]    Compiling h2 v0.1.13
[INFO] [stderr]    Compiling tokio-udp v0.1.2
[INFO] [stderr]    Compiling tokio-tcp v0.1.2
[INFO] [stderr]    Compiling tokio-uds v0.2.3
[INFO] [stderr]    Compiling tokio-signal v0.2.6
[INFO] [stderr]    Compiling parking_lot v0.7.0
[INFO] [stderr]    Compiling env_logger v0.6.0
[INFO] [stderr]    Compiling tokio v0.1.11
[INFO] [stderr]    Compiling flate2 v1.0.4
[INFO] [stderr]    Compiling backtrace v0.3.9
[INFO] [stderr]    Compiling crossbeam-channel v0.3.6
[INFO] [stderr]    Compiling jpeg-decoder v0.1.15
[INFO] [stderr]    Compiling serde_json v1.0.32
[INFO] [stderr]    Compiling serde_urlencoded v0.5.3
[INFO] [stderr]    Compiling cookie v0.11.0
[INFO] [stderr]    Compiling synstructure v0.10.1
[INFO] [stderr]    Compiling brotli2 v0.3.2
[INFO] [stderr]    Compiling actix_derive v0.3.2
[INFO] [stderr]    Compiling serde_derive v1.0.83
[INFO] [stderr]    Compiling failure v0.1.4
[INFO] [stderr]    Compiling trust-dns-proto v0.6.1
[INFO] [stderr]    Compiling trust-dns-proto v0.5.0
[INFO] [stderr]    Compiling tiff v0.2.1
[INFO] [stderr]    Compiling trust-dns-resolver v0.10.2
[INFO] [stderr]    Compiling image v0.20.1
[INFO] [stderr]    Compiling actix v0.7.9
[INFO] [stderr]    Compiling libcore v0.0.0 (/opt/rustwide/workdir/ports/libcore)
[INFO] [stderr]    Compiling actix-net v0.2.6
[INFO] [stderr]    Compiling libresizer v0.0.0 (/opt/rustwide/workdir/ports/libresizer)
[INFO] [stdout] warning: trait objects without an explicit `dyn` are deprecated
[INFO] [stdout]   --> ports/libresizer/src/more/blur.rs:33:24
[INFO] [stdout]    |
[INFO] [stdout] 33 |     let handlers: Vec<&ImageHandler> = vec![&resizer, &blur_handler];
[INFO] [stdout]    |                        ^^^^^^^^^^^^ help: use `dyn`: `dyn ImageHandler`
[INFO] [stdout]    |
[INFO] [stdout]    = note: `#[warn(bare_trait_objects)]` on by default
[INFO] [stdout]    = warning: this was previously accepted by the compiler but is being phased out; it will become a hard error in the 2021 edition!
[INFO] [stdout]    = note: for more information, see issue #80165 <https://github.com/rust-lang/rust/issues/80165>
[INFO] [stdout] 
[INFO] [stdout] 
[INFO] [stdout] warning: trait objects without an explicit `dyn` are deprecated
[INFO] [stdout]   --> ports/libresizer/src/more/crop.rs:43:24
[INFO] [stdout]    |
[INFO] [stdout] 43 |     let handlers: Vec<&ImageHandler> = if let Some(_blur) = img_info.blur_level() {
[INFO] [stdout]    |                        ^^^^^^^^^^^^ help: use `dyn`: `dyn ImageHandler`
[INFO] [stdout]    |
[INFO] [stdout]    = warning: this was previously accepted by the compiler but is being phased out; it will become a hard error in the 2021 edition!
[INFO] [stdout]    = note: for more information, see issue #80165 <https://github.com/rust-lang/rust/issues/80165>
[INFO] [stdout] 
[INFO] [stdout] 
[INFO] [stdout] warning: trait objects without an explicit `dyn` are deprecated
[INFO] [stdout]    --> ports/libresizer/src/lib.rs:115:70
[INFO] [stdout]     |
[INFO] [stdout] 115 | fn pipeline(opts: &ImageOption, img_info: &ImageInfo, handlers: Vec<&ImageHandler>) -> Result<u64> {
[INFO] [stdout]     |                                                                      ^^^^^^^^^^^^ help: use `dyn`: `dyn ImageHandler`
[INFO] [stdout]     |
[INFO] [stdout]     = warning: this was previously accepted by the compiler but is being phased out; it will become a hard error in the 2021 edition!
[INFO] [stdout]     = note: for more information, see issue #80165 <https://github.com/rust-lang/rust/issues/80165>
[INFO] [stdout] 
[INFO] [stdout] 
[INFO] [stdout] warning: trait objects without an explicit `dyn` are deprecated
[INFO] [stdout]    --> ports/libresizer/src/lib.rs:147:20
[INFO] [stdout]     |
[INFO] [stdout] 147 |     handlers: Vec<&ImageHandler>,
[INFO] [stdout]     |                    ^^^^^^^^^^^^ help: use `dyn`: `dyn ImageHandler`
[INFO] [stdout]     |
[INFO] [stdout]     = warning: this was previously accepted by the compiler but is being phased out; it will become a hard error in the 2021 edition!
[INFO] [stdout]     = note: for more information, see issue #80165 <https://github.com/rust-lang/rust/issues/80165>
[INFO] [stdout] 
[INFO] [stdout] 
[INFO] [stdout] warning: 4 warnings emitted
[INFO] [stdout] 
[INFO] [stdout] 
[INFO] [stderr]    Compiling irirserver v0.0.0 (/opt/rustwide/workdir/ports/server)
[INFO] [stdout] warning: static variable `Cache` should have an upper case name
[INFO] [stdout]   --> ports/server/src/routes/display.rs:19:16
[INFO] [stdout]    |
[INFO] [stdout] 19 |     static ref Cache: Mutex<HashMap<u64, u64>> = Mutex::new(HashMap::new());
[INFO] [stdout]    |                ^^^^^ help: convert the identifier to upper case: `CACHE`
[INFO] [stdout]    |
[INFO] [stdout]    = note: `#[warn(non_upper_case_globals)]` on by default
[INFO] [stdout] 
[INFO] [stdout] 
[INFO] [stdout] warning: 1 warning emitted
[INFO] [stdout] 
[INFO] [stdout] 
[INFO] [stderr]     Finished dev [unoptimized + debuginfo] target(s) in 1m 31s
[INFO] running `Command { std: "docker" "inspect" "c8ea5eb927e6f72dc0f5177c07dda99f09cb27e44eef55461ed9d11ec655dbfa", kill_on_drop: false }`
[INFO] running `Command { std: "docker" "rm" "-f" "c8ea5eb927e6f72dc0f5177c07dda99f09cb27e44eef55461ed9d11ec655dbfa", kill_on_drop: false }`
[INFO] [stdout] c8ea5eb927e6f72dc0f5177c07dda99f09cb27e44eef55461ed9d11ec655dbfa
[INFO] running `Command { std: "docker" "create" "-v" "/var/lib/crater-agent-workspace/builds/worker-14/target:/opt/rustwide/target:rw,Z" "-v" "/var/lib/crater-agent-workspace/builds/worker-14/source:/opt/rustwide/workdir:ro,Z" "-v" "/var/lib/crater-agent-workspace/cargo-home:/opt/rustwide/cargo-home:ro,Z" "-v" "/var/lib/crater-agent-workspace/rustup-home:/opt/rustwide/rustup-home:ro,Z" "-e" "SOURCE_DIR=/opt/rustwide/workdir" "-e" "CARGO_TARGET_DIR=/opt/rustwide/target" "-e" "CARGO_INCREMENTAL=0" "-e" "RUST_BACKTRACE=full" "-e" "RUSTFLAGS=--cap-lints=warn" "-e" "CARGO_HOME=/opt/rustwide/cargo-home" "-e" "RUSTUP_HOME=/opt/rustwide/rustup-home" "-w" "/opt/rustwide/workdir" "-m" "1610612736" "--user" "0:0" "--network" "none" "ghcr.io/rust-lang/crates-build-env/linux@sha256:34b6a614d2c27851fe6cbf88fbd1137609cefab8b10d0615aaeb6fd47975d74e" "/opt/rustwide/cargo-home/bin/cargo" "+1.54.0" "test" "--frozen" "--no-run" "--message-format=json", kill_on_drop: false }`
[INFO] [stdout] 26a815a6c18699dabaa9d222de2e7452dedbb08734e7e93ae070b44f8f750106
[INFO] running `Command { std: "docker" "start" "-a" "26a815a6c18699dabaa9d222de2e7452dedbb08734e7e93ae070b44f8f750106", kill_on_drop: false }`
[INFO] [stderr]     Blocking waiting for file lock on package cache
[INFO] [stderr]    Compiling libcore v0.0.0 (/opt/rustwide/workdir/ports/libcore)
[INFO] [stderr]    Compiling libresizer v0.0.0 (/opt/rustwide/workdir/ports/libresizer)
[INFO] [stderr]    Compiling irirserver v0.0.0 (/opt/rustwide/workdir/ports/server)
[INFO] [stdout] warning: trait objects without an explicit `dyn` are deprecated
[INFO] [stdout]   --> ports/libresizer/src/more/blur.rs:33:24
[INFO] [stdout]    |
[INFO] [stdout] 33 |     let handlers: Vec<&ImageHandler> = vec![&resizer, &blur_handler];
[INFO] [stdout]    |                        ^^^^^^^^^^^^ help: use `dyn`: `dyn ImageHandler`
[INFO] [stdout]    |
[INFO] [stdout]    = note: `#[warn(bare_trait_objects)]` on by default
[INFO] [stdout]    = warning: this was previously accepted by the compiler but is being phased out; it will become a hard error in the 2021 edition!
[INFO] [stdout]    = note: for more information, see issue #80165 <https://github.com/rust-lang/rust/issues/80165>
[INFO] [stdout] 
[INFO] [stdout] 
[INFO] [stdout] warning: trait objects without an explicit `dyn` are deprecated
[INFO] [stdout]   --> ports/libresizer/src/more/crop.rs:43:24
[INFO] [stdout]    |
[INFO] [stdout] 43 |     let handlers: Vec<&ImageHandler> = if let Some(_blur) = img_info.blur_level() {
[INFO] [stdout]    |                        ^^^^^^^^^^^^ help: use `dyn`: `dyn ImageHandler`
[INFO] [stdout]    |
[INFO] [stdout]    = warning: this was previously accepted by the compiler but is being phased out; it will become a hard error in the 2021 edition!
[INFO] [stdout]    = note: for more information, see issue #80165 <https://github.com/rust-lang/rust/issues/80165>
[INFO] [stdout] 
[INFO] [stdout] 
[INFO] [stdout] warning: trait objects without an explicit `dyn` are deprecated
[INFO] [stdout]    --> ports/libresizer/src/lib.rs:115:70
[INFO] [stdout]     |
[INFO] [stdout] 115 | fn pipeline(opts: &ImageOption, img_info: &ImageInfo, handlers: Vec<&ImageHandler>) -> Result<u64> {
[INFO] [stdout]     |                                                                      ^^^^^^^^^^^^ help: use `dyn`: `dyn ImageHandler`
[INFO] [stdout]     |
[INFO] [stdout]     = warning: this was previously accepted by the compiler but is being phased out; it will become a hard error in the 2021 edition!
[INFO] [stdout]     = note: for more information, see issue #80165 <https://github.com/rust-lang/rust/issues/80165>
[INFO] [stdout] 
[INFO] [stdout] 
[INFO] [stdout] warning: trait objects without an explicit `dyn` are deprecated
[INFO] [stdout]    --> ports/libresizer/src/lib.rs:147:20
[INFO] [stdout]     |
[INFO] [stdout] 147 |     handlers: Vec<&ImageHandler>,
[INFO] [stdout]     |                    ^^^^^^^^^^^^ help: use `dyn`: `dyn ImageHandler`
[INFO] [stdout]     |
[INFO] [stdout]     = warning: this was previously accepted by the compiler but is being phased out; it will become a hard error in the 2021 edition!
[INFO] [stdout]     = note: for more information, see issue #80165 <https://github.com/rust-lang/rust/issues/80165>
[INFO] [stdout] 
[INFO] [stdout] 
[INFO] [stdout] warning: 4 warnings emitted
[INFO] [stdout] 
[INFO] [stdout] 
[INFO] [stdout] warning: static variable `Cache` should have an upper case name
[INFO] [stdout]   --> ports/server/src/routes/display.rs:19:16
[INFO] [stdout]    |
[INFO] [stdout] 19 |     static ref Cache: Mutex<HashMap<u64, u64>> = Mutex::new(HashMap::new());
[INFO] [stdout]    |                ^^^^^ help: convert the identifier to upper case: `CACHE`
[INFO] [stdout]    |
[INFO] [stdout]    = note: `#[warn(non_upper_case_globals)]` on by default
[INFO] [stdout] 
[INFO] [stdout] 
[INFO] [stdout] warning: 1 warning emitted
[INFO] [stdout] 
[INFO] [stdout] 
[INFO] [stdout] warning: trait objects without an explicit `dyn` are deprecated
[INFO] [stdout]   --> ports/libresizer/src/more/blur.rs:33:24
[INFO] [stdout]    |
[INFO] [stdout] 33 |     let handlers: Vec<&ImageHandler> = vec![&resizer, &blur_handler];
[INFO] [stdout]    |                        ^^^^^^^^^^^^ help: use `dyn`: `dyn ImageHandler`
[INFO] [stdout]    |
[INFO] [stdout]    = note: `#[warn(bare_trait_objects)]` on by default
[INFO] [stdout]    = warning: this was previously accepted by the compiler but is being phased out; it will become a hard error in the 2021 edition!
[INFO] [stdout]    = note: for more information, see issue #80165 <https://github.com/rust-lang/rust/issues/80165>
[INFO] [stdout] 
[INFO] [stdout] 
[INFO] [stdout] warning: trait objects without an explicit `dyn` are deprecated
[INFO] [stdout]   --> ports/libresizer/src/more/crop.rs:43:24
[INFO] [stdout]    |
[INFO] [stdout] 43 |     let handlers: Vec<&ImageHandler> = if let Some(_blur) = img_info.blur_level() {
[INFO] [stdout]    |                        ^^^^^^^^^^^^ help: use `dyn`: `dyn ImageHandler`
[INFO] [stdout]    |
[INFO] [stdout]    = warning: this was previously accepted by the compiler but is being phased out; it will become a hard error in the 2021 edition!
[INFO] [stdout]    = note: for more information, see issue #80165 <https://github.com/rust-lang/rust/issues/80165>
[INFO] [stdout] 
[INFO] [stdout] 
[INFO] [stdout] warning: trait objects without an explicit `dyn` are deprecated
[INFO] [stdout]    --> ports/libresizer/src/lib.rs:115:70
[INFO] [stdout]     |
[INFO] [stdout] 115 | fn pipeline(opts: &ImageOption, img_info: &ImageInfo, handlers: Vec<&ImageHandler>) -> Result<u64> {
[INFO] [stdout]     |                                                                      ^^^^^^^^^^^^ help: use `dyn`: `dyn ImageHandler`
[INFO] [stdout]     |
[INFO] [stdout]     = warning: this was previously accepted by the compiler but is being phased out; it will become a hard error in the 2021 edition!
[INFO] [stdout]     = note: for more information, see issue #80165 <https://github.com/rust-lang/rust/issues/80165>
[INFO] [stdout] 
[INFO] [stdout] 
[INFO] [stdout] warning: trait objects without an explicit `dyn` are deprecated
[INFO] [stdout]    --> ports/libresizer/src/lib.rs:147:20
[INFO] [stdout]     |
[INFO] [stdout] 147 |     handlers: Vec<&ImageHandler>,
[INFO] [stdout]     |                    ^^^^^^^^^^^^ help: use `dyn`: `dyn ImageHandler`
[INFO] [stdout]     |
[INFO] [stdout]     = warning: this was previously accepted by the compiler but is being phased out; it will become a hard error in the 2021 edition!
[INFO] [stdout]     = note: for more information, see issue #80165 <https://github.com/rust-lang/rust/issues/80165>
[INFO] [stdout] 
[INFO] [stdout] 
[INFO] [stdout] warning: static variable `Cache` should have an upper case name
[INFO] [stdout]   --> ports/server/src/routes/display.rs:19:16
[INFO] [stdout]    |
[INFO] [stdout] 19 |     static ref Cache: Mutex<HashMap<u64, u64>> = Mutex::new(HashMap::new());
[INFO] [stdout]    |                ^^^^^ help: convert the identifier to upper case: `CACHE`
[INFO] [stdout]    |
[INFO] [stdout]    = note: `#[warn(non_upper_case_globals)]` on by default
[INFO] [stdout] 
[INFO] [stdout] 
[INFO] [stdout] warning: 1 warning emitted
[INFO] [stdout] 
[INFO] [stdout] 
[INFO] [stdout] warning: 4 warnings emitted
[INFO] [stdout] 
[INFO] [stdout] 
[INFO] [stderr]     Finished test [unoptimized + debuginfo] target(s) in 3.64s
[INFO] running `Command { std: "docker" "inspect" "26a815a6c18699dabaa9d222de2e7452dedbb08734e7e93ae070b44f8f750106", kill_on_drop: false }`
[INFO] running `Command { std: "docker" "rm" "-f" "26a815a6c18699dabaa9d222de2e7452dedbb08734e7e93ae070b44f8f750106", kill_on_drop: false }`
[INFO] [stdout] 26a815a6c18699dabaa9d222de2e7452dedbb08734e7e93ae070b44f8f750106
[INFO] running `Command { std: "docker" "create" "-v" "/var/lib/crater-agent-workspace/builds/worker-14/target:/opt/rustwide/target:rw,Z" "-v" "/var/lib/crater-agent-workspace/builds/worker-14/source:/opt/rustwide/workdir:ro,Z" "-v" "/var/lib/crater-agent-workspace/cargo-home:/opt/rustwide/cargo-home:ro,Z" "-v" "/var/lib/crater-agent-workspace/rustup-home:/opt/rustwide/rustup-home:ro,Z" "-e" "SOURCE_DIR=/opt/rustwide/workdir" "-e" "CARGO_TARGET_DIR=/opt/rustwide/target" "-e" "CARGO_INCREMENTAL=0" "-e" "RUST_BACKTRACE=full" "-e" "RUSTFLAGS=--cap-lints=warn" "-e" "CARGO_HOME=/opt/rustwide/cargo-home" "-e" "RUSTUP_HOME=/opt/rustwide/rustup-home" "-w" "/opt/rustwide/workdir" "-m" "1610612736" "--user" "0:0" "--network" "none" "ghcr.io/rust-lang/crates-build-env/linux@sha256:34b6a614d2c27851fe6cbf88fbd1137609cefab8b10d0615aaeb6fd47975d74e" "/opt/rustwide/cargo-home/bin/cargo" "+1.54.0" "test" "--frozen", kill_on_drop: false }`
[INFO] [stdout] 954de3c321cfdcfacd130a2e00d3a2d0ce17f6d7a9a501a924ecc0b587e8d5dc
[INFO] running `Command { std: "docker" "start" "-a" "954de3c321cfdcfacd130a2e00d3a2d0ce17f6d7a9a501a924ecc0b587e8d5dc", kill_on_drop: false }`
[INFO] [stderr] warning: trait objects without an explicit `dyn` are deprecated
[INFO] [stderr]   --> ports/libresizer/src/more/blur.rs:33:24
[INFO] [stderr]    |
[INFO] [stderr] 33 |     let handlers: Vec<&ImageHandler> = vec![&resizer, &blur_handler];
[INFO] [stderr]    |                        ^^^^^^^^^^^^ help: use `dyn`: `dyn ImageHandler`
[INFO] [stderr]    |
[INFO] [stderr]    = note: `#[warn(bare_trait_objects)]` on by default
[INFO] [stderr]    = warning: this was previously accepted by the compiler but is being phased out; it will become a hard error in the 2021 edition!
[INFO] [stderr]    = note: for more information, see issue #80165 <https://github.com/rust-lang/rust/issues/80165>
[INFO] [stderr] 
[INFO] [stderr] warning: trait objects without an explicit `dyn` are deprecated
[INFO] [stderr]   --> ports/libresizer/src/more/crop.rs:43:24
[INFO] [stderr]    |
[INFO] [stderr] 43 |     let handlers: Vec<&ImageHandler> = if let Some(_blur) = img_info.blur_level() {
[INFO] [stderr]    |                        ^^^^^^^^^^^^ help: use `dyn`: `dyn ImageHandler`
[INFO] [stderr]    |
[INFO] [stderr]    = warning: this was previously accepted by the compiler but is being phased out; it will become a hard error in the 2021 edition!
[INFO] [stderr]    = note: for more information, see issue #80165 <https://github.com/rust-lang/rust/issues/80165>
[INFO] [stderr] 
[INFO] [stderr] warning: trait objects without an explicit `dyn` are deprecated
[INFO] [stderr]    --> ports/libresizer/src/lib.rs:115:70
[INFO] [stderr]     |
[INFO] [stderr] 115 | fn pipeline(opts: &ImageOption, img_info: &ImageInfo, handlers: Vec<&ImageHandler>) -> Result<u64> {
[INFO] [stderr]     |                                                                      ^^^^^^^^^^^^ help: use `dyn`: `dyn ImageHandler`
[INFO] [stderr]     |
[INFO] [stderr]     = warning: this was previously accepted by the compiler but is being phased out; it will become a hard error in the 2021 edition!
[INFO] [stderr]     = note: for more information, see issue #80165 <https://github.com/rust-lang/rust/issues/80165>
[INFO] [stderr] 
[INFO] [stderr] warning: trait objects without an explicit `dyn` are deprecated
[INFO] [stderr]    --> ports/libresizer/src/lib.rs:147:20
[INFO] [stderr]     |
[INFO] [stderr] 147 |     handlers: Vec<&ImageHandler>,
[INFO] [stderr]     |                    ^^^^^^^^^^^^ help: use `dyn`: `dyn ImageHandler`
[INFO] [stderr]     |
[INFO] [stderr]     = warning: this was previously accepted by the compiler but is being phased out; it will become a hard error in the 2021 edition!
[INFO] [stderr]     = note: for more information, see issue #80165 <https://github.com/rust-lang/rust/issues/80165>
[INFO] [stderr] 
[INFO] [stderr] warning: 4 warnings emitted
[INFO] [stderr] 
[INFO] [stderr] warning: trait objects without an explicit `dyn` are deprecated
[INFO] [stderr]   --> ports/libresizer/src/more/blur.rs:33:24
[INFO] [stderr]    |
[INFO] [stderr] 33 |     let handlers: Vec<&ImageHandler> = vec![&resizer, &blur_handler];
[INFO] [stderr]    |                        ^^^^^^^^^^^^ help: use `dyn`: `dyn ImageHandler`
[INFO] [stderr]    |
[INFO] [stderr]    = note: `#[warn(bare_trait_objects)]` on by default
[INFO] [stderr]    = warning: this was previously accepted by the compiler but is being phased out; it will become a hard error in the 2021 edition!
[INFO] [stderr]    = note: for more information, see issue #80165 <https://github.com/rust-lang/rust/issues/80165>
[INFO] [stderr] 
[INFO] [stderr] warning: trait objects without an explicit `dyn` are deprecated
[INFO] [stderr]   --> ports/libresizer/src/more/crop.rs:43:24
[INFO] [stderr]    |
[INFO] [stderr] 43 |     let handlers: Vec<&ImageHandler> = if let Some(_blur) = img_info.blur_level() {
[INFO] [stderr]    |                        ^^^^^^^^^^^^ help: use `dyn`: `dyn ImageHandler`
[INFO] [stderr]    |
[INFO] [stderr]    = warning: this was previously accepted by the compiler but is being phased out; it will become a hard error in the 2021 edition!
[INFO] [stderr]    = note: for more information, see issue #80165 <https://github.com/rust-lang/rust/issues/80165>
[INFO] [stderr] 
[INFO] [stderr] warning: trait objects without an explicit `dyn` are deprecated
[INFO] [stderr]    --> ports/libresizer/src/lib.rs:115:70
[INFO] [stderr]     |
[INFO] [stderr] 115 | fn pipeline(opts: &ImageOption, img_info: &ImageInfo, handlers: Vec<&ImageHandler>) -> Result<u64> {
[INFO] [stderr]     |                                                                      ^^^^^^^^^^^^ help: use `dyn`: `dyn ImageHandler`
[INFO] [stderr]     |
[INFO] [stderr]     = warning: this was previously accepted by the compiler but is being phased out; it will become a hard error in the 2021 edition!
[INFO] [stderr]     = note: for more information, see issue #80165 <https://github.com/rust-lang/rust/issues/80165>
[INFO] [stderr] 
[INFO] [stderr] warning: trait objects without an explicit `dyn` are deprecated
[INFO] [stderr]    --> ports/libresizer/src/lib.rs:147:20
[INFO] [stderr]     |
[INFO] [stderr] 147 |     handlers: Vec<&ImageHandler>,
[INFO] [stderr]     |                    ^^^^^^^^^^^^ help: use `dyn`: `dyn ImageHandler`
[INFO] [stderr]     |
[INFO] [stderr]     = warning: this was previously accepted by the compiler but is being phased out; it will become a hard error in the 2021 edition!
[INFO] [stderr]     = note: for more information, see issue #80165 <https://github.com/rust-lang/rust/issues/80165>
[INFO] [stderr] 
[INFO] [stderr] warning: 4 warnings emitted
[INFO] [stderr] 
[INFO] [stderr] warning: static variable `Cache` should have an upper case name
[INFO] [stderr]   --> ports/server/src/routes/display.rs:19:16
[INFO] [stderr]    |
[INFO] [stderr] 19 |     static ref Cache: Mutex<HashMap<u64, u64>> = Mutex::new(HashMap::new());
[INFO] [stderr]    |                ^^^^^ help: convert the identifier to upper case: `CACHE`
[INFO] [stderr]    |
[INFO] [stderr]    = note: `#[warn(non_upper_case_globals)]` on by default
[INFO] [stderr] 
[INFO] [stderr] warning: 1 warning emitted
[INFO] [stderr] 
[INFO] [stderr] warning: static variable `Cache` should have an upper case name
[INFO] [stderr]   --> ports/server/src/routes/display.rs:19:16
[INFO] [stderr]    |
[INFO] [stderr] 19 |     static ref Cache: Mutex<HashMap<u64, u64>> = Mutex::new(HashMap::new());
[INFO] [stderr]    |                ^^^^^ help: convert the identifier to upper case: `CACHE`
[INFO] [stderr]    |
[INFO] [stderr]    = note: `#[warn(non_upper_case_globals)]` on by default
[INFO] [stderr] 
[INFO] [stderr] warning: 1 warning emitted
[INFO] [stderr] 
[INFO] [stderr]     Finished test [unoptimized + debuginfo] target(s) in 0.13s
[INFO] [stderr]      Running unittests (/opt/rustwide/target/debug/deps/irirserver-44e8a7d617b53ca9)
[INFO] [stdout] 
[INFO] [stdout] running 0 tests
[INFO] [stdout] 
[INFO] [stdout] test result: ok. 0 passed; 0 failed; 0 ignored; 0 measured; 0 filtered out; finished in 0.00s
[INFO] [stdout] 
[INFO] [stderr]      Running unittests (/opt/rustwide/target/debug/deps/irirserver-980535af0cddd901)
[INFO] [stdout] 
[INFO] [stderr]      Running unittests (/opt/rustwide/target/debug/deps/libcore-455c005baacfac6a)
[INFO] [stdout] running 0 tests
[INFO] [stdout] 
[INFO] [stdout] test result: ok. 0 passed; 0 failed; 0 ignored; 0 measured; 0 filtered out; finished in 0.00s
[INFO] [stdout] 
[INFO] [stdout] 
[INFO] [stdout] running 0 tests
[INFO] [stdout] 
[INFO] [stdout] test result: ok. 0 passed; 0 failed; 0 ignored; 0 measured; 0 filtered out; finished in 0.00s
[INFO] [stdout] 
[INFO] [stderr]      Running unittests (/opt/rustwide/target/debug/deps/libresizer-df93364c3c6f87cf)
[INFO] [stdout] 
[INFO] [stdout] running 3 tests
[INFO] [stdout] test tests::test_resize ... FAILED
[INFO] [stdout] test more::crop::tests::test_crop ... FAILED
[INFO] [stdout] test more::blur::tests::test_blur ... FAILED
[INFO] [stdout] 
[INFO] [stdout] failures:
[INFO] [stdout] 
[INFO] [stdout] ---- tests::test_resize stdout ----
[INFO] [stdout] thread 'tests::test_resize' panicked at 'called `Result::unwrap()` on an `Err` value: Os { code: 30, kind: Other, message: "Read-only file system" }
[INFO] [stdout] 
[INFO] [stdout] stack backtrace:
[INFO] [stdout]    0:     0x5619a68bce5d - backtrace::backtrace::libunwind::trace::hddeb9a80fdff6fac
[INFO] [stdout]                         at /opt/rustwide/cargo-home/registry/src/github.com-1ecc6299db9ec823/backtrace-0.3.9/src/backtrace/libunwind.rs:53
[INFO] [stdout]                          - backtrace::backtrace::trace::h4d9b1c6655935fb4
[INFO] [stdout]                         at /opt/rustwide/cargo-home/registry/src/github.com-1ecc6299db9ec823/backtrace-0.3.9/src/backtrace/mod.rs:42
[INFO] [stdout]    1:     0x5619a68b8adf - backtrace::capture::Backtrace::new_unresolved::h1b422f2aecb84dbc
[INFO] [stdout]                         at /opt/rustwide/cargo-home/registry/src/github.com-1ecc6299db9ec823/backtrace-0.3.9/src/capture.rs:88
[INFO] [stdout]    2:     0x5619a68b1c1c - failure::backtrace::internal::InternalBacktrace::new::h502ea856bb94f378
[INFO] [stdout]                         at /opt/rustwide/cargo-home/registry/src/github.com-1ecc6299db9ec823/failure-0.1.4/src/backtrace/internal.rs:44
[INFO] [stdout]    3:     0x5619a68b1566 - failure::backtrace::Backtrace::new::h02cd48a2ed697117
[INFO] [stdout]                         at /opt/rustwide/cargo-home/registry/src/github.com-1ecc6299db9ec823/failure-0.1.4/src/backtrace/mod.rs:111
[INFO] [stdout]    4:     0x5619a687353e - <failure::error::error_impl::ErrorImpl as core::convert::From<F>>::from::h39636ecdd99075bf
[INFO] [stdout]                         at /opt/rustwide/cargo-home/registry/src/github.com-1ecc6299db9ec823/failure-0.1.4/src/error/error_impl.rs:19
[INFO] [stdout]    5:     0x5619a6876d00 - <failure::error::Error as core::convert::From<F>>::from::h8d1fd8e1123a84c4
[INFO] [stdout]                         at /opt/rustwide/cargo-home/registry/src/github.com-1ecc6299db9ec823/failure-0.1.4/src/error/mod.rs:36
[INFO] [stdout]    6:     0x5619a6874873 - <core::result::Result<T,F> as core::ops::try_trait::FromResidual<core::result::Result<core::convert::Infallible,E>>>::from_residual::hb1c946571f3642ca
[INFO] [stdout]                         at /rustc/a178d0322ce20e33eac124758e837cbd80a6f633/library/core/src/result.rs:1675
[INFO] [stdout]    7:     0x5619a68704da - libresizer::pipeline::hbb90c342df01aa28
[INFO] [stdout]                         at ports/libresizer/src/lib.rs:139
[INFO] [stdout]    8:     0x5619a6870f41 - libresizer::resize::hec74f719f1562d60
[INFO] [stdout]                         at ports/libresizer/src/lib.rs:192
[INFO] [stdout]    9:     0x5619a6876ea9 - libresizer::tests::test_resize::hc69ffe83e51e5cb6
[INFO] [stdout]                         at ports/libresizer/src/lib.rs:211
[INFO] [stdout]   10:     0x5619a6876dd9 - libresizer::tests::test_resize::{{closure}}::haa4398b3c3e8989c
[INFO] [stdout]                         at ports/libresizer/src/lib.rs:208
[INFO] [stdout]   11:     0x5619a6871ded - core::ops::function::FnOnce::call_once::h1034f016c27642b9
[INFO] [stdout]                         at /rustc/a178d0322ce20e33eac124758e837cbd80a6f633/library/core/src/ops/function.rs:227
[INFO] [stdout]   12:     0x5619a689f142 - core::ops::function::FnOnce::call_once::h152e7e439ff59e19
[INFO] [stdout]                         at /rustc/a178d0322ce20e33eac124758e837cbd80a6f633/library/core/src/ops/function.rs:227
[INFO] [stdout]                          - test::__rust_begin_short_backtrace::h0908f3b1fdbb72ab
[INFO] [stdout]                         at library/test/src/lib.rs:577
[INFO] [stdout]   13:     0x5619a689dbff - <alloc::boxed::Box<F,A> as core::ops::function::FnOnce<Args>>::call_once::hf6d2a51e5587546c
[INFO] [stdout]                         at /rustc/a178d0322ce20e33eac124758e837cbd80a6f633/library/alloc/src/boxed.rs:1575
[INFO] [stdout]                          - <std::panic::AssertUnwindSafe<F> as core::ops::function::FnOnce<()>>::call_once::h8af660f3a89ef593
[INFO] [stdout]                         at /rustc/a178d0322ce20e33eac124758e837cbd80a6f633/library/std/src/panic.rs:347
[INFO] [stdout]                          - std::panicking::try::do_call::hd36aef60f84b6d36
[INFO] [stdout]                         at /rustc/a178d0322ce20e33eac124758e837cbd80a6f633/library/std/src/panicking.rs:401
[INFO] [stdout]                          - std::panicking::try::h9932b4480e69817c
[INFO] [stdout]                         at /rustc/a178d0322ce20e33eac124758e837cbd80a6f633/library/std/src/panicking.rs:365
[INFO] [stdout]                          - std::panic::catch_unwind::h6aa177099cfff5f8
[INFO] [stdout]                         at /rustc/a178d0322ce20e33eac124758e837cbd80a6f633/library/std/src/panic.rs:434
[INFO] [stdout]                          - test::run_test_in_process::h5884d6f2d99e20c3
[INFO] [stdout]                         at library/test/src/lib.rs:600
[INFO] [stdout]                          - test::run_test::run_test_inner::{{closure}}::h6fdc58c6d5f5b6e3
[INFO] [stdout]                         at library/test/src/lib.rs:492
[INFO] [stdout]   14:     0x5619a68772b1 - test::run_test::run_test_inner::{{closure}}::h408365d67a78ade8
[INFO] [stdout]                         at library/test/src/lib.rs:519
[INFO] [stdout]                          - std::sys_common::backtrace::__rust_begin_short_backtrace::hb560b77c4f701523
[INFO] [stdout]                         at /rustc/a178d0322ce20e33eac124758e837cbd80a6f633/library/std/src/sys_common/backtrace.rs:125
[INFO] [stdout]   15:     0x5619a687ae67 - std::thread::Builder::spawn_unchecked::{{closure}}::{{closure}}::hf2e7831dad93c597
[INFO] [stdout]                         at /rustc/a178d0322ce20e33eac124758e837cbd80a6f633/library/std/src/thread/mod.rs:481
[INFO] [stdout]                          - <std::panic::AssertUnwindSafe<F> as core::ops::function::FnOnce<()>>::call_once::hd2e08783d8be4d02
[INFO] [stdout]                         at /rustc/a178d0322ce20e33eac124758e837cbd80a6f633/library/std/src/panic.rs:347
[INFO] [stdout]                          - std::panicking::try::do_call::h062597b7acfd6b82
[INFO] [stdout]                         at /rustc/a178d0322ce20e33eac124758e837cbd80a6f633/library/std/src/panicking.rs:401
[INFO] [stdout]                          - std::panicking::try::h0d7b79db04c14552
[INFO] [stdout]                         at /rustc/a178d0322ce20e33eac124758e837cbd80a6f633/library/std/src/panicking.rs:365
[INFO] [stdout]                          - std::panic::catch_unwind::hb01a0b5e7c8cd43b
[INFO] [stdout]                         at /rustc/a178d0322ce20e33eac124758e837cbd80a6f633/library/std/src/panic.rs:434
[INFO] [stdout]                          - std::thread::Builder::spawn_unchecked::{{closure}}::h5bde48cc887e0d1e
[INFO] [stdout]                         at /rustc/a178d0322ce20e33eac124758e837cbd80a6f633/library/std/src/thread/mod.rs:480
[INFO] [stdout]                          - core::ops::function::FnOnce::call_once{{vtable.shim}}::h745ea30807a29e55
[INFO] [stdout]                         at /rustc/a178d0322ce20e33eac124758e837cbd80a6f633/library/core/src/ops/function.rs:227
[INFO] [stdout]   16:     0x5619a6b3f936 - <alloc::boxed::Box<F,A> as core::ops::function::FnOnce<Args>>::call_once::h7ece6cfefaff1005
[INFO] [stdout]                         at /rustc/a178d0322ce20e33eac124758e837cbd80a6f633/library/alloc/src/boxed.rs:1575
[INFO] [stdout]                          - <alloc::boxed::Box<F,A> as core::ops::function::FnOnce<Args>>::call_once::hb8b48e55c21f193e
[INFO] [stdout]                         at /rustc/a178d0322ce20e33eac124758e837cbd80a6f633/library/alloc/src/boxed.rs:1575
[INFO] [stdout]                          - std::sys::unix::thread::Thread::new::thread_start::h8c7c4450dba62914
[INFO] [stdout]                         at library/std/src/sys/unix/thread.rs:71
[INFO] [stdout]   17:     0x7f2ccca8d608 - start_thread
[INFO] [stdout]   18:     0x7f2ccc85f292 - __clone
[INFO] [stdout]   19:                0x0 - <unknown>', ports/libresizer/src/lib.rs:211:55
[INFO] [stdout] stack backtrace:
[INFO] [stdout]    0:     0x5619a6b384c0 - std::backtrace_rs::backtrace::libunwind::trace::h34055254b57d8e79
[INFO] [stdout]                                at /rustc/a178d0322ce20e33eac124758e837cbd80a6f633/library/std/src/../../backtrace/src/backtrace/libunwind.rs:90:5
[INFO] [stdout]    1:     0x5619a6b384c0 - std::backtrace_rs::backtrace::trace_unsynchronized::h8f1e3fbd9afff6ec
[INFO] [stdout]                                at /rustc/a178d0322ce20e33eac124758e837cbd80a6f633/library/std/src/../../backtrace/src/backtrace/mod.rs:66:5
[INFO] [stdout]    2:     0x5619a6b384c0 - std::sys_common::backtrace::_print_fmt::h3a99a796b770c360
[INFO] [stdout]                                at /rustc/a178d0322ce20e33eac124758e837cbd80a6f633/library/std/src/sys_common/backtrace.rs:67:5
[INFO] [stdout]    3:     0x5619a6b384c0 - <std::sys_common::backtrace::_print::DisplayBacktrace as core::fmt::Display>::fmt::h32d1f94a80615d18
[INFO] [stdout]                                at /rustc/a178d0322ce20e33eac124758e837cbd80a6f633/library/std/src/sys_common/backtrace.rs:46:22
[INFO] [stdout]    4:     0x5619a6b5c00c - core::fmt::write::h306731c068f7162c
[INFO] [stdout]                                at /rustc/a178d0322ce20e33eac124758e837cbd80a6f633/library/core/src/fmt/mod.rs:1110:17
[INFO] [stdout]    5:     0x5619a6b34d15 - std::io::Write::write_fmt::h87f19b0a2cd190bc
[INFO] [stdout]                                at /rustc/a178d0322ce20e33eac124758e837cbd80a6f633/library/std/src/io/mod.rs:1588:15
[INFO] [stdout]    6:     0x5619a6b3a67b - std::sys_common::backtrace::_print::h5abaa2601a852287
[INFO] [stdout]                                at /rustc/a178d0322ce20e33eac124758e837cbd80a6f633/library/std/src/sys_common/backtrace.rs:49:5
[INFO] [stdout]    7:     0x5619a6b3a67b - std::sys_common::backtrace::print::h8d81445442bb638f
[INFO] [stdout]                                at /rustc/a178d0322ce20e33eac124758e837cbd80a6f633/library/std/src/sys_common/backtrace.rs:36:9
[INFO] [stdout]    8:     0x5619a6b3a67b - std::panicking::default_hook::{{closure}}::hcfe804496a9fa747
[INFO] [stdout]                                at /rustc/a178d0322ce20e33eac124758e837cbd80a6f633/library/std/src/panicking.rs:208:50
[INFO] [stdout]    9:     0x5619a6b3a18c - std::panicking::default_hook::hbea8e3ccf2ba8901
[INFO] [stdout]                                at /rustc/a178d0322ce20e33eac124758e837cbd80a6f633/library/std/src/panicking.rs:222:9
[INFO] [stdout]   10:     0x5619a6b3ad44 - std::panicking::rust_panic_with_hook::h7ee9e1a2d0f8975a
[INFO] [stdout]                                at /rustc/a178d0322ce20e33eac124758e837cbd80a6f633/library/std/src/panicking.rs:622:17
[INFO] [stdout]   11:     0x5619a6b3a827 - std::panicking::begin_panic_handler::{{closure}}::h8ab3b4491718b2c7
[INFO] [stdout]                                at /rustc/a178d0322ce20e33eac124758e837cbd80a6f633/library/std/src/panicking.rs:519:13
[INFO] [stdout]   12:     0x5619a6b389bc - std::sys_common::backtrace::__rust_end_short_backtrace::hd489062ffa586a9f
[INFO] [stdout]                                at /rustc/a178d0322ce20e33eac124758e837cbd80a6f633/library/std/src/sys_common/backtrace.rs:141:18
[INFO] [stdout]   13:     0x5619a6b3a789 - rust_begin_unwind
[INFO] [stdout]                                at /rustc/a178d0322ce20e33eac124758e837cbd80a6f633/library/std/src/panicking.rs:515:5
[INFO] [stdout]   14:     0x5619a686e7a1 - core::panicking::panic_fmt::hca6330e3e14086b4
[INFO] [stdout]                                at /rustc/a178d0322ce20e33eac124758e837cbd80a6f633/library/core/src/panicking.rs:92:14
[INFO] [stdout]   15:     0x5619a686e893 - core::result::unwrap_failed::h6160d2b4bfbb0e87
[INFO] [stdout]                                at /rustc/a178d0322ce20e33eac124758e837cbd80a6f633/library/core/src/result.rs:1355:5
[INFO] [stdout]   16:     0x5619a6874afa - core::result::Result<T,E>::unwrap::h92bc9257afe7e64c
[INFO] [stdout]                                at /rustc/a178d0322ce20e33eac124758e837cbd80a6f633/library/core/src/result.rs:1037:23
[INFO] [stdout]   17:     0x5619a6876ee5 - libresizer::tests::test_resize::hc69ffe83e51e5cb6
[INFO] [stdout]                                at /opt/rustwide/workdir/ports/libresizer/src/lib.rs:211:30
[INFO] [stdout]   18:     0x5619a6876dda - libresizer::tests::test_resize::{{closure}}::haa4398b3c3e8989c
[INFO] [stdout]                                at /opt/rustwide/workdir/ports/libresizer/src/lib.rs:208:5
[INFO] [stdout]   19:     0x5619a6871dee - core::ops::function::FnOnce::call_once::h1034f016c27642b9
[INFO] [stdout]                                at /rustc/a178d0322ce20e33eac124758e837cbd80a6f633/library/core/src/ops/function.rs:227:5
[INFO] [stdout]   20:     0x5619a689f143 - core::ops::function::FnOnce::call_once::h152e7e439ff59e19
[INFO] [stdout]                                at /rustc/a178d0322ce20e33eac124758e837cbd80a6f633/library/core/src/ops/function.rs:227:5
[INFO] [stdout]   21:     0x5619a689f143 - test::__rust_begin_short_backtrace::h0908f3b1fdbb72ab
[INFO] [stdout]                                at /rustc/a178d0322ce20e33eac124758e837cbd80a6f633/library/test/src/lib.rs:577:5
[INFO] [stdout]   22:     0x5619a689dc00 - <alloc::boxed::Box<F,A> as core::ops::function::FnOnce<Args>>::call_once::hf6d2a51e5587546c
[INFO] [stdout]                                at /rustc/a178d0322ce20e33eac124758e837cbd80a6f633/library/alloc/src/boxed.rs:1575:9
[INFO] [stdout]   23:     0x5619a689dc00 - <std::panic::AssertUnwindSafe<F> as core::ops::function::FnOnce<()>>::call_once::h8af660f3a89ef593
[INFO] [stdout]                                at /rustc/a178d0322ce20e33eac124758e837cbd80a6f633/library/std/src/panic.rs:347:9
[INFO] [stdout]   24:     0x5619a689dc00 - std::panicking::try::do_call::hd36aef60f84b6d36
[INFO] [stdout]                                at /rustc/a178d0322ce20e33eac124758e837cbd80a6f633/library/std/src/panicking.rs:401:40
[INFO] [stdout]   25:     0x5619a689dc00 - std::panicking::try::h9932b4480e69817c
[INFO] [stdout]                                at /rustc/a178d0322ce20e33eac124758e837cbd80a6f633/library/std/src/panicking.rs:365:19
[INFO] [stdout]   26:     0x5619a689dc00 - std::panic::catch_unwind::h6aa177099cfff5f8
[INFO] [stdout]                                at /rustc/a178d0322ce20e33eac124758e837cbd80a6f633/library/std/src/panic.rs:434:14
[INFO] [stdout]   27:     0x5619a689dc00 - test::run_test_in_process::h5884d6f2d99e20c3
[INFO] [stdout]                                at /rustc/a178d0322ce20e33eac124758e837cbd80a6f633/library/test/src/lib.rs:600:18
[INFO] [stdout]   28:     0x5619a689dc00 - test::run_test::run_test_inner::{{closure}}::h6fdc58c6d5f5b6e3
[INFO] [stdout]                                at /rustc/a178d0322ce20e33eac124758e837cbd80a6f633/library/test/src/lib.rs:492:39
[INFO] [stdout]   29:     0x5619a68772b2 - test::run_test::run_test_inner::{{closure}}::h408365d67a78ade8
[INFO] [stdout]                                at /rustc/a178d0322ce20e33eac124758e837cbd80a6f633/library/test/src/lib.rs:519:37
[INFO] [stdout]   30:     0x5619a68772b2 - std::sys_common::backtrace::__rust_begin_short_backtrace::hb560b77c4f701523
[INFO] [stdout]                                at /rustc/a178d0322ce20e33eac124758e837cbd80a6f633/library/std/src/sys_common/backtrace.rs:125:18
[INFO] [stdout]   31:     0x5619a687ae68 - std::thread::Builder::spawn_unchecked::{{closure}}::{{closure}}::hf2e7831dad93c597
[INFO] [stdout]                                at /rustc/a178d0322ce20e33eac124758e837cbd80a6f633/library/std/src/thread/mod.rs:481:17
[INFO] [stdout]   32:     0x5619a687ae68 - <std::panic::AssertUnwindSafe<F> as core::ops::function::FnOnce<()>>::call_once::hd2e08783d8be4d02
[INFO] [stdout]                                at /rustc/a178d0322ce20e33eac124758e837cbd80a6f633/library/std/src/panic.rs:347:9
[INFO] [stdout]   33:     0x5619a687ae68 - std::panicking::try::do_call::h062597b7acfd6b82
[INFO] [stdout]                                at /rustc/a178d0322ce20e33eac124758e837cbd80a6f633/library/std/src/panicking.rs:401:40
[INFO] [stdout]   34:     0x5619a687ae68 - std::panicking::try::h0d7b79db04c14552
[INFO] [stdout]                                at /rustc/a178d0322ce20e33eac124758e837cbd80a6f633/library/std/src/panicking.rs:365:19
[INFO] [stdout]   35:     0x5619a687ae68 - std::panic::catch_unwind::hb01a0b5e7c8cd43b
[INFO] [stdout]                                at /rustc/a178d0322ce20e33eac124758e837cbd80a6f633/library/std/src/panic.rs:434:14
[INFO] [stdout]   36:     0x5619a687ae68 - std::thread::Builder::spawn_unchecked::{{closure}}::h5bde48cc887e0d1e
[INFO] [stdout]                                at /rustc/a178d0322ce20e33eac124758e837cbd80a6f633/library/std/src/thread/mod.rs:480:30
[INFO] [stdout]   37:     0x5619a687ae68 - core::ops::function::FnOnce::call_once{{vtable.shim}}::h745ea30807a29e55
[INFO] [stdout]                                at /rustc/a178d0322ce20e33eac124758e837cbd80a6f633/library/core/src/ops/function.rs:227:5
[INFO] [stdout]   38:     0x5619a6b3f937 - <alloc::boxed::Box<F,A> as core::ops::function::FnOnce<Args>>::call_once::h7ece6cfefaff1005
[INFO] [stdout]                                at /rustc/a178d0322ce20e33eac124758e837cbd80a6f633/library/alloc/src/boxed.rs:1575:9
[INFO] [stdout]   39:     0x5619a6b3f937 - <alloc::boxed::Box<F,A> as core::ops::function::FnOnce<Args>>::call_once::hb8b48e55c21f193e
[INFO] [stdout]                                at /rustc/a178d0322ce20e33eac124758e837cbd80a6f633/library/alloc/src/boxed.rs:1575:9
[INFO] [stdout]   40:     0x5619a6b3f937 - std::sys::unix::thread::Thread::new::thread_start::h8c7c4450dba62914
[INFO] [stdout]                                at /rustc/a178d0322ce20e33eac124758e837cbd80a6f633/library/std/src/sys/unix/thread.rs:71:17
[INFO] [stdout]   41:     0x7f2ccca8d609 - start_thread
[INFO] [stdout]   42:     0x7f2ccc85f293 - clone
[INFO] [stdout]   43:                0x0 - <unknown>
[INFO] [stdout] 
[INFO] [stdout] ---- more::crop::tests::test_crop stdout ----
[INFO] [stdout] thread 'more::crop::tests::test_crop' panicked at 'called `Result::unwrap()` on an `Err` value: Os { code: 30, kind: Other, message: "Read-only file system" }
[INFO] [stdout] 
[INFO] [stdout] stack backtrace:
[INFO] [stdout]    0:     0x5619a68bce5d - backtrace::backtrace::libunwind::trace::hddeb9a80fdff6fac
[INFO] [stdout]                         at /opt/rustwide/cargo-home/registry/src/github.com-1ecc6299db9ec823/backtrace-0.3.9/src/backtrace/libunwind.rs:53
[INFO] [stdout]                          - backtrace::backtrace::trace::h4d9b1c6655935fb4
[INFO] [stdout]                         at /opt/rustwide/cargo-home/registry/src/github.com-1ecc6299db9ec823/backtrace-0.3.9/src/backtrace/mod.rs:42
[INFO] [stdout]    1:     0x5619a68b8adf - backtrace::capture::Backtrace::new_unresolved::h1b422f2aecb84dbc
[INFO] [stdout]                         at /opt/rustwide/cargo-home/registry/src/github.com-1ecc6299db9ec823/backtrace-0.3.9/src/capture.rs:88
[INFO] [stdout]    2:     0x5619a68b1c1c - failure::backtrace::internal::InternalBacktrace::new::h502ea856bb94f378
[INFO] [stdout]                         at /opt/rustwide/cargo-home/registry/src/github.com-1ecc6299db9ec823/failure-0.1.4/src/backtrace/internal.rs:44
[INFO] [stdout]    3:     0x5619a68b1566 - failure::backtrace::Backtrace::new::h02cd48a2ed697117
[INFO] [stdout]                         at /opt/rustwide/cargo-home/registry/src/github.com-1ecc6299db9ec823/failure-0.1.4/src/backtrace/mod.rs:111
[INFO] [stdout]    4:     0x5619a687353e - <failure::error::error_impl::ErrorImpl as core::convert::From<F>>::from::h39636ecdd99075bf
[INFO] [stdout]                         at /opt/rustwide/cargo-home/registry/src/github.com-1ecc6299db9ec823/failure-0.1.4/src/error/error_impl.rs:19
[INFO] [stdout]    5:     0x5619a6876d00 - <failure::error::Error as core::convert::From<F>>::from::h8d1fd8e1123a84c4
[INFO] [stdout]                         at /opt/rustwide/cargo-home/registry/src/github.com-1ecc6299db9ec823/failure-0.1.4/src/error/mod.rs:36
[INFO] [stdout]    6:     0x5619a6874873 - <core::result::Result<T,F> as core::ops::try_trait::FromResidual<core::result::Result<core::convert::Infallible,E>>>::from_residual::hb1c946571f3642ca
[INFO] [stdout]                         at /rustc/a178d0322ce20e33eac124758e837cbd80a6f633/library/core/src/result.rs:1675
[INFO] [stdout]    7:     0x5619a68704da - libresizer::pipeline::hbb90c342df01aa28
[INFO] [stdout]                         at ports/libresizer/src/lib.rs:139
[INFO] [stdout]    8:     0x5619a6872644 - libresizer::more::crop::crop::h5a73c89944c2d18a
[INFO] [stdout]                         at ports/libresizer/src/more/crop.rs:48
[INFO] [stdout]    9:     0x5619a687605d - libresizer::more::crop::tests::test_crop::h4d7022fed3207f4d
[INFO] [stdout]                         at ports/libresizer/src/more/crop.rs:62
[INFO] [stdout]   10:     0x5619a6875ea9 - libresizer::more::crop::tests::test_crop::{{closure}}::h0d8a0b20ef08e8e6
[INFO] [stdout]                         at ports/libresizer/src/more/crop.rs:57
[INFO] [stdout]   11:     0x5619a6871ecd - core::ops::function::FnOnce::call_once::h97ddf4c8ca063626
[INFO] [stdout]                         at /rustc/a178d0322ce20e33eac124758e837cbd80a6f633/library/core/src/ops/function.rs:227
[INFO] [stdout]   12:     0x5619a689f142 - core::ops::function::FnOnce::call_once::h152e7e439ff59e19
[INFO] [stdout]                         at /rustc/a178d0322ce20e33eac124758e837cbd80a6f633/library/core/src/ops/function.rs:227
[INFO] [stdout]                          - test::__rust_begin_short_backtrace::h0908f3b1fdbb72ab
[INFO] [stdout]                         at library/test/src/lib.rs:577
[INFO] [stdout]   13:     0x5619a689dbff - <alloc::boxed::Box<F,A> as core::ops::function::FnOnce<Args>>::call_once::hf6d2a51e5587546c
[INFO] [stdout]                         at /rustc/a178d0322ce20e33eac124758e837cbd80a6f633/library/alloc/src/boxed.rs:1575
[INFO] [stdout]                          - <std::panic::AssertUnwindSafe<F> as core::ops::function::FnOnce<()>>::call_once::h8af660f3a89ef593
[INFO] [stdout]                         at /rustc/a178d0322ce20e33eac124758e837cbd80a6f633/library/std/src/panic.rs:347
[INFO] [stdout]                          - std::panicking::try::do_call::hd36aef60f84b6d36
[INFO] [stdout]                         at /rustc/a178d0322ce20e33eac124758e837cbd80a6f633/library/std/src/panicking.rs:401
[INFO] [stdout]                          - std::panicking::try::h9932b4480e69817c
[INFO] [stdout]                         at /rustc/a178d0322ce20e33eac124758e837cbd80a6f633/library/std/src/panicking.rs:365
[INFO] [stdout]                          - std::panic::catch_unwind::h6aa177099cfff5f8
[INFO] [stdout]                         at /rustc/a178d0322ce20e33eac124758e837cbd80a6f633/library/std/src/panic.rs:434
[INFO] [stdout]                          - test::run_test_in_process::h5884d6f2d99e20c3
[INFO] [stdout]                         at library/test/src/lib.rs:600
[INFO] [stdout]                          - test::run_test::run_test_inner::{{closure}}::h6fdc58c6d5f5b6e3
[INFO] [stdout]                         at library/test/src/lib.rs:492
[INFO] [stdout]   14:     0x5619a68772b1 - test::run_test::run_test_inner::{{closure}}::h408365d67a78ade8
[INFO] [stdout]                         at library/test/src/lib.rs:519
[INFO] [stdout]                          - std::sys_common::backtrace::__rust_begin_short_backtrace::hb560b77c4f701523
[INFO] [stdout]                         at /rustc/a178d0322ce20e33eac124758e837cbd80a6f633/library/std/src/sys_common/backtrace.rs:125
[INFO] [stdout]   15:     0x5619a687ae67 - std::thread::Builder::spawn_unchecked::{{closure}}::{{closure}}::hf2e7831dad93c597
[INFO] [stdout]                         at /rustc/a178d0322ce20e33eac124758e837cbd80a6f633/library/std/src/thread/mod.rs:481
[INFO] [stdout]                          - <std::panic::AssertUnwindSafe<F> as core::ops::function::FnOnce<()>>::call_once::hd2e08783d8be4d02
[INFO] [stdout]                         at /rustc/a178d0322ce20e33eac124758e837cbd80a6f633/library/std/src/panic.rs:347
[INFO] [stdout]                          - std::panicking::try::do_call::h062597b7acfd6b82
[INFO] [stdout]                         at /rustc/a178d0322ce20e33eac124758e837cbd80a6f633/library/std/src/panicking.rs:401
[INFO] [stdout]                          - std::panicking::try::h0d7b79db04c14552
[INFO] [stdout]                         at /rustc/a178d0322ce20e33eac124758e837cbd80a6f633/library/std/src/panicking.rs:365
[INFO] [stdout]                          - std::panic::catch_unwind::hb01a0b5e7c8cd43b
[INFO] [stdout]                         at /rustc/a178d0322ce20e33eac124758e837cbd80a6f633/library/std/src/panic.rs:434
[INFO] [stdout]                          - std::thread::Builder::spawn_unchecked::{{closure}}::h5bde48cc887e0d1e
[INFO] [stdout]                         at /rustc/a178d0322ce20e33eac124758e837cbd80a6f633/library/std/src/thread/mod.rs:480
[INFO] [stdout]                          - core::ops::function::FnOnce::call_once{{vtable.shim}}::h745ea30807a29e55
[INFO] [stdout]                         at /rustc/a178d0322ce20e33eac124758e837cbd80a6f633/library/core/src/ops/function.rs:227
[INFO] [stdout]   16:     0x5619a6b3f936 - <alloc::boxed::Box<F,A> as core::ops::function::FnOnce<Args>>::call_once::h7ece6cfefaff1005
[INFO] [stdout]                         at /rustc/a178d0322ce20e33eac124758e837cbd80a6f633/library/alloc/src/boxed.rs:1575
[INFO] [stdout]                          - <alloc::boxed::Box<F,A> as core::ops::function::FnOnce<Args>>::call_once::hb8b48e55c21f193e
[INFO] [stdout]                         at /rustc/a178d0322ce20e33eac124758e837cbd80a6f633/library/alloc/src/boxed.rs:1575
[INFO] [stdout]                          - std::sys::unix::thread::Thread::new::thread_start::h8c7c4450dba62914
[INFO] [stdout]                         at library/std/src/sys/unix/thread.rs:71
[INFO] [stdout]   17:     0x7f2ccca8d608 - start_thread
[INFO] [stdout]   18:     0x7f2ccc85f292 - __clone
[INFO] [stdout]   19:                0x0 - <unknown>', ports/libresizer/src/more/crop.rs:62:53
[INFO] [stdout] stack backtrace:
[INFO] [stdout]    0:     0x5619a6b384c0 - std::backtrace_rs::backtrace::libunwind::trace::h34055254b57d8e79
[INFO] [stdout]                                at /rustc/a178d0322ce20e33eac124758e837cbd80a6f633/library/std/src/../../backtrace/src/backtrace/libunwind.rs:90:5
[INFO] [stdout]    1:     0x5619a6b384c0 - std::backtrace_rs::backtrace::trace_unsynchronized::h8f1e3fbd9afff6ec
[INFO] [stdout]                                at /rustc/a178d0322ce20e33eac124758e837cbd80a6f633/library/std/src/../../backtrace/src/backtrace/mod.rs:66:5
[INFO] [stdout]    2:     0x5619a6b384c0 - std::sys_common::backtrace::_print_fmt::h3a99a796b770c360
[INFO] [stdout]                                at /rustc/a178d0322ce20e33eac124758e837cbd80a6f633/library/std/src/sys_common/backtrace.rs:67:5
[INFO] [stdout]    3:     0x5619a6b384c0 - <std::sys_common::backtrace::_print::DisplayBacktrace as core::fmt::Display>::fmt::h32d1f94a80615d18
[INFO] [stdout]                                at /rustc/a178d0322ce20e33eac124758e837cbd80a6f633/library/std/src/sys_common/backtrace.rs:46:22
[INFO] [stdout]    4:     0x5619a6b5c00c - core::fmt::write::h306731c068f7162c
[INFO] [stdout]                                at /rustc/a178d0322ce20e33eac124758e837cbd80a6f633/library/core/src/fmt/mod.rs:1110:17
[INFO] [stdout]    5:     0x5619a6b34d15 - std::io::Write::write_fmt::h87f19b0a2cd190bc
[INFO] [stdout]                                at /rustc/a178d0322ce20e33eac124758e837cbd80a6f633/library/std/src/io/mod.rs:1588:15
[INFO] [stdout]    6:     0x5619a6b3a67b - std::sys_common::backtrace::_print::h5abaa2601a852287
[INFO] [stdout]                                at /rustc/a178d0322ce20e33eac124758e837cbd80a6f633/library/std/src/sys_common/backtrace.rs:49:5
[INFO] [stdout]    7:     0x5619a6b3a67b - std::sys_common::backtrace::print::h8d81445442bb638f
[INFO] [stdout]                                at /rustc/a178d0322ce20e33eac124758e837cbd80a6f633/library/std/src/sys_common/backtrace.rs:36:9
[INFO] [stdout]    8:     0x5619a6b3a67b - std::panicking::default_hook::{{closure}}::hcfe804496a9fa747
[INFO] [stdout]                                at /rustc/a178d0322ce20e33eac124758e837cbd80a6f633/library/std/src/panicking.rs:208:50
[INFO] [stdout]    9:     0x5619a6b3a18c - std::panicking::default_hook::hbea8e3ccf2ba8901
[INFO] [stdout]                                at /rustc/a178d0322ce20e33eac124758e837cbd80a6f633/library/std/src/panicking.rs:222:9
[INFO] [stdout]   10:     0x5619a6b3ad44 - std::panicking::rust_panic_with_hook::h7ee9e1a2d0f8975a
[INFO] [stdout]                                at /rustc/a178d0322ce20e33eac124758e837cbd80a6f633/library/std/src/panicking.rs:622:17
[INFO] [stdout]   11:     0x5619a6b3a827 - std::panicking::begin_panic_handler::{{closure}}::h8ab3b4491718b2c7
[INFO] [stdout]                                at /rustc/a178d0322ce20e33eac124758e837cbd80a6f633/library/std/src/panicking.rs:519:13
[INFO] [stdout]   12:     0x5619a6b389bc - std::sys_common::backtrace::__rust_end_short_backtrace::hd489062ffa586a9f
[INFO] [stdout]                                at /rustc/a178d0322ce20e33eac124758e837cbd80a6f633/library/std/src/sys_common/backtrace.rs:141:18
[INFO] [stdout]   13:     0x5619a6b3a789 - rust_begin_unwind
[INFO] [stdout]                                at /rustc/a178d0322ce20e33eac124758e837cbd80a6f633/library/std/src/panicking.rs:515:5
[INFO] [stdout]   14:     0x5619a686e7a1 - core::panicking::panic_fmt::hca6330e3e14086b4
[INFO] [stdout]                                at /rustc/a178d0322ce20e33eac124758e837cbd80a6f633/library/core/src/panicking.rs:92:14
[INFO] [stdout]   15:     0x5619a686e893 - core::result::unwrap_failed::h6160d2b4bfbb0e87
[INFO] [stdout]                                at /rustc/a178d0322ce20e33eac124758e837cbd80a6f633/library/core/src/result.rs:1355:5
[INFO] [stdout]   16:     0x5619a6874afa - core::result::Result<T,E>::unwrap::h92bc9257afe7e64c
[INFO] [stdout]                                at /rustc/a178d0322ce20e33eac124758e837cbd80a6f633/library/core/src/result.rs:1037:23
[INFO] [stdout]   17:     0x5619a6876074 - libresizer::more::crop::tests::test_crop::h4d7022fed3207f4d
[INFO] [stdout]                                at /opt/rustwide/workdir/ports/libresizer/src/more/crop.rs:62:30
[INFO] [stdout]   18:     0x5619a6875eaa - libresizer::more::crop::tests::test_crop::{{closure}}::h0d8a0b20ef08e8e6
[INFO] [stdout]                                at /opt/rustwide/workdir/ports/libresizer/src/more/crop.rs:57:5
[INFO] [stdout]   19:     0x5619a6871ece - core::ops::function::FnOnce::call_once::h97ddf4c8ca063626
[INFO] [stdout]                                at /rustc/a178d0322ce20e33eac124758e837cbd80a6f633/library/core/src/ops/function.rs:227:5
[INFO] [stdout]   20:     0x5619a689f143 - core::ops::function::FnOnce::call_once::h152e7e439ff59e19
[INFO] [stdout]                                at /rustc/a178d0322ce20e33eac124758e837cbd80a6f633/library/core/src/ops/function.rs:227:5
[INFO] [stdout]   21:     0x5619a689f143 - test::__rust_begin_short_backtrace::h0908f3b1fdbb72ab
[INFO] [stdout]                                at /rustc/a178d0322ce20e33eac124758e837cbd80a6f633/library/test/src/lib.rs:577:5
[INFO] [stdout]   22:     0x5619a689dc00 - <alloc::boxed::Box<F,A> as core::ops::function::FnOnce<Args>>::call_once::hf6d2a51e5587546c
[INFO] [stdout]                                at /rustc/a178d0322ce20e33eac124758e837cbd80a6f633/library/alloc/src/boxed.rs:1575:9
[INFO] [stdout]   23:     0x5619a689dc00 - <std::panic::AssertUnwindSafe<F> as core::ops::function::FnOnce<()>>::call_once::h8af660f3a89ef593
[INFO] [stdout]                                at /rustc/a178d0322ce20e33eac124758e837cbd80a6f633/library/std/src/panic.rs:347:9
[INFO] [stdout]   24:     0x5619a689dc00 - std::panicking::try::do_call::hd36aef60f84b6d36
[INFO] [stdout]                                at /rustc/a178d0322ce20e33eac124758e837cbd80a6f633/library/std/src/panicking.rs:401:40
[INFO] [stdout]   25:     0x5619a689dc00 - std::panicking::try::h9932b4480e69817c
[INFO] [stdout]                                at /rustc/a178d0322ce20e33eac124758e837cbd80a6f633/library/std/src/panicking.rs:365:19
[INFO] [stdout]   26:     0x5619a689dc00 - std::panic::catch_unwind::h6aa177099cfff5f8
[INFO] [stdout]                                at /rustc/a178d0322ce20e33eac124758e837cbd80a6f633/library/std/src/panic.rs:434:14
[INFO] [stdout]   27:     0x5619a689dc00 - test::run_test_in_process::h5884d6f2d99e20c3
[INFO] [stdout]                                at /rustc/a178d0322ce20e33eac124758e837cbd80a6f633/library/test/src/lib.rs:600:18
[INFO] [stdout]   28:     0x5619a689dc00 - test::run_test::run_test_inner::{{closure}}::h6fdc58c6d5f5b6e3
[INFO] [stdout]                                at /rustc/a178d0322ce20e33eac124758e837cbd80a6f633/library/test/src/lib.rs:492:39
[INFO] [stdout]   29:     0x5619a68772b2 - test::run_test::run_test_inner::{{closure}}::h408365d67a78ade8
[INFO] [stdout]                                at /rustc/a178d0322ce20e33eac124758e837cbd80a6f633/library/test/src/lib.rs:519:37
[INFO] [stdout]   30:     0x5619a68772b2 - std::sys_common::backtrace::__rust_begin_short_backtrace::hb560b77c4f701523
[INFO] [stdout]                                at /rustc/a178d0322ce20e33eac124758e837cbd80a6f633/library/std/src/sys_common/backtrace.rs:125:18
[INFO] [stdout]   31:     0x5619a687ae68 - std::thread::Builder::spawn_unchecked::{{closure}}::{{closure}}::hf2e7831dad93c597
[INFO] [stdout]                                at /rustc/a178d0322ce20e33eac124758e837cbd80a6f633/library/std/src/thread/mod.rs:481:17
[INFO] [stdout]   32:     0x5619a687ae68 - <std::panic::AssertUnwindSafe<F> as core::ops::function::FnOnce<()>>::call_once::hd2e08783d8be4d02
[INFO] [stdout]                                at /rustc/a178d0322ce20e33eac124758e837cbd80a6f633/library/std/src/panic.rs:347:9
[INFO] [stdout]   33:     0x5619a687ae68 - std::panicking::try::do_call::h062597b7acfd6b82
[INFO] [stdout]                                at /rustc/a178d0322ce20e33eac124758e837cbd80a6f633/library/std/src/panicking.rs:401:40
[INFO] [stdout]   34:     0x5619a687ae68 - std::panicking::try::h0d7b79db04c14552
[INFO] [stdout]                                at /rustc/a178d0322ce20e33eac124758e837cbd80a6f633/library/std/src/panicking.rs:365:19
[INFO] [stdout]   35:     0x5619a687ae68 - std::panic::catch_unwind::hb01a0b5e7c8cd43b
[INFO] [stdout]                                at /rustc/a178d0322ce20e33eac124758e837cbd80a6f633/library/std/src/panic.rs:434:14
[INFO] [stdout]   36:     0x5619a687ae68 - std::thread::Builder::spawn_unchecked::{{closure}}::h5bde48cc887e0d1e
[INFO] [stdout]                                at /rustc/a178d0322ce20e33eac124758e837cbd80a6f633/library/std/src/thread/mod.rs:480:30
[INFO] [stdout]   37:     0x5619a687ae68 - core::ops::function::FnOnce::call_once{{vtable.shim}}::h745ea30807a29e55
[INFO] [stdout]                                at /rustc/a178d0322ce20e33eac124758e837cbd80a6f633/library/core/src/ops/function.rs:227:5
[INFO] [stdout]   38:     0x5619a6b3f937 - <alloc::boxed::Box<F,A> as core::ops::function::FnOnce<Args>>::call_once::h7ece6cfefaff1005
[INFO] [stdout]                                at /rustc/a178d0322ce20e33eac124758e837cbd80a6f633/library/alloc/src/boxed.rs:1575:9
[INFO] [stdout]   39:     0x5619a6b3f937 - <alloc::boxed::Box<F,A> as core::ops::function::FnOnce<Args>>::call_once::hb8b48e55c21f193e
[INFO] [stdout]                                at /rustc/a178d0322ce20e33eac124758e837cbd80a6f633/library/alloc/src/boxed.rs:1575:9
[INFO] [stdout]   40:     0x5619a6b3f937 - std::sys::unix::thread::Thread::new::thread_start::h8c7c4450dba62914
[INFO] [stdout]                                at /rustc/a178d0322ce20e33eac124758e837cbd80a6f633/library/std/src/sys/unix/thread.rs:71:17
[INFO] [stdout]   41:     0x7f2ccca8d609 - start_thread
[INFO] [stdout]   42:     0x7f2ccc85f293 - clone
[INFO] [stdout]   43:                0x0 - <unknown>
[INFO] [stdout] 
[INFO] [stdout] ---- more::blur::tests::test_blur stdout ----
[INFO] [stdout] thread 'more::blur::tests::test_blur' panicked at 'called `Result::unwrap()` on an `Err` value: Os { code: 30, kind: Other, message: "Read-only file system" }
[INFO] [stdout] 
[INFO] [stdout] stack backtrace:
[INFO] [stdout]    0:     0x5619a68bce5d - backtrace::backtrace::libunwind::trace::hddeb9a80fdff6fac
[INFO] [stdout]                         at /opt/rustwide/cargo-home/registry/src/github.com-1ecc6299db9ec823/backtrace-0.3.9/src/backtrace/libunwind.rs:53
[INFO] [stdout]                          - backtrace::backtrace::trace::h4d9b1c6655935fb4
[INFO] [stdout]                         at /opt/rustwide/cargo-home/registry/src/github.com-1ecc6299db9ec823/backtrace-0.3.9/src/backtrace/mod.rs:42
[INFO] [stdout]    1:     0x5619a68b8adf - backtrace::capture::Backtrace::new_unresolved::h1b422f2aecb84dbc
[INFO] [stdout]                         at /opt/rustwide/cargo-home/registry/src/github.com-1ecc6299db9ec823/backtrace-0.3.9/src/capture.rs:88
[INFO] [stdout]    2:     0x5619a68b1c1c - failure::backtrace::internal::InternalBacktrace::new::h502ea856bb94f378
[INFO] [stdout]                         at /opt/rustwide/cargo-home/registry/src/github.com-1ecc6299db9ec823/failure-0.1.4/src/backtrace/internal.rs:44
[INFO] [stdout]    3:     0x5619a68b1566 - failure::backtrace::Backtrace::new::h02cd48a2ed697117
[INFO] [stdout]                         at /opt/rustwide/cargo-home/registry/src/github.com-1ecc6299db9ec823/failure-0.1.4/src/backtrace/mod.rs:111
[INFO] [stdout]    4:     0x5619a687353e - <failure::error::error_impl::ErrorImpl as core::convert::From<F>>::from::h39636ecdd99075bf
[INFO] [stdout]                         at /opt/rustwide/cargo-home/registry/src/github.com-1ecc6299db9ec823/failure-0.1.4/src/error/error_impl.rs:19
[INFO] [stdout]    5:     0x5619a6876d00 - <failure::error::Error as core::convert::From<F>>::from::h8d1fd8e1123a84c4
[INFO] [stdout]                         at /opt/rustwide/cargo-home/registry/src/github.com-1ecc6299db9ec823/failure-0.1.4/src/error/mod.rs:36
[INFO] [stdout]    6:     0x5619a6874873 - <core::result::Result<T,F> as core::ops::try_trait::FromResidual<core::result::Result<core::convert::Infallible,E>>>::from_residual::hb1c946571f3642ca
[INFO] [stdout]                         at /rustc/a178d0322ce20e33eac124758e837cbd80a6f633/library/core/src/result.rs:1675
[INFO] [stdout]    7:     0x5619a68704da - libresizer::pipeline::hbb90c342df01aa28
[INFO] [stdout]                         at ports/libresizer/src/lib.rs:139
[INFO] [stdout]    8:     0x5619a6876696 - libresizer::more::blur::blur::h19b7be9d6c068ea0
[INFO] [stdout]                         at ports/libresizer/src/more/blur.rs:34
[INFO] [stdout]    9:     0x5619a6871bb4 - libresizer::more::blur::tests::test_blur::h891ee1721d7277da
[INFO] [stdout]                         at ports/libresizer/src/more/blur.rs:46
[INFO] [stdout]   10:     0x5619a6871ab9 - libresizer::more::blur::tests::test_blur::{{closure}}::hde3648ce804cd8e5
[INFO] [stdout]                         at ports/libresizer/src/more/blur.rs:42
[INFO] [stdout]   11:     0x5619a6871e2d - core::ops::function::FnOnce::call_once::h31aa19c764279542
[INFO] [stdout]                         at /rustc/a178d0322ce20e33eac124758e837cbd80a6f633/library/core/src/ops/function.rs:227
[INFO] [stdout]   12:     0x5619a689f142 - core::ops::function::FnOnce::call_once::h152e7e439ff59e19
[INFO] [stdout]                         at /rustc/a178d0322ce20e33eac124758e837cbd80a6f633/library/core/src/ops/function.rs:227
[INFO] [stdout]                          - test::__rust_begin_short_backtrace::h0908f3b1fdbb72ab
[INFO] [stdout]                         at library/test/src/lib.rs:577
[INFO] [stdout]   13:     0x5619a689dbff - <alloc::boxed::Box<F,A> as core::ops::function::FnOnce<Args>>::call_once::hf6d2a51e5587546c
[INFO] [stdout]                         at /rustc/a178d0322ce20e33eac124758e837cbd80a6f633/library/alloc/src/boxed.rs:1575
[INFO] [stdout]                          - <std::panic::AssertUnwindSafe<F> as core::ops::function::FnOnce<()>>::call_once::h8af660f3a89ef593
[INFO] [stdout]                         at /rustc/a178d0322ce20e33eac124758e837cbd80a6f633/library/std/src/panic.rs:347
[INFO] [stdout]                          - std::panicking::try::do_call::hd36aef60f84b6d36
[INFO] [stdout]                         at /rustc/a178d0322ce20e33eac124758e837cbd80a6f633/library/std/src/panicking.rs:401
[INFO] [stdout]                          - std::panicking::try::h9932b4480e69817c
[INFO] [stdout]                         at /rustc/a178d0322ce20e33eac124758e837cbd80a6f633/library/std/src/panicking.rs:365
[INFO] [stdout]                          - std::panic::catch_unwind::h6aa177099cfff5f8
[INFO] [stdout]                         at /rustc/a178d0322ce20e33eac124758e837cbd80a6f633/library/std/src/panic.rs:434
[INFO] [stdout]                          - test::run_test_in_process::h5884d6f2d99e20c3
[INFO] [stdout]                         at library/test/src/lib.rs:600
[INFO] [stdout]                          - test::run_test::run_test_inner::{{closure}}::h6fdc58c6d5f5b6e3
[INFO] [stdout]                         at library/test/src/lib.rs:492
[INFO] [stdout]   14:     0x5619a68772b1 - test::run_test::run_test_inner::{{closure}}::h408365d67a78ade8
[INFO] [stdout]                         at library/test/src/lib.rs:519
[INFO] [stdout]                          - std::sys_common::backtrace::__rust_begin_short_backtrace::hb560b77c4f701523
[INFO] [stdout]                         at /rustc/a178d0322ce20e33eac124758e837cbd80a6f633/library/std/src/sys_common/backtrace.rs:125
[INFO] [stdout]   15:     0x5619a687ae67 - std::thread::Builder::spawn_unchecked::{{closure}}::{{closure}}::hf2e7831dad93c597
[INFO] [stdout]                         at /rustc/a178d0322ce20e33eac124758e837cbd80a6f633/library/std/src/thread/mod.rs:481
[INFO] [stdout]                          - <std::panic::AssertUnwindSafe<F> as core::ops::function::FnOnce<()>>::call_once::hd2e08783d8be4d02
[INFO] [stdout]                         at /rustc/a178d0322ce20e33eac124758e837cbd80a6f633/library/std/src/panic.rs:347
[INFO] [stdout]                          - std::panicking::try::do_call::h062597b7acfd6b82
[INFO] [stdout]                         at /rustc/a178d0322ce20e33eac124758e837cbd80a6f633/library/std/src/panicking.rs:401
[INFO] [stdout]                          - std::panicking::try::h0d7b79db04c14552
[INFO] [stdout]                         at /rustc/a178d0322ce20e33eac124758e837cbd80a6f633/library/std/src/panicking.rs:365
[INFO] [stdout]                          - std::panic::catch_unwind::hb01a0b5e7c8cd43b
[INFO] [stdout]                         at /rustc/a178d0322ce20e33eac124758e837cbd80a6f633/library/std/src/panic.rs:434
[INFO] [stdout]                          - std::thread::Builder::spawn_unchecked::{{closure}}::h5bde48cc887e0d1e
[INFO] [stdout]                         at /rustc/a178d0322ce20e33eac124758e837cbd80a6f633/library/std/src/thread/mod.rs:480
[INFO] [stdout]                          - core::ops::function::FnOnce::call_once{{vtable.shim}}::h745ea30807a29e55
[INFO] [stdout]                         at /rustc/a178d0322ce20e33eac124758e837cbd80a6f633/library/core/src/ops/function.rs:227
[INFO] [stdout]   16:     0x5619a6b3f936 - <alloc::boxed::Box<F,A> as core::ops::function::FnOnce<Args>>::call_once::h7ece6cfefaff1005
[INFO] [stdout]                         at /rustc/a178d0322ce20e33eac124758e837cbd80a6f633/library/alloc/src/boxed.rs:1575
[INFO] [stdout]                          - <alloc::boxed::Box<F,A> as core::ops::function::FnOnce<Args>>::call_once::hb8b48e55c21f193e
[INFO] [stdout]                         at /rustc/a178d0322ce20e33eac124758e837cbd80a6f633/library/alloc/src/boxed.rs:1575
[INFO] [stdout]                          - std::sys::unix::thread::Thread::new::thread_start::h8c7c4450dba62914
[INFO] [stdout]                         at library/std/src/sys/unix/thread.rs:71
[INFO] [stdout]   17:     0x7f2ccca8d608 - start_thread
[INFO] [stdout]   18:     0x7f2ccc85f292 - __clone
[INFO] [stdout]   19:                0x0 - <unknown>', ports/libresizer/src/more/blur.rs:46:53
[INFO] [stdout] stack backtrace:
[INFO] [stdout]    0:     0x5619a6b384c0 - std::backtrace_rs::backtrace::libunwind::trace::h34055254b57d8e79
[INFO] [stdout]                                at /rustc/a178d0322ce20e33eac124758e837cbd80a6f633/library/std/src/../../backtrace/src/backtrace/libunwind.rs:90:5
[INFO] [stdout]    1:     0x5619a6b384c0 - std::backtrace_rs::backtrace::trace_unsynchronized::h8f1e3fbd9afff6ec
[INFO] [stdout]                                at /rustc/a178d0322ce20e33eac124758e837cbd80a6f633/library/std/src/../../backtrace/src/backtrace/mod.rs:66:5
[INFO] [stdout]    2:     0x5619a6b384c0 - std::sys_common::backtrace::_print_fmt::h3a99a796b770c360
[INFO] [stdout]                                at /rustc/a178d0322ce20e33eac124758e837cbd80a6f633/library/std/src/sys_common/backtrace.rs:67:5
[INFO] [stdout]    3:     0x5619a6b384c0 - <std::sys_common::backtrace::_print::DisplayBacktrace as core::fmt::Display>::fmt::h32d1f94a80615d18
[INFO] [stdout]                                at /rustc/a178d0322ce20e33eac124758e837cbd80a6f633/library/std/src/sys_common/backtrace.rs:46:22
[INFO] [stdout]    4:     0x5619a6b5c00c - core::fmt::write::h306731c068f7162c
[INFO] [stdout]                                at /rustc/a178d0322ce20e33eac124758e837cbd80a6f633/library/core/src/fmt/mod.rs:1110:17
[INFO] [stdout]    5:     0x5619a6b34d15 - std::io::Write::write_fmt::h87f19b0a2cd190bc
[INFO] [stdout]                                at /rustc/a178d0322ce20e33eac124758e837cbd80a6f633/library/std/src/io/mod.rs:1588:15
[INFO] [stdout]    6:     0x5619a6b3a67b - std::sys_common::backtrace::_print::h5abaa2601a852287
[INFO] [stdout]                                at /rustc/a178d0322ce20e33eac124758e837cbd80a6f633/library/std/src/sys_common/backtrace.rs:49:5
[INFO] [stdout]    7:     0x5619a6b3a67b - std::sys_common::backtrace::print::h8d81445442bb638f
[INFO] [stdout]                                at /rustc/a178d0322ce20e33eac124758e837cbd80a6f633/library/std/src/sys_common/backtrace.rs:36:9
[INFO] [stdout]    8:     0x5619a6b3a67b - std::panicking::default_hook::{{closure}}::hcfe804496a9fa747
[INFO] [stdout]                                at /rustc/a178d0322ce20e33eac124758e837cbd80a6f633/library/std/src/panicking.rs:208:50
[INFO] [stdout]    9:     0x5619a6b3a18c - std::panicking::default_hook::hbea8e3ccf2ba8901
[INFO] [stdout]                                at /rustc/a178d0322ce20e33eac124758e837cbd80a6f633/library/std/src/panicking.rs:222:9
[INFO] [stdout]   10:     0x5619a6b3ad44 - std::panicking::rust_panic_with_hook::h7ee9e1a2d0f8975a
[INFO] [stdout]                                at /rustc/a178d0322ce20e33eac124758e837cbd80a6f633/library/std/src/panicking.rs:622:17
[INFO] [stdout]   11:     0x5619a6b3a827 - std::panicking::begin_panic_handler::{{closure}}::h8ab3b4491718b2c7
[INFO] [stdout]                                at /rustc/a178d0322ce20e33eac124758e837cbd80a6f633/library/std/src/panicking.rs:519:13
[INFO] [stdout]   12:     0x5619a6b389bc - std::sys_common::backtrace::__rust_end_short_backtrace::hd489062ffa586a9f
[INFO] [stdout]                                at /rustc/a178d0322ce20e33eac124758e837cbd80a6f633/library/std/src/sys_common/backtrace.rs:141:18
[INFO] [stdout]   13:     0x5619a6b3a789 - rust_begin_unwind
[INFO] [stdout]                                at /rustc/a178d0322ce20e33eac124758e837cbd80a6f633/library/std/src/panicking.rs:515:5
[INFO] [stdout]   14:     0x5619a686e7a1 - core::panicking::panic_fmt::hca6330e3e14086b4
[INFO] [stdout]                                at /rustc/a178d0322ce20e33eac124758e837cbd80a6f633/library/core/src/panicking.rs:92:14
[INFO] [stdout]   15:     0x5619a686e893 - core::result::unwrap_failed::h6160d2b4bfbb0e87
[INFO] [stdout]                                at /rustc/a178d0322ce20e33eac124758e837cbd80a6f633/library/core/src/result.rs:1355:5
[INFO] [stdout]   16:     0x5619a6874afa - core::result::Result<T,E>::unwrap::h92bc9257afe7e64c
[INFO] [stdout]                                at /rustc/a178d0322ce20e33eac124758e837cbd80a6f633/library/core/src/result.rs:1037:23
[INFO] [stdout]   17:     0x5619a6871bed - libresizer::more::blur::tests::test_blur::h891ee1721d7277da
[INFO] [stdout]                                at /opt/rustwide/workdir/ports/libresizer/src/more/blur.rs:46:30
[INFO] [stdout]   18:     0x5619a6871aba - libresizer::more::blur::tests::test_blur::{{closure}}::hde3648ce804cd8e5
[INFO] [stdout]                                at /opt/rustwide/workdir/ports/libresizer/src/more/blur.rs:42:5
[INFO] [stdout]   19:     0x5619a6871e2e - core::ops::function::FnOnce::call_once::h31aa19c764279542
[INFO] [stdout]                                at /rustc/a178d0322ce20e33eac124758e837cbd80a6f633/library/core/src/ops/function.rs:227:5
[INFO] [stdout]   20:     0x5619a689f143 - core::ops::function::FnOnce::call_once::h152e7e439ff59e19
[INFO] [stdout]                                at /rustc/a178d0322ce20e33eac124758e837cbd80a6f633/library/core/src/ops/function.rs:227:5
[INFO] [stdout]   21:     0x5619a689f143 - test::__rust_begin_short_backtrace::h0908f3b1fdbb72ab
[INFO] [stdout]                                at /rustc/a178d0322ce20e33eac124758e837cbd80a6f633/library/test/src/lib.rs:577:5
[INFO] [stdout]   22:     0x5619a689dc00 - <alloc::boxed::Box<F,A> as core::ops::function::FnOnce<Args>>::call_once::hf6d2a51e5587546c
[INFO] [stdout]                                at /rustc/a178d0322ce20e33eac124758e837cbd80a6f633/library/alloc/src/boxed.rs:1575:9
[INFO] [stdout]   23:     0x5619a689dc00 - <std::panic::AssertUnwindSafe<F> as core::ops::function::FnOnce<()>>::call_once::h8af660f3a89ef593
[INFO] [stdout]                                at /rustc/a178d0322ce20e33eac124758e837cbd80a6f633/library/std/src/panic.rs:347:9
[INFO] [stdout]   24:     0x5619a689dc00 - std::panicking::try::do_call::hd36aef60f84b6d36
[INFO] [stdout]                                at /rustc/a178d0322ce20e33eac124758e837cbd80a6f633/library/std/src/panicking.rs:401:40
[INFO] [stdout]   25:     0x5619a689dc00 - std::panicking::try::h9932b4480e69817c
[INFO] [stdout]                                at /rustc/a178d0322ce20e33eac124758e837cbd80a6f633/library/std/src/panicking.rs:365:19
[INFO] [stdout]   26:     0x5619a689dc00 - std::panic::catch_unwind::h6aa177099cfff5f8
[INFO] [stdout]                                at /rustc/a178d0322ce20e33eac124758e837cbd80a6f633/library/std/src/panic.rs:434:14
[INFO] [stdout]   27:     0x5619a689dc00 - test::run_test_in_process::h5884d6f2d99e20c3
[INFO] [stdout]                                at /rustc/a178d0322ce20e33eac124758e837cbd80a6f633/library/test/src/lib.rs:600:18
[INFO] [stdout]   28:     0x5619a689dc00 - test::run_test::run_test_inner::{{closure}}::h6fdc58c6d5f5b6e3
[INFO] [stdout]                                at /rustc/a178d0322ce20e33eac124758e837cbd80a6f633/library/test/src/lib.rs:492:39
[INFO] [stdout]   29:     0x5619a68772b2 - test::run_test::run_test_inner::{{closure}}::h408365d67a78ade8
[INFO] [stdout]                                at /rustc/a178d0322ce20e33eac124758e837cbd80a6f633/library/test/src/lib.rs:519:37
[INFO] [stdout]   30:     0x5619a68772b2 - std::sys_common::backtrace::__rust_begin_short_backtrace::hb560b77c4f701523
[INFO] [stdout]                                at /rustc/a178d0322ce20e33eac124758e837cbd80a6f633/library/std/src/sys_common/backtrace.rs:125:18
[INFO] [stdout]   31:     0x5619a687ae68 - std::thread::Builder::spawn_unchecked::{{closure}}::{{closure}}::hf2e7831dad93c597
[INFO] [stdout]                                at /rustc/a178d0322ce20e33eac124758e837cbd80a6f633/library/std/src/thread/mod.rs:481:17
[INFO] [stdout]   32:     0x5619a687ae68 - <std::panic::AssertUnwindSafe<F> as core::ops::function::FnOnce<()>>::call_once::hd2e08783d8be4d02
[INFO] [stdout]                                at /rustc/a178d0322ce20e33eac124758e837cbd80a6f633/library/std/src/panic.rs:347:9
[INFO] [stdout]   33:     0x5619a687ae68 - std::panicking::try::do_call::h062597b7acfd6b82
[INFO] [stdout]                                at /rustc/a178d0322ce20e33eac124758e837cbd80a6f633/library/std/src/panicking.rs:401:40
[INFO] [stdout]   34:     0x5619a687ae68 - std::panicking::try::h0d7b79db04c14552
[INFO] [stdout]                                at /rustc/a178d0322ce20e33eac124758e837cbd80a6f633/library/std/src/panicking.rs:365:19
[INFO] [stdout]   35:     0x5619a687ae68 - std::panic::catch_unwind::hb01a0b5e7c8cd43b
[INFO] [stdout]                                at /rustc/a178d0322ce20e33eac124758e837cbd80a6f633/library/std/src/panic.rs:434:14
[INFO] [stdout]   36:     0x5619a687ae68 - std::thread::Builder::spawn_unchecked::{{closure}}::h5bde48cc887e0d1e
[INFO] [stdout]                                at /rustc/a178d0322ce20e33eac124758e837cbd80a6f633/library/std/src/thread/mod.rs:480:30
[INFO] [stdout]   37:     0x5619a687ae68 - core::ops::function::FnOnce::call_once{{vtable.shim}}::h745ea30807a29e55
[INFO] [stdout]                                at /rustc/a178d0322ce20e33eac124758e837cbd80a6f633/library/core/src/ops/function.rs:227:5
[INFO] [stdout]   38:     0x5619a6b3f937 - <alloc::boxed::Box<F,A> as core::ops::function::FnOnce<Args>>::call_once::h7ece6cfefaff1005
[INFO] [stdout]                                at /rustc/a178d0322ce20e33eac124758e837cbd80a6f633/library/alloc/src/boxed.rs:1575:9
[INFO] [stdout]   39:     0x5619a6b3f937 - <alloc::boxed::Box<F,A> as core::ops::function::FnOnce<Args>>::call_once::hb8b48e55c21f193e
[INFO] [stdout]                                at /rustc/a178d0322ce20e33eac124758e837cbd80a6f633/library/alloc/src/boxed.rs:1575:9
[INFO] [stdout]   40:     0x5619a6b3f937 - std::sys::unix::thread::Thread::new::thread_start::h8c7c4450dba62914
[INFO] [stdout]                                at /rustc/a178d0322ce20e33eac124758e837cbd80a6f633/library/std/src/sys/unix/thread.rs:71:17
[INFO] [stdout]   41:     0x7f2ccca8d609 - start_thread
[INFO] [stdout]   42:     0x7f2ccc85f293 - clone
[INFO] [stdout]   43:                0x0 - <unknown>
[INFO] [stdout] 
[INFO] [stdout] 
[INFO] [stdout] failures:
[INFO] [stdout]     more::blur::tests::test_blur
[INFO] [stdout]     more::crop::tests::test_crop
[INFO] [stdout]     tests::test_resize
[INFO] [stdout] 
[INFO] [stdout] test result: FAILED. 0 passed; 3 failed; 0 ignored; 0 measured; 0 filtered out; finished in 34.78s
[INFO] [stdout] 
[INFO] [stderr] error: test failed, to rerun pass '-p libresizer --lib'
[INFO] running `Command { std: "docker" "inspect" "954de3c321cfdcfacd130a2e00d3a2d0ce17f6d7a9a501a924ecc0b587e8d5dc", kill_on_drop: false }`
[INFO] running `Command { std: "docker" "rm" "-f" "954de3c321cfdcfacd130a2e00d3a2d0ce17f6d7a9a501a924ecc0b587e8d5dc", kill_on_drop: false }`
[INFO] [stdout] 954de3c321cfdcfacd130a2e00d3a2d0ce17f6d7a9a501a924ecc0b587e8d5dc
