[INFO] cloning repository https://github.com/Headwiki/hub
[INFO] running `Command { std: "git" "-c" "credential.helper=" "-c" "credential.helper=/workspace/cargo-home/bin/git-credential-null" "clone" "--bare" "https://github.com/Headwiki/hub" "/workspace/cache/git-repos/https%3A%2F%2Fgithub.com%2FHeadwiki%2Fhub", kill_on_drop: false }`
[INFO] [stderr] Cloning into bare repository '/workspace/cache/git-repos/https%3A%2F%2Fgithub.com%2FHeadwiki%2Fhub'...
[INFO] running `Command { std: "git" "rev-parse" "HEAD", kill_on_drop: false }`
[INFO] [stdout] 333568af0158d4a3fc4f4c0f3c6576764b8a5c72
[INFO] testing Headwiki/hub against 1.54.0 for beta-1.55-1
[INFO] running `Command { std: "git" "clone" "/workspace/cache/git-repos/https%3A%2F%2Fgithub.com%2FHeadwiki%2Fhub" "/workspace/builds/worker-11/source", kill_on_drop: false }`
[INFO] [stderr] Cloning into '/workspace/builds/worker-11/source'...
[INFO] [stderr] done.
[INFO] validating manifest of git repo https://github.com/Headwiki/hub on toolchain 1.54.0
[INFO] running `Command { std: "/workspace/cargo-home/bin/cargo" "+1.54.0" "metadata" "--manifest-path" "Cargo.toml" "--no-deps", kill_on_drop: false }`
[INFO] started tweaking git repo https://github.com/Headwiki/hub
[INFO] finished tweaking git repo https://github.com/Headwiki/hub
[INFO] tweaked toml for git repo https://github.com/Headwiki/hub written to /workspace/builds/worker-11/source/Cargo.toml
[INFO] crate git repo https://github.com/Headwiki/hub already has a lockfile, it will not be regenerated
[INFO] running `Command { std: "/workspace/cargo-home/bin/cargo" "+1.54.0" "fetch" "--manifest-path" "Cargo.toml", kill_on_drop: false }`
[INFO] running `Command { std: "docker" "create" "-v" "/var/lib/crater-agent-workspace/builds/worker-11/target:/opt/rustwide/target:rw,Z" "-v" "/var/lib/crater-agent-workspace/builds/worker-11/source:/opt/rustwide/workdir:ro,Z" "-v" "/var/lib/crater-agent-workspace/cargo-home:/opt/rustwide/cargo-home:ro,Z" "-v" "/var/lib/crater-agent-workspace/rustup-home:/opt/rustwide/rustup-home:ro,Z" "-e" "SOURCE_DIR=/opt/rustwide/workdir" "-e" "CARGO_TARGET_DIR=/opt/rustwide/target" "-e" "CARGO_HOME=/opt/rustwide/cargo-home" "-e" "RUSTUP_HOME=/opt/rustwide/rustup-home" "-w" "/opt/rustwide/workdir" "-m" "1610612736" "--user" "0:0" "--network" "none" "ghcr.io/rust-lang/crates-build-env/linux@sha256:34b6a614d2c27851fe6cbf88fbd1137609cefab8b10d0615aaeb6fd47975d74e" "/opt/rustwide/cargo-home/bin/cargo" "+1.54.0" "metadata" "--no-deps" "--format-version=1", kill_on_drop: false }`
[INFO] [stdout] de8b32ce9351e5246a3277b3a8b8571a9c9bc715a06f1c4c16793b9332224b4a
[INFO] running `Command { std: "docker" "start" "-a" "de8b32ce9351e5246a3277b3a8b8571a9c9bc715a06f1c4c16793b9332224b4a", kill_on_drop: false }`
[INFO] running `Command { std: "docker" "inspect" "de8b32ce9351e5246a3277b3a8b8571a9c9bc715a06f1c4c16793b9332224b4a", kill_on_drop: false }`
[INFO] running `Command { std: "docker" "rm" "-f" "de8b32ce9351e5246a3277b3a8b8571a9c9bc715a06f1c4c16793b9332224b4a", kill_on_drop: false }`
[INFO] [stdout] de8b32ce9351e5246a3277b3a8b8571a9c9bc715a06f1c4c16793b9332224b4a
[INFO] running `Command { std: "docker" "create" "-v" "/var/lib/crater-agent-workspace/builds/worker-11/target:/opt/rustwide/target:rw,Z" "-v" "/var/lib/crater-agent-workspace/builds/worker-11/source:/opt/rustwide/workdir:ro,Z" "-v" "/var/lib/crater-agent-workspace/cargo-home:/opt/rustwide/cargo-home:ro,Z" "-v" "/var/lib/crater-agent-workspace/rustup-home:/opt/rustwide/rustup-home:ro,Z" "-e" "SOURCE_DIR=/opt/rustwide/workdir" "-e" "CARGO_TARGET_DIR=/opt/rustwide/target" "-e" "CARGO_INCREMENTAL=0" "-e" "RUST_BACKTRACE=full" "-e" "RUSTFLAGS=--cap-lints=warn" "-e" "CARGO_HOME=/opt/rustwide/cargo-home" "-e" "RUSTUP_HOME=/opt/rustwide/rustup-home" "-w" "/opt/rustwide/workdir" "-m" "1610612736" "--user" "0:0" "--network" "none" "ghcr.io/rust-lang/crates-build-env/linux@sha256:34b6a614d2c27851fe6cbf88fbd1137609cefab8b10d0615aaeb6fd47975d74e" "/opt/rustwide/cargo-home/bin/cargo" "+1.54.0" "build" "--frozen" "--message-format=json", kill_on_drop: false }`
[INFO] [stdout] 58825b132c327e7c96176d25184e7fe4ac73a07ac07eda8765db265ee0b8ca12
[INFO] running `Command { std: "docker" "start" "-a" "58825b132c327e7c96176d25184e7fe4ac73a07ac07eda8765db265ee0b8ca12", kill_on_drop: false }`
[INFO] [stderr]    Compiling proc-macro2 v1.0.26
[INFO] [stderr]    Compiling syn v1.0.72
[INFO] [stderr]    Compiling once_cell v1.7.2
[INFO] [stderr]    Compiling log v0.4.14
[INFO] [stderr]    Compiling futures-core v0.3.14
[INFO] [stderr]    Compiling futures-sink v0.3.14
[INFO] [stderr]    Compiling serde v1.0.125
[INFO] [stderr]    Compiling futures-io v0.3.14
[INFO] [stderr]    Compiling futures-task v0.3.14
[INFO] [stderr]    Compiling ahash v0.4.7
[INFO] [stderr]    Compiling lexical-core v0.7.6
[INFO] [stderr]    Compiling static_assertions v1.1.0
[INFO] [stderr]    Compiling arrayvec v0.5.2
[INFO] [stderr]    Compiling radium v0.5.3
[INFO] [stderr]    Compiling cpufeatures v0.1.1
[INFO] [stderr]    Compiling serde_json v1.0.64
[INFO] [stderr]    Compiling wyz v0.2.0
[INFO] [stderr]    Compiling funty v1.1.0
[INFO] [stderr]    Compiling build_const v0.2.2
[INFO] [stderr]    Compiling local-waker v0.1.1
[INFO] [stderr]    Compiling tap v1.0.1
[INFO] [stderr]    Compiling paste v1.0.5
[INFO] [stderr]    Compiling subtle v2.4.0
[INFO] [stderr]    Compiling whoami v1.1.2
[INFO] [stderr]    Compiling unicode_categories v0.1.1
[INFO] [stderr]    Compiling uuid v0.8.2
[INFO] [stderr]    Compiling byteorder v1.4.3
[INFO] [stderr]    Compiling hex v0.4.3
[INFO] [stderr]    Compiling serde v0.8.23
[INFO] [stderr]    Compiling language-tags v0.2.2
[INFO] [stderr]    Compiling linked-hash-map v0.5.4
[INFO] [stderr]    Compiling rust-ini v0.13.0
[INFO] [stderr]    Compiling tokio v1.5.0
[INFO] [stderr]    Compiling ahash v0.7.2
[INFO] [stderr]    Compiling crossbeam-utils v0.8.4
[INFO] [stderr]    Compiling nom v6.1.2
[INFO] [stderr]    Compiling indexmap v1.6.2
[INFO] [stderr]    Compiling time v0.2.26
[INFO] [stderr]    Compiling brotli-sys v0.3.2
[INFO] [stderr]    Compiling bytestring v1.0.0
[INFO] [stderr]    Compiling cookie v0.15.0
[INFO] [stderr]    Compiling nom v5.1.2
[INFO] [stderr]    Compiling actix-utils v3.0.0
[INFO] [stderr]    Compiling futures-channel v0.3.14
[INFO] [stderr]    Compiling yaml-rust v0.4.5
[INFO] [stderr]    Compiling hashbrown v0.9.1
[INFO] [stderr]    Compiling crc v1.8.1
[INFO] [stderr]    Compiling signal-hook-registry v1.3.0
[INFO] [stderr]    Compiling dirs-sys v0.3.6
[INFO] [stderr]    Compiling ring v0.16.20
[INFO] [stderr]    Compiling stringprep v0.1.2
[INFO] [stderr]    Compiling crypto-mac v0.10.0
[INFO] [stderr]    Compiling atoi v0.4.0
[INFO] [stderr]    Compiling num-traits v0.1.43
[INFO] [stderr]    Compiling url v2.2.2
[INFO] [stderr]    Compiling sha-1 v0.9.5
[INFO] [stderr]    Compiling md-5 v0.9.1
[INFO] [stderr]    Compiling sha2 v0.9.4
[INFO] [stderr]    Compiling chrono v0.4.19
[INFO] [stderr]    Compiling dirs v3.0.2
[INFO] [stderr]    Compiling hmac v0.10.1
[INFO] [stderr]    Compiling mio v0.7.11
[INFO] [stderr]    Compiling bitvec v0.19.5
[INFO] [stderr]    Compiling hashlink v0.6.0
[INFO] [stderr]    Compiling actix-service v2.0.0
[INFO] [stderr]    Compiling quote v1.0.9
[INFO] [stderr]    Compiling crossbeam-queue v0.3.1
[INFO] [stderr]    Compiling crossbeam-channel v0.5.1
[INFO] [stderr]    Compiling webpki v0.21.4
[INFO] [stderr]    Compiling sct v0.6.1
[INFO] [stderr]    Compiling rustls v0.19.1
[INFO] [stderr]    Compiling webpki-roots v0.21.1
[INFO] [stderr]    Compiling serde-hjson v0.9.1
[INFO] [stderr]    Compiling brotli2 v0.3.2
[INFO] [stderr]    Compiling tokio-util v0.6.6
[INFO] [stderr]    Compiling tokio-rustls v0.22.0
[INFO] [stderr]    Compiling tokio-stream v0.1.5
[INFO] [stderr]    Compiling actix-codec v0.4.0
[INFO] [stderr]    Compiling sqlformat v0.1.6
[INFO] [stderr]    Compiling serde_derive v1.0.125
[INFO] [stderr]    Compiling futures-macro v0.3.14
[INFO] [stderr]    Compiling actix-macros v0.2.0
[INFO] [stderr]    Compiling time-macros-impl v0.1.1
[INFO] [stderr]    Compiling thiserror-impl v1.0.24
[INFO] [stderr]    Compiling pin-project-internal v1.0.7
[INFO] [stderr]    Compiling derive_more v0.99.13
[INFO] [stderr]    Compiling actix-web-codegen v0.5.0-beta.2
[INFO] [stderr]    Compiling actix-rt v2.2.0
[INFO] [stderr]    Compiling sqlx-rt v0.5.2
[INFO] [stderr]    Compiling actix-server v2.0.0-beta.5
[INFO] [stderr]    Compiling time-macros v0.1.1
[INFO] [stderr]    Compiling futures-util v0.3.14
[INFO] [stderr]    Compiling thiserror v1.0.24
[INFO] [stderr]    Compiling pin-project v1.0.7
[INFO] [stderr]    Compiling futures-executor v0.3.14
[INFO] [stderr]    Compiling h2 v0.3.3
[INFO] [stderr]    Compiling local-channel v0.1.2
[INFO] [stderr]    Compiling actix-tls v3.0.0-beta.5
[INFO] [stderr]    Compiling futures v0.3.14
[INFO] [stderr]    Compiling toml v0.5.8
[INFO] [stderr]    Compiling actix-http v3.0.0-beta.6
[INFO] [stderr]    Compiling actix-router v0.2.7
[INFO] [stderr]    Compiling serde_urlencoded v0.7.0
[INFO] [stderr]    Compiling sqlx-core v0.5.2
[INFO] [stderr]    Compiling config v0.11.0
[INFO] [stderr]    Compiling actix-web v4.0.0-beta.6
[INFO] [stderr]    Compiling sqlx-macros v0.5.2
[INFO] [stderr]    Compiling sqlx v0.5.2
[INFO] [stderr]    Compiling hub v0.1.0 (/opt/rustwide/workdir)
[INFO] [stdout] warning: field is never read: `note`
[INFO] [stdout]  --> src/routes/notes.rs:5:5
[INFO] [stdout]   |
[INFO] [stdout] 5 |     note: String,
[INFO] [stdout]   |     ^^^^^^^^^^^^
[INFO] [stdout]   |
[INFO] [stdout]   = note: `#[warn(dead_code)]` on by default
[INFO] [stdout] 
[INFO] [stdout] 
[INFO] [stdout] warning: 1 warning emitted
[INFO] [stdout] 
[INFO] [stdout] 
[INFO] [stderr]     Finished dev [unoptimized + debuginfo] target(s) in 1m 23s
[INFO] running `Command { std: "docker" "inspect" "58825b132c327e7c96176d25184e7fe4ac73a07ac07eda8765db265ee0b8ca12", kill_on_drop: false }`
[INFO] running `Command { std: "docker" "rm" "-f" "58825b132c327e7c96176d25184e7fe4ac73a07ac07eda8765db265ee0b8ca12", kill_on_drop: false }`
[INFO] [stdout] 58825b132c327e7c96176d25184e7fe4ac73a07ac07eda8765db265ee0b8ca12
[INFO] running `Command { std: "docker" "create" "-v" "/var/lib/crater-agent-workspace/builds/worker-11/target:/opt/rustwide/target:rw,Z" "-v" "/var/lib/crater-agent-workspace/builds/worker-11/source:/opt/rustwide/workdir:ro,Z" "-v" "/var/lib/crater-agent-workspace/cargo-home:/opt/rustwide/cargo-home:ro,Z" "-v" "/var/lib/crater-agent-workspace/rustup-home:/opt/rustwide/rustup-home:ro,Z" "-e" "SOURCE_DIR=/opt/rustwide/workdir" "-e" "CARGO_TARGET_DIR=/opt/rustwide/target" "-e" "CARGO_INCREMENTAL=0" "-e" "RUST_BACKTRACE=full" "-e" "RUSTFLAGS=--cap-lints=warn" "-e" "CARGO_HOME=/opt/rustwide/cargo-home" "-e" "RUSTUP_HOME=/opt/rustwide/rustup-home" "-w" "/opt/rustwide/workdir" "-m" "1610612736" "--user" "0:0" "--network" "none" "ghcr.io/rust-lang/crates-build-env/linux@sha256:34b6a614d2c27851fe6cbf88fbd1137609cefab8b10d0615aaeb6fd47975d74e" "/opt/rustwide/cargo-home/bin/cargo" "+1.54.0" "test" "--frozen" "--no-run" "--message-format=json", kill_on_drop: false }`
[INFO] [stdout] ec456995c2118f60e8381302699785adb720733c776376f3787b3096341c4589
[INFO] running `Command { std: "docker" "start" "-a" "ec456995c2118f60e8381302699785adb720733c776376f3787b3096341c4589", kill_on_drop: false }`
[INFO] [stderr]    Compiling pkg-config v0.3.19
[INFO] [stderr]    Compiling openssl v0.10.34
[INFO] [stderr]    Compiling native-tls v0.2.7
[INFO] [stderr]    Compiling want v0.3.0
[INFO] [stderr]    Compiling http-body v0.4.2
[INFO] [stdout] warning: field is never read: `note`
[INFO] [stdout]  --> src/routes/notes.rs:5:5
[INFO] [stdout]   |
[INFO] [stdout] 5 |     note: String,
[INFO] [stdout]   |     ^^^^^^^^^^^^
[INFO] [stdout]   |
[INFO] [stdout]   = note: `#[warn(dead_code)]` on by default
[INFO] [stdout] 
[INFO] [stdout] 
[INFO] [stdout] warning: 1 warning emitted
[INFO] [stdout] 
[INFO] [stdout] 
[INFO] [stderr]    Compiling hyper v0.14.7
[INFO] [stderr]    Compiling openssl-sys v0.9.63
[INFO] [stderr]    Compiling tokio-native-tls v0.3.0
[INFO] [stderr]    Compiling hyper-tls v0.5.0
[INFO] [stderr]    Compiling reqwest v0.11.3
[INFO] [stderr]    Compiling hub v0.1.0 (/opt/rustwide/workdir)
[INFO] [stdout] warning: field is never read: `note`
[INFO] [stdout]  --> src/routes/notes.rs:5:5
[INFO] [stdout]   |
[INFO] [stdout] 5 |     note: String,
[INFO] [stdout]   |     ^^^^^^^^^^^^
[INFO] [stdout]   |
[INFO] [stdout]   = note: `#[warn(dead_code)]` on by default
[INFO] [stdout] 
[INFO] [stdout] 
[INFO] [stdout] warning: unused variable: `connection`
[INFO] [stdout]   --> tests/health_check.rs:27:13
[INFO] [stdout]    |
[INFO] [stdout] 27 |     let mut connection = PgConnection::connect(&connection_string)
[INFO] [stdout]    |             ^^^^^^^^^^ help: if this is intentional, prefix it with an underscore: `_connection`
[INFO] [stdout]    |
[INFO] [stdout]    = note: `#[warn(unused_variables)]` on by default
[INFO] [stdout] 
[INFO] [stdout] 
[INFO] [stdout] warning: variable does not need to be mutable
[INFO] [stdout]   --> tests/health_check.rs:27:9
[INFO] [stdout]    |
[INFO] [stdout] 27 |     let mut connection = PgConnection::connect(&connection_string)
[INFO] [stdout]    |         ----^^^^^^^^^^
[INFO] [stdout]    |         |
[INFO] [stdout]    |         help: remove this `mut`
[INFO] [stdout]    |
[INFO] [stdout]    = note: `#[warn(unused_mut)]` on by default
[INFO] [stdout] 
[INFO] [stdout] 
[INFO] [stdout] warning: 1 warning emitted
[INFO] [stdout] 
[INFO] [stdout] 
[INFO] [stdout] warning: 2 warnings emitted
[INFO] [stdout] 
[INFO] [stdout] 
[INFO] [stderr]     Finished test [unoptimized + debuginfo] target(s) in 27.12s
[INFO] running `Command { std: "docker" "inspect" "ec456995c2118f60e8381302699785adb720733c776376f3787b3096341c4589", kill_on_drop: false }`
[INFO] running `Command { std: "docker" "rm" "-f" "ec456995c2118f60e8381302699785adb720733c776376f3787b3096341c4589", kill_on_drop: false }`
[INFO] [stdout] ec456995c2118f60e8381302699785adb720733c776376f3787b3096341c4589
[INFO] running `Command { std: "docker" "create" "-v" "/var/lib/crater-agent-workspace/builds/worker-11/target:/opt/rustwide/target:rw,Z" "-v" "/var/lib/crater-agent-workspace/builds/worker-11/source:/opt/rustwide/workdir:ro,Z" "-v" "/var/lib/crater-agent-workspace/cargo-home:/opt/rustwide/cargo-home:ro,Z" "-v" "/var/lib/crater-agent-workspace/rustup-home:/opt/rustwide/rustup-home:ro,Z" "-e" "SOURCE_DIR=/opt/rustwide/workdir" "-e" "CARGO_TARGET_DIR=/opt/rustwide/target" "-e" "CARGO_INCREMENTAL=0" "-e" "RUST_BACKTRACE=full" "-e" "RUSTFLAGS=--cap-lints=warn" "-e" "CARGO_HOME=/opt/rustwide/cargo-home" "-e" "RUSTUP_HOME=/opt/rustwide/rustup-home" "-w" "/opt/rustwide/workdir" "-m" "1610612736" "--user" "0:0" "--network" "none" "ghcr.io/rust-lang/crates-build-env/linux@sha256:34b6a614d2c27851fe6cbf88fbd1137609cefab8b10d0615aaeb6fd47975d74e" "/opt/rustwide/cargo-home/bin/cargo" "+1.54.0" "test" "--frozen", kill_on_drop: false }`
[INFO] [stdout] 6c58c9770dc7d8f8b58fa32296afdb86db1bd1ac7f7028d0479325833252a237
[INFO] running `Command { std: "docker" "start" "-a" "6c58c9770dc7d8f8b58fa32296afdb86db1bd1ac7f7028d0479325833252a237", kill_on_drop: false }`
[INFO] [stderr] warning: field is never read: `note`
[INFO] [stderr]  --> src/routes/notes.rs:5:5
[INFO] [stderr]   |
[INFO] [stderr] 5 |     note: String,
[INFO] [stderr]   |     ^^^^^^^^^^^^
[INFO] [stderr]   |
[INFO] [stderr]   = note: `#[warn(dead_code)]` on by default
[INFO] [stderr] 
[INFO] [stderr] warning: 1 warning emitted
[INFO] [stderr] 
[INFO] [stderr] warning: field is never read: `note`
[INFO] [stderr]  --> src/routes/notes.rs:5:5
[INFO] [stderr]   |
[INFO] [stderr] 5 |     note: String,
[INFO] [stderr]   |     ^^^^^^^^^^^^
[INFO] [stderr]   |
[INFO] [stderr]   = note: `#[warn(dead_code)]` on by default
[INFO] [stderr] 
[INFO] [stderr] warning: 1 warning emitted
[INFO] [stderr] 
[INFO] [stderr] warning: unused variable: `connection`
[INFO] [stderr]   --> tests/health_check.rs:27:13
[INFO] [stderr]    |
[INFO] [stderr] 27 |     let mut connection = PgConnection::connect(&connection_string)
[INFO] [stderr]    |             ^^^^^^^^^^ help: if this is intentional, prefix it with an underscore: `_connection`
[INFO] [stderr]    |
[INFO] [stderr]    = note: `#[warn(unused_variables)]` on by default
[INFO] [stderr] 
[INFO] [stderr] warning: variable does not need to be mutable
[INFO] [stderr]   --> tests/health_check.rs:27:9
[INFO] [stderr]    |
[INFO] [stderr] 27 |     let mut connection = PgConnection::connect(&connection_string)
[INFO] [stderr]    |         ----^^^^^^^^^^
[INFO] [stderr]    |         |
[INFO] [stderr]    |         help: remove this `mut`
[INFO] [stderr]    |
[INFO] [stderr]    = note: `#[warn(unused_mut)]` on by default
[INFO] [stderr] 
[INFO] [stderr] warning: 2 warnings emitted
[INFO] [stderr] 
[INFO] [stderr]     Finished test [unoptimized + debuginfo] target(s) in 0.20s
[INFO] [stdout] 
[INFO] [stderr]      Running unittests (/opt/rustwide/target/debug/deps/hub-2add4740c570da54)
[INFO] [stdout] running 0 tests
[INFO] [stderr]      Running unittests (/opt/rustwide/target/debug/deps/hub-cbe2abc89542cb06)
[INFO] [stdout] 
[INFO] [stdout] test result: ok. 0 passed; 0 failed; 0 ignored; 0 measured; 0 filtered out; finished in 0.00s
[INFO] [stdout] 
[INFO] [stdout] 
[INFO] [stdout] running 0 tests
[INFO] [stdout] 
[INFO] [stdout] test result: ok. 0 passed; 0 failed; 0 ignored; 0 measured; 0 filtered out; finished in 0.00s
[INFO] [stdout] 
[INFO] [stderr]      Running tests/health_check.rs (/opt/rustwide/target/debug/deps/health_check-89353fc0217b830e)
[INFO] [stdout] 
[INFO] [stdout] running 3 tests
[INFO] [stdout] test add_note_returns_a_400_when_data_is_missing ... ok
[INFO] [stdout] test health_check_works ... ok
[INFO] [stdout] test add_note_returns_a_200_for_valid_form_data ... FAILED
[INFO] [stdout] 
[INFO] [stdout] failures:
[INFO] [stdout] 
[INFO] [stdout] ---- add_note_returns_a_200_for_valid_form_data stdout ----
[INFO] [stdout] thread 'add_note_returns_a_200_for_valid_form_data' panicked at 'Failed to connect to Postgres.: Io(Os { code: 99, kind: AddrNotAvailable, message: "Cannot assign requested address" })', tests/health_check.rs:29:10
[INFO] [stdout] stack backtrace:
[INFO] [stdout]    0:     0x563408245b70 - std::backtrace_rs::backtrace::libunwind::trace::h34055254b57d8e79
[INFO] [stdout]                                at /rustc/a178d0322ce20e33eac124758e837cbd80a6f633/library/std/src/../../backtrace/src/backtrace/libunwind.rs:90:5
[INFO] [stdout]    1:     0x563408245b70 - std::backtrace_rs::backtrace::trace_unsynchronized::h8f1e3fbd9afff6ec
[INFO] [stdout]                                at /rustc/a178d0322ce20e33eac124758e837cbd80a6f633/library/std/src/../../backtrace/src/backtrace/mod.rs:66:5
[INFO] [stdout]    2:     0x563408245b70 - std::sys_common::backtrace::_print_fmt::h3a99a796b770c360
[INFO] [stdout]                                at /rustc/a178d0322ce20e33eac124758e837cbd80a6f633/library/std/src/sys_common/backtrace.rs:67:5
[INFO] [stdout]    3:     0x563408245b70 - <std::sys_common::backtrace::_print::DisplayBacktrace as core::fmt::Display>::fmt::h32d1f94a80615d18
[INFO] [stdout]                                at /rustc/a178d0322ce20e33eac124758e837cbd80a6f633/library/std/src/sys_common/backtrace.rs:46:22
[INFO] [stdout]    4:     0x56340826af0c - core::fmt::write::h306731c068f7162c
[INFO] [stdout]                                at /rustc/a178d0322ce20e33eac124758e837cbd80a6f633/library/core/src/fmt/mod.rs:1110:17
[INFO] [stdout]    5:     0x56340823e8e5 - std::io::Write::write_fmt::h87f19b0a2cd190bc
[INFO] [stdout]                                at /rustc/a178d0322ce20e33eac124758e837cbd80a6f633/library/std/src/io/mod.rs:1588:15
[INFO] [stdout]    6:     0x563408247e4b - std::sys_common::backtrace::_print::h5abaa2601a852287
[INFO] [stdout]                                at /rustc/a178d0322ce20e33eac124758e837cbd80a6f633/library/std/src/sys_common/backtrace.rs:49:5
[INFO] [stdout]    7:     0x563408247e4b - std::sys_common::backtrace::print::h8d81445442bb638f
[INFO] [stdout]                                at /rustc/a178d0322ce20e33eac124758e837cbd80a6f633/library/std/src/sys_common/backtrace.rs:36:9
[INFO] [stdout]    8:     0x563408247e4b - std::panicking::default_hook::{{closure}}::hcfe804496a9fa747
[INFO] [stdout]                                at /rustc/a178d0322ce20e33eac124758e837cbd80a6f633/library/std/src/panicking.rs:208:50
[INFO] [stdout]    9:     0x56340824795c - std::panicking::default_hook::hbea8e3ccf2ba8901
[INFO] [stdout]                                at /rustc/a178d0322ce20e33eac124758e837cbd80a6f633/library/std/src/panicking.rs:222:9
[INFO] [stdout]   10:     0x563408248514 - std::panicking::rust_panic_with_hook::h7ee9e1a2d0f8975a
[INFO] [stdout]                                at /rustc/a178d0322ce20e33eac124758e837cbd80a6f633/library/std/src/panicking.rs:622:17
[INFO] [stdout]   11:     0x563408247ff7 - std::panicking::begin_panic_handler::{{closure}}::h8ab3b4491718b2c7
[INFO] [stdout]                                at /rustc/a178d0322ce20e33eac124758e837cbd80a6f633/library/std/src/panicking.rs:519:13
[INFO] [stdout]   12:     0x56340824606c - std::sys_common::backtrace::__rust_end_short_backtrace::hd489062ffa586a9f
[INFO] [stdout]                                at /rustc/a178d0322ce20e33eac124758e837cbd80a6f633/library/std/src/sys_common/backtrace.rs:141:18
[INFO] [stdout]   13:     0x563408247f59 - rust_begin_unwind
[INFO] [stdout]                                at /rustc/a178d0322ce20e33eac124758e837cbd80a6f633/library/std/src/panicking.rs:515:5
[INFO] [stdout]   14:     0x56340758fd31 - core::panicking::panic_fmt::hca6330e3e14086b4
[INFO] [stdout]                                at /rustc/a178d0322ce20e33eac124758e837cbd80a6f633/library/core/src/panicking.rs:92:14
[INFO] [stdout]   15:     0x56340758fe23 - core::result::unwrap_failed::h6160d2b4bfbb0e87
[INFO] [stdout]                                at /rustc/a178d0322ce20e33eac124758e837cbd80a6f633/library/core/src/result.rs:1355:5
[INFO] [stdout]   16:     0x56340759a8e5 - core::result::Result<T,E>::expect::he5f3e341e172b837
[INFO] [stdout]                                at /rustc/a178d0322ce20e33eac124758e837cbd80a6f633/library/core/src/result.rs:997:23
[INFO] [stdout]   17:     0x563407598bd6 - health_check::add_note_returns_a_200_for_valid_form_data::{{closure}}::heedde6fe20fdd9ca
[INFO] [stdout]                                at /opt/rustwide/workdir/tests/health_check.rs:27:26
[INFO] [stdout]   18:     0x5634075a879b - <core::future::from_generator::GenFuture<T> as core::future::future::Future>::poll::hef431aba68bea5c5
[INFO] [stdout]                                at /rustc/a178d0322ce20e33eac124758e837cbd80a6f633/library/core/src/future/mod.rs:80:19
[INFO] [stdout]   19:     0x5634075a0176 - <tokio::task::local::RunUntil<T> as core::future::future::Future>::poll::{{closure}}::{{closure}}::h1d12d7c11c246b4b
[INFO] [stdout]                                at /opt/rustwide/cargo-home/registry/src/github.com-1ecc6299db9ec823/tokio-1.5.0/src/task/local.rs:634:65
[INFO] [stdout]   20:     0x5634075a572c - tokio::coop::with_budget::{{closure}}::hff8600ea04371e16
[INFO] [stdout]                                at /opt/rustwide/cargo-home/registry/src/github.com-1ecc6299db9ec823/tokio-1.5.0/src/coop.rs:106:9
[INFO] [stdout]   21:     0x563407591cf1 - std::thread::local::LocalKey<T>::try_with::h86518f06068e9732
[INFO] [stdout]                                at /rustc/a178d0322ce20e33eac124758e837cbd80a6f633/library/std/src/thread/local.rs:400:16
[INFO] [stdout]   22:     0x56340759068d - std::thread::local::LocalKey<T>::with::h183c6232bedc8294
[INFO] [stdout]                                at /rustc/a178d0322ce20e33eac124758e837cbd80a6f633/library/std/src/thread/local.rs:376:9
[INFO] [stdout]   23:     0x56340759fdbb - tokio::coop::with_budget::h99c6364773174874
[INFO] [stdout]                                at /opt/rustwide/cargo-home/registry/src/github.com-1ecc6299db9ec823/tokio-1.5.0/src/coop.rs:99:5
[INFO] [stdout]   24:     0x56340759fdbb - tokio::coop::budget::h28745dd593f14c5f
[INFO] [stdout]                                at /opt/rustwide/cargo-home/registry/src/github.com-1ecc6299db9ec823/tokio-1.5.0/src/coop.rs:76:5
[INFO] [stdout]   25:     0x56340759fdbb - <tokio::task::local::RunUntil<T> as core::future::future::Future>::poll::{{closure}}::h514e2e91adb31f63
[INFO] [stdout]                                at /opt/rustwide/cargo-home/registry/src/github.com-1ecc6299db9ec823/tokio-1.5.0/src/task/local.rs:634:42
[INFO] [stdout]   26:     0x5634075a09ad - tokio::macros::scoped_tls::ScopedKey<T>::set::h984e0d9fc14261a8
[INFO] [stdout]                                at /opt/rustwide/cargo-home/registry/src/github.com-1ecc6299db9ec823/tokio-1.5.0/src/macros/scoped_tls.rs:61:9
[INFO] [stdout]   27:     0x56340759edaa - tokio::task::local::LocalSet::with::ha6876f2ab481e670
[INFO] [stdout]                                at /opt/rustwide/cargo-home/registry/src/github.com-1ecc6299db9ec823/tokio-1.5.0/src/task/local.rs:548:9
[INFO] [stdout]   28:     0x56340759f982 - <tokio::task::local::RunUntil<T> as core::future::future::Future>::poll::h9b439b3333ec0323
[INFO] [stdout]                                at /opt/rustwide/cargo-home/registry/src/github.com-1ecc6299db9ec823/tokio-1.5.0/src/task/local.rs:624:9
[INFO] [stdout]   29:     0x56340759f753 - tokio::task::local::LocalSet::run_until::{{closure}}::hde3277ec2fd88222
[INFO] [stdout]                                at /opt/rustwide/cargo-home/registry/src/github.com-1ecc6299db9ec823/tokio-1.5.0/src/task/local.rs:498:9
[INFO] [stdout]   30:     0x5634075a84db - <core::future::from_generator::GenFuture<T> as core::future::future::Future>::poll::h656a199165987a58
[INFO] [stdout]                                at /rustc/a178d0322ce20e33eac124758e837cbd80a6f633/library/core/src/future/mod.rs:80:19
[INFO] [stdout]   31:     0x56340759a1cf - <core::pin::Pin<P> as core::future::future::Future>::poll::hf144fafc2fa2eb43
[INFO] [stdout]                                at /rustc/a178d0322ce20e33eac124758e837cbd80a6f633/library/core/src/future/future.rs:119:9
[INFO] [stdout]   32:     0x563407594bc0 - tokio::runtime::basic_scheduler::Inner<P>::block_on::{{closure}}::{{closure}}::h8e9fa46d935373f9
[INFO] [stdout]                                at /opt/rustwide/cargo-home/registry/src/github.com-1ecc6299db9ec823/tokio-1.5.0/src/runtime/basic_scheduler.rs:213:62
[INFO] [stdout]   33:     0x5634075a4dac - tokio::coop::with_budget::{{closure}}::h6008b16c204fe61e
[INFO] [stdout]                                at /opt/rustwide/cargo-home/registry/src/github.com-1ecc6299db9ec823/tokio-1.5.0/src/coop.rs:106:9
[INFO] [stdout]   34:     0x5634075926f1 - std::thread::local::LocalKey<T>::try_with::heccec900933bfbdb
[INFO] [stdout]                                at /rustc/a178d0322ce20e33eac124758e837cbd80a6f633/library/std/src/thread/local.rs:400:16
[INFO] [stdout]   35:     0x563407590c9d - std::thread::local::LocalKey<T>::with::hedf77dc82356f59d
[INFO] [stdout]                                at /rustc/a178d0322ce20e33eac124758e837cbd80a6f633/library/std/src/thread/local.rs:376:9
[INFO] [stdout]   36:     0x56340759418c - tokio::coop::with_budget::h8e1a803fd078e04b
[INFO] [stdout]                                at /opt/rustwide/cargo-home/registry/src/github.com-1ecc6299db9ec823/tokio-1.5.0/src/coop.rs:99:5
[INFO] [stdout]   37:     0x56340759418c - tokio::coop::budget::h14269d9a248440e4
[INFO] [stdout]                                at /opt/rustwide/cargo-home/registry/src/github.com-1ecc6299db9ec823/tokio-1.5.0/src/coop.rs:76:5
[INFO] [stdout]   38:     0x56340759418c - tokio::runtime::basic_scheduler::Inner<P>::block_on::{{closure}}::hf527f4f3bec4e512
[INFO] [stdout]                                at /opt/rustwide/cargo-home/registry/src/github.com-1ecc6299db9ec823/tokio-1.5.0/src/runtime/basic_scheduler.rs:213:39
[INFO] [stdout]   39:     0x563407596881 - tokio::runtime::basic_scheduler::enter::{{closure}}::hf1f54f7a4b82b5e7
[INFO] [stdout]                                at /opt/rustwide/cargo-home/registry/src/github.com-1ecc6299db9ec823/tokio-1.5.0/src/runtime/basic_scheduler.rs:323:29
[INFO] [stdout]   40:     0x5634075a08bd - tokio::macros::scoped_tls::ScopedKey<T>::set::h27bd971756d6b475
[INFO] [stdout]                                at /opt/rustwide/cargo-home/registry/src/github.com-1ecc6299db9ec823/tokio-1.5.0/src/macros/scoped_tls.rs:61:9
[INFO] [stdout]   41:     0x56340759609c - tokio::runtime::basic_scheduler::enter::h4e62482d88f6ea0d
[INFO] [stdout]                                at /opt/rustwide/cargo-home/registry/src/github.com-1ecc6299db9ec823/tokio-1.5.0/src/runtime/basic_scheduler.rs:323:5
[INFO] [stdout]   42:     0x5634075928ab - tokio::runtime::basic_scheduler::Inner<P>::block_on::h9680b1821826547a
[INFO] [stdout]                                at /opt/rustwide/cargo-home/registry/src/github.com-1ecc6299db9ec823/tokio-1.5.0/src/runtime/basic_scheduler.rs:202:9
[INFO] [stdout]   43:     0x563407594f4c - tokio::runtime::basic_scheduler::InnerGuard<P>::block_on::h9a268ab35c6fb211
[INFO] [stdout]                                at /opt/rustwide/cargo-home/registry/src/github.com-1ecc6299db9ec823/tokio-1.5.0/src/runtime/basic_scheduler.rs:481:9
[INFO] [stdout]   44:     0x5634075957cc - tokio::runtime::basic_scheduler::BasicScheduler<P>::block_on::heb036aacb0a9d3e3
[INFO] [stdout]                                at /opt/rustwide/cargo-home/registry/src/github.com-1ecc6299db9ec823/tokio-1.5.0/src/runtime/basic_scheduler.rs:162:24
[INFO] [stdout]   45:     0x5634075a7b16 - tokio::runtime::Runtime::block_on::h92726b5df0fec279
[INFO] [stdout]                                at /opt/rustwide/cargo-home/registry/src/github.com-1ecc6299db9ec823/tokio-1.5.0/src/runtime/mod.rs:450:46
[INFO] [stdout]   46:     0x56340759efaa - tokio::task::local::LocalSet::block_on::hfd325ad15a4a8b03
[INFO] [stdout]                                at /opt/rustwide/cargo-home/registry/src/github.com-1ecc6299db9ec823/tokio-1.5.0/src/task/local.rs:459:9
[INFO] [stdout]   47:     0x5634075a1ce3 - actix_rt::runtime::Runtime::block_on::h9b1eca4dbe22066f
[INFO] [stdout]                                at /opt/rustwide/cargo-home/registry/src/github.com-1ecc6299db9ec823/actix-rt-2.2.0/src/runtime.rs:85:9
[INFO] [stdout]   48:     0x5634075a1c50 - actix_rt::system::SystemRunner::block_on::ha347c902ae79169b
[INFO] [stdout]                                at /opt/rustwide/cargo-home/registry/src/github.com-1ecc6299db9ec823/actix-rt-2.2.0/src/system.rs:186:9
[INFO] [stdout]   49:     0x563407598763 - health_check::add_note_returns_a_200_for_valid_form_data::hf4d7f2976da83c16
[INFO] [stdout]                                at /opt/rustwide/workdir/tests/health_check.rs:21:1
[INFO] [stdout]   50:     0x56340759870a - health_check::add_note_returns_a_200_for_valid_form_data::{{closure}}::h8629abf9197806e4
[INFO] [stdout]                                at /opt/rustwide/workdir/tests/health_check.rs:21:1
[INFO] [stdout]   51:     0x56340759d4ee - core::ops::function::FnOnce::call_once::h144b0799ed434656
[INFO] [stdout]                                at /rustc/a178d0322ce20e33eac124758e837cbd80a6f633/library/core/src/ops/function.rs:227:5
[INFO] [stdout]   52:     0x5634077aadb3 - core::ops::function::FnOnce::call_once::h152e7e439ff59e19
[INFO] [stdout]                                at /rustc/a178d0322ce20e33eac124758e837cbd80a6f633/library/core/src/ops/function.rs:227:5
[INFO] [stdout]   53:     0x5634077aadb3 - test::__rust_begin_short_backtrace::h0908f3b1fdbb72ab
[INFO] [stdout]                                at /rustc/a178d0322ce20e33eac124758e837cbd80a6f633/library/test/src/lib.rs:577:5
[INFO] [stdout]   54:     0x5634077a9870 - <alloc::boxed::Box<F,A> as core::ops::function::FnOnce<Args>>::call_once::hf6d2a51e5587546c
[INFO] [stdout]                                at /rustc/a178d0322ce20e33eac124758e837cbd80a6f633/library/alloc/src/boxed.rs:1575:9
[INFO] [stdout]   55:     0x5634077a9870 - <std::panic::AssertUnwindSafe<F> as core::ops::function::FnOnce<()>>::call_once::h8af660f3a89ef593
[INFO] [stdout]                                at /rustc/a178d0322ce20e33eac124758e837cbd80a6f633/library/std/src/panic.rs:347:9
[INFO] [stdout]   56:     0x5634077a9870 - std::panicking::try::do_call::hd36aef60f84b6d36
[INFO] [stdout]                                at /rustc/a178d0322ce20e33eac124758e837cbd80a6f633/library/std/src/panicking.rs:401:40
[INFO] [stdout]   57:     0x5634077a9870 - std::panicking::try::h9932b4480e69817c
[INFO] [stdout]                                at /rustc/a178d0322ce20e33eac124758e837cbd80a6f633/library/std/src/panicking.rs:365:19
[INFO] [stdout]   58:     0x5634077a9870 - std::panic::catch_unwind::h6aa177099cfff5f8
[INFO] [stdout]                                at /rustc/a178d0322ce20e33eac124758e837cbd80a6f633/library/std/src/panic.rs:434:14
[INFO] [stdout]   59:     0x5634077a9870 - test::run_test_in_process::h5884d6f2d99e20c3
[INFO] [stdout]                                at /rustc/a178d0322ce20e33eac124758e837cbd80a6f633/library/test/src/lib.rs:600:18
[INFO] [stdout]   60:     0x5634077a9870 - test::run_test::run_test_inner::{{closure}}::h6fdc58c6d5f5b6e3
[INFO] [stdout]                                at /rustc/a178d0322ce20e33eac124758e837cbd80a6f633/library/test/src/lib.rs:492:39
[INFO] [stdout]   61:     0x563407782f22 - test::run_test::run_test_inner::{{closure}}::h408365d67a78ade8
[INFO] [stdout]                                at /rustc/a178d0322ce20e33eac124758e837cbd80a6f633/library/test/src/lib.rs:519:37
[INFO] [stdout]   62:     0x563407782f22 - std::sys_common::backtrace::__rust_begin_short_backtrace::hb560b77c4f701523
[INFO] [stdout]                                at /rustc/a178d0322ce20e33eac124758e837cbd80a6f633/library/std/src/sys_common/backtrace.rs:125:18
[INFO] [stdout]   63:     0x563407786ad8 - std::thread::Builder::spawn_unchecked::{{closure}}::{{closure}}::hf2e7831dad93c597
[INFO] [stdout]                                at /rustc/a178d0322ce20e33eac124758e837cbd80a6f633/library/std/src/thread/mod.rs:481:17
[INFO] [stdout]   64:     0x563407786ad8 - <std::panic::AssertUnwindSafe<F> as core::ops::function::FnOnce<()>>::call_once::hd2e08783d8be4d02
[INFO] [stdout]                                at /rustc/a178d0322ce20e33eac124758e837cbd80a6f633/library/std/src/panic.rs:347:9
[INFO] [stdout]   65:     0x563407786ad8 - std::panicking::try::do_call::h062597b7acfd6b82
[INFO] [stdout]                                at /rustc/a178d0322ce20e33eac124758e837cbd80a6f633/library/std/src/panicking.rs:401:40
[INFO] [stdout]   66:     0x563407786ad8 - std::panicking::try::h0d7b79db04c14552
[INFO] [stdout]                                at /rustc/a178d0322ce20e33eac124758e837cbd80a6f633/library/std/src/panicking.rs:365:19
[INFO] [stdout]   67:     0x563407786ad8 - std::panic::catch_unwind::hb01a0b5e7c8cd43b
[INFO] [stdout]                                at /rustc/a178d0322ce20e33eac124758e837cbd80a6f633/library/std/src/panic.rs:434:14
[INFO] [stdout]   68:     0x563407786ad8 - std::thread::Builder::spawn_unchecked::{{closure}}::h5bde48cc887e0d1e
[INFO] [stdout]                                at /rustc/a178d0322ce20e33eac124758e837cbd80a6f633/library/std/src/thread/mod.rs:480:30
[INFO] [stdout]   69:     0x563407786ad8 - core::ops::function::FnOnce::call_once{{vtable.shim}}::h745ea30807a29e55
[INFO] [stdout]                                at /rustc/a178d0322ce20e33eac124758e837cbd80a6f633/library/core/src/ops/function.rs:227:5
[INFO] [stdout]   70:     0x56340824dbf7 - <alloc::boxed::Box<F,A> as core::ops::function::FnOnce<Args>>::call_once::h7ece6cfefaff1005
[INFO] [stdout]                                at /rustc/a178d0322ce20e33eac124758e837cbd80a6f633/library/alloc/src/boxed.rs:1575:9
[INFO] [stdout]   71:     0x56340824dbf7 - <alloc::boxed::Box<F,A> as core::ops::function::FnOnce<Args>>::call_once::hb8b48e55c21f193e
[INFO] [stdout]                                at /rustc/a178d0322ce20e33eac124758e837cbd80a6f633/library/alloc/src/boxed.rs:1575:9
[INFO] [stdout]   72:     0x56340824dbf7 - std::sys::unix::thread::Thread::new::thread_start::h8c7c4450dba62914
[INFO] [stdout]                                at /rustc/a178d0322ce20e33eac124758e837cbd80a6f633/library/std/src/sys/unix/thread.rs:71:17
[INFO] [stdout]   73:     0x7f3d1e1c0609 - start_thread
[INFO] [stdout]   74:     0x7f3d1df90293 - clone
[INFO] [stdout]   75:                0x0 - <unknown>
[INFO] [stdout] 
[INFO] [stdout] 
[INFO] [stdout] failures:
[INFO] [stdout]     add_note_returns_a_200_for_valid_form_data
[INFO] [stdout] 
[INFO] [stdout] test result: FAILED. 2 passed; 1 failed; 0 ignored; 0 measured; 0 filtered out; finished in 0.66s
[INFO] [stdout] 
[INFO] [stderr] error: test failed, to rerun pass '--test health_check'
[INFO] running `Command { std: "docker" "inspect" "6c58c9770dc7d8f8b58fa32296afdb86db1bd1ac7f7028d0479325833252a237", kill_on_drop: false }`
[INFO] running `Command { std: "docker" "rm" "-f" "6c58c9770dc7d8f8b58fa32296afdb86db1bd1ac7f7028d0479325833252a237", kill_on_drop: false }`
[INFO] [stdout] 6c58c9770dc7d8f8b58fa32296afdb86db1bd1ac7f7028d0479325833252a237
