[INFO] cloning repository https://github.com/Goodjooy/RsInfixExpressToSuffixExpress
[INFO] running `Command { std: "git" "-c" "credential.helper=" "-c" "credential.helper=/workspace/cargo-home/bin/git-credential-null" "clone" "--bare" "https://github.com/Goodjooy/RsInfixExpressToSuffixExpress" "/workspace/cache/git-repos/https%3A%2F%2Fgithub.com%2FGoodjooy%2FRsInfixExpressToSuffixExpress", kill_on_drop: false }`
[INFO] [stderr] Cloning into bare repository '/workspace/cache/git-repos/https%3A%2F%2Fgithub.com%2FGoodjooy%2FRsInfixExpressToSuffixExpress'...
[INFO] running `Command { std: "git" "rev-parse" "HEAD", kill_on_drop: false }`
[INFO] [stdout] 8582aa5f760e9219c64f0f90cacb937ba4108d34
[INFO] testing Goodjooy/RsInfixExpressToSuffixExpress against beta-2021-08-01 for beta-1.55-1
[INFO] running `Command { std: "git" "clone" "/workspace/cache/git-repos/https%3A%2F%2Fgithub.com%2FGoodjooy%2FRsInfixExpressToSuffixExpress" "/workspace/builds/worker-82/source", kill_on_drop: false }`
[INFO] [stderr] Cloning into '/workspace/builds/worker-82/source'...
[INFO] [stderr] done.
[INFO] validating manifest of git repo https://github.com/Goodjooy/RsInfixExpressToSuffixExpress on toolchain beta-2021-08-01
[INFO] running `Command { std: "/workspace/cargo-home/bin/cargo" "+beta-2021-08-01" "metadata" "--manifest-path" "Cargo.toml" "--no-deps", kill_on_drop: false }`
[INFO] started tweaking git repo https://github.com/Goodjooy/RsInfixExpressToSuffixExpress
[INFO] finished tweaking git repo https://github.com/Goodjooy/RsInfixExpressToSuffixExpress
[INFO] tweaked toml for git repo https://github.com/Goodjooy/RsInfixExpressToSuffixExpress written to /workspace/builds/worker-82/source/Cargo.toml
[INFO] crate git repo https://github.com/Goodjooy/RsInfixExpressToSuffixExpress already has a lockfile, it will not be regenerated
[INFO] running `Command { std: "/workspace/cargo-home/bin/cargo" "+beta-2021-08-01" "fetch" "--manifest-path" "Cargo.toml", kill_on_drop: false }`
[INFO] [stderr]     Blocking waiting for file lock on package cache
[INFO] [stderr]     Blocking waiting for file lock on package cache
[INFO] running `Command { std: "docker" "create" "-v" "/var/lib/crater-agent-workspace/builds/worker-82/target:/opt/rustwide/target:rw,Z" "-v" "/var/lib/crater-agent-workspace/builds/worker-82/source:/opt/rustwide/workdir:ro,Z" "-v" "/var/lib/crater-agent-workspace/cargo-home:/opt/rustwide/cargo-home:ro,Z" "-v" "/var/lib/crater-agent-workspace/rustup-home:/opt/rustwide/rustup-home:ro,Z" "-e" "SOURCE_DIR=/opt/rustwide/workdir" "-e" "CARGO_TARGET_DIR=/opt/rustwide/target" "-e" "CARGO_HOME=/opt/rustwide/cargo-home" "-e" "RUSTUP_HOME=/opt/rustwide/rustup-home" "-w" "/opt/rustwide/workdir" "-m" "1610612736" "--user" "0:0" "--network" "none" "ghcr.io/rust-lang/crates-build-env/linux@sha256:34b6a614d2c27851fe6cbf88fbd1137609cefab8b10d0615aaeb6fd47975d74e" "/opt/rustwide/cargo-home/bin/cargo" "+beta-2021-08-01" "metadata" "--no-deps" "--format-version=1", kill_on_drop: false }`
[INFO] [stdout] 03a7ff2af2e2df4ec659f30ba1f0abc81712dd864998f52d1fb76db17f1e9813
[INFO] running `Command { std: "docker" "start" "-a" "03a7ff2af2e2df4ec659f30ba1f0abc81712dd864998f52d1fb76db17f1e9813", kill_on_drop: false }`
[INFO] running `Command { std: "docker" "inspect" "03a7ff2af2e2df4ec659f30ba1f0abc81712dd864998f52d1fb76db17f1e9813", kill_on_drop: false }`
[INFO] running `Command { std: "docker" "rm" "-f" "03a7ff2af2e2df4ec659f30ba1f0abc81712dd864998f52d1fb76db17f1e9813", kill_on_drop: false }`
[INFO] [stdout] 03a7ff2af2e2df4ec659f30ba1f0abc81712dd864998f52d1fb76db17f1e9813
[INFO] running `Command { std: "docker" "create" "-v" "/var/lib/crater-agent-workspace/builds/worker-82/target:/opt/rustwide/target:rw,Z" "-v" "/var/lib/crater-agent-workspace/builds/worker-82/source:/opt/rustwide/workdir:ro,Z" "-v" "/var/lib/crater-agent-workspace/cargo-home:/opt/rustwide/cargo-home:ro,Z" "-v" "/var/lib/crater-agent-workspace/rustup-home:/opt/rustwide/rustup-home:ro,Z" "-e" "SOURCE_DIR=/opt/rustwide/workdir" "-e" "CARGO_TARGET_DIR=/opt/rustwide/target" "-e" "CARGO_INCREMENTAL=0" "-e" "RUST_BACKTRACE=full" "-e" "RUSTFLAGS=--cap-lints=warn" "-e" "CARGO_HOME=/opt/rustwide/cargo-home" "-e" "RUSTUP_HOME=/opt/rustwide/rustup-home" "-w" "/opt/rustwide/workdir" "-m" "1610612736" "--user" "0:0" "--network" "none" "ghcr.io/rust-lang/crates-build-env/linux@sha256:34b6a614d2c27851fe6cbf88fbd1137609cefab8b10d0615aaeb6fd47975d74e" "/opt/rustwide/cargo-home/bin/cargo" "+beta-2021-08-01" "build" "--frozen" "--message-format=json", kill_on_drop: false }`
[INFO] [stdout] 96ed4a273d97275b56f0d3168716d3ebd681682b6427a0960403537a36397bd8
[INFO] running `Command { std: "docker" "start" "-a" "96ed4a273d97275b56f0d3168716d3ebd681682b6427a0960403537a36397bd8", kill_on_drop: false }`
[INFO] [stderr]     Blocking waiting for file lock on package cache
[INFO] [stderr]    Compiling sufix_express v0.1.0 (/opt/rustwide/workdir)
[INFO] [stdout] warning: unused import: `std::slice::Iter`
[INFO] [stdout]  --> src/anaylze/lexical/mod.rs:1:5
[INFO] [stdout]   |
[INFO] [stdout] 1 | use std::slice::Iter;
[INFO] [stdout]   |     ^^^^^^^^^^^^^^^^
[INFO] [stdout]   |
[INFO] [stdout]   = note: `#[warn(unused_imports)]` on by default
[INFO] [stdout] 
[INFO] [stdout] 
[INFO] [stdout] warning: unused import: `crate::status`
[INFO] [stdout]  --> src/anaylze/lexical/mod.rs:5:5
[INFO] [stdout]   |
[INFO] [stdout] 5 | use crate::status;
[INFO] [stdout]   |     ^^^^^^^^^^^^^
[INFO] [stdout] 
[INFO] [stdout] 
[INFO] [stdout] warning: unused import: `Final`
[INFO] [stdout]  --> src/anaylze/syntax/expr.rs:1:25
[INFO] [stdout]   |
[INFO] [stdout] 1 | use super::{Data, Expr, Final, Item, Iter};
[INFO] [stdout]   |                         ^^^^^
[INFO] [stdout] 
[INFO] [stdout] 
[INFO] [stdout] warning: unused variable: `s`
[INFO] [stdout]   --> src/anaylze/lexical/do_anaylze.rs:81:46
[INFO] [stdout]    |
[INFO] [stdout] 81 |             f_number.parse().unwrap_or_else(|s| -> f64 { 0.0 }),
[INFO] [stdout]    |                                              ^ help: if this is intentional, prefix it with an underscore: `_s`
[INFO] [stdout]    |
[INFO] [stdout]    = note: `#[warn(unused_variables)]` on by default
[INFO] [stdout] 
[INFO] [stdout] 
[INFO] [stdout] warning: unused variable: `num`
[INFO] [stdout]   --> src/anaylze/syntax/factor.rs:34:38
[INFO] [stdout]    |
[INFO] [stdout] 34 |         } else if let Data::NumFloat(num) = data {
[INFO] [stdout]    |                                      ^^^ help: if this is intentional, prefix it with an underscore: `_num`
[INFO] [stdout] 
[INFO] [stdout] 
[INFO] [stdout] warning: variant is never constructed: `PostiveSign`
[INFO] [stdout]  --> src/digit.rs:7:5
[INFO] [stdout]   |
[INFO] [stdout] 7 |     PostiveSign,
[INFO] [stdout]   |     ^^^^^^^^^^^
[INFO] [stdout]   |
[INFO] [stdout]   = note: `#[warn(dead_code)]` on by default
[INFO] [stdout] 
[INFO] [stdout] 
[INFO] [stdout] warning: variant is never constructed: `NegativeSign`
[INFO] [stdout]  --> src/digit.rs:8:5
[INFO] [stdout]   |
[INFO] [stdout] 8 |     NegativeSign,
[INFO] [stdout]   |     ^^^^^^^^^^^^
[INFO] [stdout] 
[INFO] [stdout] 
[INFO] [stdout] warning: variant is never constructed: `Num`
[INFO] [stdout]  --> src/digit.rs:9:5
[INFO] [stdout]   |
[INFO] [stdout] 9 |     Num(i32),
[INFO] [stdout]   |     ^^^^^^^^
[INFO] [stdout] 
[INFO] [stdout] 
[INFO] [stdout] warning: associated function is never used: `to_digit`
[INFO] [stdout]   --> src/digit.rs:13:12
[INFO] [stdout]    |
[INFO] [stdout] 13 |     pub fn to_digit(last_exp: Express, ch: char) -> Express {
[INFO] [stdout]    |            ^^^^^^^^
[INFO] [stdout] 
[INFO] [stdout] 
[INFO] [stdout] warning: associated function is never used: `new`
[INFO] [stdout]   --> src/digit.rs:27:12
[INFO] [stdout]    |
[INFO] [stdout] 27 |     pub fn new(last_exp: Express, num: i32) -> Express {
[INFO] [stdout]    |            ^^^
[INFO] [stdout] 
[INFO] [stdout] 
[INFO] [stdout] warning: associated function is never used: `item_update`
[INFO] [stdout]   --> src/digit.rs:50:8
[INFO] [stdout]    |
[INFO] [stdout] 50 |     fn item_update(item: &Item, num: i32) -> i32 {
[INFO] [stdout]    |        ^^^^^^^^^^^
[INFO] [stdout] 
[INFO] [stdout] 
[INFO] [stdout] warning: associated function is never used: `factor_update`
[INFO] [stdout]   --> src/digit.rs:60:8
[INFO] [stdout]    |
[INFO] [stdout] 60 |     fn factor_update(fac: &Factor, num: i32) -> i32 {
[INFO] [stdout]    |        ^^^^^^^^^^^^^
[INFO] [stdout] 
[INFO] [stdout] 
[INFO] [stdout] warning: variant is never constructed: `Nil`
[INFO] [stdout]  --> src/express.rs:6:5
[INFO] [stdout]   |
[INFO] [stdout] 6 |     Nil,
[INFO] [stdout]   |     ^^^
[INFO] [stdout] 
[INFO] [stdout] 
[INFO] [stdout] warning: variant is never constructed: `Add`
[INFO] [stdout]  --> src/express.rs:7:5
[INFO] [stdout]   |
[INFO] [stdout] 7 |     Add(Box<Express>, Item),
[INFO] [stdout]   |     ^^^^^^^^^^^^^^^^^^^^^^^
[INFO] [stdout] 
[INFO] [stdout] 
[INFO] [stdout] warning: variant is never constructed: `Min`
[INFO] [stdout]  --> src/express.rs:8:5
[INFO] [stdout]   |
[INFO] [stdout] 8 |     Min(Box<Express>, Item),
[INFO] [stdout]   |     ^^^^^^^^^^^^^^^^^^^^^^^
[INFO] [stdout] 
[INFO] [stdout] 
[INFO] [stdout] warning: variant is never constructed: `Item`
[INFO] [stdout]  --> src/express.rs:9:5
[INFO] [stdout]   |
[INFO] [stdout] 9 |     Item(Item),
[INFO] [stdout]   |     ^^^^^^^^^^
[INFO] [stdout] 
[INFO] [stdout] 
[INFO] [stdout] warning: associated function is never used: `add_sign`
[INFO] [stdout]   --> src/express.rs:13:12
[INFO] [stdout]    |
[INFO] [stdout] 13 |     pub fn add_sign(last_exp: Express) -> Express {
[INFO] [stdout]    |            ^^^^^^^^
[INFO] [stdout] 
[INFO] [stdout] 
[INFO] [stdout] warning: associated function is never used: `min_sign`
[INFO] [stdout]   --> src/express.rs:28:12
[INFO] [stdout]    |
[INFO] [stdout] 28 |     pub fn min_sign(last_exp: Express) -> Express {
[INFO] [stdout]    |            ^^^^^^^^
[INFO] [stdout] 
[INFO] [stdout] 
[INFO] [stdout] warning: variant is never constructed: `Expect`
[INFO] [stdout]  --> src/factor.rs:5:5
[INFO] [stdout]   |
[INFO] [stdout] 5 |     Expect,
[INFO] [stdout]   |     ^^^^^^
[INFO] [stdout] 
[INFO] [stdout] 
[INFO] [stdout] warning: variant is never constructed: `Digit`
[INFO] [stdout]  --> src/factor.rs:6:5
[INFO] [stdout]   |
[INFO] [stdout] 6 |     Digit(Digit),
[INFO] [stdout]   |     ^^^^^^^^^^^^
[INFO] [stdout] 
[INFO] [stdout] 
[INFO] [stdout] warning: variant is never constructed: `PackItem`
[INFO] [stdout]  --> src/factor.rs:7:5
[INFO] [stdout]   |
[INFO] [stdout] 7 |     PackItem(Box<Item>),
[INFO] [stdout]   |     ^^^^^^^^^^^^^^^^^^^
[INFO] [stdout] 
[INFO] [stdout] 
[INFO] [stdout] warning: associated function is never used: `to_factor`
[INFO] [stdout]   --> src/factor.rs:11:12
[INFO] [stdout]    |
[INFO] [stdout] 11 |     pub fn to_factor(num: i32) -> Factor {
[INFO] [stdout]    |            ^^^^^^^^^
[INFO] [stdout] 
[INFO] [stdout] 
[INFO] [stdout] warning: variant is never constructed: `Nil`
[INFO] [stdout]  --> src/item.rs:5:5
[INFO] [stdout]   |
[INFO] [stdout] 5 |     Nil,
[INFO] [stdout]   |     ^^^
[INFO] [stdout] 
[INFO] [stdout] 
[INFO] [stdout] warning: variant is never constructed: `Produce`
[INFO] [stdout]  --> src/item.rs:6:5
[INFO] [stdout]   |
[INFO] [stdout] 6 |     Produce(Box<Item>, Factor),
[INFO] [stdout]   |     ^^^^^^^^^^^^^^^^^^^^^^^^^^
[INFO] [stdout] 
[INFO] [stdout] 
[INFO] [stdout] warning: variant is never constructed: `Divide`
[INFO] [stdout]  --> src/item.rs:7:5
[INFO] [stdout]   |
[INFO] [stdout] 7 |     Divide(Box<Item>, Factor),
[INFO] [stdout]   |     ^^^^^^^^^^^^^^^^^^^^^^^^^
[INFO] [stdout] 
[INFO] [stdout] 
[INFO] [stdout] warning: variant is never constructed: `Factor`
[INFO] [stdout]  --> src/item.rs:8:5
[INFO] [stdout]   |
[INFO] [stdout] 8 |     Factor(Factor),
[INFO] [stdout]   |     ^^^^^^^^^^^^^^
[INFO] [stdout] 
[INFO] [stdout] 
[INFO] [stdout] warning: variant is never constructed: `PackExp`
[INFO] [stdout]   --> src/item.rs:10:5
[INFO] [stdout]    |
[INFO] [stdout] 10 |     PackExp(Box<Express>),
[INFO] [stdout]    |     ^^^^^^^^^^^^^^^^^^^^^
[INFO] [stdout] 
[INFO] [stdout] 
[INFO] [stdout] warning: associated function is never used: `update_item`
[INFO] [stdout]   --> src/item.rs:14:12
[INFO] [stdout]    |
[INFO] [stdout] 14 |     pub fn update_item(num:i32,item:Item)->Item{
[INFO] [stdout]    |            ^^^^^^^^^^^
[INFO] [stdout] 
[INFO] [stdout] 
[INFO] [stdout] warning: associated function is never used: `to_item`
[INFO] [stdout]   --> src/item.rs:22:12
[INFO] [stdout]    |
[INFO] [stdout] 22 |     pub fn to_item(num: i32) -> Item {
[INFO] [stdout]    |            ^^^^^^^
[INFO] [stdout] 
[INFO] [stdout] 
[INFO] [stdout] warning: associated function is never used: `pack_opt`
[INFO] [stdout]   --> src/item.rs:26:12
[INFO] [stdout]    |
[INFO] [stdout] 26 |     pub fn pack_opt<F>(last_exp: Express, fun: F) -> Express
[INFO] [stdout]    |            ^^^^^^^^
[INFO] [stdout] 
[INFO] [stdout] 
[INFO] [stdout] warning: associated function is never used: `produce_sign`
[INFO] [stdout]   --> src/item.rs:43:12
[INFO] [stdout]    |
[INFO] [stdout] 43 |     pub fn produce_sign(last_exp: Item) -> Item {
[INFO] [stdout]    |            ^^^^^^^^^^^^
[INFO] [stdout] 
[INFO] [stdout] 
[INFO] [stdout] warning: associated function is never used: `divide_sign`
[INFO] [stdout]   --> src/item.rs:46:12
[INFO] [stdout]    |
[INFO] [stdout] 46 |     pub fn divide_sign(last_exp: Item) -> Item {
[INFO] [stdout]    |            ^^^^^^^^^^^
[INFO] [stdout] 
[INFO] [stdout] 
[INFO] [stdout] warning: variant is never constructed: `Init`
[INFO] [stdout]  --> src/status.rs:8:5
[INFO] [stdout]   |
[INFO] [stdout] 8 |     Init,
[INFO] [stdout]   |     ^^^^
[INFO] [stdout] 
[INFO] [stdout] 
[INFO] [stdout] warning: variant is never constructed: `LoadNum`
[INFO] [stdout]   --> src/status.rs:10:5
[INFO] [stdout]    |
[INFO] [stdout] 10 |     LoadNum,
[INFO] [stdout]    |     ^^^^^^^
[INFO] [stdout] 
[INFO] [stdout] 
[INFO] [stdout] warning: variant is never constructed: `Add`
[INFO] [stdout]   --> src/status.rs:12:5
[INFO] [stdout]    |
[INFO] [stdout] 12 |     Add,
[INFO] [stdout]    |     ^^^
[INFO] [stdout] 
[INFO] [stdout] 
[INFO] [stdout] warning: variant is never constructed: `Min`
[INFO] [stdout]   --> src/status.rs:13:5
[INFO] [stdout]    |
[INFO] [stdout] 13 |     Min,
[INFO] [stdout]    |     ^^^
[INFO] [stdout] 
[INFO] [stdout] 
[INFO] [stdout] warning: variant is never constructed: `Produce`
[INFO] [stdout]   --> src/status.rs:14:5
[INFO] [stdout]    |
[INFO] [stdout] 14 |     Produce,
[INFO] [stdout]    |     ^^^^^^^
[INFO] [stdout] 
[INFO] [stdout] 
[INFO] [stdout] warning: variant is never constructed: `Divide`
[INFO] [stdout]   --> src/status.rs:15:5
[INFO] [stdout]    |
[INFO] [stdout] 15 |     Divide,
[INFO] [stdout]    |     ^^^^^^
[INFO] [stdout] 
[INFO] [stdout] 
[INFO] [stdout] warning: variant is never constructed: `SubProcess`
[INFO] [stdout]   --> src/status.rs:17:5
[INFO] [stdout]    |
[INFO] [stdout] 17 |     SubProcess,
[INFO] [stdout]    |     ^^^^^^^^^^
[INFO] [stdout] 
[INFO] [stdout] 
[INFO] [stdout] warning: variant is never constructed: `ExitProcess`
[INFO] [stdout]   --> src/status.rs:18:5
[INFO] [stdout]    |
[INFO] [stdout] 18 |     ExitProcess,
[INFO] [stdout]    |     ^^^^^^^^^^^
[INFO] [stdout] 
[INFO] [stdout] 
[INFO] [stdout] warning: variant is never constructed: `SyntaxError`
[INFO] [stdout]   --> src/status.rs:20:5
[INFO] [stdout]    |
[INFO] [stdout] 20 |     SyntaxError,
[INFO] [stdout]    |     ^^^^^^^^^^^
[INFO] [stdout] 
[INFO] [stdout] 
[INFO] [stdout] warning: variant is never constructed: `Parenthesis`
[INFO] [stdout]   --> src/status.rs:24:5
[INFO] [stdout]    |
[INFO] [stdout] 24 |     Parenthesis(Status), //小括号
[INFO] [stdout]    |     ^^^^^^^^^^^^^^^^^^^
[INFO] [stdout] 
[INFO] [stdout] 
[INFO] [stdout] warning: associated function is never used: `new`
[INFO] [stdout]   --> src/status.rs:30:12
[INFO] [stdout]    |
[INFO] [stdout] 30 |     pub fn new() -> StatusMachin {
[INFO] [stdout]    |            ^^^
[INFO] [stdout] 
[INFO] [stdout] 
[INFO] [stdout] warning: associated function is never used: `switch_status`
[INFO] [stdout]   --> src/status.rs:37:12
[INFO] [stdout]    |
[INFO] [stdout] 37 |     pub fn switch_status(mut self, next_char: char) -> Self {
[INFO] [stdout]    |            ^^^^^^^^^^^^^
[INFO] [stdout] 
[INFO] [stdout] 
[INFO] [stdout] warning: associated function is never used: `is_recive`
[INFO] [stdout]    --> src/status.rs:175:12
[INFO] [stdout]     |
[INFO] [stdout] 175 |     pub fn is_recive(&self) -> bool {
[INFO] [stdout]     |            ^^^^^^^^^
[INFO] [stdout] 
[INFO] [stdout] 
[INFO] [stdout] warning: associated function is never used: `get_status`
[INFO] [stdout]    --> src/status.rs:179:12
[INFO] [stdout]     |
[INFO] [stdout] 179 |     pub fn get_status(&self) -> &Status {
[INFO] [stdout]     |            ^^^^^^^^^^
[INFO] [stdout] 
[INFO] [stdout] 
[INFO] [stdout] warning: associated function is never used: `new`
[INFO] [stdout]   --> src/anaylze/lexical/iter.rs:41:12
[INFO] [stdout]    |
[INFO] [stdout] 41 |     pub fn new(data: Vec<LexicalData>) -> LexicalDataIter {
[INFO] [stdout]    |            ^^^
[INFO] [stdout] 
[INFO] [stdout] 
[INFO] [stdout] warning: constant is never used: `SINGLE_SIGNS`
[INFO] [stdout]  --> src/anaylze/lexical/do_anaylze.rs:4:1
[INFO] [stdout]   |
[INFO] [stdout] 4 | const SINGLE_SIGNS: [&str; 9] = ["{", "}", "[", "]", "(", ")", ":", ".", ";"];
[INFO] [stdout]   | ^^^^^^^^^^^^^^^^^^^^^^^^^^^^^^^^^^^^^^^^^^^^^^^^^^^^^^^^^^^^^^^^^^^^^^^^^^^^^^
[INFO] [stdout] 
[INFO] [stdout] 
[INFO] [stdout] warning: constant is never used: `EXCPT_SIGNS`
[INFO] [stdout]  --> src/anaylze/lexical/do_anaylze.rs:5:1
[INFO] [stdout]   |
[INFO] [stdout] 5 | const EXCPT_SIGNS: [&str; 5] = [",", "$", "#", "@", "~"];
[INFO] [stdout]   | ^^^^^^^^^^^^^^^^^^^^^^^^^^^^^^^^^^^^^^^^^^^^^^^^^^^^^^^^^
[INFO] [stdout] 
[INFO] [stdout] 
[INFO] [stdout] warning: variant is never constructed: `Nil`
[INFO] [stdout]   --> src/anaylze/lexical/mod.rs:31:5
[INFO] [stdout]    |
[INFO] [stdout] 31 |     Nil,
[INFO] [stdout]    |     ^^^
[INFO] [stdout] 
[INFO] [stdout] 
[INFO] [stdout] warning: variant is never constructed: `Sign`
[INFO] [stdout]   --> src/anaylze/syntax/mod.rs:47:5
[INFO] [stdout]    |
[INFO] [stdout] 47 |     Sign(isize),
[INFO] [stdout]    |     ^^^^^^^^^^^
[INFO] [stdout] 
[INFO] [stdout] 
[INFO] [stdout] warning: variant is never constructed: `Nil`
[INFO] [stdout]   --> src/anaylze/syntax/mod.rs:53:5
[INFO] [stdout]    |
[INFO] [stdout] 53 |     Nil,
[INFO] [stdout]    |     ^^^
[INFO] [stdout] 
[INFO] [stdout] 
[INFO] [stdout] warning: variant is never constructed: `Expr`
[INFO] [stdout]   --> src/anaylze/syntax/mod.rs:54:5
[INFO] [stdout]    |
[INFO] [stdout] 54 |     Expr(Expr),
[INFO] [stdout]    |     ^^^^^^^^^^
[INFO] [stdout] 
[INFO] [stdout] 
[INFO] [stdout] warning: struct is never constructed: `Anaylzer`
[INFO] [stdout]  --> src/anaylze/mod.rs:6:12
[INFO] [stdout]   |
[INFO] [stdout] 6 | pub struct Anaylzer{
[INFO] [stdout]   |            ^^^^^^^^
[INFO] [stdout] 
[INFO] [stdout] 
[INFO] [stdout] warning: function is never used: `anayles`
[INFO] [stdout]   --> src/main.rs:74:4
[INFO] [stdout]    |
[INFO] [stdout] 74 | fn anayles(in_str: &mut std::str::Chars, status: StatusMachin) -> (Option<Express>, StatusMachin) {
[INFO] [stdout]    |    ^^^^^^^
[INFO] [stdout] 
[INFO] [stdout] 
[INFO] [stdout] warning: 55 warnings emitted
[INFO] [stdout] 
[INFO] [stdout] 
[INFO] [stderr]     Finished dev [unoptimized + debuginfo] target(s) in 2.41s
[INFO] running `Command { std: "docker" "inspect" "96ed4a273d97275b56f0d3168716d3ebd681682b6427a0960403537a36397bd8", kill_on_drop: false }`
[INFO] running `Command { std: "docker" "rm" "-f" "96ed4a273d97275b56f0d3168716d3ebd681682b6427a0960403537a36397bd8", kill_on_drop: false }`
[INFO] [stdout] 96ed4a273d97275b56f0d3168716d3ebd681682b6427a0960403537a36397bd8
[INFO] running `Command { std: "docker" "create" "-v" "/var/lib/crater-agent-workspace/builds/worker-82/target:/opt/rustwide/target:rw,Z" "-v" "/var/lib/crater-agent-workspace/builds/worker-82/source:/opt/rustwide/workdir:ro,Z" "-v" "/var/lib/crater-agent-workspace/cargo-home:/opt/rustwide/cargo-home:ro,Z" "-v" "/var/lib/crater-agent-workspace/rustup-home:/opt/rustwide/rustup-home:ro,Z" "-e" "SOURCE_DIR=/opt/rustwide/workdir" "-e" "CARGO_TARGET_DIR=/opt/rustwide/target" "-e" "CARGO_INCREMENTAL=0" "-e" "RUST_BACKTRACE=full" "-e" "RUSTFLAGS=--cap-lints=warn" "-e" "CARGO_HOME=/opt/rustwide/cargo-home" "-e" "RUSTUP_HOME=/opt/rustwide/rustup-home" "-w" "/opt/rustwide/workdir" "-m" "1610612736" "--user" "0:0" "--network" "none" "ghcr.io/rust-lang/crates-build-env/linux@sha256:34b6a614d2c27851fe6cbf88fbd1137609cefab8b10d0615aaeb6fd47975d74e" "/opt/rustwide/cargo-home/bin/cargo" "+beta-2021-08-01" "test" "--frozen" "--no-run" "--message-format=json", kill_on_drop: false }`
[INFO] [stdout] 51d33d4fd8f949d63e844e8d0c0e8a078de28f325b6ddf080683008bba3d3cdd
[INFO] running `Command { std: "docker" "start" "-a" "51d33d4fd8f949d63e844e8d0c0e8a078de28f325b6ddf080683008bba3d3cdd", kill_on_drop: false }`
[INFO] [stderr]     Blocking waiting for file lock on package cache
[INFO] [stderr]    Compiling sufix_express v0.1.0 (/opt/rustwide/workdir)
[INFO] [stdout] warning: unused import: `std::slice::Iter`
[INFO] [stdout]  --> src/anaylze/lexical/mod.rs:1:5
[INFO] [stdout]   |
[INFO] [stdout] 1 | use std::slice::Iter;
[INFO] [stdout]   |     ^^^^^^^^^^^^^^^^
[INFO] [stdout]   |
[INFO] [stdout]   = note: `#[warn(unused_imports)]` on by default
[INFO] [stdout] 
[INFO] [stdout] 
[INFO] [stdout] warning: unused import: `crate::status`
[INFO] [stdout]  --> src/anaylze/lexical/mod.rs:5:5
[INFO] [stdout]   |
[INFO] [stdout] 5 | use crate::status;
[INFO] [stdout]   |     ^^^^^^^^^^^^^
[INFO] [stdout] 
[INFO] [stdout] 
[INFO] [stdout] warning: unused import: `Final`
[INFO] [stdout]  --> src/anaylze/syntax/expr.rs:1:25
[INFO] [stdout]   |
[INFO] [stdout] 1 | use super::{Data, Expr, Final, Item, Iter};
[INFO] [stdout]   |                         ^^^^^
[INFO] [stdout] 
[INFO] [stdout] 
[INFO] [stdout] warning: unused variable: `s`
[INFO] [stdout]   --> src/anaylze/lexical/do_anaylze.rs:81:46
[INFO] [stdout]    |
[INFO] [stdout] 81 |             f_number.parse().unwrap_or_else(|s| -> f64 { 0.0 }),
[INFO] [stdout]    |                                              ^ help: if this is intentional, prefix it with an underscore: `_s`
[INFO] [stdout]    |
[INFO] [stdout]    = note: `#[warn(unused_variables)]` on by default
[INFO] [stdout] 
[INFO] [stdout] 
[INFO] [stdout] warning: unused variable: `key`
[INFO] [stdout]    --> src/anaylze/lexical/do_anaylze.rs:214:21
[INFO] [stdout]     |
[INFO] [stdout] 214 |         let temp = |key: &String| -> Option<LexicalData> { None };
[INFO] [stdout]     |                     ^^^ help: if this is intentional, prefix it with an underscore: `_key`
[INFO] [stdout] 
[INFO] [stdout] 
[INFO] [stdout] warning: unused variable: `num`
[INFO] [stdout]   --> src/anaylze/syntax/factor.rs:34:38
[INFO] [stdout]    |
[INFO] [stdout] 34 |         } else if let Data::NumFloat(num) = data {
[INFO] [stdout]    |                                      ^^^ help: if this is intentional, prefix it with an underscore: `_num`
[INFO] [stdout] 
[INFO] [stdout] 
[INFO] [stdout] warning: variant is never constructed: `PostiveSign`
[INFO] [stdout]  --> src/digit.rs:7:5
[INFO] [stdout]   |
[INFO] [stdout] 7 |     PostiveSign,
[INFO] [stdout]   |     ^^^^^^^^^^^
[INFO] [stdout]   |
[INFO] [stdout]   = note: `#[warn(dead_code)]` on by default
[INFO] [stdout] 
[INFO] [stdout] 
[INFO] [stdout] warning: variant is never constructed: `NegativeSign`
[INFO] [stdout]  --> src/digit.rs:8:5
[INFO] [stdout]   |
[INFO] [stdout] 8 |     NegativeSign,
[INFO] [stdout]   |     ^^^^^^^^^^^^
[INFO] [stdout] 
[INFO] [stdout] 
[INFO] [stdout] warning: variant is never constructed: `Num`
[INFO] [stdout]  --> src/digit.rs:9:5
[INFO] [stdout]   |
[INFO] [stdout] 9 |     Num(i32),
[INFO] [stdout]   |     ^^^^^^^^
[INFO] [stdout] 
[INFO] [stdout] 
[INFO] [stdout] warning: associated function is never used: `to_digit`
[INFO] [stdout]   --> src/digit.rs:13:12
[INFO] [stdout]    |
[INFO] [stdout] 13 |     pub fn to_digit(last_exp: Express, ch: char) -> Express {
[INFO] [stdout]    |            ^^^^^^^^
[INFO] [stdout] 
[INFO] [stdout] 
[INFO] [stdout] warning: associated function is never used: `new`
[INFO] [stdout]   --> src/digit.rs:27:12
[INFO] [stdout]    |
[INFO] [stdout] 27 |     pub fn new(last_exp: Express, num: i32) -> Express {
[INFO] [stdout]    |            ^^^
[INFO] [stdout] 
[INFO] [stdout] 
[INFO] [stdout] warning: associated function is never used: `item_update`
[INFO] [stdout]   --> src/digit.rs:50:8
[INFO] [stdout]    |
[INFO] [stdout] 50 |     fn item_update(item: &Item, num: i32) -> i32 {
[INFO] [stdout]    |        ^^^^^^^^^^^
[INFO] [stdout] 
[INFO] [stdout] 
[INFO] [stdout] warning: associated function is never used: `factor_update`
[INFO] [stdout]   --> src/digit.rs:60:8
[INFO] [stdout]    |
[INFO] [stdout] 60 |     fn factor_update(fac: &Factor, num: i32) -> i32 {
[INFO] [stdout]    |        ^^^^^^^^^^^^^
[INFO] [stdout] 
[INFO] [stdout] 
[INFO] [stdout] warning: variant is never constructed: `Nil`
[INFO] [stdout]  --> src/express.rs:6:5
[INFO] [stdout]   |
[INFO] [stdout] 6 |     Nil,
[INFO] [stdout]   |     ^^^
[INFO] [stdout] 
[INFO] [stdout] 
[INFO] [stdout] warning: variant is never constructed: `Add`
[INFO] [stdout]  --> src/express.rs:7:5
[INFO] [stdout]   |
[INFO] [stdout] 7 |     Add(Box<Express>, Item),
[INFO] [stdout]   |     ^^^^^^^^^^^^^^^^^^^^^^^
[INFO] [stdout] 
[INFO] [stdout] 
[INFO] [stdout] warning: variant is never constructed: `Min`
[INFO] [stdout]  --> src/express.rs:8:5
[INFO] [stdout]   |
[INFO] [stdout] 8 |     Min(Box<Express>, Item),
[INFO] [stdout]   |     ^^^^^^^^^^^^^^^^^^^^^^^
[INFO] [stdout] 
[INFO] [stdout] 
[INFO] [stdout] warning: variant is never constructed: `Item`
[INFO] [stdout]  --> src/express.rs:9:5
[INFO] [stdout]   |
[INFO] [stdout] 9 |     Item(Item),
[INFO] [stdout]   |     ^^^^^^^^^^
[INFO] [stdout] 
[INFO] [stdout] 
[INFO] [stdout] warning: associated function is never used: `add_sign`
[INFO] [stdout]   --> src/express.rs:13:12
[INFO] [stdout]    |
[INFO] [stdout] 13 |     pub fn add_sign(last_exp: Express) -> Express {
[INFO] [stdout]    |            ^^^^^^^^
[INFO] [stdout] 
[INFO] [stdout] 
[INFO] [stdout] warning: associated function is never used: `min_sign`
[INFO] [stdout]   --> src/express.rs:28:12
[INFO] [stdout]    |
[INFO] [stdout] 28 |     pub fn min_sign(last_exp: Express) -> Express {
[INFO] [stdout]    |            ^^^^^^^^
[INFO] [stdout] 
[INFO] [stdout] 
[INFO] [stdout] warning: variant is never constructed: `Expect`
[INFO] [stdout]  --> src/factor.rs:5:5
[INFO] [stdout]   |
[INFO] [stdout] 5 |     Expect,
[INFO] [stdout]   |     ^^^^^^
[INFO] [stdout] 
[INFO] [stdout] 
[INFO] [stdout] warning: variant is never constructed: `Digit`
[INFO] [stdout]  --> src/factor.rs:6:5
[INFO] [stdout]   |
[INFO] [stdout] 6 |     Digit(Digit),
[INFO] [stdout]   |     ^^^^^^^^^^^^
[INFO] [stdout] 
[INFO] [stdout] 
[INFO] [stdout] warning: variant is never constructed: `PackItem`
[INFO] [stdout]  --> src/factor.rs:7:5
[INFO] [stdout]   |
[INFO] [stdout] 7 |     PackItem(Box<Item>),
[INFO] [stdout]   |     ^^^^^^^^^^^^^^^^^^^
[INFO] [stdout] 
[INFO] [stdout] 
[INFO] [stdout] warning: associated function is never used: `to_factor`
[INFO] [stdout]   --> src/factor.rs:11:12
[INFO] [stdout]    |
[INFO] [stdout] 11 |     pub fn to_factor(num: i32) -> Factor {
[INFO] [stdout]    |            ^^^^^^^^^
[INFO] [stdout] 
[INFO] [stdout] 
[INFO] [stdout] warning: variant is never constructed: `Nil`
[INFO] [stdout]  --> src/item.rs:5:5
[INFO] [stdout]   |
[INFO] [stdout] 5 |     Nil,
[INFO] [stdout]   |     ^^^
[INFO] [stdout] 
[INFO] [stdout] 
[INFO] [stdout] warning: variant is never constructed: `Produce`
[INFO] [stdout]  --> src/item.rs:6:5
[INFO] [stdout]   |
[INFO] [stdout] 6 |     Produce(Box<Item>, Factor),
[INFO] [stdout]   |     ^^^^^^^^^^^^^^^^^^^^^^^^^^
[INFO] [stdout] 
[INFO] [stdout] 
[INFO] [stdout] warning: variant is never constructed: `Divide`
[INFO] [stdout]  --> src/item.rs:7:5
[INFO] [stdout]   |
[INFO] [stdout] 7 |     Divide(Box<Item>, Factor),
[INFO] [stdout]   |     ^^^^^^^^^^^^^^^^^^^^^^^^^
[INFO] [stdout] 
[INFO] [stdout] 
[INFO] [stdout] warning: variant is never constructed: `Factor`
[INFO] [stdout]  --> src/item.rs:8:5
[INFO] [stdout]   |
[INFO] [stdout] 8 |     Factor(Factor),
[INFO] [stdout]   |     ^^^^^^^^^^^^^^
[INFO] [stdout] 
[INFO] [stdout] 
[INFO] [stdout] warning: variant is never constructed: `PackExp`
[INFO] [stdout]   --> src/item.rs:10:5
[INFO] [stdout]    |
[INFO] [stdout] 10 |     PackExp(Box<Express>),
[INFO] [stdout]    |     ^^^^^^^^^^^^^^^^^^^^^
[INFO] [stdout] 
[INFO] [stdout] 
[INFO] [stdout] warning: associated function is never used: `update_item`
[INFO] [stdout]   --> src/item.rs:14:12
[INFO] [stdout]    |
[INFO] [stdout] 14 |     pub fn update_item(num:i32,item:Item)->Item{
[INFO] [stdout]    |            ^^^^^^^^^^^
[INFO] [stdout] 
[INFO] [stdout] 
[INFO] [stdout] warning: associated function is never used: `to_item`
[INFO] [stdout]   --> src/item.rs:22:12
[INFO] [stdout]    |
[INFO] [stdout] 22 |     pub fn to_item(num: i32) -> Item {
[INFO] [stdout]    |            ^^^^^^^
[INFO] [stdout] 
[INFO] [stdout] 
[INFO] [stdout] warning: associated function is never used: `pack_opt`
[INFO] [stdout]   --> src/item.rs:26:12
[INFO] [stdout]    |
[INFO] [stdout] 26 |     pub fn pack_opt<F>(last_exp: Express, fun: F) -> Express
[INFO] [stdout]    |            ^^^^^^^^
[INFO] [stdout] 
[INFO] [stdout] 
[INFO] [stdout] warning: associated function is never used: `produce_sign`
[INFO] [stdout]   --> src/item.rs:43:12
[INFO] [stdout]    |
[INFO] [stdout] 43 |     pub fn produce_sign(last_exp: Item) -> Item {
[INFO] [stdout]    |            ^^^^^^^^^^^^
[INFO] [stdout] 
[INFO] [stdout] 
[INFO] [stdout] warning: associated function is never used: `divide_sign`
[INFO] [stdout]   --> src/item.rs:46:12
[INFO] [stdout]    |
[INFO] [stdout] 46 |     pub fn divide_sign(last_exp: Item) -> Item {
[INFO] [stdout]    |            ^^^^^^^^^^^
[INFO] [stdout] 
[INFO] [stdout] 
[INFO] [stdout] warning: variant is never constructed: `Init`
[INFO] [stdout]  --> src/status.rs:8:5
[INFO] [stdout]   |
[INFO] [stdout] 8 |     Init,
[INFO] [stdout]   |     ^^^^
[INFO] [stdout] 
[INFO] [stdout] 
[INFO] [stdout] warning: variant is never constructed: `LoadNum`
[INFO] [stdout]   --> src/status.rs:10:5
[INFO] [stdout]    |
[INFO] [stdout] 10 |     LoadNum,
[INFO] [stdout]    |     ^^^^^^^
[INFO] [stdout] 
[INFO] [stdout] 
[INFO] [stdout] warning: variant is never constructed: `Add`
[INFO] [stdout]   --> src/status.rs:12:5
[INFO] [stdout]    |
[INFO] [stdout] 12 |     Add,
[INFO] [stdout]    |     ^^^
[INFO] [stdout] 
[INFO] [stdout] 
[INFO] [stdout] warning: variant is never constructed: `Min`
[INFO] [stdout]   --> src/status.rs:13:5
[INFO] [stdout]    |
[INFO] [stdout] 13 |     Min,
[INFO] [stdout]    |     ^^^
[INFO] [stdout] 
[INFO] [stdout] 
[INFO] [stdout] warning: variant is never constructed: `Produce`
[INFO] [stdout]   --> src/status.rs:14:5
[INFO] [stdout]    |
[INFO] [stdout] 14 |     Produce,
[INFO] [stdout]    |     ^^^^^^^
[INFO] [stdout] 
[INFO] [stdout] 
[INFO] [stdout] warning: variant is never constructed: `Divide`
[INFO] [stdout]   --> src/status.rs:15:5
[INFO] [stdout]    |
[INFO] [stdout] 15 |     Divide,
[INFO] [stdout]    |     ^^^^^^
[INFO] [stdout] 
[INFO] [stdout] 
[INFO] [stdout] warning: variant is never constructed: `SubProcess`
[INFO] [stdout]   --> src/status.rs:17:5
[INFO] [stdout]    |
[INFO] [stdout] 17 |     SubProcess,
[INFO] [stdout]    |     ^^^^^^^^^^
[INFO] [stdout] 
[INFO] [stdout] 
[INFO] [stdout] warning: variant is never constructed: `ExitProcess`
[INFO] [stdout]   --> src/status.rs:18:5
[INFO] [stdout]    |
[INFO] [stdout] 18 |     ExitProcess,
[INFO] [stdout]    |     ^^^^^^^^^^^
[INFO] [stdout] 
[INFO] [stdout] 
[INFO] [stdout] warning: variant is never constructed: `SyntaxError`
[INFO] [stdout]   --> src/status.rs:20:5
[INFO] [stdout]    |
[INFO] [stdout] 20 |     SyntaxError,
[INFO] [stdout]    |     ^^^^^^^^^^^
[INFO] [stdout] 
[INFO] [stdout] 
[INFO] [stdout] warning: variant is never constructed: `Parenthesis`
[INFO] [stdout]   --> src/status.rs:24:5
[INFO] [stdout]    |
[INFO] [stdout] 24 |     Parenthesis(Status), //小括号
[INFO] [stdout]    |     ^^^^^^^^^^^^^^^^^^^
[INFO] [stdout] 
[INFO] [stdout] 
[INFO] [stdout] warning: associated function is never used: `new`
[INFO] [stdout]   --> src/status.rs:30:12
[INFO] [stdout]    |
[INFO] [stdout] 30 |     pub fn new() -> StatusMachin {
[INFO] [stdout]    |            ^^^
[INFO] [stdout] 
[INFO] [stdout] 
[INFO] [stdout] warning: associated function is never used: `switch_status`
[INFO] [stdout]   --> src/status.rs:37:12
[INFO] [stdout]    |
[INFO] [stdout] 37 |     pub fn switch_status(mut self, next_char: char) -> Self {
[INFO] [stdout]    |            ^^^^^^^^^^^^^
[INFO] [stdout] 
[INFO] [stdout] 
[INFO] [stdout] warning: associated function is never used: `is_recive`
[INFO] [stdout]    --> src/status.rs:175:12
[INFO] [stdout]     |
[INFO] [stdout] 175 |     pub fn is_recive(&self) -> bool {
[INFO] [stdout]     |            ^^^^^^^^^
[INFO] [stdout] 
[INFO] [stdout] 
[INFO] [stdout] warning: associated function is never used: `get_status`
[INFO] [stdout]    --> src/status.rs:179:12
[INFO] [stdout]     |
[INFO] [stdout] 179 |     pub fn get_status(&self) -> &Status {
[INFO] [stdout]     |            ^^^^^^^^^^
[INFO] [stdout] 
[INFO] [stdout] 
[INFO] [stdout] warning: constant is never used: `SINGLE_SIGNS`
[INFO] [stdout]  --> src/anaylze/lexical/do_anaylze.rs:4:1
[INFO] [stdout]   |
[INFO] [stdout] 4 | const SINGLE_SIGNS: [&str; 9] = ["{", "}", "[", "]", "(", ")", ":", ".", ";"];
[INFO] [stdout]   | ^^^^^^^^^^^^^^^^^^^^^^^^^^^^^^^^^^^^^^^^^^^^^^^^^^^^^^^^^^^^^^^^^^^^^^^^^^^^^^
[INFO] [stdout] 
[INFO] [stdout] 
[INFO] [stdout] warning: constant is never used: `EXCPT_SIGNS`
[INFO] [stdout]  --> src/anaylze/lexical/do_anaylze.rs:5:1
[INFO] [stdout]   |
[INFO] [stdout] 5 | const EXCPT_SIGNS: [&str; 5] = [",", "$", "#", "@", "~"];
[INFO] [stdout]   | ^^^^^^^^^^^^^^^^^^^^^^^^^^^^^^^^^^^^^^^^^^^^^^^^^^^^^^^^^
[INFO] [stdout] 
[INFO] [stdout] 
[INFO] [stdout] warning: variant is never constructed: `Nil`
[INFO] [stdout]   --> src/anaylze/lexical/mod.rs:31:5
[INFO] [stdout]    |
[INFO] [stdout] 31 |     Nil,
[INFO] [stdout]    |     ^^^
[INFO] [stdout] 
[INFO] [stdout] 
[INFO] [stdout] warning: variant is never constructed: `Sign`
[INFO] [stdout]   --> src/anaylze/syntax/mod.rs:47:5
[INFO] [stdout]    |
[INFO] [stdout] 47 |     Sign(isize),
[INFO] [stdout]    |     ^^^^^^^^^^^
[INFO] [stdout] 
[INFO] [stdout] 
[INFO] [stdout] warning: variant is never constructed: `Nil`
[INFO] [stdout]   --> src/anaylze/syntax/mod.rs:53:5
[INFO] [stdout]    |
[INFO] [stdout] 53 |     Nil,
[INFO] [stdout]    |     ^^^
[INFO] [stdout] 
[INFO] [stdout] 
[INFO] [stdout] warning: variant is never constructed: `Expr`
[INFO] [stdout]   --> src/anaylze/syntax/mod.rs:54:5
[INFO] [stdout]    |
[INFO] [stdout] 54 |     Expr(Expr),
[INFO] [stdout]    |     ^^^^^^^^^^
[INFO] [stdout] 
[INFO] [stdout] 
[INFO] [stdout] warning: struct is never constructed: `Anaylzer`
[INFO] [stdout]  --> src/anaylze/mod.rs:6:12
[INFO] [stdout]   |
[INFO] [stdout] 6 | pub struct Anaylzer{
[INFO] [stdout]   |            ^^^^^^^^
[INFO] [stdout] 
[INFO] [stdout] 
[INFO] [stdout] warning: function is never used: `anayles`
[INFO] [stdout]   --> src/main.rs:74:4
[INFO] [stdout]    |
[INFO] [stdout] 74 | fn anayles(in_str: &mut std::str::Chars, status: StatusMachin) -> (Option<Express>, StatusMachin) {
[INFO] [stdout]    |    ^^^^^^^
[INFO] [stdout] 
[INFO] [stdout] 
[INFO] [stdout] warning: 55 warnings emitted
[INFO] [stdout] 
[INFO] [stdout] 
[INFO] [stderr]     Finished test [unoptimized + debuginfo] target(s) in 2.01s
[INFO] running `Command { std: "docker" "inspect" "51d33d4fd8f949d63e844e8d0c0e8a078de28f325b6ddf080683008bba3d3cdd", kill_on_drop: false }`
[INFO] running `Command { std: "docker" "rm" "-f" "51d33d4fd8f949d63e844e8d0c0e8a078de28f325b6ddf080683008bba3d3cdd", kill_on_drop: false }`
[INFO] [stdout] 51d33d4fd8f949d63e844e8d0c0e8a078de28f325b6ddf080683008bba3d3cdd
[INFO] running `Command { std: "docker" "create" "-v" "/var/lib/crater-agent-workspace/builds/worker-82/target:/opt/rustwide/target:rw,Z" "-v" "/var/lib/crater-agent-workspace/builds/worker-82/source:/opt/rustwide/workdir:ro,Z" "-v" "/var/lib/crater-agent-workspace/cargo-home:/opt/rustwide/cargo-home:ro,Z" "-v" "/var/lib/crater-agent-workspace/rustup-home:/opt/rustwide/rustup-home:ro,Z" "-e" "SOURCE_DIR=/opt/rustwide/workdir" "-e" "CARGO_TARGET_DIR=/opt/rustwide/target" "-e" "CARGO_INCREMENTAL=0" "-e" "RUST_BACKTRACE=full" "-e" "RUSTFLAGS=--cap-lints=warn" "-e" "CARGO_HOME=/opt/rustwide/cargo-home" "-e" "RUSTUP_HOME=/opt/rustwide/rustup-home" "-w" "/opt/rustwide/workdir" "-m" "1610612736" "--user" "0:0" "--network" "none" "ghcr.io/rust-lang/crates-build-env/linux@sha256:34b6a614d2c27851fe6cbf88fbd1137609cefab8b10d0615aaeb6fd47975d74e" "/opt/rustwide/cargo-home/bin/cargo" "+beta-2021-08-01" "test" "--frozen", kill_on_drop: false }`
[INFO] [stdout] 94e34e271ddec8e0ad07e0e99e698f87cf17ca1fd5211cf4d79f8c5660ba9a64
[INFO] running `Command { std: "docker" "start" "-a" "94e34e271ddec8e0ad07e0e99e698f87cf17ca1fd5211cf4d79f8c5660ba9a64", kill_on_drop: false }`
[INFO] [stderr]     Blocking waiting for file lock on package cache
[INFO] [stderr] warning: unused import: `std::slice::Iter`
[INFO] [stderr]  --> src/anaylze/lexical/mod.rs:1:5
[INFO] [stderr]   |
[INFO] [stderr] 1 | use std::slice::Iter;
[INFO] [stderr]   |     ^^^^^^^^^^^^^^^^
[INFO] [stderr]   |
[INFO] [stderr]   = note: `#[warn(unused_imports)]` on by default
[INFO] [stderr] 
[INFO] [stderr] warning: unused import: `crate::status`
[INFO] [stderr]  --> src/anaylze/lexical/mod.rs:5:5
[INFO] [stderr]   |
[INFO] [stderr] 5 | use crate::status;
[INFO] [stderr]   |     ^^^^^^^^^^^^^
[INFO] [stderr] 
[INFO] [stderr] warning: unused import: `Final`
[INFO] [stderr]  --> src/anaylze/syntax/expr.rs:1:25
[INFO] [stderr]   |
[INFO] [stderr] 1 | use super::{Data, Expr, Final, Item, Iter};
[INFO] [stderr]   |                         ^^^^^
[INFO] [stderr] 
[INFO] [stderr] warning: unused variable: `s`
[INFO] [stderr]   --> src/anaylze/lexical/do_anaylze.rs:81:46
[INFO] [stderr]    |
[INFO] [stderr] 81 |             f_number.parse().unwrap_or_else(|s| -> f64 { 0.0 }),
[INFO] [stderr]    |                                              ^ help: if this is intentional, prefix it with an underscore: `_s`
[INFO] [stderr]    |
[INFO] [stderr]    = note: `#[warn(unused_variables)]` on by default
[INFO] [stderr] 
[INFO] [stderr] warning: unused variable: `key`
[INFO] [stderr]    --> src/anaylze/lexical/do_anaylze.rs:214:21
[INFO] [stderr]     |
[INFO] [stderr] 214 |         let temp = |key: &String| -> Option<LexicalData> { None };
[INFO] [stderr]     |                     ^^^ help: if this is intentional, prefix it with an underscore: `_key`
[INFO] [stderr] 
[INFO] [stderr] warning: unused variable: `num`
[INFO] [stderr]   --> src/anaylze/syntax/factor.rs:34:38
[INFO] [stderr]    |
[INFO] [stderr] 34 |         } else if let Data::NumFloat(num) = data {
[INFO] [stderr]    |                                      ^^^ help: if this is intentional, prefix it with an underscore: `_num`
[INFO] [stderr] 
[INFO] [stderr] warning: variant is never constructed: `PostiveSign`
[INFO] [stderr]  --> src/digit.rs:7:5
[INFO] [stderr]   |
[INFO] [stderr] 7 |     PostiveSign,
[INFO] [stderr]   |     ^^^^^^^^^^^
[INFO] [stderr]   |
[INFO] [stderr]   = note: `#[warn(dead_code)]` on by default
[INFO] [stderr] 
[INFO] [stderr] warning: variant is never constructed: `NegativeSign`
[INFO] [stderr]  --> src/digit.rs:8:5
[INFO] [stderr]   |
[INFO] [stderr] 8 |     NegativeSign,
[INFO] [stderr]   |     ^^^^^^^^^^^^
[INFO] [stderr] 
[INFO] [stderr] warning: variant is never constructed: `Num`
[INFO] [stderr]  --> src/digit.rs:9:5
[INFO] [stderr]   |
[INFO] [stderr] 9 |     Num(i32),
[INFO] [stderr]   |     ^^^^^^^^
[INFO] [stderr] 
[INFO] [stderr] warning: associated function is never used: `to_digit`
[INFO] [stderr]   --> src/digit.rs:13:12
[INFO] [stderr]    |
[INFO] [stderr] 13 |     pub fn to_digit(last_exp: Express, ch: char) -> Express {
[INFO] [stderr]    |            ^^^^^^^^
[INFO] [stderr] 
[INFO] [stderr] warning: associated function is never used: `new`
[INFO] [stderr]   --> src/digit.rs:27:12
[INFO] [stderr]    |
[INFO] [stderr] 27 |     pub fn new(last_exp: Express, num: i32) -> Express {
[INFO] [stderr]    |            ^^^
[INFO] [stderr] 
[INFO] [stderr] warning: associated function is never used: `item_update`
[INFO] [stderr]   --> src/digit.rs:50:8
[INFO] [stderr]    |
[INFO] [stderr] 50 |     fn item_update(item: &Item, num: i32) -> i32 {
[INFO] [stderr]    |        ^^^^^^^^^^^
[INFO] [stderr] 
[INFO] [stderr] warning: associated function is never used: `factor_update`
[INFO] [stderr]   --> src/digit.rs:60:8
[INFO] [stderr]    |
[INFO] [stderr] 60 |     fn factor_update(fac: &Factor, num: i32) -> i32 {
[INFO] [stderr]    |        ^^^^^^^^^^^^^
[INFO] [stderr] 
[INFO] [stderr] warning: variant is never constructed: `Nil`
[INFO] [stderr]  --> src/express.rs:6:5
[INFO] [stderr]   |
[INFO] [stderr] 6 |     Nil,
[INFO] [stderr]   |     ^^^
[INFO] [stderr] 
[INFO] [stderr] warning: variant is never constructed: `Add`
[INFO] [stderr]  --> src/express.rs:7:5
[INFO] [stderr]   |
[INFO] [stderr] 7 |     Add(Box<Express>, Item),
[INFO] [stderr]   |     ^^^^^^^^^^^^^^^^^^^^^^^
[INFO] [stderr] 
[INFO] [stderr] warning: variant is never constructed: `Min`
[INFO] [stderr]  --> src/express.rs:8:5
[INFO] [stderr]   |
[INFO] [stderr] 8 |     Min(Box<Express>, Item),
[INFO] [stderr]   |     ^^^^^^^^^^^^^^^^^^^^^^^
[INFO] [stderr] 
[INFO] [stderr] warning: variant is never constructed: `Item`
[INFO] [stderr]  --> src/express.rs:9:5
[INFO] [stderr]   |
[INFO] [stderr] 9 |     Item(Item),
[INFO] [stderr]   |     ^^^^^^^^^^
[INFO] [stderr] 
[INFO] [stderr] warning: associated function is never used: `add_sign`
[INFO] [stderr]   --> src/express.rs:13:12
[INFO] [stderr]    |
[INFO] [stderr] 13 |     pub fn add_sign(last_exp: Express) -> Express {
[INFO] [stderr]    |            ^^^^^^^^
[INFO] [stderr] 
[INFO] [stderr] warning: associated function is never used: `min_sign`
[INFO] [stderr]   --> src/express.rs:28:12
[INFO] [stderr]    |
[INFO] [stderr] 28 |     pub fn min_sign(last_exp: Express) -> Express {
[INFO] [stderr]    |            ^^^^^^^^
[INFO] [stderr] 
[INFO] [stderr] warning: variant is never constructed: `Expect`
[INFO] [stderr]  --> src/factor.rs:5:5
[INFO] [stderr]   |
[INFO] [stderr] 5 |     Expect,
[INFO] [stderr]   |     ^^^^^^
[INFO] [stderr] 
[INFO] [stderr] warning: variant is never constructed: `Digit`
[INFO] [stderr]  --> src/factor.rs:6:5
[INFO] [stderr]   |
[INFO] [stderr] 6 |     Digit(Digit),
[INFO] [stderr]   |     ^^^^^^^^^^^^
[INFO] [stderr] 
[INFO] [stderr] warning: variant is never constructed: `PackItem`
[INFO] [stderr]  --> src/factor.rs:7:5
[INFO] [stderr]   |
[INFO] [stderr] 7 |     PackItem(Box<Item>),
[INFO] [stderr]   |     ^^^^^^^^^^^^^^^^^^^
[INFO] [stderr] 
[INFO] [stderr] warning: associated function is never used: `to_factor`
[INFO] [stderr]   --> src/factor.rs:11:12
[INFO] [stderr]    |
[INFO] [stderr] 11 |     pub fn to_factor(num: i32) -> Factor {
[INFO] [stderr]    |            ^^^^^^^^^
[INFO] [stderr] 
[INFO] [stderr] warning: variant is never constructed: `Nil`
[INFO] [stderr]  --> src/item.rs:5:5
[INFO] [stderr]   |
[INFO] [stderr] 5 |     Nil,
[INFO] [stderr]   |     ^^^
[INFO] [stderr] 
[INFO] [stderr] warning: variant is never constructed: `Produce`
[INFO] [stderr]  --> src/item.rs:6:5
[INFO] [stderr]   |
[INFO] [stderr] 6 |     Produce(Box<Item>, Factor),
[INFO] [stderr]   |     ^^^^^^^^^^^^^^^^^^^^^^^^^^
[INFO] [stderr] 
[INFO] [stderr] warning: variant is never constructed: `Divide`
[INFO] [stderr]  --> src/item.rs:7:5
[INFO] [stderr]   |
[INFO] [stderr] 7 |     Divide(Box<Item>, Factor),
[INFO] [stderr]   |     ^^^^^^^^^^^^^^^^^^^^^^^^^
[INFO] [stderr] 
[INFO] [stderr] warning: variant is never constructed: `Factor`
[INFO] [stderr]  --> src/item.rs:8:5
[INFO] [stderr]   |
[INFO] [stderr] 8 |     Factor(Factor),
[INFO] [stderr]   |     ^^^^^^^^^^^^^^
[INFO] [stderr] 
[INFO] [stderr] warning: variant is never constructed: `PackExp`
[INFO] [stderr]   --> src/item.rs:10:5
[INFO] [stderr]    |
[INFO] [stderr] 10 |     PackExp(Box<Express>),
[INFO] [stderr]    |     ^^^^^^^^^^^^^^^^^^^^^
[INFO] [stderr] 
[INFO] [stderr] warning: associated function is never used: `update_item`
[INFO] [stderr]   --> src/item.rs:14:12
[INFO] [stderr]    |
[INFO] [stderr] 14 |     pub fn update_item(num:i32,item:Item)->Item{
[INFO] [stderr]    |            ^^^^^^^^^^^
[INFO] [stderr] 
[INFO] [stderr] warning: associated function is never used: `to_item`
[INFO] [stderr]   --> src/item.rs:22:12
[INFO] [stderr]    |
[INFO] [stderr] 22 |     pub fn to_item(num: i32) -> Item {
[INFO] [stderr]    |            ^^^^^^^
[INFO] [stderr] 
[INFO] [stderr] warning: associated function is never used: `pack_opt`
[INFO] [stderr]   --> src/item.rs:26:12
[INFO] [stderr]    |
[INFO] [stderr] 26 |     pub fn pack_opt<F>(last_exp: Express, fun: F) -> Express
[INFO] [stderr]    |            ^^^^^^^^
[INFO] [stderr] 
[INFO] [stderr] warning: associated function is never used: `produce_sign`
[INFO] [stderr]   --> src/item.rs:43:12
[INFO] [stderr]    |
[INFO] [stderr] 43 |     pub fn produce_sign(last_exp: Item) -> Item {
[INFO] [stderr]    |            ^^^^^^^^^^^^
[INFO] [stderr] 
[INFO] [stderr] warning: associated function is never used: `divide_sign`
[INFO] [stderr]   --> src/item.rs:46:12
[INFO] [stderr]    |
[INFO] [stderr] 46 |     pub fn divide_sign(last_exp: Item) -> Item {
[INFO] [stderr]    |            ^^^^^^^^^^^
[INFO] [stderr] 
[INFO] [stderr] warning: variant is never constructed: `Init`
[INFO] [stderr]  --> src/status.rs:8:5
[INFO] [stderr]   |
[INFO] [stderr] 8 |     Init,
[INFO] [stderr]   |     ^^^^
[INFO] [stderr] 
[INFO] [stderr] warning: variant is never constructed: `LoadNum`
[INFO] [stderr]   --> src/status.rs:10:5
[INFO] [stderr]    |
[INFO] [stderr] 10 |     LoadNum,
[INFO] [stderr]    |     ^^^^^^^
[INFO] [stderr] 
[INFO] [stderr] warning: variant is never constructed: `Add`
[INFO] [stderr]   --> src/status.rs:12:5
[INFO] [stderr]    |
[INFO] [stderr] 12 |     Add,
[INFO] [stderr]    |     ^^^
[INFO] [stderr] 
[INFO] [stderr] warning: variant is never constructed: `Min`
[INFO] [stderr]   --> src/status.rs:13:5
[INFO] [stderr]    |
[INFO] [stderr] 13 |     Min,
[INFO] [stderr]    |     ^^^
[INFO] [stderr] 
[INFO] [stderr] warning: variant is never constructed: `Produce`
[INFO] [stderr]   --> src/status.rs:14:5
[INFO] [stderr]    |
[INFO] [stderr] 14 |     Produce,
[INFO] [stderr]    |     ^^^^^^^
[INFO] [stderr] 
[INFO] [stderr] warning: variant is never constructed: `Divide`
[INFO] [stderr]   --> src/status.rs:15:5
[INFO] [stderr]    |
[INFO] [stderr] 15 |     Divide,
[INFO] [stderr]    |     ^^^^^^
[INFO] [stderr] 
[INFO] [stderr] warning: variant is never constructed: `SubProcess`
[INFO] [stderr]   --> src/status.rs:17:5
[INFO] [stderr]    |
[INFO] [stderr] 17 |     SubProcess,
[INFO] [stderr]    |     ^^^^^^^^^^
[INFO] [stderr] 
[INFO] [stderr] warning: variant is never constructed: `ExitProcess`
[INFO] [stderr]   --> src/status.rs:18:5
[INFO] [stderr]    |
[INFO] [stderr] 18 |     ExitProcess,
[INFO] [stderr]    |     ^^^^^^^^^^^
[INFO] [stderr] 
[INFO] [stderr] warning: variant is never constructed: `SyntaxError`
[INFO] [stderr]   --> src/status.rs:20:5
[INFO] [stderr]    |
[INFO] [stderr] 20 |     SyntaxError,
[INFO] [stderr]    |     ^^^^^^^^^^^
[INFO] [stderr] 
[INFO] [stderr] warning: variant is never constructed: `Parenthesis`
[INFO] [stderr]   --> src/status.rs:24:5
[INFO] [stderr]    |
[INFO] [stderr] 24 |     Parenthesis(Status), //小括号
[INFO] [stderr]    |     ^^^^^^^^^^^^^^^^^^^
[INFO] [stderr] 
[INFO] [stderr] warning: associated function is never used: `new`
[INFO] [stderr]   --> src/status.rs:30:12
[INFO] [stderr]    |
[INFO] [stderr] 30 |     pub fn new() -> StatusMachin {
[INFO] [stderr]    |            ^^^
[INFO] [stderr] 
[INFO] [stderr] warning: associated function is never used: `switch_status`
[INFO] [stderr]   --> src/status.rs:37:12
[INFO] [stderr]    |
[INFO] [stderr] 37 |     pub fn switch_status(mut self, next_char: char) -> Self {
[INFO] [stderr]    |            ^^^^^^^^^^^^^
[INFO] [stderr] 
[INFO] [stderr] warning: associated function is never used: `is_recive`
[INFO] [stderr]    --> src/status.rs:175:12
[INFO] [stderr]     |
[INFO] [stderr] 175 |     pub fn is_recive(&self) -> bool {
[INFO] [stderr]     |            ^^^^^^^^^
[INFO] [stderr] 
[INFO] [stderr] warning: associated function is never used: `get_status`
[INFO] [stderr]    --> src/status.rs:179:12
[INFO] [stderr]     |
[INFO] [stderr] 179 |     pub fn get_status(&self) -> &Status {
[INFO] [stderr]     |            ^^^^^^^^^^
[INFO] [stderr] 
[INFO] [stderr] warning: constant is never used: `SINGLE_SIGNS`
[INFO] [stderr]  --> src/anaylze/lexical/do_anaylze.rs:4:1
[INFO] [stderr]   |
[INFO] [stderr] 4 | const SINGLE_SIGNS: [&str; 9] = ["{", "}", "[", "]", "(", ")", ":", ".", ";"];
[INFO] [stderr]   | ^^^^^^^^^^^^^^^^^^^^^^^^^^^^^^^^^^^^^^^^^^^^^^^^^^^^^^^^^^^^^^^^^^^^^^^^^^^^^^
[INFO] [stderr] 
[INFO] [stderr] warning: constant is never used: `EXCPT_SIGNS`
[INFO] [stderr]  --> src/anaylze/lexical/do_anaylze.rs:5:1
[INFO] [stderr]   |
[INFO] [stderr] 5 | const EXCPT_SIGNS: [&str; 5] = [",", "$", "#", "@", "~"];
[INFO] [stderr]   | ^^^^^^^^^^^^^^^^^^^^^^^^^^^^^^^^^^^^^^^^^^^^^^^^^^^^^^^^^
[INFO] [stderr] 
[INFO] [stderr] warning: variant is never constructed: `Nil`
[INFO] [stderr]   --> src/anaylze/lexical/mod.rs:31:5
[INFO] [stderr]    |
[INFO] [stderr] 31 |     Nil,
[INFO] [stderr]    |     ^^^
[INFO] [stderr] 
[INFO] [stderr] warning: variant is never constructed: `Sign`
[INFO] [stderr]   --> src/anaylze/syntax/mod.rs:47:5
[INFO] [stderr]    |
[INFO] [stderr] 47 |     Sign(isize),
[INFO] [stderr]    |     ^^^^^^^^^^^
[INFO] [stderr] 
[INFO] [stderr] warning: variant is never constructed: `Nil`
[INFO] [stderr]   --> src/anaylze/syntax/mod.rs:53:5
[INFO] [stderr]    |
[INFO] [stderr] 53 |     Nil,
[INFO] [stderr]    |     ^^^
[INFO] [stderr] 
[INFO] [stderr] warning: variant is never constructed: `Expr`
[INFO] [stderr]   --> src/anaylze/syntax/mod.rs:54:5
[INFO] [stderr]    |
[INFO] [stderr] 54 |     Expr(Expr),
[INFO] [stderr]    |     ^^^^^^^^^^
[INFO] [stderr] 
[INFO] [stderr] warning: struct is never constructed: `Anaylzer`
[INFO] [stderr]  --> src/anaylze/mod.rs:6:12
[INFO] [stderr]   |
[INFO] [stderr] 6 | pub struct Anaylzer{
[INFO] [stderr]   |            ^^^^^^^^
[INFO] [stderr] 
[INFO] [stderr] warning: function is never used: `anayles`
[INFO] [stderr]   --> src/main.rs:74:4
[INFO] [stderr]    |
[INFO] [stderr] 74 | fn anayles(in_str: &mut std::str::Chars, status: StatusMachin) -> (Option<Express>, StatusMachin) {
[INFO] [stderr]    |    ^^^^^^^
[INFO] [stderr] 
[INFO] [stderr] warning: `sufix_express` (bin "sufix_express" test) generated 55 warnings
[INFO] [stderr]     Finished test [unoptimized + debuginfo] target(s) in 21.81s
[INFO] [stderr]      Running unittests (/opt/rustwide/target/debug/deps/sufix_express-3d33296ef859cf8e)
[INFO] [stdout] 
[INFO] [stdout] running 15 tests
[INFO] [stdout] test anaylze::lexical::do_anaylze::test::test_clear_common ... ok
[INFO] [stdout] test anaylze::lexical::do_anaylze::test::test_clear_space ... ok
[INFO] [stdout] test anaylze::lexical::do_anaylze::test::test_load_var ... ok
[INFO] [stdout] test anaylze::lexical::do_anaylze::test::test_read_digit ... ok
[INFO] [stdout] test anaylze::syntax::expr::expr::signle_num ... ok
[INFO] [stdout] test anaylze::syntax::expr::expr::signle_op_num ... ok
[INFO] [stdout] test anaylze::syntax::factor::factor_test::read_negative_num ... ok
[INFO] [stdout] test anaylze::syntax::factor::factor_test::read_no_num ... ok
[INFO] [stdout] test anaylze::syntax::factor::factor_test::read_postive_num ... ok
[INFO] [stdout] test anaylze::syntax::item::item::items_item ... ok
[INFO] [stdout] test anaylze::syntax::item::item::last_num_item ... ok
[INFO] [stdout] test anaylze::syntax::item::item::num_item ... ok
[INFO] [stdout] test anaylze::syntax::item::item::no_done_item ... ok
[INFO] [stdout] test anaylze::syntax::item::item::follow_items_item ... ok
[INFO] [stdout] test anaylze::lexical::do_anaylze::test::test_load_sign ... FAILED
[INFO] [stdout] 
[INFO] [stdout] failures:
[INFO] [stdout] 
[INFO] [stdout] ---- anaylze::lexical::do_anaylze::test::test_load_sign stdout ----
[INFO] [stdout] thread 'anaylze::lexical::do_anaylze::test::test_load_sign' panicked at 'called `Option::unwrap()` on a `None` value', src/anaylze/lexical/do_anaylze.rs:207:44
[INFO] [stdout] stack backtrace:
[INFO] [stdout]    0:     0x558eea6f2350 - std::backtrace_rs::backtrace::libunwind::trace::hff4d1766e93f64f1
[INFO] [stdout]                                at /rustc/53fd98ca776cb875bc9e5514f56b52eb74f9e7a9/library/std/src/../../backtrace/src/backtrace/libunwind.rs:90:5
[INFO] [stdout]    1:     0x558eea6f2350 - std::backtrace_rs::backtrace::trace_unsynchronized::h56bbc8eb78770bcb
[INFO] [stdout]                                at /rustc/53fd98ca776cb875bc9e5514f56b52eb74f9e7a9/library/std/src/../../backtrace/src/backtrace/mod.rs:66:5
[INFO] [stdout]    2:     0x558eea6f2350 - std::sys_common::backtrace::_print_fmt::h5c8e75464faca780
[INFO] [stdout]                                at /rustc/53fd98ca776cb875bc9e5514f56b52eb74f9e7a9/library/std/src/sys_common/backtrace.rs:67:5
[INFO] [stdout]    3:     0x558eea6f2350 - <std::sys_common::backtrace::_print::DisplayBacktrace as core::fmt::Display>::fmt::h48b88277def8b362
[INFO] [stdout]                                at /rustc/53fd98ca776cb875bc9e5514f56b52eb74f9e7a9/library/std/src/sys_common/backtrace.rs:46:22
[INFO] [stdout]    4:     0x558eea71592c - core::fmt::write::h3381b3176fe2b3d3
[INFO] [stdout]                                at /rustc/53fd98ca776cb875bc9e5514f56b52eb74f9e7a9/library/core/src/fmt/mod.rs:1115:17
[INFO] [stdout]    5:     0x558eea6ef2b5 - std::io::Write::write_fmt::h5f34a676f60246b5
[INFO] [stdout]                                at /rustc/53fd98ca776cb875bc9e5514f56b52eb74f9e7a9/library/std/src/io/mod.rs:1665:15
[INFO] [stdout]    6:     0x558eea6f44cb - std::sys_common::backtrace::_print::ha537687d6c17dd0d
[INFO] [stdout]                                at /rustc/53fd98ca776cb875bc9e5514f56b52eb74f9e7a9/library/std/src/sys_common/backtrace.rs:49:5
[INFO] [stdout]    7:     0x558eea6f44cb - std::sys_common::backtrace::print::h61376ae57d131d72
[INFO] [stdout]                                at /rustc/53fd98ca776cb875bc9e5514f56b52eb74f9e7a9/library/std/src/sys_common/backtrace.rs:36:9
[INFO] [stdout]    8:     0x558eea6f44cb - std::panicking::default_hook::{{closure}}::h0f7208c0b9644a54
[INFO] [stdout]                                at /rustc/53fd98ca776cb875bc9e5514f56b52eb74f9e7a9/library/std/src/panicking.rs:208:50
[INFO] [stdout]    9:     0x558eea6f3fdc - std::panicking::default_hook::hdac7fc06578c14ce
[INFO] [stdout]                                at /rustc/53fd98ca776cb875bc9e5514f56b52eb74f9e7a9/library/std/src/panicking.rs:222:9
[INFO] [stdout]   10:     0x558eea6f4b94 - std::panicking::rust_panic_with_hook::h72b21c283da3d1ef
[INFO] [stdout]                                at /rustc/53fd98ca776cb875bc9e5514f56b52eb74f9e7a9/library/std/src/panicking.rs:622:17
[INFO] [stdout]   11:     0x558eea6f4647 - std::panicking::begin_panic_handler::{{closure}}::he5778f1729cff84a
[INFO] [stdout]                                at /rustc/53fd98ca776cb875bc9e5514f56b52eb74f9e7a9/library/std/src/panicking.rs:517:13
[INFO] [stdout]   12:     0x558eea6f282c - std::sys_common::backtrace::__rust_end_short_backtrace::h2d11ca8b453b4b1d
[INFO] [stdout]                                at /rustc/53fd98ca776cb875bc9e5514f56b52eb74f9e7a9/library/std/src/sys_common/backtrace.rs:141:18
[INFO] [stdout]   13:     0x558eea6f45d9 - rust_begin_unwind
[INFO] [stdout]                                at /rustc/53fd98ca776cb875bc9e5514f56b52eb74f9e7a9/library/std/src/panicking.rs:515:5
[INFO] [stdout]   14:     0x558eea68e3b1 - core::panicking::panic_fmt::hf9de31d4acbce4db
[INFO] [stdout]                                at /rustc/53fd98ca776cb875bc9e5514f56b52eb74f9e7a9/library/core/src/panicking.rs:92:14
[INFO] [stdout]   15:     0x558eea68e2fd - core::panicking::panic::h8a6bc58a21c6c095
[INFO] [stdout]                                at /rustc/53fd98ca776cb875bc9e5514f56b52eb74f9e7a9/library/core/src/panicking.rs:50:5
[INFO] [stdout]   16:     0x558eea69b415 - core::option::Option<T>::unwrap::hbfba0ee8226c6a72
[INFO] [stdout]                                at /rustc/53fd98ca776cb875bc9e5514f56b52eb74f9e7a9/library/core/src/option.rs:722:21
[INFO] [stdout]   17:     0x558eea697386 - sufix_express::anaylze::lexical::do_anaylze::test::test_load_sign::h686019c06c877819
[INFO] [stdout]                                at /opt/rustwide/workdir/src/anaylze/lexical/do_anaylze.rs:207:13
[INFO] [stdout]   18:     0x558eea69715a - sufix_express::anaylze::lexical::do_anaylze::test::test_load_sign::{{closure}}::hb155d4a6e92b95f9
[INFO] [stdout]                                at /opt/rustwide/workdir/src/anaylze/lexical/do_anaylze.rs:197:5
[INFO] [stdout]   19:     0x558eea69485e - core::ops::function::FnOnce::call_once::h41209d6268593610
[INFO] [stdout]                                at /rustc/53fd98ca776cb875bc9e5514f56b52eb74f9e7a9/library/core/src/ops/function.rs:227:5
[INFO] [stdout]   20:     0x558eea6d6c13 - core::ops::function::FnOnce::call_once::hbb52c4519d3137b0
[INFO] [stdout]                                at /rustc/53fd98ca776cb875bc9e5514f56b52eb74f9e7a9/library/core/src/ops/function.rs:227:5
[INFO] [stdout]   21:     0x558eea6d6c13 - test::__rust_begin_short_backtrace::h86fe3a2a5a5121af
[INFO] [stdout]                                at /rustc/53fd98ca776cb875bc9e5514f56b52eb74f9e7a9/library/test/src/lib.rs:578:5
[INFO] [stdout]   22:     0x558eea6d56c8 - <alloc::boxed::Box<F,A> as core::ops::function::FnOnce<Args>>::call_once::hfd956bc3d57399be
[INFO] [stdout]                                at /rustc/53fd98ca776cb875bc9e5514f56b52eb74f9e7a9/library/alloc/src/boxed.rs:1572:9
[INFO] [stdout]   23:     0x558eea6d56c8 - <std::panic::AssertUnwindSafe<F> as core::ops::function::FnOnce<()>>::call_once::h40dc93e0ddb5938a
[INFO] [stdout]                                at /rustc/53fd98ca776cb875bc9e5514f56b52eb74f9e7a9/library/std/src/panic.rs:347:9
[INFO] [stdout]   24:     0x558eea6d56c8 - std::panicking::try::do_call::h90d07750cb47c562
[INFO] [stdout]                                at /rustc/53fd98ca776cb875bc9e5514f56b52eb74f9e7a9/library/std/src/panicking.rs:401:40
[INFO] [stdout]   25:     0x558eea6d56c8 - std::panicking::try::h063c84733ad2a629
[INFO] [stdout]                                at /rustc/53fd98ca776cb875bc9e5514f56b52eb74f9e7a9/library/std/src/panicking.rs:365:19
[INFO] [stdout]   26:     0x558eea6d56c8 - std::panic::catch_unwind::h0c464836a84e7c08
[INFO] [stdout]                                at /rustc/53fd98ca776cb875bc9e5514f56b52eb74f9e7a9/library/std/src/panic.rs:434:14
[INFO] [stdout]   27:     0x558eea6d56c8 - test::run_test_in_process::h5cb06ef620b157fc
[INFO] [stdout]                                at /rustc/53fd98ca776cb875bc9e5514f56b52eb74f9e7a9/library/test/src/lib.rs:601:18
[INFO] [stdout]   28:     0x558eea6d56c8 - test::run_test::run_test_inner::{{closure}}::h76f677f4b93f9828
[INFO] [stdout]                                at /rustc/53fd98ca776cb875bc9e5514f56b52eb74f9e7a9/library/test/src/lib.rs:493:39
[INFO] [stdout]   29:     0x558eea6a3e5d - test::run_test::run_test_inner::{{closure}}::h366d01fe04f4d67a
[INFO] [stdout]                                at /rustc/53fd98ca776cb875bc9e5514f56b52eb74f9e7a9/library/test/src/lib.rs:520:37
[INFO] [stdout]   30:     0x558eea6a3e5d - std::sys_common::backtrace::__rust_begin_short_backtrace::h7dfa0de4eb395af2
[INFO] [stdout]                                at /rustc/53fd98ca776cb875bc9e5514f56b52eb74f9e7a9/library/std/src/sys_common/backtrace.rs:125:18
[INFO] [stdout]   31:     0x558eea6a8628 - std::thread::Builder::spawn_unchecked::{{closure}}::{{closure}}::hf0a74bb58798037f
[INFO] [stdout]                                at /rustc/53fd98ca776cb875bc9e5514f56b52eb74f9e7a9/library/std/src/thread/mod.rs:476:17
[INFO] [stdout]   32:     0x558eea6a8628 - <std::panic::AssertUnwindSafe<F> as core::ops::function::FnOnce<()>>::call_once::hb024e854818586ac
[INFO] [stdout]                                at /rustc/53fd98ca776cb875bc9e5514f56b52eb74f9e7a9/library/std/src/panic.rs:347:9
[INFO] [stdout]   33:     0x558eea6a8628 - std::panicking::try::do_call::hb2dd9f1d0d48e41d
[INFO] [stdout]                                at /rustc/53fd98ca776cb875bc9e5514f56b52eb74f9e7a9/library/std/src/panicking.rs:401:40
[INFO] [stdout]   34:     0x558eea6a8628 - std::panicking::try::h4717ae7bac8b2bf3
[INFO] [stdout]                                at /rustc/53fd98ca776cb875bc9e5514f56b52eb74f9e7a9/library/std/src/panicking.rs:365:19
[INFO] [stdout]   35:     0x558eea6a8628 - std::panic::catch_unwind::h0dc8a061326ce8d8
[INFO] [stdout]                                at /rustc/53fd98ca776cb875bc9e5514f56b52eb74f9e7a9/library/std/src/panic.rs:434:14
[INFO] [stdout]   36:     0x558eea6a8628 - std::thread::Builder::spawn_unchecked::{{closure}}::haa369e2d6fd00aa1
[INFO] [stdout]                                at /rustc/53fd98ca776cb875bc9e5514f56b52eb74f9e7a9/library/std/src/thread/mod.rs:475:30
[INFO] [stdout]   37:     0x558eea6a8628 - core::ops::function::FnOnce::call_once{{vtable.shim}}::h36dcf3de8b056f17
[INFO] [stdout]                                at /rustc/53fd98ca776cb875bc9e5514f56b52eb74f9e7a9/library/core/src/ops/function.rs:227:5
[INFO] [stdout]   38:     0x558eea6f9707 - <alloc::boxed::Box<F,A> as core::ops::function::FnOnce<Args>>::call_once::h65c29e4642be2358
[INFO] [stdout]                                at /rustc/53fd98ca776cb875bc9e5514f56b52eb74f9e7a9/library/alloc/src/boxed.rs:1572:9
[INFO] [stdout]   39:     0x558eea6f9707 - <alloc::boxed::Box<F,A> as core::ops::function::FnOnce<Args>>::call_once::hd0f8f7fbbd9fffbf
[INFO] [stdout]                                at /rustc/53fd98ca776cb875bc9e5514f56b52eb74f9e7a9/library/alloc/src/boxed.rs:1572:9
[INFO] [stdout]   40:     0x558eea6f9707 - std::sys::unix::thread::Thread::new::thread_start::h2fd22fee3ca77b65
[INFO] [stdout]                                at /rustc/53fd98ca776cb875bc9e5514f56b52eb74f9e7a9/library/std/src/sys/unix/thread.rs:74:17
[INFO] [stdout]   41:     0x7f6b129c7609 - start_thread
[INFO] [stdout]   42:     0x7f6b12799293 - clone
[INFO] [stdout]   43:                0x0 - <unknown>
[INFO] [stdout] 
[INFO] [stdout] 
[INFO] [stdout] failures:
[INFO] [stdout]     anaylze::lexical::do_anaylze::test::test_load_sign
[INFO] [stdout] 
[INFO] [stdout] test result: FAILED. 14 passed; 1 failed; 0 ignored; 0 measured; 0 filtered out; finished in 0.02s
[INFO] [stdout] 
[INFO] [stderr] error: test failed, to rerun pass '--bin sufix_express'
[INFO] running `Command { std: "docker" "inspect" "94e34e271ddec8e0ad07e0e99e698f87cf17ca1fd5211cf4d79f8c5660ba9a64", kill_on_drop: false }`
[INFO] running `Command { std: "docker" "rm" "-f" "94e34e271ddec8e0ad07e0e99e698f87cf17ca1fd5211cf4d79f8c5660ba9a64", kill_on_drop: false }`
[INFO] [stdout] 94e34e271ddec8e0ad07e0e99e698f87cf17ca1fd5211cf4d79f8c5660ba9a64
