[INFO] cloning repository https://github.com/Gisleburt/beeswax
[INFO] running `Command { std: "git" "-c" "credential.helper=" "-c" "credential.helper=/workspace/cargo-home/bin/git-credential-null" "clone" "--bare" "https://github.com/Gisleburt/beeswax" "/workspace/cache/git-repos/https%3A%2F%2Fgithub.com%2FGisleburt%2Fbeeswax", kill_on_drop: false }`
[INFO] [stderr] Cloning into bare repository '/workspace/cache/git-repos/https%3A%2F%2Fgithub.com%2FGisleburt%2Fbeeswax'...
[INFO] running `Command { std: "git" "rev-parse" "HEAD", kill_on_drop: false }`
[INFO] [stdout] 3e1ee15945b02ba1f2d9cf1ab077fc726958d726
[INFO] testing Gisleburt/beeswax against beta-2021-08-01 for beta-1.55-1
[INFO] running `Command { std: "git" "clone" "/workspace/cache/git-repos/https%3A%2F%2Fgithub.com%2FGisleburt%2Fbeeswax" "/workspace/builds/worker-10/source", kill_on_drop: false }`
[INFO] [stderr] Cloning into '/workspace/builds/worker-10/source'...
[INFO] [stderr] done.
[INFO] validating manifest of git repo https://github.com/Gisleburt/beeswax on toolchain beta-2021-08-01
[INFO] running `Command { std: "/workspace/cargo-home/bin/cargo" "+beta-2021-08-01" "metadata" "--manifest-path" "Cargo.toml" "--no-deps", kill_on_drop: false }`
[INFO] started tweaking git repo https://github.com/Gisleburt/beeswax
[INFO] finished tweaking git repo https://github.com/Gisleburt/beeswax
[INFO] tweaked toml for git repo https://github.com/Gisleburt/beeswax written to /workspace/builds/worker-10/source/Cargo.toml
[INFO] crate git repo https://github.com/Gisleburt/beeswax already has a lockfile, it will not be regenerated
[INFO] running `Command { std: "/workspace/cargo-home/bin/cargo" "+beta-2021-08-01" "fetch" "--manifest-path" "Cargo.toml", kill_on_drop: false }`
[INFO] [stderr]     Blocking waiting for file lock on package cache
[INFO] [stderr]  Downloading crates ...
[INFO] [stderr]   Downloaded pin-project v0.4.13
[INFO] [stderr]   Downloaded pin-project-internal v0.4.13
[INFO] [stderr]   Downloaded isahc v0.9.4
[INFO] running `Command { std: "docker" "create" "-v" "/var/lib/crater-agent-workspace/builds/worker-10/target:/opt/rustwide/target:rw,Z" "-v" "/var/lib/crater-agent-workspace/builds/worker-10/source:/opt/rustwide/workdir:ro,Z" "-v" "/var/lib/crater-agent-workspace/cargo-home:/opt/rustwide/cargo-home:ro,Z" "-v" "/var/lib/crater-agent-workspace/rustup-home:/opt/rustwide/rustup-home:ro,Z" "-e" "SOURCE_DIR=/opt/rustwide/workdir" "-e" "CARGO_TARGET_DIR=/opt/rustwide/target" "-e" "CARGO_HOME=/opt/rustwide/cargo-home" "-e" "RUSTUP_HOME=/opt/rustwide/rustup-home" "-w" "/opt/rustwide/workdir" "-m" "1610612736" "--user" "0:0" "--network" "none" "ghcr.io/rust-lang/crates-build-env/linux@sha256:34b6a614d2c27851fe6cbf88fbd1137609cefab8b10d0615aaeb6fd47975d74e" "/opt/rustwide/cargo-home/bin/cargo" "+beta-2021-08-01" "metadata" "--no-deps" "--format-version=1", kill_on_drop: false }`
[INFO] [stdout] 2b927965269fae1e00b9d345f7b9c75fc3bb8815323301d7429892c4a009dea5
[INFO] running `Command { std: "docker" "start" "-a" "2b927965269fae1e00b9d345f7b9c75fc3bb8815323301d7429892c4a009dea5", kill_on_drop: false }`
[INFO] running `Command { std: "docker" "inspect" "2b927965269fae1e00b9d345f7b9c75fc3bb8815323301d7429892c4a009dea5", kill_on_drop: false }`
[INFO] running `Command { std: "docker" "rm" "-f" "2b927965269fae1e00b9d345f7b9c75fc3bb8815323301d7429892c4a009dea5", kill_on_drop: false }`
[INFO] [stdout] 2b927965269fae1e00b9d345f7b9c75fc3bb8815323301d7429892c4a009dea5
[INFO] running `Command { std: "docker" "create" "-v" "/var/lib/crater-agent-workspace/builds/worker-10/target:/opt/rustwide/target:rw,Z" "-v" "/var/lib/crater-agent-workspace/builds/worker-10/source:/opt/rustwide/workdir:ro,Z" "-v" "/var/lib/crater-agent-workspace/cargo-home:/opt/rustwide/cargo-home:ro,Z" "-v" "/var/lib/crater-agent-workspace/rustup-home:/opt/rustwide/rustup-home:ro,Z" "-e" "SOURCE_DIR=/opt/rustwide/workdir" "-e" "CARGO_TARGET_DIR=/opt/rustwide/target" "-e" "CARGO_INCREMENTAL=0" "-e" "RUST_BACKTRACE=full" "-e" "RUSTFLAGS=--cap-lints=warn" "-e" "CARGO_HOME=/opt/rustwide/cargo-home" "-e" "RUSTUP_HOME=/opt/rustwide/rustup-home" "-w" "/opt/rustwide/workdir" "-m" "1610612736" "--user" "0:0" "--network" "none" "ghcr.io/rust-lang/crates-build-env/linux@sha256:34b6a614d2c27851fe6cbf88fbd1137609cefab8b10d0615aaeb6fd47975d74e" "/opt/rustwide/cargo-home/bin/cargo" "+beta-2021-08-01" "build" "--frozen" "--message-format=json", kill_on_drop: false }`
[INFO] [stdout] c27db7f857ea442df48f741827c5c226a5f419d068259ed6a1b7fb38f794dc77
[INFO] running `Command { std: "docker" "start" "-a" "c27db7f857ea442df48f741827c5c226a5f419d068259ed6a1b7fb38f794dc77", kill_on_drop: false }`
[INFO] [stderr]    Compiling autocfg v1.0.0
[INFO] [stderr]    Compiling cc v1.0.52
[INFO] [stderr]    Compiling proc-macro2 v1.0.10
[INFO] [stderr]    Compiling libc v0.2.69
[INFO] [stderr]    Compiling syn v1.0.18
[INFO] [stderr]    Compiling pkg-config v0.3.17
[INFO] [stderr]    Compiling getrandom v0.1.14
[INFO] [stderr]    Compiling serde v1.0.106
[INFO] [stderr]    Compiling memchr v2.3.3
[INFO] [stderr]    Compiling matches v0.1.8
[INFO] [stderr]    Compiling futures-core v0.3.4
[INFO] [stderr]    Compiling itoa v0.4.5
[INFO] [stderr]    Compiling ryu v1.0.4
[INFO] [stderr]    Compiling smallvec v1.4.0
[INFO] [stderr]    Compiling slab v0.4.2
[INFO] [stderr]    Compiling pin-utils v0.1.0
[INFO] [stderr]    Compiling futures-task v0.3.4
[INFO] [stderr]    Compiling curl v0.4.29
[INFO] [stderr]    Compiling encoding_rs v0.8.22
[INFO] [stderr]    Compiling futures-io v0.3.5
[INFO] [stderr]    Compiling percent-encoding v2.1.0
[INFO] [stderr]    Compiling isahc v0.9.4
[INFO] [stderr]    Compiling openssl-probe v0.1.2
[INFO] [stderr]    Compiling bytes v0.5.4
[INFO] [stderr]    Compiling fnv v1.0.6
[INFO] [stderr]    Compiling mime v0.3.16
[INFO] [stderr]    Compiling dtoa v0.4.5
[INFO] [stderr]    Compiling tracing-core v0.1.10
[INFO] [stderr]    Compiling unicode-bidi v0.3.4
[INFO] [stderr]    Compiling futures-channel v0.3.4
[INFO] [stderr]    Compiling num-traits v0.2.12
[INFO] [stderr]    Compiling num-integer v0.1.43
[INFO] [stderr]    Compiling crossbeam-utils v0.7.2
[INFO] [stderr]    Compiling unicode-normalization v0.1.12
[INFO] [stderr]    Compiling http v0.2.1
[INFO] [stderr]    Compiling quote v1.0.3
[INFO] [stderr]    Compiling futures-util v0.3.4
[INFO] [stderr]    Compiling libz-sys v1.0.25
[INFO] [stderr]    Compiling openssl-sys v0.9.55
[INFO] [stderr]    Compiling libnghttp2-sys v0.1.4+1.41.0
[INFO] [stderr]    Compiling curl-sys v0.4.31+curl-7.70.0
[INFO] [stderr]    Compiling time v0.1.43
[INFO] [stderr]    Compiling socket2 v0.3.12
[INFO] [stderr]    Compiling idna v0.2.0
[INFO] [stderr]    Compiling rand_core v0.5.1
[INFO] [stderr]    Compiling rand_chacha v0.2.2
[INFO] [stderr]    Compiling url v2.1.1
[INFO] [stderr]    Compiling rand v0.7.3
[INFO] [stderr]    Compiling crossbeam-channel v0.4.2
[INFO] [stderr]    Compiling chrono v0.4.11
[INFO] [stderr]    Compiling sluice v0.5.2
[INFO] [stderr]    Compiling serde_derive v1.0.106
[INFO] [stderr]    Compiling pin-project-internal v0.4.13
[INFO] [stderr]    Compiling tracing-attributes v0.1.8
[INFO] [stderr]    Compiling typed-builder v0.6.0
[INFO] [stderr]    Compiling serde_repr v0.1.5
[INFO] [stderr]    Compiling tracing v0.1.15
[INFO] [stderr]    Compiling pin-project v0.4.13
[INFO] [stderr]    Compiling tracing-futures v0.2.4
[INFO] [stderr]    Compiling serde_json v1.0.51
[INFO] [stderr]    Compiling serde_urlencoded v0.6.1
[INFO] [stderr]    Compiling beeswax v0.1.2 (/opt/rustwide/workdir)
[INFO] [stdout] warning: unused imports: `AsyncBeeswaxClient`, `SyncBeeswaxClient`
[INFO] [stdout]   --> src/resource.rs:27:13
[INFO] [stdout]    |
[INFO] [stdout] 27 | use crate::{AsyncBeeswaxClient, Result, SyncBeeswaxClient};
[INFO] [stdout]    |             ^^^^^^^^^^^^^^^^^^          ^^^^^^^^^^^^^^^^^
[INFO] [stdout]    |
[INFO] [stdout]    = note: `#[warn(unused_imports)]` on by default
[INFO] [stdout] 
[INFO] [stdout] 
[INFO] [stdout] warning: unused `std::result::Result` that must be used
[INFO] [stdout]   --> src/client/async_client.rs:61:13
[INFO] [stdout]    |
[INFO] [stdout] 61 |             dbg!(response.text());
[INFO] [stdout]    |             ^^^^^^^^^^^^^^^^^^^^^^
[INFO] [stdout]    |
[INFO] [stdout]    = note: `#[warn(unused_must_use)]` on by default
[INFO] [stdout]    = note: this `Result` may be an `Err` variant, which should be handled
[INFO] [stdout]    = note: this warning originates in the macro `dbg` (in Nightly builds, run with -Z macro-backtrace for more info)
[INFO] [stdout] 
[INFO] [stdout] 
[INFO] [stdout] warning: unused `std::result::Result` that must be used
[INFO] [stdout]   --> src/client/async_client.rs:79:13
[INFO] [stdout]    |
[INFO] [stdout] 79 |             dbg!(response.text());
[INFO] [stdout]    |             ^^^^^^^^^^^^^^^^^^^^^^
[INFO] [stdout]    |
[INFO] [stdout]    = note: this `Result` may be an `Err` variant, which should be handled
[INFO] [stdout]    = note: this warning originates in the macro `dbg` (in Nightly builds, run with -Z macro-backtrace for more info)
[INFO] [stdout] 
[INFO] [stdout] 
[INFO] [stdout] warning: unused `std::result::Result` that must be used
[INFO] [stdout]   --> src/client/async_client.rs:96:13
[INFO] [stdout]    |
[INFO] [stdout] 96 |             dbg!(response.text());
[INFO] [stdout]    |             ^^^^^^^^^^^^^^^^^^^^^^
[INFO] [stdout]    |
[INFO] [stdout]    = note: this `Result` may be an `Err` variant, which should be handled
[INFO] [stdout]    = note: this warning originates in the macro `dbg` (in Nightly builds, run with -Z macro-backtrace for more info)
[INFO] [stdout] 
[INFO] [stdout] 
[INFO] [stdout] warning: unused `std::result::Result` that must be used
[INFO] [stdout]   --> src/client/sync_client.rs:70:13
[INFO] [stdout]    |
[INFO] [stdout] 70 |             dbg!(response.text());
[INFO] [stdout]    |             ^^^^^^^^^^^^^^^^^^^^^^
[INFO] [stdout]    |
[INFO] [stdout]    = note: this `Result` may be an `Err` variant, which should be handled
[INFO] [stdout]    = note: this warning originates in the macro `dbg` (in Nightly builds, run with -Z macro-backtrace for more info)
[INFO] [stdout] 
[INFO] [stdout] 
[INFO] [stdout] warning: unused `std::result::Result` that must be used
[INFO] [stdout]   --> src/client/sync_client.rs:88:13
[INFO] [stdout]    |
[INFO] [stdout] 88 |             dbg!(response.text());
[INFO] [stdout]    |             ^^^^^^^^^^^^^^^^^^^^^^
[INFO] [stdout]    |
[INFO] [stdout]    = note: this `Result` may be an `Err` variant, which should be handled
[INFO] [stdout]    = note: this warning originates in the macro `dbg` (in Nightly builds, run with -Z macro-backtrace for more info)
[INFO] [stdout] 
[INFO] [stdout] 
[INFO] [stdout] warning: unused `std::result::Result` that must be used
[INFO] [stdout]    --> src/client/sync_client.rs:105:13
[INFO] [stdout]     |
[INFO] [stdout] 105 |             dbg!(response.text());
[INFO] [stdout]     |             ^^^^^^^^^^^^^^^^^^^^^^
[INFO] [stdout]     |
[INFO] [stdout]     = note: this `Result` may be an `Err` variant, which should be handled
[INFO] [stdout]     = note: this warning originates in the macro `dbg` (in Nightly builds, run with -Z macro-backtrace for more info)
[INFO] [stdout] 
[INFO] [stdout] 
[INFO] [stdout] warning: 7 warnings emitted
[INFO] [stdout] 
[INFO] [stdout] 
[INFO] [stderr]     Finished dev [unoptimized + debuginfo] target(s) in 38.72s
[INFO] running `Command { std: "docker" "inspect" "c27db7f857ea442df48f741827c5c226a5f419d068259ed6a1b7fb38f794dc77", kill_on_drop: false }`
[INFO] running `Command { std: "docker" "rm" "-f" "c27db7f857ea442df48f741827c5c226a5f419d068259ed6a1b7fb38f794dc77", kill_on_drop: false }`
[INFO] [stdout] c27db7f857ea442df48f741827c5c226a5f419d068259ed6a1b7fb38f794dc77
[INFO] running `Command { std: "docker" "create" "-v" "/var/lib/crater-agent-workspace/builds/worker-10/target:/opt/rustwide/target:rw,Z" "-v" "/var/lib/crater-agent-workspace/builds/worker-10/source:/opt/rustwide/workdir:ro,Z" "-v" "/var/lib/crater-agent-workspace/cargo-home:/opt/rustwide/cargo-home:ro,Z" "-v" "/var/lib/crater-agent-workspace/rustup-home:/opt/rustwide/rustup-home:ro,Z" "-e" "SOURCE_DIR=/opt/rustwide/workdir" "-e" "CARGO_TARGET_DIR=/opt/rustwide/target" "-e" "CARGO_INCREMENTAL=0" "-e" "RUST_BACKTRACE=full" "-e" "RUSTFLAGS=--cap-lints=warn" "-e" "CARGO_HOME=/opt/rustwide/cargo-home" "-e" "RUSTUP_HOME=/opt/rustwide/rustup-home" "-w" "/opt/rustwide/workdir" "-m" "1610612736" "--user" "0:0" "--network" "none" "ghcr.io/rust-lang/crates-build-env/linux@sha256:34b6a614d2c27851fe6cbf88fbd1137609cefab8b10d0615aaeb6fd47975d74e" "/opt/rustwide/cargo-home/bin/cargo" "+beta-2021-08-01" "test" "--frozen" "--no-run" "--message-format=json", kill_on_drop: false }`
[INFO] [stdout] 0d4210c39c8dac4c5873b93d9c36fde5a2b74654e1c66284079fa24265f951cc
[INFO] running `Command { std: "docker" "start" "-a" "0d4210c39c8dac4c5873b93d9c36fde5a2b74654e1c66284079fa24265f951cc", kill_on_drop: false }`
[INFO] [stderr]     Blocking waiting for file lock on package cache
[INFO] [stderr]    Compiling arc-swap v0.4.6
[INFO] [stderr]    Compiling pin-project-lite v0.1.4
[INFO] [stderr]    Compiling net2 v0.2.33
[INFO] [stderr]    Compiling iovec v0.1.4
[INFO] [stderr]    Compiling num_cpus v1.13.0
[INFO] [stderr]    Compiling tokio-macros v0.2.5
[INFO] [stdout] warning: unused imports: `AsyncBeeswaxClient`, `SyncBeeswaxClient`
[INFO] [stdout]   --> src/resource.rs:27:13
[INFO] [stdout]    |
[INFO] [stdout] 27 | use crate::{AsyncBeeswaxClient, Result, SyncBeeswaxClient};
[INFO] [stdout]    |             ^^^^^^^^^^^^^^^^^^          ^^^^^^^^^^^^^^^^^
[INFO] [stdout]    |
[INFO] [stdout]    = note: `#[warn(unused_imports)]` on by default
[INFO] [stdout] 
[INFO] [stdout] 
[INFO] [stdout] warning: unused `std::result::Result` that must be used
[INFO] [stdout]   --> src/client/async_client.rs:61:13
[INFO] [stdout]    |
[INFO] [stdout] 61 |             dbg!(response.text());
[INFO] [stdout]    |             ^^^^^^^^^^^^^^^^^^^^^^
[INFO] [stdout]    |
[INFO] [stdout]    = note: `#[warn(unused_must_use)]` on by default
[INFO] [stdout]    = note: this `Result` may be an `Err` variant, which should be handled
[INFO] [stdout]    = note: this warning originates in the macro `dbg` (in Nightly builds, run with -Z macro-backtrace for more info)
[INFO] [stdout] 
[INFO] [stdout] 
[INFO] [stdout] warning: unused `std::result::Result` that must be used
[INFO] [stdout]   --> src/client/async_client.rs:79:13
[INFO] [stdout]    |
[INFO] [stdout] 79 |             dbg!(response.text());
[INFO] [stdout]    |             ^^^^^^^^^^^^^^^^^^^^^^
[INFO] [stdout]    |
[INFO] [stdout]    = note: this `Result` may be an `Err` variant, which should be handled
[INFO] [stdout]    = note: this warning originates in the macro `dbg` (in Nightly builds, run with -Z macro-backtrace for more info)
[INFO] [stdout] 
[INFO] [stdout] 
[INFO] [stdout] warning: unused `std::result::Result` that must be used
[INFO] [stdout]   --> src/client/async_client.rs:96:13
[INFO] [stdout]    |
[INFO] [stdout] 96 |             dbg!(response.text());
[INFO] [stdout]    |             ^^^^^^^^^^^^^^^^^^^^^^
[INFO] [stdout]    |
[INFO] [stdout]    = note: this `Result` may be an `Err` variant, which should be handled
[INFO] [stdout]    = note: this warning originates in the macro `dbg` (in Nightly builds, run with -Z macro-backtrace for more info)
[INFO] [stdout] 
[INFO] [stdout] 
[INFO] [stdout] warning: unused `std::result::Result` that must be used
[INFO] [stdout]   --> src/client/sync_client.rs:70:13
[INFO] [stdout]    |
[INFO] [stdout] 70 |             dbg!(response.text());
[INFO] [stdout]    |             ^^^^^^^^^^^^^^^^^^^^^^
[INFO] [stdout]    |
[INFO] [stdout]    = note: this `Result` may be an `Err` variant, which should be handled
[INFO] [stdout]    = note: this warning originates in the macro `dbg` (in Nightly builds, run with -Z macro-backtrace for more info)
[INFO] [stdout] 
[INFO] [stdout] 
[INFO] [stdout] warning: unused `std::result::Result` that must be used
[INFO] [stdout]   --> src/client/sync_client.rs:88:13
[INFO] [stdout]    |
[INFO] [stdout] 88 |             dbg!(response.text());
[INFO] [stdout]    |             ^^^^^^^^^^^^^^^^^^^^^^
[INFO] [stdout]    |
[INFO] [stdout]    = note: this `Result` may be an `Err` variant, which should be handled
[INFO] [stdout]    = note: this warning originates in the macro `dbg` (in Nightly builds, run with -Z macro-backtrace for more info)
[INFO] [stdout] 
[INFO] [stdout] 
[INFO] [stdout] warning: unused `std::result::Result` that must be used
[INFO] [stdout]    --> src/client/sync_client.rs:105:13
[INFO] [stdout]     |
[INFO] [stdout] 105 |             dbg!(response.text());
[INFO] [stdout]     |             ^^^^^^^^^^^^^^^^^^^^^^
[INFO] [stdout]     |
[INFO] [stdout]     = note: this `Result` may be an `Err` variant, which should be handled
[INFO] [stdout]     = note: this warning originates in the macro `dbg` (in Nightly builds, run with -Z macro-backtrace for more info)
[INFO] [stdout] 
[INFO] [stdout] 
[INFO] [stdout] warning: 7 warnings emitted
[INFO] [stdout] 
[INFO] [stdout] 
[INFO] [stderr]    Compiling signal-hook-registry v1.2.0
[INFO] [stderr]    Compiling mio v0.6.21
[INFO] [stderr]    Compiling mio-uds v0.6.7
[INFO] [stderr]    Compiling tokio v0.2.18
[INFO] [stderr]    Compiling beeswax v0.1.2 (/opt/rustwide/workdir)
[INFO] [stdout] warning: function is never used: `get_async_beeswax_client`
[INFO] [stdout]  --> tests/helper.rs:6:14
[INFO] [stdout]   |
[INFO] [stdout] 6 | pub async fn get_async_beeswax_client() -> Result<AsyncBeeswaxClient> {
[INFO] [stdout]   |              ^^^^^^^^^^^^^^^^^^^^^^^^
[INFO] [stdout]   |
[INFO] [stdout]   = note: `#[warn(dead_code)]` on by default
[INFO] [stdout] 
[INFO] [stdout] 
[INFO] [stdout] warning: function is never used: `get_sync_beeswax_client`
[INFO] [stdout]   --> tests/helper.rs:16:8
[INFO] [stdout]    |
[INFO] [stdout] 16 | pub fn get_sync_beeswax_client() -> Result<SyncBeeswaxClient> {
[INFO] [stdout]    |        ^^^^^^^^^^^^^^^^^^^^^^^
[INFO] [stdout]    |
[INFO] [stdout]    = note: `#[warn(dead_code)]` on by default
[INFO] [stdout] 
[INFO] [stdout] 
[INFO] [stdout] warning: function is never used: `random_string`
[INFO] [stdout]   --> tests/helper.rs:24:8
[INFO] [stdout]    |
[INFO] [stdout] 24 | pub fn random_string(prefix: &str) -> String {
[INFO] [stdout]    |        ^^^^^^^^^^^^^
[INFO] [stdout] 
[INFO] [stdout] 
[INFO] [stdout] warning: function is never used: `get_sync_beeswax_client`
[INFO] [stdout]   --> tests/helper.rs:16:8
[INFO] [stdout]    |
[INFO] [stdout] 16 | pub fn get_sync_beeswax_client() -> Result<SyncBeeswaxClient> {
[INFO] [stdout]    |        ^^^^^^^^^^^^^^^^^^^^^^^
[INFO] [stdout]    |
[INFO] [stdout]    = note: `#[warn(dead_code)]` on by default
[INFO] [stdout] 
[INFO] [stdout] 
[INFO] [stdout] warning: function is never used: `get_sync_beeswax_client`
[INFO] [stdout]   --> tests/helper.rs:16:8
[INFO] [stdout]    |
[INFO] [stdout] 16 | pub fn get_sync_beeswax_client() -> Result<SyncBeeswaxClient> {
[INFO] [stdout]    |        ^^^^^^^^^^^^^^^^^^^^^^^
[INFO] [stdout]    |
[INFO] [stdout]    = note: `#[warn(dead_code)]` on by default
[INFO] [stdout] 
[INFO] [stdout] 
[INFO] [stdout] warning: function is never used: `get_sync_beeswax_client`
[INFO] [stdout]   --> tests/helper.rs:16:8
[INFO] [stdout]    |
[INFO] [stdout] 16 | pub fn get_sync_beeswax_client() -> Result<SyncBeeswaxClient> {
[INFO] [stdout]    |        ^^^^^^^^^^^^^^^^^^^^^^^
[INFO] [stdout]    |
[INFO] [stdout]    = note: `#[warn(dead_code)]` on by default
[INFO] [stdout] 
[INFO] [stdout] 
[INFO] [stdout] warning: unused imports: `AsyncBeeswaxClient`, `SyncBeeswaxClient`
[INFO] [stdout]   --> src/resource.rs:27:13
[INFO] [stdout]    |
[INFO] [stdout] 27 | use crate::{AsyncBeeswaxClient, Result, SyncBeeswaxClient};
[INFO] [stdout]    |             ^^^^^^^^^^^^^^^^^^          ^^^^^^^^^^^^^^^^^
[INFO] [stdout]    |
[INFO] [stdout]    = note: `#[warn(unused_imports)]` on by default
[INFO] [stdout] 
[INFO] [stdout] 
[INFO] [stdout] warning: 1 warning emitted
[INFO] [stdout] 
[INFO] [stdout] 
[INFO] [stdout] warning: 2 warnings emitted
[INFO] [stdout] 
[INFO] [stdout] 
[INFO] [stdout] warning: 1 warning emitted
[INFO] [stdout] 
[INFO] [stdout] 
[INFO] [stdout] warning: 1 warning emitted
[INFO] [stdout] 
[INFO] [stdout] 
[INFO] [stdout] warning: 1 warning emitted
[INFO] [stdout] 
[INFO] [stdout] 
[INFO] [stdout] warning: unused `std::result::Result` that must be used
[INFO] [stdout]   --> src/client/async_client.rs:61:13
[INFO] [stdout]    |
[INFO] [stdout] 61 |             dbg!(response.text());
[INFO] [stdout]    |             ^^^^^^^^^^^^^^^^^^^^^^
[INFO] [stdout]    |
[INFO] [stdout]    = note: `#[warn(unused_must_use)]` on by default
[INFO] [stdout]    = note: this `Result` may be an `Err` variant, which should be handled
[INFO] [stdout]    = note: this warning originates in the macro `dbg` (in Nightly builds, run with -Z macro-backtrace for more info)
[INFO] [stdout] 
[INFO] [stdout] 
[INFO] [stdout] warning: unused `std::result::Result` that must be used
[INFO] [stdout]   --> src/client/async_client.rs:79:13
[INFO] [stdout]    |
[INFO] [stdout] 79 |             dbg!(response.text());
[INFO] [stdout]    |             ^^^^^^^^^^^^^^^^^^^^^^
[INFO] [stdout]    |
[INFO] [stdout]    = note: this `Result` may be an `Err` variant, which should be handled
[INFO] [stdout]    = note: this warning originates in the macro `dbg` (in Nightly builds, run with -Z macro-backtrace for more info)
[INFO] [stdout] 
[INFO] [stdout] 
[INFO] [stdout] warning: unused `std::result::Result` that must be used
[INFO] [stdout]   --> src/client/async_client.rs:96:13
[INFO] [stdout]    |
[INFO] [stdout] 96 |             dbg!(response.text());
[INFO] [stdout]    |             ^^^^^^^^^^^^^^^^^^^^^^
[INFO] [stdout]    |
[INFO] [stdout]    = note: this `Result` may be an `Err` variant, which should be handled
[INFO] [stdout]    = note: this warning originates in the macro `dbg` (in Nightly builds, run with -Z macro-backtrace for more info)
[INFO] [stdout] 
[INFO] [stdout] 
[INFO] [stdout] warning: unused `std::result::Result` that must be used
[INFO] [stdout]   --> src/client/sync_client.rs:70:13
[INFO] [stdout]    |
[INFO] [stdout] 70 |             dbg!(response.text());
[INFO] [stdout]    |             ^^^^^^^^^^^^^^^^^^^^^^
[INFO] [stdout]    |
[INFO] [stdout]    = note: this `Result` may be an `Err` variant, which should be handled
[INFO] [stdout]    = note: this warning originates in the macro `dbg` (in Nightly builds, run with -Z macro-backtrace for more info)
[INFO] [stdout] 
[INFO] [stdout] 
[INFO] [stdout] warning: unused `std::result::Result` that must be used
[INFO] [stdout]   --> src/client/sync_client.rs:88:13
[INFO] [stdout]    |
[INFO] [stdout] 88 |             dbg!(response.text());
[INFO] [stdout]    |             ^^^^^^^^^^^^^^^^^^^^^^
[INFO] [stdout]    |
[INFO] [stdout]    = note: this `Result` may be an `Err` variant, which should be handled
[INFO] [stdout]    = note: this warning originates in the macro `dbg` (in Nightly builds, run with -Z macro-backtrace for more info)
[INFO] [stdout] 
[INFO] [stdout] 
[INFO] [stdout] warning: unused `std::result::Result` that must be used
[INFO] [stdout]    --> src/client/sync_client.rs:105:13
[INFO] [stdout]     |
[INFO] [stdout] 105 |             dbg!(response.text());
[INFO] [stdout]     |             ^^^^^^^^^^^^^^^^^^^^^^
[INFO] [stdout]     |
[INFO] [stdout]     = note: this `Result` may be an `Err` variant, which should be handled
[INFO] [stdout]     = note: this warning originates in the macro `dbg` (in Nightly builds, run with -Z macro-backtrace for more info)
[INFO] [stdout] 
[INFO] [stdout] 
[INFO] [stdout] warning: 7 warnings emitted
[INFO] [stdout] 
[INFO] [stdout] 
[INFO] [stderr]     Finished test [unoptimized + debuginfo] target(s) in 20.97s
[INFO] running `Command { std: "docker" "inspect" "0d4210c39c8dac4c5873b93d9c36fde5a2b74654e1c66284079fa24265f951cc", kill_on_drop: false }`
[INFO] running `Command { std: "docker" "rm" "-f" "0d4210c39c8dac4c5873b93d9c36fde5a2b74654e1c66284079fa24265f951cc", kill_on_drop: false }`
[INFO] [stdout] 0d4210c39c8dac4c5873b93d9c36fde5a2b74654e1c66284079fa24265f951cc
[INFO] running `Command { std: "docker" "create" "-v" "/var/lib/crater-agent-workspace/builds/worker-10/target:/opt/rustwide/target:rw,Z" "-v" "/var/lib/crater-agent-workspace/builds/worker-10/source:/opt/rustwide/workdir:ro,Z" "-v" "/var/lib/crater-agent-workspace/cargo-home:/opt/rustwide/cargo-home:ro,Z" "-v" "/var/lib/crater-agent-workspace/rustup-home:/opt/rustwide/rustup-home:ro,Z" "-e" "SOURCE_DIR=/opt/rustwide/workdir" "-e" "CARGO_TARGET_DIR=/opt/rustwide/target" "-e" "CARGO_INCREMENTAL=0" "-e" "RUST_BACKTRACE=full" "-e" "RUSTFLAGS=--cap-lints=warn" "-e" "CARGO_HOME=/opt/rustwide/cargo-home" "-e" "RUSTUP_HOME=/opt/rustwide/rustup-home" "-w" "/opt/rustwide/workdir" "-m" "1610612736" "--user" "0:0" "--network" "none" "ghcr.io/rust-lang/crates-build-env/linux@sha256:34b6a614d2c27851fe6cbf88fbd1137609cefab8b10d0615aaeb6fd47975d74e" "/opt/rustwide/cargo-home/bin/cargo" "+beta-2021-08-01" "test" "--frozen", kill_on_drop: false }`
[INFO] [stdout] 14e1e0536e9c0584da4d51d22f41b5dc147c10433782d4807084e7cf953c673f
[INFO] running `Command { std: "docker" "start" "-a" "14e1e0536e9c0584da4d51d22f41b5dc147c10433782d4807084e7cf953c673f", kill_on_drop: false }`
[INFO] [stderr]     Blocking waiting for file lock on package cache
[INFO] [stderr]     Blocking waiting for file lock on package cache
[INFO] [stderr]     Blocking waiting for file lock on package cache
[INFO] [stderr] warning: unused imports: `AsyncBeeswaxClient`, `SyncBeeswaxClient`
[INFO] [stderr]   --> src/resource.rs:27:13
[INFO] [stderr]    |
[INFO] [stderr] 27 | use crate::{AsyncBeeswaxClient, Result, SyncBeeswaxClient};
[INFO] [stderr]    |             ^^^^^^^^^^^^^^^^^^          ^^^^^^^^^^^^^^^^^
[INFO] [stderr]    |
[INFO] [stderr]    = note: `#[warn(unused_imports)]` on by default
[INFO] [stderr] 
[INFO] [stderr] warning: unused `std::result::Result` that must be used
[INFO] [stderr]   --> src/client/async_client.rs:61:13
[INFO] [stderr]    |
[INFO] [stderr] 61 |             dbg!(response.text());
[INFO] [stderr]    |             ^^^^^^^^^^^^^^^^^^^^^^
[INFO] [stderr]    |
[INFO] [stderr]    = note: `#[warn(unused_must_use)]` on by default
[INFO] [stderr]    = note: this `Result` may be an `Err` variant, which should be handled
[INFO] [stderr]    = note: this warning originates in the macro `dbg` (in Nightly builds, run with -Z macro-backtrace for more info)
[INFO] [stderr] 
[INFO] [stderr] warning: unused `std::result::Result` that must be used
[INFO] [stderr]   --> src/client/async_client.rs:79:13
[INFO] [stderr]    |
[INFO] [stderr] 79 |             dbg!(response.text());
[INFO] [stderr]    |             ^^^^^^^^^^^^^^^^^^^^^^
[INFO] [stderr]    |
[INFO] [stderr]    = note: this `Result` may be an `Err` variant, which should be handled
[INFO] [stderr]    = note: this warning originates in the macro `dbg` (in Nightly builds, run with -Z macro-backtrace for more info)
[INFO] [stderr] 
[INFO] [stderr] warning: unused `std::result::Result` that must be used
[INFO] [stderr]   --> src/client/async_client.rs:96:13
[INFO] [stderr]    |
[INFO] [stderr] 96 |             dbg!(response.text());
[INFO] [stderr]    |             ^^^^^^^^^^^^^^^^^^^^^^
[INFO] [stderr]    |
[INFO] [stderr]    = note: this `Result` may be an `Err` variant, which should be handled
[INFO] [stderr]    = note: this warning originates in the macro `dbg` (in Nightly builds, run with -Z macro-backtrace for more info)
[INFO] [stderr] 
[INFO] [stderr] warning: unused `std::result::Result` that must be used
[INFO] [stderr]   --> src/client/sync_client.rs:70:13
[INFO] [stderr]    |
[INFO] [stderr] 70 |             dbg!(response.text());
[INFO] [stderr]    |             ^^^^^^^^^^^^^^^^^^^^^^
[INFO] [stderr]    |
[INFO] [stderr]    = note: this `Result` may be an `Err` variant, which should be handled
[INFO] [stderr]    = note: this warning originates in the macro `dbg` (in Nightly builds, run with -Z macro-backtrace for more info)
[INFO] [stderr] 
[INFO] [stderr] warning: unused `std::result::Result` that must be used
[INFO] [stderr]   --> src/client/sync_client.rs:88:13
[INFO] [stderr]    |
[INFO] [stderr] 88 |             dbg!(response.text());
[INFO] [stderr]    |             ^^^^^^^^^^^^^^^^^^^^^^
[INFO] [stderr]    |
[INFO] [stderr]    = note: this `Result` may be an `Err` variant, which should be handled
[INFO] [stderr]    = note: this warning originates in the macro `dbg` (in Nightly builds, run with -Z macro-backtrace for more info)
[INFO] [stderr] 
[INFO] [stderr] warning: unused `std::result::Result` that must be used
[INFO] [stderr]    --> src/client/sync_client.rs:105:13
[INFO] [stderr]     |
[INFO] [stderr] 105 |             dbg!(response.text());
[INFO] [stderr]     |             ^^^^^^^^^^^^^^^^^^^^^^
[INFO] [stderr]     |
[INFO] [stderr]     = note: this `Result` may be an `Err` variant, which should be handled
[INFO] [stderr]     = note: this warning originates in the macro `dbg` (in Nightly builds, run with -Z macro-backtrace for more info)
[INFO] [stderr] 
[INFO] [stderr] warning: `beeswax` (lib) generated 7 warnings
[INFO] [stderr] warning: `beeswax` (lib test) generated 7 warnings (7 duplicates)
[INFO] [stderr] warning: function is never used: `get_sync_beeswax_client`
[INFO] [stderr]   --> tests/helper.rs:16:8
[INFO] [stderr]    |
[INFO] [stderr] 16 | pub fn get_sync_beeswax_client() -> Result<SyncBeeswaxClient> {
[INFO] [stderr]    |        ^^^^^^^^^^^^^^^^^^^^^^^
[INFO] [stderr]    |
[INFO] [stderr]    = note: `#[warn(dead_code)]` on by default
[INFO] [stderr] 
[INFO] [stderr] warning: function is never used: `random_string`
[INFO] [stderr]   --> tests/helper.rs:24:8
[INFO] [stderr]    |
[INFO] [stderr] 24 | pub fn random_string(prefix: &str) -> String {
[INFO] [stderr]    |        ^^^^^^^^^^^^^
[INFO] [stderr] 
[INFO] [stderr] warning: function is never used: `get_async_beeswax_client`
[INFO] [stderr]  --> tests/helper.rs:6:14
[INFO] [stderr]   |
[INFO] [stderr] 6 | pub async fn get_async_beeswax_client() -> Result<AsyncBeeswaxClient> {
[INFO] [stderr]   |              ^^^^^^^^^^^^^^^^^^^^^^^^
[INFO] [stderr]   |
[INFO] [stderr]   = note: `#[warn(dead_code)]` on by default
[INFO] [stderr] 
[INFO] [stderr] warning: `beeswax` (test "advertiser") generated 1 warning
[INFO] [stderr] warning: `beeswax` (test "campaign") generated 1 warning (1 duplicate)
[INFO] [stderr] warning: `beeswax` (test "view") generated 2 warnings (1 duplicate)
[INFO] [stderr] warning: `beeswax` (test "async_client") generated 1 warning (1 duplicate)
[INFO] [stderr] warning: `beeswax` (test "sync_client") generated 1 warning
[INFO] [stderr]     Finished test [unoptimized + debuginfo] target(s) in 3.32s
[INFO] [stderr]      Running unittests (/opt/rustwide/target/debug/deps/beeswax-cd3fbf96aaad66fe)
[INFO] [stdout] 
[INFO] [stderr]      Running tests/advertiser.rs (/opt/rustwide/target/debug/deps/advertiser-b75750da1c6c415f)
[INFO] [stdout] running 0 tests
[INFO] [stdout] 
[INFO] [stdout] test result: ok. 0 passed; 0 failed; 0 ignored; 0 measured; 0 filtered out; finished in 0.00s
[INFO] [stdout] 
[INFO] [stdout] 
[INFO] [stdout] running 1 test
[INFO] [stdout] test test_advertiser ... FAILED
[INFO] [stdout] 
[INFO] [stdout] failures:
[INFO] [stdout] 
[INFO] [stdout] ---- test_advertiser stdout ----
[INFO] [stdout] thread 'test_advertiser' panicked at 'called `Result::unwrap()` on an `Err` value: NotPresent', tests/advertiser.rs:13:59
[INFO] [stdout] stack backtrace:
[INFO] [stdout]    0:     0x55bccaca57b0 - std::backtrace_rs::backtrace::libunwind::trace::hff4d1766e93f64f1
[INFO] [stdout]                                at /rustc/53fd98ca776cb875bc9e5514f56b52eb74f9e7a9/library/std/src/../../backtrace/src/backtrace/libunwind.rs:90:5
[INFO] [stdout]    1:     0x55bccaca57b0 - std::backtrace_rs::backtrace::trace_unsynchronized::h56bbc8eb78770bcb
[INFO] [stdout]                                at /rustc/53fd98ca776cb875bc9e5514f56b52eb74f9e7a9/library/std/src/../../backtrace/src/backtrace/mod.rs:66:5
[INFO] [stdout]    2:     0x55bccaca57b0 - std::sys_common::backtrace::_print_fmt::h5c8e75464faca780
[INFO] [stdout]                                at /rustc/53fd98ca776cb875bc9e5514f56b52eb74f9e7a9/library/std/src/sys_common/backtrace.rs:67:5
[INFO] [stdout]    3:     0x55bccaca57b0 - <std::sys_common::backtrace::_print::DisplayBacktrace as core::fmt::Display>::fmt::h48b88277def8b362
[INFO] [stdout]                                at /rustc/53fd98ca776cb875bc9e5514f56b52eb74f9e7a9/library/std/src/sys_common/backtrace.rs:46:22
[INFO] [stdout]    4:     0x55bccacc97dc - core::fmt::write::h3381b3176fe2b3d3
[INFO] [stdout]                                at /rustc/53fd98ca776cb875bc9e5514f56b52eb74f9e7a9/library/core/src/fmt/mod.rs:1115:17
[INFO] [stdout]    5:     0x55bccac9f275 - std::io::Write::write_fmt::h5f34a676f60246b5
[INFO] [stdout]                                at /rustc/53fd98ca776cb875bc9e5514f56b52eb74f9e7a9/library/std/src/io/mod.rs:1665:15
[INFO] [stdout]    6:     0x55bccaca79eb - std::sys_common::backtrace::_print::ha537687d6c17dd0d
[INFO] [stdout]                                at /rustc/53fd98ca776cb875bc9e5514f56b52eb74f9e7a9/library/std/src/sys_common/backtrace.rs:49:5
[INFO] [stdout]    7:     0x55bccaca79eb - std::sys_common::backtrace::print::h61376ae57d131d72
[INFO] [stdout]                                at /rustc/53fd98ca776cb875bc9e5514f56b52eb74f9e7a9/library/std/src/sys_common/backtrace.rs:36:9
[INFO] [stdout]    8:     0x55bccaca79eb - std::panicking::default_hook::{{closure}}::h0f7208c0b9644a54
[INFO] [stdout]                                at /rustc/53fd98ca776cb875bc9e5514f56b52eb74f9e7a9/library/std/src/panicking.rs:208:50
[INFO] [stdout]    9:     0x55bccaca74fc - std::panicking::default_hook::hdac7fc06578c14ce
[INFO] [stdout]                                at /rustc/53fd98ca776cb875bc9e5514f56b52eb74f9e7a9/library/std/src/panicking.rs:222:9
[INFO] [stdout]   10:     0x55bccaca80b4 - std::panicking::rust_panic_with_hook::h72b21c283da3d1ef
[INFO] [stdout]                                at /rustc/53fd98ca776cb875bc9e5514f56b52eb74f9e7a9/library/std/src/panicking.rs:622:17
[INFO] [stdout]   11:     0x55bccaca7b97 - std::panicking::begin_panic_handler::{{closure}}::he5778f1729cff84a
[INFO] [stdout]                                at /rustc/53fd98ca776cb875bc9e5514f56b52eb74f9e7a9/library/std/src/panicking.rs:519:13
[INFO] [stdout]   12:     0x55bccaca5c8c - std::sys_common::backtrace::__rust_end_short_backtrace::h2d11ca8b453b4b1d
[INFO] [stdout]                                at /rustc/53fd98ca776cb875bc9e5514f56b52eb74f9e7a9/library/std/src/sys_common/backtrace.rs:141:18
[INFO] [stdout]   13:     0x55bccaca7af9 - rust_begin_unwind
[INFO] [stdout]                                at /rustc/53fd98ca776cb875bc9e5514f56b52eb74f9e7a9/library/std/src/panicking.rs:515:5
[INFO] [stdout]   14:     0x55bcca8e6971 - core::panicking::panic_fmt::hf9de31d4acbce4db
[INFO] [stdout]                                at /rustc/53fd98ca776cb875bc9e5514f56b52eb74f9e7a9/library/core/src/panicking.rs:92:14
[INFO] [stdout]   15:     0x55bcca8e6a63 - core::result::unwrap_failed::ha0c84e81219e5878
[INFO] [stdout]                                at /rustc/53fd98ca776cb875bc9e5514f56b52eb74f9e7a9/library/core/src/result.rs:1599:5
[INFO] [stdout]   16:     0x55bcca9298b6 - core::result::Result<T,E>::unwrap::h8883db1e1d267b19
[INFO] [stdout]                                at /rustc/53fd98ca776cb875bc9e5514f56b52eb74f9e7a9/library/core/src/result.rs:1281:23
[INFO] [stdout]   17:     0x55bcca912cf8 - advertiser::test_advertiser::{{closure}}::hf1c4763126e388b3
[INFO] [stdout]                                at /opt/rustwide/workdir/tests/advertiser.rs:13:26
[INFO] [stdout]   18:     0x55bcca9217ab - <core::future::from_generator::GenFuture<T> as core::future::future::Future>::poll::hc5bb613dfaaeead6
[INFO] [stdout]                                at /rustc/53fd98ca776cb875bc9e5514f56b52eb74f9e7a9/library/core/src/future/mod.rs:80:19
[INFO] [stdout]   19:     0x55bcca924a20 - tokio::runtime::basic_scheduler::BasicScheduler<P>::block_on::{{closure}}::{{closure}}::hc9df8378d596714d
[INFO] [stdout]                                at /opt/rustwide/cargo-home/registry/src/github.com-1ecc6299db9ec823/tokio-0.2.18/src/runtime/basic_scheduler.rs:131:58
[INFO] [stdout]   20:     0x55bcca91d5b9 - tokio::coop::budget::{{closure}}::h5d3558bca7936b7c
[INFO] [stdout]                                at /opt/rustwide/cargo-home/registry/src/github.com-1ecc6299db9ec823/tokio-0.2.18/src/coop.rs:97:9
[INFO] [stdout]   21:     0x55bcca90c2e2 - std::thread::local::LocalKey<T>::try_with::h31985eaf34809ab0
[INFO] [stdout]                                at /rustc/53fd98ca776cb875bc9e5514f56b52eb74f9e7a9/library/std/src/thread/local.rs:399:16
[INFO] [stdout]   22:     0x55bcca90c0a8 - std::thread::local::LocalKey<T>::with::h5a7cf5268ae992c0
[INFO] [stdout]                                at /rustc/53fd98ca776cb875bc9e5514f56b52eb74f9e7a9/library/std/src/thread/local.rs:375:9
[INFO] [stdout]   23:     0x55bcca924495 - tokio::coop::budget::ha6b0696b3d04792e
[INFO] [stdout]                                at /opt/rustwide/cargo-home/registry/src/github.com-1ecc6299db9ec823/tokio-0.2.18/src/coop.rs:79:5
[INFO] [stdout]   24:     0x55bcca924495 - tokio::runtime::basic_scheduler::BasicScheduler<P>::block_on::{{closure}}::hd3ed2c2ed30c5741
[INFO] [stdout]                                at /opt/rustwide/cargo-home/registry/src/github.com-1ecc6299db9ec823/tokio-0.2.18/src/runtime/basic_scheduler.rs:131:35
[INFO] [stdout]   25:     0x55bcca924e21 - tokio::runtime::basic_scheduler::enter::{{closure}}::hafaa928093f9e22c
[INFO] [stdout]                                at /opt/rustwide/cargo-home/registry/src/github.com-1ecc6299db9ec823/tokio-0.2.18/src/runtime/basic_scheduler.rs:213:29
[INFO] [stdout]   26:     0x55bcca90ff50 - tokio::macros::scoped_tls::ScopedKey<T>::set::h176751fedf0ab177
[INFO] [stdout]                                at /opt/rustwide/cargo-home/registry/src/github.com-1ecc6299db9ec823/tokio-0.2.18/src/macros/scoped_tls.rs:64:9
[INFO] [stdout]   27:     0x55bcca924d6e - tokio::runtime::basic_scheduler::enter::hcfbba9fef2187745
[INFO] [stdout]                                at /opt/rustwide/cargo-home/registry/src/github.com-1ecc6299db9ec823/tokio-0.2.18/src/runtime/basic_scheduler.rs:213:5
[INFO] [stdout]   28:     0x55bcca924270 - tokio::runtime::basic_scheduler::BasicScheduler<P>::block_on::h57acdf8380a7cbb6
[INFO] [stdout]                                at /opt/rustwide/cargo-home/registry/src/github.com-1ecc6299db9ec823/tokio-0.2.18/src/runtime/basic_scheduler.rs:123:9
[INFO] [stdout]   29:     0x55bcca91db02 - tokio::runtime::Runtime::block_on::{{closure}}::h15ed778607cee341
[INFO] [stdout]                                at /opt/rustwide/cargo-home/registry/src/github.com-1ecc6299db9ec823/tokio-0.2.18/src/runtime/mod.rs:418:34
[INFO] [stdout]   30:     0x55bcca904d6d - tokio::runtime::context::enter::h826cc2f661ce34bc
[INFO] [stdout]                                at /opt/rustwide/cargo-home/registry/src/github.com-1ecc6299db9ec823/tokio-0.2.18/src/runtime/context.rs:72:5
[INFO] [stdout]   31:     0x55bcca9280f8 - tokio::runtime::handle::Handle::enter::hefae35da259f6055
[INFO] [stdout]                                at /opt/rustwide/cargo-home/registry/src/github.com-1ecc6299db9ec823/tokio-0.2.18/src/runtime/handle.rs:39:9
[INFO] [stdout]   32:     0x55bcca91da2d - tokio::runtime::Runtime::block_on::hb46e38cbd49ce8ea
[INFO] [stdout]                                at /opt/rustwide/cargo-home/registry/src/github.com-1ecc6299db9ec823/tokio-0.2.18/src/runtime/mod.rs:415:9
[INFO] [stdout]   33:     0x55bcca91284b - advertiser::test_advertiser::h24ce6bfdd5db101f
[INFO] [stdout]                                at /opt/rustwide/workdir/tests/advertiser.rs:11:1
[INFO] [stdout]   34:     0x55bcca91275a - advertiser::test_advertiser::{{closure}}::hcd795898e309b57d
[INFO] [stdout]                                at /opt/rustwide/workdir/tests/advertiser.rs:11:1
[INFO] [stdout]   35:     0x55bcca91f21e - core::ops::function::FnOnce::call_once::h9b90e29385610de5
[INFO] [stdout]                                at /rustc/53fd98ca776cb875bc9e5514f56b52eb74f9e7a9/library/core/src/ops/function.rs:227:5
[INFO] [stdout]   36:     0x55bcca961013 - core::ops::function::FnOnce::call_once::hbb52c4519d3137b0
[INFO] [stdout]                                at /rustc/53fd98ca776cb875bc9e5514f56b52eb74f9e7a9/library/core/src/ops/function.rs:227:5
[INFO] [stdout]   37:     0x55bcca961013 - test::__rust_begin_short_backtrace::h86fe3a2a5a5121af
[INFO] [stdout]                                at /rustc/53fd98ca776cb875bc9e5514f56b52eb74f9e7a9/library/test/src/lib.rs:578:5
[INFO] [stdout]   38:     0x55bcca95fac8 - <alloc::boxed::Box<F,A> as core::ops::function::FnOnce<Args>>::call_once::hfd956bc3d57399be
[INFO] [stdout]                                at /rustc/53fd98ca776cb875bc9e5514f56b52eb74f9e7a9/library/alloc/src/boxed.rs:1572:9
[INFO] [stdout]   39:     0x55bcca95fac8 - <std::panic::AssertUnwindSafe<F> as core::ops::function::FnOnce<()>>::call_once::h40dc93e0ddb5938a
[INFO] [stdout]                                at /rustc/53fd98ca776cb875bc9e5514f56b52eb74f9e7a9/library/std/src/panic.rs:347:9
[INFO] [stdout]   40:     0x55bcca95fac8 - std::panicking::try::do_call::h90d07750cb47c562
[INFO] [stdout]                                at /rustc/53fd98ca776cb875bc9e5514f56b52eb74f9e7a9/library/std/src/panicking.rs:401:40
[INFO] [stdout]   41:     0x55bcca95fac8 - std::panicking::try::h063c84733ad2a629
[INFO] [stdout]                                at /rustc/53fd98ca776cb875bc9e5514f56b52eb74f9e7a9/library/std/src/panicking.rs:365:19
[INFO] [stdout]   42:     0x55bcca95fac8 - std::panic::catch_unwind::h0c464836a84e7c08
[INFO] [stdout]                                at /rustc/53fd98ca776cb875bc9e5514f56b52eb74f9e7a9/library/std/src/panic.rs:434:14
[INFO] [stdout]   43:     0x55bcca95fac8 - test::run_test_in_process::h5cb06ef620b157fc
[INFO] [stdout]                                at /rustc/53fd98ca776cb875bc9e5514f56b52eb74f9e7a9/library/test/src/lib.rs:601:18
[INFO] [stdout]   44:     0x55bcca95fac8 - test::run_test::run_test_inner::{{closure}}::h76f677f4b93f9828
[INFO] [stdout]                                at /rustc/53fd98ca776cb875bc9e5514f56b52eb74f9e7a9/library/test/src/lib.rs:493:39
[INFO] [stdout]   45:     0x55bcca92e25d - test::run_test::run_test_inner::{{closure}}::h366d01fe04f4d67a
[INFO] [stdout]                                at /rustc/53fd98ca776cb875bc9e5514f56b52eb74f9e7a9/library/test/src/lib.rs:520:37
[INFO] [stdout]   46:     0x55bcca92e25d - std::sys_common::backtrace::__rust_begin_short_backtrace::h7dfa0de4eb395af2
[INFO] [stdout]                                at /rustc/53fd98ca776cb875bc9e5514f56b52eb74f9e7a9/library/std/src/sys_common/backtrace.rs:125:18
[INFO] [stdout]   47:     0x55bcca932a28 - std::thread::Builder::spawn_unchecked::{{closure}}::{{closure}}::hf0a74bb58798037f
[INFO] [stdout]                                at /rustc/53fd98ca776cb875bc9e5514f56b52eb74f9e7a9/library/std/src/thread/mod.rs:476:17
[INFO] [stdout]   48:     0x55bcca932a28 - <std::panic::AssertUnwindSafe<F> as core::ops::function::FnOnce<()>>::call_once::hb024e854818586ac
[INFO] [stdout]                                at /rustc/53fd98ca776cb875bc9e5514f56b52eb74f9e7a9/library/std/src/panic.rs:347:9
[INFO] [stdout]   49:     0x55bcca932a28 - std::panicking::try::do_call::hb2dd9f1d0d48e41d
[INFO] [stdout]                                at /rustc/53fd98ca776cb875bc9e5514f56b52eb74f9e7a9/library/std/src/panicking.rs:401:40
[INFO] [stdout]   50:     0x55bcca932a28 - std::panicking::try::h4717ae7bac8b2bf3
[INFO] [stdout]                                at /rustc/53fd98ca776cb875bc9e5514f56b52eb74f9e7a9/library/std/src/panicking.rs:365:19
[INFO] [stdout]   51:     0x55bcca932a28 - std::panic::catch_unwind::h0dc8a061326ce8d8
[INFO] [stdout]                                at /rustc/53fd98ca776cb875bc9e5514f56b52eb74f9e7a9/library/std/src/panic.rs:434:14
[INFO] [stdout]   52:     0x55bcca932a28 - std::thread::Builder::spawn_unchecked::{{closure}}::haa369e2d6fd00aa1
[INFO] [stdout]                                at /rustc/53fd98ca776cb875bc9e5514f56b52eb74f9e7a9/library/std/src/thread/mod.rs:475:30
[INFO] [stdout]   53:     0x55bcca932a28 - core::ops::function::FnOnce::call_once{{vtable.shim}}::h36dcf3de8b056f17
[INFO] [stdout]                                at /rustc/53fd98ca776cb875bc9e5514f56b52eb74f9e7a9/library/core/src/ops/function.rs:227:5
[INFO] [stdout]   54:     0x55bccacad957 - <alloc::boxed::Box<F,A> as core::ops::function::FnOnce<Args>>::call_once::h65c29e4642be2358
[INFO] [stdout]                                at /rustc/53fd98ca776cb875bc9e5514f56b52eb74f9e7a9/library/alloc/src/boxed.rs:1572:9
[INFO] [stdout]   55:     0x55bccacad957 - <alloc::boxed::Box<F,A> as core::ops::function::FnOnce<Args>>::call_once::hd0f8f7fbbd9fffbf
[INFO] [stdout]                                at /rustc/53fd98ca776cb875bc9e5514f56b52eb74f9e7a9/library/alloc/src/boxed.rs:1572:9
[INFO] [stdout]   56:     0x55bccacad957 - std::sys::unix::thread::Thread::new::thread_start::h2fd22fee3ca77b65
[INFO] [stdout]                                at /rustc/53fd98ca776cb875bc9e5514f56b52eb74f9e7a9/library/std/src/sys/unix/thread.rs:74:17
[INFO] [stdout]   57:     0x7f846037f609 - start_thread
[INFO] [stdout]   58:     0x7f8460157293 - clone
[INFO] [stdout]   59:                0x0 - <unknown>
[INFO] [stdout] 
[INFO] [stdout] 
[INFO] [stdout] failures:
[INFO] [stdout]     test_advertiser
[INFO] [stdout] 
[INFO] [stdout] test result: FAILED. 0 passed; 1 failed; 0 ignored; 0 measured; 0 filtered out; finished in 0.03s
[INFO] [stdout] 
[INFO] [stderr] error: test failed, to rerun pass '--test advertiser'
[INFO] running `Command { std: "docker" "inspect" "14e1e0536e9c0584da4d51d22f41b5dc147c10433782d4807084e7cf953c673f", kill_on_drop: false }`
[INFO] running `Command { std: "docker" "rm" "-f" "14e1e0536e9c0584da4d51d22f41b5dc147c10433782d4807084e7cf953c673f", kill_on_drop: false }`
[INFO] [stdout] 14e1e0536e9c0584da4d51d22f41b5dc147c10433782d4807084e7cf953c673f
