[INFO] cloning repository https://github.com/FungusHumungus/syslog-loose
[INFO] running `Command { std: "git" "-c" "credential.helper=" "-c" "credential.helper=/workspace/cargo-home/bin/git-credential-null" "clone" "--bare" "https://github.com/FungusHumungus/syslog-loose" "/workspace/cache/git-repos/https%3A%2F%2Fgithub.com%2FFungusHumungus%2Fsyslog-loose", kill_on_drop: false }`
[INFO] [stderr] Cloning into bare repository '/workspace/cache/git-repos/https%3A%2F%2Fgithub.com%2FFungusHumungus%2Fsyslog-loose'...
[INFO] running `Command { std: "git" "rev-parse" "HEAD", kill_on_drop: false }`
[INFO] [stdout] 895e1799f1c0240e181eea8505b06fec2ab59156
[INFO] testing FungusHumungus/syslog-loose against 1.54.0 for beta-1.55-1
[INFO] running `Command { std: "git" "clone" "/workspace/cache/git-repos/https%3A%2F%2Fgithub.com%2FFungusHumungus%2Fsyslog-loose" "/workspace/builds/worker-110/source", kill_on_drop: false }`
[INFO] [stderr] Cloning into '/workspace/builds/worker-110/source'...
[INFO] [stderr] done.
[INFO] validating manifest of git repo https://github.com/FungusHumungus/syslog-loose on toolchain 1.54.0
[INFO] running `Command { std: "/workspace/cargo-home/bin/cargo" "+1.54.0" "metadata" "--manifest-path" "Cargo.toml" "--no-deps", kill_on_drop: false }`
[INFO] started tweaking git repo https://github.com/FungusHumungus/syslog-loose
[INFO] removed 2 missing examples
[INFO] finished tweaking git repo https://github.com/FungusHumungus/syslog-loose
[INFO] tweaked toml for git repo https://github.com/FungusHumungus/syslog-loose written to /workspace/builds/worker-110/source/Cargo.toml
[INFO] running `Command { std: "/workspace/cargo-home/bin/cargo" "+1.54.0" "generate-lockfile" "--manifest-path" "Cargo.toml" "-Zno-index-update", kill_on_drop: false }`
[INFO] running `Command { std: "/workspace/cargo-home/bin/cargo" "+1.54.0" "fetch" "--manifest-path" "Cargo.toml", kill_on_drop: false }`
[INFO] running `Command { std: "docker" "create" "-v" "/var/lib/crater-agent-workspace/builds/worker-110/target:/opt/rustwide/target:rw,Z" "-v" "/var/lib/crater-agent-workspace/builds/worker-110/source:/opt/rustwide/workdir:ro,Z" "-v" "/var/lib/crater-agent-workspace/cargo-home:/opt/rustwide/cargo-home:ro,Z" "-v" "/var/lib/crater-agent-workspace/rustup-home:/opt/rustwide/rustup-home:ro,Z" "-e" "SOURCE_DIR=/opt/rustwide/workdir" "-e" "CARGO_TARGET_DIR=/opt/rustwide/target" "-e" "CARGO_HOME=/opt/rustwide/cargo-home" "-e" "RUSTUP_HOME=/opt/rustwide/rustup-home" "-w" "/opt/rustwide/workdir" "-m" "1610612736" "--user" "0:0" "--network" "none" "ghcr.io/rust-lang/crates-build-env/linux@sha256:34b6a614d2c27851fe6cbf88fbd1137609cefab8b10d0615aaeb6fd47975d74e" "/opt/rustwide/cargo-home/bin/cargo" "+1.54.0" "metadata" "--no-deps" "--format-version=1", kill_on_drop: false }`
[INFO] [stdout] 8c0761c44cf5f0da38483780c8a6459aa97444784b339c836542c74e0ce372d3
[INFO] running `Command { std: "docker" "start" "-a" "8c0761c44cf5f0da38483780c8a6459aa97444784b339c836542c74e0ce372d3", kill_on_drop: false }`
[INFO] running `Command { std: "docker" "inspect" "8c0761c44cf5f0da38483780c8a6459aa97444784b339c836542c74e0ce372d3", kill_on_drop: false }`
[INFO] running `Command { std: "docker" "rm" "-f" "8c0761c44cf5f0da38483780c8a6459aa97444784b339c836542c74e0ce372d3", kill_on_drop: false }`
[INFO] [stdout] 8c0761c44cf5f0da38483780c8a6459aa97444784b339c836542c74e0ce372d3
[INFO] running `Command { std: "docker" "create" "-v" "/var/lib/crater-agent-workspace/builds/worker-110/target:/opt/rustwide/target:rw,Z" "-v" "/var/lib/crater-agent-workspace/builds/worker-110/source:/opt/rustwide/workdir:ro,Z" "-v" "/var/lib/crater-agent-workspace/cargo-home:/opt/rustwide/cargo-home:ro,Z" "-v" "/var/lib/crater-agent-workspace/rustup-home:/opt/rustwide/rustup-home:ro,Z" "-e" "SOURCE_DIR=/opt/rustwide/workdir" "-e" "CARGO_TARGET_DIR=/opt/rustwide/target" "-e" "CARGO_INCREMENTAL=0" "-e" "RUST_BACKTRACE=full" "-e" "RUSTFLAGS=--cap-lints=warn" "-e" "CARGO_HOME=/opt/rustwide/cargo-home" "-e" "RUSTUP_HOME=/opt/rustwide/rustup-home" "-w" "/opt/rustwide/workdir" "-m" "1610612736" "--user" "0:0" "--network" "none" "ghcr.io/rust-lang/crates-build-env/linux@sha256:34b6a614d2c27851fe6cbf88fbd1137609cefab8b10d0615aaeb6fd47975d74e" "/opt/rustwide/cargo-home/bin/cargo" "+1.54.0" "build" "--frozen" "--message-format=json", kill_on_drop: false }`
[INFO] [stdout] 4125f1c143e2e2ac6bec13a869cb0b521eb4a36dc6876341a44dd4d9bf1e64a6
[INFO] running `Command { std: "docker" "start" "-a" "4125f1c143e2e2ac6bec13a869cb0b521eb4a36dc6876341a44dd4d9bf1e64a6", kill_on_drop: false }`
[INFO] [stderr]     Blocking waiting for file lock on package cache
[INFO] [stderr]    Compiling radium v0.5.3
[INFO] [stderr]    Compiling libc v0.2.98
[INFO] [stderr]    Compiling lexical-core v0.7.6
[INFO] [stderr]    Compiling arrayvec v0.5.2
[INFO] [stderr]    Compiling tap v1.0.1
[INFO] [stderr]    Compiling static_assertions v1.1.0
[INFO] [stderr]    Compiling funty v1.1.0
[INFO] [stderr]    Compiling wyz v0.2.0
[INFO] [stderr]    Compiling num-traits v0.2.14
[INFO] [stderr]    Compiling num-integer v0.1.44
[INFO] [stderr]    Compiling nom v6.2.1
[INFO] [stderr]    Compiling bitvec v0.19.5
[INFO] [stderr]    Compiling time v0.1.43
[INFO] [stderr]    Compiling chrono v0.4.19
[INFO] [stderr]    Compiling syslog_loose v0.14.0 (/opt/rustwide/workdir)
[INFO] [stderr]     Finished dev [unoptimized + debuginfo] target(s) in 12.85s
[INFO] running `Command { std: "docker" "inspect" "4125f1c143e2e2ac6bec13a869cb0b521eb4a36dc6876341a44dd4d9bf1e64a6", kill_on_drop: false }`
[INFO] running `Command { std: "docker" "rm" "-f" "4125f1c143e2e2ac6bec13a869cb0b521eb4a36dc6876341a44dd4d9bf1e64a6", kill_on_drop: false }`
[INFO] [stdout] 4125f1c143e2e2ac6bec13a869cb0b521eb4a36dc6876341a44dd4d9bf1e64a6
[INFO] running `Command { std: "docker" "create" "-v" "/var/lib/crater-agent-workspace/builds/worker-110/target:/opt/rustwide/target:rw,Z" "-v" "/var/lib/crater-agent-workspace/builds/worker-110/source:/opt/rustwide/workdir:ro,Z" "-v" "/var/lib/crater-agent-workspace/cargo-home:/opt/rustwide/cargo-home:ro,Z" "-v" "/var/lib/crater-agent-workspace/rustup-home:/opt/rustwide/rustup-home:ro,Z" "-e" "SOURCE_DIR=/opt/rustwide/workdir" "-e" "CARGO_TARGET_DIR=/opt/rustwide/target" "-e" "CARGO_INCREMENTAL=0" "-e" "RUST_BACKTRACE=full" "-e" "RUSTFLAGS=--cap-lints=warn" "-e" "CARGO_HOME=/opt/rustwide/cargo-home" "-e" "RUSTUP_HOME=/opt/rustwide/rustup-home" "-w" "/opt/rustwide/workdir" "-m" "1610612736" "--user" "0:0" "--network" "none" "ghcr.io/rust-lang/crates-build-env/linux@sha256:34b6a614d2c27851fe6cbf88fbd1137609cefab8b10d0615aaeb6fd47975d74e" "/opt/rustwide/cargo-home/bin/cargo" "+1.54.0" "test" "--frozen" "--no-run" "--message-format=json", kill_on_drop: false }`
[INFO] [stdout] 441e74a3e697bc2f32815eeb9e31d81629eb39b4eaab1ff4666a37f6bee40f03
[INFO] running `Command { std: "docker" "start" "-a" "441e74a3e697bc2f32815eeb9e31d81629eb39b4eaab1ff4666a37f6bee40f03", kill_on_drop: false }`
[INFO] [stderr]    Compiling regex-syntax v0.6.25
[INFO] [stderr]    Compiling semver v1.0.4
[INFO] [stderr]    Compiling serde v1.0.127
[INFO] [stderr]    Compiling crossbeam-utils v0.8.5
[INFO] [stderr]    Compiling proc-macro2 v1.0.28
[INFO] [stderr]    Compiling crossbeam-epoch v0.9.5
[INFO] [stderr]    Compiling unicode-xid v0.2.2
[INFO] [stderr]    Compiling rayon-core v1.9.1
[INFO] [stderr]    Compiling syn v1.0.74
[INFO] [stderr]    Compiling serde_json v1.0.66
[INFO] [stderr]    Compiling either v1.6.1
[INFO] [stderr]    Compiling log v0.4.14
[INFO] [stderr]    Compiling regex-automata v0.1.10
[INFO] [stderr]    Compiling serde_derive v1.0.127
[INFO] [stderr]    Compiling plotters-backend v0.3.2
[INFO] [stderr]    Compiling half v1.7.1
[INFO] [stderr]    Compiling same-file v1.0.6
[INFO] [stderr]    Compiling oorandom v11.1.3
[INFO] [stderr]    Compiling memoffset v0.6.4
[INFO] [stderr]    Compiling rayon v1.5.1
[INFO] [stderr]    Compiling num_cpus v1.13.0
[INFO] [stderr]    Compiling csv-core v0.1.10
[INFO] [stderr]    Compiling getrandom v0.2.3
[INFO] [stderr]    Compiling atty v0.2.14
[INFO] [stderr]    Compiling clap v2.33.3
[INFO] [stderr]    Compiling itertools v0.10.1
[INFO] [stderr]    Compiling walkdir v2.3.2
[INFO] [stderr]    Compiling rand_core v0.6.3
[INFO] [stderr]    Compiling plotters-svg v0.3.1
[INFO] [stderr]    Compiling rand v0.8.4
[INFO] [stderr]    Compiling plotters v0.3.1
[INFO] [stderr]    Compiling crossbeam-channel v0.5.1
[INFO] [stderr]    Compiling rustc_version v0.4.0
[INFO] [stderr]    Compiling quote v1.0.9
[INFO] [stderr]    Compiling regex v1.4.6
[INFO] [stderr]    Compiling crossbeam-deque v0.8.1
[INFO] [stderr]    Compiling cast v0.2.7
[INFO] [stderr]    Compiling criterion-plot v0.4.4
[INFO] [stderr]    Compiling parse-zoneinfo v0.3.0
[INFO] [stderr]    Compiling env_logger v0.8.4
[INFO] [stderr]    Compiling quickcheck v1.0.3
[INFO] [stderr]    Compiling chrono-tz v0.5.3
[INFO] [stderr]    Compiling bstr v0.2.15
[INFO] [stderr]    Compiling serde_cbor v0.11.1
[INFO] [stderr]    Compiling csv v1.1.6
[INFO] [stderr]    Compiling tinytemplate v1.2.1
[INFO] [stderr]    Compiling quickcheck_macros v1.0.0
[INFO] [stderr]    Compiling criterion v0.3.5
[INFO] [stderr]    Compiling criterion-cycles-per-byte v0.1.2
[INFO] [stderr]    Compiling syslog_loose v0.14.0 (/opt/rustwide/workdir)
[INFO] [stderr]     Finished test [unoptimized + debuginfo] target(s) in 27.39s
[INFO] running `Command { std: "docker" "inspect" "441e74a3e697bc2f32815eeb9e31d81629eb39b4eaab1ff4666a37f6bee40f03", kill_on_drop: false }`
[INFO] running `Command { std: "docker" "rm" "-f" "441e74a3e697bc2f32815eeb9e31d81629eb39b4eaab1ff4666a37f6bee40f03", kill_on_drop: false }`
[INFO] [stdout] 441e74a3e697bc2f32815eeb9e31d81629eb39b4eaab1ff4666a37f6bee40f03
[INFO] running `Command { std: "docker" "create" "-v" "/var/lib/crater-agent-workspace/builds/worker-110/target:/opt/rustwide/target:rw,Z" "-v" "/var/lib/crater-agent-workspace/builds/worker-110/source:/opt/rustwide/workdir:ro,Z" "-v" "/var/lib/crater-agent-workspace/cargo-home:/opt/rustwide/cargo-home:ro,Z" "-v" "/var/lib/crater-agent-workspace/rustup-home:/opt/rustwide/rustup-home:ro,Z" "-e" "SOURCE_DIR=/opt/rustwide/workdir" "-e" "CARGO_TARGET_DIR=/opt/rustwide/target" "-e" "CARGO_INCREMENTAL=0" "-e" "RUST_BACKTRACE=full" "-e" "RUSTFLAGS=--cap-lints=warn" "-e" "CARGO_HOME=/opt/rustwide/cargo-home" "-e" "RUSTUP_HOME=/opt/rustwide/rustup-home" "-w" "/opt/rustwide/workdir" "-m" "1610612736" "--user" "0:0" "--network" "none" "ghcr.io/rust-lang/crates-build-env/linux@sha256:34b6a614d2c27851fe6cbf88fbd1137609cefab8b10d0615aaeb6fd47975d74e" "/opt/rustwide/cargo-home/bin/cargo" "+1.54.0" "test" "--frozen", kill_on_drop: false }`
[INFO] [stdout] e4f9a75376a7e21c6f739fd4187e8ea788deda4220a06da766832a6236cd0094
[INFO] running `Command { std: "docker" "start" "-a" "e4f9a75376a7e21c6f739fd4187e8ea788deda4220a06da766832a6236cd0094", kill_on_drop: false }`
[INFO] [stderr]     Blocking waiting for file lock on package cache
[INFO] [stderr]     Finished test [unoptimized + debuginfo] target(s) in 20.33s
[INFO] [stderr]      Running unittests (/opt/rustwide/target/debug/deps/syslog_loose-3c22ff72772e11f6)
[INFO] [stdout] 
[INFO] [stdout] running 32 tests
[INFO] [stdout] test pri::test_pri_composes ... ok
[INFO] [stdout] test pri::test_pri_decomposes ... ok
[INFO] [stdout] test parsers::appname_can_have_colons ... ok
[INFO] [stdout] test pri::tests::parse_missing_pri ... ok
[INFO] [stdout] test parsers::parse_optional_exclamations ... ok
[INFO] [stdout] test pri::tests::parse_pri ... ok
[INFO] [stdout] test rfc3164::parse_tag_with_pid ... ok
[INFO] [stdout] test rfc3164::parse_tag_without_pid ... ok
[INFO] [stdout] test rfc3164::tests::parse_3164_3339_datetime_in_message ... ok
[INFO] [stdout] test rfc3164::tests::parse_3164_no_tag_json_msg ... ok
[INFO] [stdout] test rfc3164::tests::parse_3164_timestamp ... ok
[INFO] [stdout] test rfc3164::tests::parse_3164_timestamp_host_appname_pid ... ok
[INFO] [stdout] test rfc3164::tests::parse_3164_timestamp_uppercase ... ok
[INFO] [stdout] test rfc3164::tests::parse_3164_host_with_space ... ok
[INFO] [stdout] test structured_data::parse_structured_data_with_space ... ok
[INFO] [stdout] test timestamp::parse_timestamp_3339 ... ok
[INFO] [stdout] test timestamp::parse_timestamp_no_year_3164_local_time ... ok
[INFO] [stdout] test rfc3164::tests::parse_3164_3339_timestamp_host_appname_pid ... ok
[INFO] [stdout] test timestamp::parse_timestamp_with_year_3164 ... ok
[INFO] [stdout] test rfc3164::tests::parse_3164_timestamp_host ... ok
[INFO] [stdout] test structured_data::tests::parse_multiple_structured_data ... ok
[INFO] [stdout] test rfc5424::tests::parse_5424 ... ok
[INFO] [stdout] test structured_data::parse_param_value ... ok
[INFO] [stdout] test structured_data::parse_invalid_structured_data ... ok
[INFO] [stdout] test structured_data::parse_structured_data_no_values ... ok
[INFO] [stdout] test structured_data::parse_structured_data ... ok
[INFO] [stderr]      Running tests/non_empty_string.rs (/opt/rustwide/target/debug/deps/non_empty_string-ea91c7b32c7c2831)
[INFO] [stdout] test structured_data::tests::parse_structured_data_ignores_invalid_elements ... ok
[INFO] [stderr]      Running tests/quickcheck.rs (/opt/rustwide/target/debug/deps/quickcheck-be9dc6621fa93977)
[INFO] [stdout] test timestamp::parse_timestamp_3164 ... ok
[INFO] [stdout] test timestamp::parse_timestamp_with_year_3164_local_time ... ok
[INFO] [stdout] test structured_data::tests::parse_multiple_structured_data_first_item_id_only ... ok
[INFO] [stdout] test structured_data::tests::parse_structured_data_keep_invalid_elements ... ok
[INFO] [stdout] test timestamp::parse_timestamp_3164_trailing_colon ... ok
[INFO] [stdout] 
[INFO] [stdout] test result: ok. 32 passed; 0 failed; 0 ignored; 0 measured; 0 filtered out; finished in 0.04s
[INFO] [stdout] 
[INFO] [stdout] 
[INFO] [stdout] running 0 tests
[INFO] [stdout] 
[INFO] [stdout] test result: ok. 0 passed; 0 failed; 0 ignored; 0 measured; 0 filtered out; finished in 0.00s
[INFO] [stdout] 
[INFO] [stdout] 
[INFO] [stdout] running 1 test
[INFO] [stdout] test parses_generated_messages ... FAILED
[INFO] [stdout] 
[INFO] [stdout] failures:
[INFO] [stdout] 
[INFO] [stdout] ---- parses_generated_messages stdout ----
[INFO] [stdout] msg: Message {
[INFO] [stdout]     protocol: RFC3164,
[INFO] [stdout]     facility: Some(
[INFO] [stdout]         LOG_MAIL,
[INFO] [stdout]     ),
[INFO] [stdout]     severity: Some(
[INFO] [stdout]         SEV_ERR,
[INFO] [stdout]     ),
[INFO] [stdout]     timestamp: Some(
[INFO] [stdout]         1941-09-17T08:53:06+00:00,
[INFO] [stdout]     ),
[INFO] [stdout]     hostname: None,
[INFO] [stdout]     appname: None,
[INFO] [stdout]     procid: None,
[INFO] [stdout]     msgid: None,
[INFO] [stdout]     structured_data: [],
[INFO] [stdout]     msg: "--\u{91}\nm7\u{5}F\u{1a}5⁉}%w\u{205f}©_H𪶮\u{94}\u{653e7}\u{f02c8}\r\u{fff0}|{9\u{601}\u{dd119}\u{54521}\u{9d}\u{9f}\\+|⋐N䇡\u{6dd}\u{efab}U\u{84}+\u{97}d",
[INFO] [stdout] }
[INFO] [stdout] text: <19> 1941-09-17T08:53:06+00:00 - : --
[INFO] [stdout] m7F5⁉}%w ©_H𪶮񥏧󰋈
￰|{9؁󝄙񔔡\+|⋐N䇡۝U+d
[INFO] [stdout] parsed: Message {
[INFO] [stdout]     protocol: RFC3164,
[INFO] [stdout]     facility: Some(
[INFO] [stdout]         LOG_MAIL,
[INFO] [stdout]     ),
[INFO] [stdout]     severity: Some(
[INFO] [stdout]         SEV_ERR,
[INFO] [stdout]     ),
[INFO] [stdout]     timestamp: Some(
[INFO] [stdout]         1941-09-17T08:53:06+00:00,
[INFO] [stdout]     ),
[INFO] [stdout]     hostname: None,
[INFO] [stdout]     appname: None,
[INFO] [stdout]     procid: None,
[INFO] [stdout]     msgid: None,
[INFO] [stdout]     structured_data: [],
[INFO] [stdout]     msg: "-\u{91}\nm7\u{5}F\u{1a}5⁉}%w\u{205f}©_H𪶮\u{94}\u{653e7}\u{f02c8}\r\u{fff0}|{9\u{601}\u{dd119}\u{54521}\u{9d}\u{9f}\\+|⋐N䇡\u{6dd}\u{efab}U\u{84}+\u{97}d",
[INFO] [stdout] }
[INFO] [stdout] thread 'parses_generated_messages' panicked at 'assertion failed: `(left == right)`
[INFO] [stdout]   left: `"--\u{91}\nm7\u{5}F\u{1a}5⁉}%w\u{205f}©_H𪶮\u{94}\u{653e7}\u{f02c8}\r\u{fff0}|{9\u{601}\u{dd119}\u{54521}\u{9d}\u{9f}\\+|⋐N䇡\u{6dd}\u{efab}U\u{84}+\u{97}d"`,
[INFO] [stdout]  right: `"-\u{91}\nm7\u{5}F\u{1a}5⁉}%w\u{205f}©_H𪶮\u{94}\u{653e7}\u{f02c8}\r\u{fff0}|{9\u{601}\u{dd119}\u{54521}\u{9d}\u{9f}\\+|⋐N䇡\u{6dd}\u{efab}U\u{84}+\u{97}d"`', tests/quickcheck.rs:254:5
[INFO] [stdout] stack backtrace:
[INFO] [stdout]    0:     0x55d4e6ef37a0 - std::backtrace_rs::backtrace::libunwind::trace::h34055254b57d8e79
[INFO] [stdout]                                at /rustc/a178d0322ce20e33eac124758e837cbd80a6f633/library/std/src/../../backtrace/src/backtrace/libunwind.rs:90:5
[INFO] [stdout]    1:     0x55d4e6ef37a0 - std::backtrace_rs::backtrace::trace_unsynchronized::h8f1e3fbd9afff6ec
[INFO] [stdout]                                at /rustc/a178d0322ce20e33eac124758e837cbd80a6f633/library/std/src/../../backtrace/src/backtrace/mod.rs:66:5
[INFO] [stdout]    2:     0x55d4e6ef37a0 - std::sys_common::backtrace::_print_fmt::h3a99a796b770c360
[INFO] [stdout]                                at /rustc/a178d0322ce20e33eac124758e837cbd80a6f633/library/std/src/sys_common/backtrace.rs:67:5
[INFO] [stdout]    3:     0x55d4e6ef37a0 - <std::sys_common::backtrace::_print::DisplayBacktrace as core::fmt::Display>::fmt::h32d1f94a80615d18
[INFO] [stdout]                                at /rustc/a178d0322ce20e33eac124758e837cbd80a6f633/library/std/src/sys_common/backtrace.rs:46:22
[INFO] [stdout]    4:     0x55d4e6f166cc - core::fmt::write::h306731c068f7162c
[INFO] [stdout]                                at /rustc/a178d0322ce20e33eac124758e837cbd80a6f633/library/core/src/fmt/mod.rs:1110:17
[INFO] [stdout]    5:     0x55d4e6ef05f5 - std::io::Write::write_fmt::h87f19b0a2cd190bc
[INFO] [stdout]                                at /rustc/a178d0322ce20e33eac124758e837cbd80a6f633/library/std/src/io/mod.rs:1588:15
[INFO] [stdout]    6:     0x55d4e6ef590b - std::sys_common::backtrace::_print::h5abaa2601a852287
[INFO] [stdout]                                at /rustc/a178d0322ce20e33eac124758e837cbd80a6f633/library/std/src/sys_common/backtrace.rs:49:5
[INFO] [stdout]    7:     0x55d4e6ef590b - std::sys_common::backtrace::print::h8d81445442bb638f
[INFO] [stdout]                                at /rustc/a178d0322ce20e33eac124758e837cbd80a6f633/library/std/src/sys_common/backtrace.rs:36:9
[INFO] [stdout]    8:     0x55d4e6ef590b - std::panicking::default_hook::{{closure}}::hcfe804496a9fa747
[INFO] [stdout]                                at /rustc/a178d0322ce20e33eac124758e837cbd80a6f633/library/std/src/panicking.rs:208:50
[INFO] [stdout]    9:     0x55d4e6ef541c - std::panicking::default_hook::hbea8e3ccf2ba8901
[INFO] [stdout]                                at /rustc/a178d0322ce20e33eac124758e837cbd80a6f633/library/std/src/panicking.rs:222:9
[INFO] [stdout]   10:     0x55d4e6ef5fd4 - std::panicking::rust_panic_with_hook::h7ee9e1a2d0f8975a
[INFO] [stdout]                                at /rustc/a178d0322ce20e33eac124758e837cbd80a6f633/library/std/src/panicking.rs:622:17
[INFO] [stdout]   11:     0x55d4e6ef5ab7 - std::panicking::begin_panic_handler::{{closure}}::h8ab3b4491718b2c7
[INFO] [stdout]                                at /rustc/a178d0322ce20e33eac124758e837cbd80a6f633/library/std/src/panicking.rs:519:13
[INFO] [stdout]   12:     0x55d4e6ef3c9c - std::sys_common::backtrace::__rust_end_short_backtrace::hd489062ffa586a9f
[INFO] [stdout]                                at /rustc/a178d0322ce20e33eac124758e837cbd80a6f633/library/std/src/sys_common/backtrace.rs:141:18
[INFO] [stdout]   13:     0x55d4e6ef5a19 - rust_begin_unwind
[INFO] [stdout]                                at /rustc/a178d0322ce20e33eac124758e837cbd80a6f633/library/std/src/panicking.rs:515:5
[INFO] [stdout]   14:     0x55d4e6c34b31 - core::panicking::panic_fmt::hca6330e3e14086b4
[INFO] [stdout]                                at /rustc/a178d0322ce20e33eac124758e837cbd80a6f633/library/core/src/panicking.rs:92:14
[INFO] [stdout]   15:     0x55d4e6f14fe8 - core::panicking::assert_failed_inner::h33b45280069a80ed
[INFO] [stdout]   16:     0x55d4e6c50e6a - core::panicking::assert_failed::hc3a645a51a071f66
[INFO] [stdout]                                at /rustc/a178d0322ce20e33eac124758e837cbd80a6f633/library/core/src/panicking.rs:117:5
[INFO] [stdout]   17:     0x55d4e6c7948f - quickcheck::inner_parses_generated_messages::h38905b38ce0bff01
[INFO] [stdout]                                at /opt/rustwide/workdir/tests/quickcheck.rs:254:5
[INFO] [stdout]   18:     0x55d4e6c6e29d - <fn(A) .> T as quickcheck::tester::Testable>::result::{{closure}}::h579389817f55aa27
[INFO] [stdout]                                at /opt/rustwide/cargo-home/registry/src/github.com-1ecc6299db9ec823/quickcheck-1.0.3/src/tester.rs:371:35
[INFO] [stdout]   19:     0x55d4e6c4ff6e - <std::panic::AssertUnwindSafe<F> as core::ops::function::FnOnce<()>>::call_once::hebb8fcd9fd6c9694
[INFO] [stdout]                                at /rustc/a178d0322ce20e33eac124758e837cbd80a6f633/library/std/src/panic.rs:347:9
[INFO] [stdout]   20:     0x55d4e6c5060c - std::panicking::try::do_call::h2a6c75cd8938f209
[INFO] [stdout]                                at /rustc/a178d0322ce20e33eac124758e837cbd80a6f633/library/std/src/panicking.rs:401:40
[INFO] [stdout]   21:     0x55d4e6c51e9d - __rust_try
[INFO] [stdout]   22:     0x55d4e6c5037e - std::panicking::try::h790ed2ecca19ce45
[INFO] [stdout]                                at /rustc/a178d0322ce20e33eac124758e837cbd80a6f633/library/std/src/panicking.rs:365:19
[INFO] [stdout]   23:     0x55d4e6c5014f - std::panic::catch_unwind::h5a25dc3761e3bb70
[INFO] [stdout]                                at /rustc/a178d0322ce20e33eac124758e837cbd80a6f633/library/std/src/panic.rs:434:14
[INFO] [stdout]   24:     0x55d4e6c6ae39 - quickcheck::tester::safe::h7b058c21019a616e
[INFO] [stdout]                                at /opt/rustwide/cargo-home/registry/src/github.com-1ecc6299db9ec823/quickcheck-1.0.3/src/tester.rs:402:5
[INFO] [stdout]   25:     0x55d4e6c6defc - <fn(A) .> T as quickcheck::tester::Testable>::result::h62057031c31f652d
[INFO] [stdout]                                at /opt/rustwide/cargo-home/registry/src/github.com-1ecc6299db9ec823/quickcheck-1.0.3/src/tester.rs:371:21
[INFO] [stdout]   26:     0x55d4e6c6ab47 - quickcheck::tester::QuickCheck::quicktest::hdab4f983cc0ce6ca
[INFO] [stdout]                                at /opt/rustwide/cargo-home/registry/src/github.com-1ecc6299db9ec823/quickcheck-1.0.3/src/tester.rs:121:19
[INFO] [stdout]   27:     0x55d4e6c6a718 - quickcheck::tester::QuickCheck::quickcheck::hdf799ff22ae218f5
[INFO] [stdout]                                at /opt/rustwide/cargo-home/registry/src/github.com-1ecc6299db9ec823/quickcheck-1.0.3/src/tester.rs:163:36
[INFO] [stdout]   28:     0x55d4e6c79a0e - quickcheck::parses_generated_messages::haeccb9624255fe86
[INFO] [stdout]                                at /opt/rustwide/workdir/tests/quickcheck.rs:262:5
[INFO] [stdout]   29:     0x55d4e6c7998a - quickcheck::parses_generated_messages::{{closure}}::h25fd6990676b90c6
[INFO] [stdout]                                at /opt/rustwide/workdir/tests/quickcheck.rs:261:1
[INFO] [stdout]   30:     0x55d4e6c651ae - core::ops::function::FnOnce::call_once::hd0c59908af7d6ee9
[INFO] [stdout]                                at /rustc/a178d0322ce20e33eac124758e837cbd80a6f633/library/core/src/ops/function.rs:227:5
[INFO] [stdout]   31:     0x55d4e6ca7a73 - core::ops::function::FnOnce::call_once::h152e7e439ff59e19
[INFO] [stdout]                                at /rustc/a178d0322ce20e33eac124758e837cbd80a6f633/library/core/src/ops/function.rs:227:5
[INFO] [stdout]   32:     0x55d4e6ca7a73 - test::__rust_begin_short_backtrace::h0908f3b1fdbb72ab
[INFO] [stdout]                                at /rustc/a178d0322ce20e33eac124758e837cbd80a6f633/library/test/src/lib.rs:577:5
[INFO] [stdout]   33:     0x55d4e6ca6530 - <alloc::boxed::Box<F,A> as core::ops::function::FnOnce<Args>>::call_once::hf6d2a51e5587546c
[INFO] [stdout]                                at /rustc/a178d0322ce20e33eac124758e837cbd80a6f633/library/alloc/src/boxed.rs:1575:9
[INFO] [stdout]   34:     0x55d4e6ca6530 - <std::panic::AssertUnwindSafe<F> as core::ops::function::FnOnce<()>>::call_once::h8af660f3a89ef593
[INFO] [stdout]                                at /rustc/a178d0322ce20e33eac124758e837cbd80a6f633/library/std/src/panic.rs:347:9
[INFO] [stdout]   35:     0x55d4e6ca6530 - std::panicking::try::do_call::hd36aef60f84b6d36
[INFO] [stdout]                                at /rustc/a178d0322ce20e33eac124758e837cbd80a6f633/library/std/src/panicking.rs:401:40
[INFO] [stdout]   36:     0x55d4e6ca6530 - std::panicking::try::h9932b4480e69817c
[INFO] [stdout]                                at /rustc/a178d0322ce20e33eac124758e837cbd80a6f633/library/std/src/panicking.rs:365:19
[INFO] [stdout]   37:     0x55d4e6ca6530 - std::panic::catch_unwind::h6aa177099cfff5f8
[INFO] [stdout]                                at /rustc/a178d0322ce20e33eac124758e837cbd80a6f633/library/std/src/panic.rs:434:14
[INFO] [stdout]   38:     0x55d4e6ca6530 - test::run_test_in_process::h5884d6f2d99e20c3
[INFO] [stdout]                                at /rustc/a178d0322ce20e33eac124758e837cbd80a6f633/library/test/src/lib.rs:600:18
[INFO] [stdout]   39:     0x55d4e6ca6530 - test::run_test::run_test_inner::{{closure}}::h6fdc58c6d5f5b6e3
[INFO] [stdout]                                at /rustc/a178d0322ce20e33eac124758e837cbd80a6f633/library/test/src/lib.rs:492:39
[INFO] [stdout]   40:     0x55d4e6c7fbe2 - test::run_test::run_test_inner::{{closure}}::h408365d67a78ade8
[INFO] [stdout]                                at /rustc/a178d0322ce20e33eac124758e837cbd80a6f633/library/test/src/lib.rs:519:37
[INFO] [stdout]   41:     0x55d4e6c7fbe2 - std::sys_common::backtrace::__rust_begin_short_backtrace::hb560b77c4f701523
[INFO] [stdout]                                at /rustc/a178d0322ce20e33eac124758e837cbd80a6f633/library/std/src/sys_common/backtrace.rs:125:18
[INFO] [stdout]   42:     0x55d4e6c83798 - std::thread::Builder::spawn_unchecked::{{closure}}::{{closure}}::hf2e7831dad93c597
[INFO] [stdout]                                at /rustc/a178d0322ce20e33eac124758e837cbd80a6f633/library/std/src/thread/mod.rs:481:17
[INFO] [stdout]   43:     0x55d4e6c83798 - <std::panic::AssertUnwindSafe<F> as core::ops::function::FnOnce<()>>::call_once::hd2e08783d8be4d02
[INFO] [stdout]                                at /rustc/a178d0322ce20e33eac124758e837cbd80a6f633/library/std/src/panic.rs:347:9
[INFO] [stdout]   44:     0x55d4e6c83798 - std::panicking::try::do_call::h062597b7acfd6b82
[INFO] [stdout]                                at /rustc/a178d0322ce20e33eac124758e837cbd80a6f633/library/std/src/panicking.rs:401:40
[INFO] [stdout]   45:     0x55d4e6c83798 - std::panicking::try::h0d7b79db04c14552
[INFO] [stdout]                                at /rustc/a178d0322ce20e33eac124758e837cbd80a6f633/library/std/src/panicking.rs:365:19
[INFO] [stdout]   46:     0x55d4e6c83798 - std::panic::catch_unwind::hb01a0b5e7c8cd43b
[INFO] [stdout]                                at /rustc/a178d0322ce20e33eac124758e837cbd80a6f633/library/std/src/panic.rs:434:14
[INFO] [stdout]   47:     0x55d4e6c83798 - std::thread::Builder::spawn_unchecked::{{closure}}::h5bde48cc887e0d1e
[INFO] [stdout]                                at /rustc/a178d0322ce20e33eac124758e837cbd80a6f633/library/std/src/thread/mod.rs:480:30
[INFO] [stdout]   48:     0x55d4e6c83798 - core::ops::function::FnOnce::call_once{{vtable.shim}}::h745ea30807a29e55
[INFO] [stdout]                                at /rustc/a178d0322ce20e33eac124758e837cbd80a6f633/library/core/src/ops/function.rs:227:5
[INFO] [stdout]   49:     0x55d4e6efaaf7 - <alloc::boxed::Box<F,A> as core::ops::function::FnOnce<Args>>::call_once::h7ece6cfefaff1005
[INFO] [stdout]                                at /rustc/a178d0322ce20e33eac124758e837cbd80a6f633/library/alloc/src/boxed.rs:1575:9
[INFO] [stdout]   50:     0x55d4e6efaaf7 - <alloc::boxed::Box<F,A> as core::ops::function::FnOnce<Args>>::call_once::hb8b48e55c21f193e
[INFO] [stdout]                                at /rustc/a178d0322ce20e33eac124758e837cbd80a6f633/library/alloc/src/boxed.rs:1575:9
[INFO] [stdout]   51:     0x55d4e6efaaf7 - std::sys::unix::thread::Thread::new::thread_start::h8c7c4450dba62914
[INFO] [stdout]                                at /rustc/a178d0322ce20e33eac124758e837cbd80a6f633/library/std/src/sys/unix/thread.rs:71:17
[INFO] [stdout]   52:     0x7f1805be8609 - start_thread
[INFO] [stdout]   53:     0x7f18059ba293 - clone
[INFO] [stdout]   54:                0x0 - <unknown>
[INFO] [stdout] msg: Message {
[INFO] [stdout]     protocol: RFC3164,
[INFO] [stdout]     facility: Some(
[INFO] [stdout]         LOG_MAIL,
[INFO] [stdout]     ),
[INFO] [stdout]     severity: Some(
[INFO] [stdout]         SEV_ERR,
[INFO] [stdout]     ),
[INFO] [stdout]     timestamp: Some(
[INFO] [stdout]         1941-09-17T08:53:06+00:00,
[INFO] [stdout]     ),
[INFO] [stdout]     hostname: None,
[INFO] [stdout]     appname: None,
[INFO] [stdout]     procid: None,
[INFO] [stdout]     msgid: None,
[INFO] [stdout]     structured_data: [],
[INFO] [stdout]     msg: "--\u{91}\nm7\u{5}F\u{1a}5⁉}%w\u{205f}©_H𪶮\u{94}\u{653e7}\u{f02c8}d",
[INFO] [stdout] }
[INFO] [stdout] text: <19> 1941-09-17T08:53:06+00:00 - : --
[INFO] [stdout] m7F5⁉}%w ©_H𪶮񥏧󰋈d
[INFO] [stdout] parsed: Message {
[INFO] [stdout]     protocol: RFC3164,
[INFO] [stdout]     facility: Some(
[INFO] [stdout]         LOG_MAIL,
[INFO] [stdout]     ),
[INFO] [stdout]     severity: Some(
[INFO] [stdout]         SEV_ERR,
[INFO] [stdout]     ),
[INFO] [stdout]     timestamp: Some(
[INFO] [stdout]         1941-09-17T08:53:06+00:00,
[INFO] [stdout]     ),
[INFO] [stdout]     hostname: None,
[INFO] [stdout]     appname: None,
[INFO] [stdout]     procid: None,
[INFO] [stdout]     msgid: None,
[INFO] [stdout]     structured_data: [],
[INFO] [stdout]     msg: "-\u{91}\nm7\u{5}F\u{1a}5⁉}%w\u{205f}©_H𪶮\u{94}\u{653e7}\u{f02c8}d",
[INFO] [stdout] }
[INFO] [stdout] thread 'parses_generated_messages' panicked at 'assertion failed: `(left == right)`
[INFO] [stdout]   left: `"--\u{91}\nm7\u{5}F\u{1a}5⁉}%w\u{205f}©_H𪶮\u{94}\u{653e7}\u{f02c8}d"`,
[INFO] [stdout]  right: `"-\u{91}\nm7\u{5}F\u{1a}5⁉}%w\u{205f}©_H𪶮\u{94}\u{653e7}\u{f02c8}d"`', tests/quickcheck.rs:254:5
[INFO] [stdout] stack backtrace:
[INFO] [stdout]    0:     0x55d4e6ef37a0 - std::backtrace_rs::backtrace::libunwind::trace::h34055254b57d8e79
[INFO] [stdout]                                at /rustc/a178d0322ce20e33eac124758e837cbd80a6f633/library/std/src/../../backtrace/src/backtrace/libunwind.rs:90:5
[INFO] [stdout]    1:     0x55d4e6ef37a0 - std::backtrace_rs::backtrace::trace_unsynchronized::h8f1e3fbd9afff6ec
[INFO] [stdout]                                at /rustc/a178d0322ce20e33eac124758e837cbd80a6f633/library/std/src/../../backtrace/src/backtrace/mod.rs:66:5
[INFO] [stdout]    2:     0x55d4e6ef37a0 - std::sys_common::backtrace::_print_fmt::h3a99a796b770c360
[INFO] [stdout]                                at /rustc/a178d0322ce20e33eac124758e837cbd80a6f633/library/std/src/sys_common/backtrace.rs:67:5
[INFO] [stdout]    3:     0x55d4e6ef37a0 - <std::sys_common::backtrace::_print::DisplayBacktrace as core::fmt::Display>::fmt::h32d1f94a80615d18
[INFO] [stdout]                                at /rustc/a178d0322ce20e33eac124758e837cbd80a6f633/library/std/src/sys_common/backtrace.rs:46:22
[INFO] [stdout]    4:     0x55d4e6f166cc - core::fmt::write::h306731c068f7162c
[INFO] [stdout]                                at /rustc/a178d0322ce20e33eac124758e837cbd80a6f633/library/core/src/fmt/mod.rs:1110:17
[INFO] [stdout]    5:     0x55d4e6ef05f5 - std::io::Write::write_fmt::h87f19b0a2cd190bc
[INFO] [stdout]                                at /rustc/a178d0322ce20e33eac124758e837cbd80a6f633/library/std/src/io/mod.rs:1588:15
[INFO] [stdout]    6:     0x55d4e6ef590b - std::sys_common::backtrace::_print::h5abaa2601a852287
[INFO] [stdout]                                at /rustc/a178d0322ce20e33eac124758e837cbd80a6f633/library/std/src/sys_common/backtrace.rs:49:5
[INFO] [stdout]    7:     0x55d4e6ef590b - std::sys_common::backtrace::print::h8d81445442bb638f
[INFO] [stdout]                                at /rustc/a178d0322ce20e33eac124758e837cbd80a6f633/library/std/src/sys_common/backtrace.rs:36:9
[INFO] [stdout]    8:     0x55d4e6ef590b - std::panicking::default_hook::{{closure}}::hcfe804496a9fa747
[INFO] [stdout]                                at /rustc/a178d0322ce20e33eac124758e837cbd80a6f633/library/std/src/panicking.rs:208:50
[INFO] [stdout]    9:     0x55d4e6ef541c - std::panicking::default_hook::hbea8e3ccf2ba8901
[INFO] [stdout]                                at /rustc/a178d0322ce20e33eac124758e837cbd80a6f633/library/std/src/panicking.rs:222:9
[INFO] [stdout]   10:     0x55d4e6ef5fd4 - std::panicking::rust_panic_with_hook::h7ee9e1a2d0f8975a
[INFO] [stdout]                                at /rustc/a178d0322ce20e33eac124758e837cbd80a6f633/library/std/src/panicking.rs:622:17
[INFO] [stdout]   11:     0x55d4e6ef5ab7 - std::panicking::begin_panic_handler::{{closure}}::h8ab3b4491718b2c7
[INFO] [stdout]                                at /rustc/a178d0322ce20e33eac124758e837cbd80a6f633/library/std/src/panicking.rs:519:13
[INFO] [stdout]   12:     0x55d4e6ef3c9c - std::sys_common::backtrace::__rust_end_short_backtrace::hd489062ffa586a9f
[INFO] [stdout]                                at /rustc/a178d0322ce20e33eac124758e837cbd80a6f633/library/std/src/sys_common/backtrace.rs:141:18
[INFO] [stdout]   13:     0x55d4e6ef5a19 - rust_begin_unwind
[INFO] [stdout]                                at /rustc/a178d0322ce20e33eac124758e837cbd80a6f633/library/std/src/panicking.rs:515:5
[INFO] [stdout]   14:     0x55d4e6c34b31 - core::panicking::panic_fmt::hca6330e3e14086b4
[INFO] [stdout]                                at /rustc/a178d0322ce20e33eac124758e837cbd80a6f633/library/core/src/panicking.rs:92:14
[INFO] [stdout]   15:     0x55d4e6f14fe8 - core::panicking::assert_failed_inner::h33b45280069a80ed
[INFO] [stdout]   16:     0x55d4e6c50e6a - core::panicking::assert_failed::hc3a645a51a071f66
[INFO] [stdout]                                at /rustc/a178d0322ce20e33eac124758e837cbd80a6f633/library/core/src/panicking.rs:117:5
[INFO] [stdout]   17:     0x55d4e6c7948f - quickcheck::inner_parses_generated_messages::h38905b38ce0bff01
[INFO] [stdout]                                at /opt/rustwide/workdir/tests/quickcheck.rs:254:5
[INFO] [stdout]   18:     0x55d4e6c6dded - <fn(A) .> T as quickcheck::tester::Testable>::result::shrink_failure::{{closure}}::hcc56396461229d50
[INFO] [stdout]                                at /opt/rustwide/cargo-home/registry/src/github.com-1ecc6299db9ec823/quickcheck-1.0.3/src/tester.rs:349:47
[INFO] [stdout]   19:     0x55d4e6c4ff2e - <std::panic::AssertUnwindSafe<F> as core::ops::function::FnOnce<()>>::call_once::h7a4cb3b017ad420f
[INFO] [stdout]                                at /rustc/a178d0322ce20e33eac124758e837cbd80a6f633/library/std/src/panic.rs:347:9
[INFO] [stdout]   20:     0x55d4e6c506bc - std::panicking::try::do_call::he68cc5bf6dda239d
[INFO] [stdout]                                at /rustc/a178d0322ce20e33eac124758e837cbd80a6f633/library/std/src/panicking.rs:401:40
[INFO] [stdout]   21:     0x55d4e6c51e9d - __rust_try
[INFO] [stdout]   22:     0x55d4e6c504de - std::panicking::try::he562280d2f79210a
[INFO] [stdout]                                at /rustc/a178d0322ce20e33eac124758e837cbd80a6f633/library/std/src/panicking.rs:365:19
[INFO] [stdout]   23:     0x55d4e6c5010f - std::panic::catch_unwind::h53a50e1b42a12a78
[INFO] [stdout]                                at /rustc/a178d0322ce20e33eac124758e837cbd80a6f633/library/std/src/panic.rs:434:14
[INFO] [stdout]   24:     0x55d4e6c6aea9 - quickcheck::tester::safe::he0fe7a5f298b1e85
[INFO] [stdout]                                at /opt/rustwide/cargo-home/registry/src/github.com-1ecc6299db9ec823/quickcheck-1.0.3/src/tester.rs:402:5
[INFO] [stdout]   25:     0x55d4e6c6d95f - <fn(A) .> T as quickcheck::tester::Testable>::result::shrink_failure::he6216178764cf099
[INFO] [stdout]                                at /opt/rustwide/cargo-home/registry/src/github.com-1ecc6299db9ec823/quickcheck-1.0.3/src/tester.rs:349:33
[INFO] [stdout]   26:     0x55d4e6c6e13f - <fn(A) .> T as quickcheck::tester::Testable>::result::h62057031c31f652d
[INFO] [stdout]                                at /opt/rustwide/cargo-home/registry/src/github.com-1ecc6299db9ec823/quickcheck-1.0.3/src/tester.rs:380:17
[INFO] [stdout]   27:     0x55d4e6c6ab47 - quickcheck::tester::QuickCheck::quicktest::hdab4f983cc0ce6ca
[INFO] [stdout]                                at /opt/rustwide/cargo-home/registry/src/github.com-1ecc6299db9ec823/quickcheck-1.0.3/src/tester.rs:121:19
[INFO] [stdout]   28:     0x55d4e6c6a718 - quickcheck::tester::QuickCheck::quickcheck::hdf799ff22ae218f5
[INFO] [stdout]                                at /opt/rustwide/cargo-home/registry/src/github.com-1ecc6299db9ec823/quickcheck-1.0.3/src/tester.rs:163:36
[INFO] [stdout]   29:     0x55d4e6c79a0e - quickcheck::parses_generated_messages::haeccb9624255fe86
[INFO] [stdout]                                at /opt/rustwide/workdir/tests/quickcheck.rs:262:5
[INFO] [stdout]   30:     0x55d4e6c7998a - quickcheck::parses_generated_messages::{{closure}}::h25fd6990676b90c6
[INFO] [stdout]                                at /opt/rustwide/workdir/tests/quickcheck.rs:261:1
[INFO] [stdout]   31:     0x55d4e6c651ae - core::ops::function::FnOnce::call_once::hd0c59908af7d6ee9
[INFO] [stdout]                                at /rustc/a178d0322ce20e33eac124758e837cbd80a6f633/library/core/src/ops/function.rs:227:5
[INFO] [stdout]   32:     0x55d4e6ca7a73 - core::ops::function::FnOnce::call_once::h152e7e439ff59e19
[INFO] [stdout]                                at /rustc/a178d0322ce20e33eac124758e837cbd80a6f633/library/core/src/ops/function.rs:227:5
[INFO] [stdout]   33:     0x55d4e6ca7a73 - test::__rust_begin_short_backtrace::h0908f3b1fdbb72ab
[INFO] [stdout]                                at /rustc/a178d0322ce20e33eac124758e837cbd80a6f633/library/test/src/lib.rs:577:5
[INFO] [stdout]   34:     0x55d4e6ca6530 - <alloc::boxed::Box<F,A> as core::ops::function::FnOnce<Args>>::call_once::hf6d2a51e5587546c
[INFO] [stdout]                                at /rustc/a178d0322ce20e33eac124758e837cbd80a6f633/library/alloc/src/boxed.rs:1575:9
[INFO] [stdout]   35:     0x55d4e6ca6530 - <std::panic::AssertUnwindSafe<F> as core::ops::function::FnOnce<()>>::call_once::h8af660f3a89ef593
[INFO] [stdout]                                at /rustc/a178d0322ce20e33eac124758e837cbd80a6f633/library/std/src/panic.rs:347:9
[INFO] [stdout]   36:     0x55d4e6ca6530 - std::panicking::try::do_call::hd36aef60f84b6d36
[INFO] [stdout]                                at /rustc/a178d0322ce20e33eac124758e837cbd80a6f633/library/std/src/panicking.rs:401:40
[INFO] [stdout]   37:     0x55d4e6ca6530 - std::panicking::try::h9932b4480e69817c
[INFO] [stdout]                                at /rustc/a178d0322ce20e33eac124758e837cbd80a6f633/library/std/src/panicking.rs:365:19
[INFO] [stdout]   38:     0x55d4e6ca6530 - std::panic::catch_unwind::h6aa177099cfff5f8
[INFO] [stdout]                                at /rustc/a178d0322ce20e33eac124758e837cbd80a6f633/library/std/src/panic.rs:434:14
[INFO] [stdout]   39:     0x55d4e6ca6530 - test::run_test_in_process::h5884d6f2d99e20c3
[INFO] [stdout]                                at /rustc/a178d0322ce20e33eac124758e837cbd80a6f633/library/test/src/lib.rs:600:18
[INFO] [stdout]   40:     0x55d4e6ca6530 - test::run_test::run_test_inner::{{closure}}::h6fdc58c6d5f5b6e3
[INFO] [stdout]                                at /rustc/a178d0322ce20e33eac124758e837cbd80a6f633/library/test/src/lib.rs:492:39
[INFO] [stdout]   41:     0x55d4e6c7fbe2 - test::run_test::run_test_inner::{{closure}}::h408365d67a78ade8
[INFO] [stdout]                                at /rustc/a178d0322ce20e33eac124758e837cbd80a6f633/library/test/src/lib.rs:519:37
[INFO] [stdout]   42:     0x55d4e6c7fbe2 - std::sys_common::backtrace::__rust_begin_short_backtrace::hb560b77c4f701523
[INFO] [stdout]                                at /rustc/a178d0322ce20e33eac124758e837cbd80a6f633/library/std/src/sys_common/backtrace.rs:125:18
[INFO] [stdout]   43:     0x55d4e6c83798 - std::thread::Builder::spawn_unchecked::{{closure}}::{{closure}}::hf2e7831dad93c597
[INFO] [stdout]                                at /rustc/a178d0322ce20e33eac124758e837cbd80a6f633/library/std/src/thread/mod.rs:481:17
[INFO] [stdout]   44:     0x55d4e6c83798 - <std::panic::AssertUnwindSafe<F> as core::ops::function::FnOnce<()>>::call_once::hd2e08783d8be4d02
[INFO] [stdout]                                at /rustc/a178d0322ce20e33eac124758e837cbd80a6f633/library/std/src/panic.rs:347:9
[INFO] [stdout]   45:     0x55d4e6c83798 - std::panicking::try::do_call::h062597b7acfd6b82
[INFO] [stdout]                                at /rustc/a178d0322ce20e33eac124758e837cbd80a6f633/library/std/src/panicking.rs:401:40
[INFO] [stdout]   46:     0x55d4e6c83798 - std::panicking::try::h0d7b79db04c14552
[INFO] [stdout]                                at /rustc/a178d0322ce20e33eac124758e837cbd80a6f633/library/std/src/panicking.rs:365:19
[INFO] [stdout]   47:     0x55d4e6c83798 - std::panic::catch_unwind::hb01a0b5e7c8cd43b
[INFO] [stdout]                                at /rustc/a178d0322ce20e33eac124758e837cbd80a6f633/library/std/src/panic.rs:434:14
[INFO] [stdout]   48:     0x55d4e6c83798 - std::thread::Builder::spawn_unchecked::{{closure}}::h5bde48cc887e0d1e
[INFO] [stdout]                                at /rustc/a178d0322ce20e33eac124758e837cbd80a6f633/library/std/src/thread/mod.rs:480:30
[INFO] [stdout]   49:     0x55d4e6c83798 - core::ops::function::FnOnce::call_once{{vtable.shim}}::h745ea30807a29e55
[INFO] [stdout]                                at /rustc/a178d0322ce20e33eac124758e837cbd80a6f633/library/core/src/ops/function.rs:227:5
[INFO] [stdout]   50:     0x55d4e6efaaf7 - <alloc::boxed::Box<F,A> as core::ops::function::FnOnce<Args>>::call_once::h7ece6cfefaff1005
[INFO] [stdout]                                at /rustc/a178d0322ce20e33eac124758e837cbd80a6f633/library/alloc/src/boxed.rs:1575:9
[INFO] [stdout]   51:     0x55d4e6efaaf7 - <alloc::boxed::Box<F,A> as core::ops::function::FnOnce<Args>>::call_once::hb8b48e55c21f193e
[INFO] [stdout]                                at /rustc/a178d0322ce20e33eac124758e837cbd80a6f633/library/alloc/src/boxed.rs:1575:9
[INFO] [stdout]   52:     0x55d4e6efaaf7 - std::sys::unix::thread::Thread::new::thread_start::h8c7c4450dba62914
[INFO] [stdout]                                at /rustc/a178d0322ce20e33eac124758e837cbd80a6f633/library/std/src/sys/unix/thread.rs:71:17
[INFO] [stdout]   53:     0x7f1805be8609 - start_thread
[INFO] [stdout]   54:     0x7f18059ba293 - clone
[INFO] [stdout]   55:                0x0 - <unknown>
[INFO] [stdout] msg: Message {
[INFO] [stdout]     protocol: RFC3164,
[INFO] [stdout]     facility: Some(
[INFO] [stdout]         LOG_MAIL,
[INFO] [stdout]     ),
[INFO] [stdout]     severity: Some(
[INFO] [stdout]         SEV_ERR,
[INFO] [stdout]     ),
[INFO] [stdout]     timestamp: Some(
[INFO] [stdout]         1941-09-17T08:53:06+00:00,
[INFO] [stdout]     ),
[INFO] [stdout]     hostname: None,
[INFO] [stdout]     appname: None,
[INFO] [stdout]     procid: None,
[INFO] [stdout]     msgid: None,
[INFO] [stdout]     structured_data: [],
[INFO] [stdout]     msg: "--\u{91}\nm7\u{5}F\u{1a}5⁉d",
[INFO] [stdout] }
[INFO] [stdout] text: <19> 1941-09-17T08:53:06+00:00 - : --
[INFO] [stdout] m7F5⁉d
[INFO] [stdout] parsed: Message {
[INFO] [stdout]     protocol: RFC3164,
[INFO] [stdout]     facility: Some(
[INFO] [stdout]         LOG_MAIL,
[INFO] [stdout]     ),
[INFO] [stdout]     severity: Some(
[INFO] [stdout]         SEV_ERR,
[INFO] [stdout]     ),
[INFO] [stdout]     timestamp: Some(
[INFO] [stdout]         1941-09-17T08:53:06+00:00,
[INFO] [stdout]     ),
[INFO] [stdout]     hostname: None,
[INFO] [stdout]     appname: None,
[INFO] [stdout]     procid: None,
[INFO] [stdout]     msgid: None,
[INFO] [stdout]     structured_data: [],
[INFO] [stdout]     msg: "-\u{91}\nm7\u{5}F\u{1a}5⁉d",
[INFO] [stdout] }
[INFO] [stdout] thread 'parses_generated_messages' panicked at 'assertion failed: `(left == right)`
[INFO] [stdout]   left: `"--\u{91}\nm7\u{5}F\u{1a}5⁉d"`,
[INFO] [stdout]  right: `"-\u{91}\nm7\u{5}F\u{1a}5⁉d"`', tests/quickcheck.rs:254:5
[INFO] [stdout] stack backtrace:
[INFO] [stdout]    0:     0x55d4e6ef37a0 - std::backtrace_rs::backtrace::libunwind::trace::h34055254b57d8e79
[INFO] [stdout]                                at /rustc/a178d0322ce20e33eac124758e837cbd80a6f633/library/std/src/../../backtrace/src/backtrace/libunwind.rs:90:5
[INFO] [stdout]    1:     0x55d4e6ef37a0 - std::backtrace_rs::backtrace::trace_unsynchronized::h8f1e3fbd9afff6ec
[INFO] [stdout]                                at /rustc/a178d0322ce20e33eac124758e837cbd80a6f633/library/std/src/../../backtrace/src/backtrace/mod.rs:66:5
[INFO] [stdout]    2:     0x55d4e6ef37a0 - std::sys_common::backtrace::_print_fmt::h3a99a796b770c360
[INFO] [stdout]                                at /rustc/a178d0322ce20e33eac124758e837cbd80a6f633/library/std/src/sys_common/backtrace.rs:67:5
[INFO] [stdout]    3:     0x55d4e6ef37a0 - <std::sys_common::backtrace::_print::DisplayBacktrace as core::fmt::Display>::fmt::h32d1f94a80615d18
[INFO] [stdout]                                at /rustc/a178d0322ce20e33eac124758e837cbd80a6f633/library/std/src/sys_common/backtrace.rs:46:22
[INFO] [stdout]    4:     0x55d4e6f166cc - core::fmt::write::h306731c068f7162c
[INFO] [stdout]                                at /rustc/a178d0322ce20e33eac124758e837cbd80a6f633/library/core/src/fmt/mod.rs:1110:17
[INFO] [stdout]    5:     0x55d4e6ef05f5 - std::io::Write::write_fmt::h87f19b0a2cd190bc
[INFO] [stdout]                                at /rustc/a178d0322ce20e33eac124758e837cbd80a6f633/library/std/src/io/mod.rs:1588:15
[INFO] [stdout]    6:     0x55d4e6ef590b - std::sys_common::backtrace::_print::h5abaa2601a852287
[INFO] [stdout]                                at /rustc/a178d0322ce20e33eac124758e837cbd80a6f633/library/std/src/sys_common/backtrace.rs:49:5
[INFO] [stdout]    7:     0x55d4e6ef590b - std::sys_common::backtrace::print::h8d81445442bb638f
[INFO] [stdout]                                at /rustc/a178d0322ce20e33eac124758e837cbd80a6f633/library/std/src/sys_common/backtrace.rs:36:9
[INFO] [stdout]    8:     0x55d4e6ef590b - std::panicking::default_hook::{{closure}}::hcfe804496a9fa747
[INFO] [stdout]                                at /rustc/a178d0322ce20e33eac124758e837cbd80a6f633/library/std/src/panicking.rs:208:50
[INFO] [stdout]    9:     0x55d4e6ef541c - std::panicking::default_hook::hbea8e3ccf2ba8901
[INFO] [stdout]                                at /rustc/a178d0322ce20e33eac124758e837cbd80a6f633/library/std/src/panicking.rs:222:9
[INFO] [stdout]   10:     0x55d4e6ef5fd4 - std::panicking::rust_panic_with_hook::h7ee9e1a2d0f8975a
[INFO] [stdout]                                at /rustc/a178d0322ce20e33eac124758e837cbd80a6f633/library/std/src/panicking.rs:622:17
[INFO] [stdout]   11:     0x55d4e6ef5ab7 - std::panicking::begin_panic_handler::{{closure}}::h8ab3b4491718b2c7
[INFO] [stdout]                                at /rustc/a178d0322ce20e33eac124758e837cbd80a6f633/library/std/src/panicking.rs:519:13
[INFO] [stdout]   12:     0x55d4e6ef3c9c - std::sys_common::backtrace::__rust_end_short_backtrace::hd489062ffa586a9f
[INFO] [stdout]                                at /rustc/a178d0322ce20e33eac124758e837cbd80a6f633/library/std/src/sys_common/backtrace.rs:141:18
[INFO] [stdout]   13:     0x55d4e6ef5a19 - rust_begin_unwind
[INFO] [stdout]                                at /rustc/a178d0322ce20e33eac124758e837cbd80a6f633/library/std/src/panicking.rs:515:5
[INFO] [stdout]   14:     0x55d4e6c34b31 - core::panicking::panic_fmt::hca6330e3e14086b4
[INFO] [stdout]                                at /rustc/a178d0322ce20e33eac124758e837cbd80a6f633/library/core/src/panicking.rs:92:14
[INFO] [stdout]   15:     0x55d4e6f14fe8 - core::panicking::assert_failed_inner::h33b45280069a80ed
[INFO] [stdout]   16:     0x55d4e6c50e6a - core::panicking::assert_failed::hc3a645a51a071f66
[INFO] [stdout]                                at /rustc/a178d0322ce20e33eac124758e837cbd80a6f633/library/core/src/panicking.rs:117:5
[INFO] [stdout]   17:     0x55d4e6c7948f - quickcheck::inner_parses_generated_messages::h38905b38ce0bff01
[INFO] [stdout]                                at /opt/rustwide/workdir/tests/quickcheck.rs:254:5
[INFO] [stdout]   18:     0x55d4e6c6dded - <fn(A) .> T as quickcheck::tester::Testable>::result::shrink_failure::{{closure}}::hcc56396461229d50
[INFO] [stdout]                                at /opt/rustwide/cargo-home/registry/src/github.com-1ecc6299db9ec823/quickcheck-1.0.3/src/tester.rs:349:47
[INFO] [stdout]   19:     0x55d4e6c4ff2e - <std::panic::AssertUnwindSafe<F> as core::ops::function::FnOnce<()>>::call_once::h7a4cb3b017ad420f
[INFO] [stdout]                                at /rustc/a178d0322ce20e33eac124758e837cbd80a6f633/library/std/src/panic.rs:347:9
[INFO] [stdout]   20:     0x55d4e6c506bc - std::panicking::try::do_call::he68cc5bf6dda239d
[INFO] [stdout]                                at /rustc/a178d0322ce20e33eac124758e837cbd80a6f633/library/std/src/panicking.rs:401:40
[INFO] [stdout]   21:     0x55d4e6c51e9d - __rust_try
[INFO] [stdout]   22:     0x55d4e6c504de - std::panicking::try::he562280d2f79210a
[INFO] [stdout]                                at /rustc/a178d0322ce20e33eac124758e837cbd80a6f633/library/std/src/panicking.rs:365:19
[INFO] [stdout]   23:     0x55d4e6c5010f - std::panic::catch_unwind::h53a50e1b42a12a78
[INFO] [stdout]                                at /rustc/a178d0322ce20e33eac124758e837cbd80a6f633/library/std/src/panic.rs:434:14
[INFO] [stdout]   24:     0x55d4e6c6aea9 - quickcheck::tester::safe::he0fe7a5f298b1e85
[INFO] [stdout]                                at /opt/rustwide/cargo-home/registry/src/github.com-1ecc6299db9ec823/quickcheck-1.0.3/src/tester.rs:402:5
[INFO] [stdout]   25:     0x55d4e6c6d95f - <fn(A) .> T as quickcheck::tester::Testable>::result::shrink_failure::he6216178764cf099
[INFO] [stdout]                                at /opt/rustwide/cargo-home/registry/src/github.com-1ecc6299db9ec823/quickcheck-1.0.3/src/tester.rs:349:33
[INFO] [stdout]   26:     0x55d4e6c6db37 - <fn(A) .> T as quickcheck::tester::Testable>::result::shrink_failure::he6216178764cf099
[INFO] [stdout]                                at /opt/rustwide/cargo-home/registry/src/github.com-1ecc6299db9ec823/quickcheck-1.0.3/src/tester.rs:358:34
[INFO] [stdout]   27:     0x55d4e6c6e13f - <fn(A) .> T as quickcheck::tester::Testable>::result::h62057031c31f652d
[INFO] [stdout]                                at /opt/rustwide/cargo-home/registry/src/github.com-1ecc6299db9ec823/quickcheck-1.0.3/src/tester.rs:380:17
[INFO] [stdout]   28:     0x55d4e6c6ab47 - quickcheck::tester::QuickCheck::quicktest::hdab4f983cc0ce6ca
[INFO] [stdout]                                at /opt/rustwide/cargo-home/registry/src/github.com-1ecc6299db9ec823/quickcheck-1.0.3/src/tester.rs:121:19
[INFO] [stdout]   29:     0x55d4e6c6a718 - quickcheck::tester::QuickCheck::quickcheck::hdf799ff22ae218f5
[INFO] [stdout]                                at /opt/rustwide/cargo-home/registry/src/github.com-1ecc6299db9ec823/quickcheck-1.0.3/src/tester.rs:163:36
[INFO] [stdout]   30:     0x55d4e6c79a0e - quickcheck::parses_generated_messages::haeccb9624255fe86
[INFO] [stdout]                                at /opt/rustwide/workdir/tests/quickcheck.rs:262:5
[INFO] [stdout]   31:     0x55d4e6c7998a - quickcheck::parses_generated_messages::{{closure}}::h25fd6990676b90c6
[INFO] [stdout]                                at /opt/rustwide/workdir/tests/quickcheck.rs:261:1
[INFO] [stdout]   32:     0x55d4e6c651ae - core::ops::function::FnOnce::call_once::hd0c59908af7d6ee9
[INFO] [stdout]                                at /rustc/a178d0322ce20e33eac124758e837cbd80a6f633/library/core/src/ops/function.rs:227:5
[INFO] [stdout]   33:     0x55d4e6ca7a73 - core::ops::function::FnOnce::call_once::h152e7e439ff59e19
[INFO] [stdout]                                at /rustc/a178d0322ce20e33eac124758e837cbd80a6f633/library/core/src/ops/function.rs:227:5
[INFO] [stdout]   34:     0x55d4e6ca7a73 - test::__rust_begin_short_backtrace::h0908f3b1fdbb72ab
[INFO] [stdout]                                at /rustc/a178d0322ce20e33eac124758e837cbd80a6f633/library/test/src/lib.rs:577:5
[INFO] [stdout]   35:     0x55d4e6ca6530 - <alloc::boxed::Box<F,A> as core::ops::function::FnOnce<Args>>::call_once::hf6d2a51e5587546c
[INFO] [stdout]                                at /rustc/a178d0322ce20e33eac124758e837cbd80a6f633/library/alloc/src/boxed.rs:1575:9
[INFO] [stdout]   36:     0x55d4e6ca6530 - <std::panic::AssertUnwindSafe<F> as core::ops::function::FnOnce<()>>::call_once::h8af660f3a89ef593
[INFO] [stdout]                                at /rustc/a178d0322ce20e33eac124758e837cbd80a6f633/library/std/src/panic.rs:347:9
[INFO] [stdout]   37:     0x55d4e6ca6530 - std::panicking::try::do_call::hd36aef60f84b6d36
[INFO] [stdout]                                at /rustc/a178d0322ce20e33eac124758e837cbd80a6f633/library/std/src/panicking.rs:401:40
[INFO] [stdout]   38:     0x55d4e6ca6530 - std::panicking::try::h9932b4480e69817c
[INFO] [stdout]                                at /rustc/a178d0322ce20e33eac124758e837cbd80a6f633/library/std/src/panicking.rs:365:19
[INFO] [stdout]   39:     0x55d4e6ca6530 - std::panic::catch_unwind::h6aa177099cfff5f8
[INFO] [stdout]                                at /rustc/a178d0322ce20e33eac124758e837cbd80a6f633/library/std/src/panic.rs:434:14
[INFO] [stdout]   40:     0x55d4e6ca6530 - test::run_test_in_process::h5884d6f2d99e20c3
[INFO] [stdout]                                at /rustc/a178d0322ce20e33eac124758e837cbd80a6f633/library/test/src/lib.rs:600:18
[INFO] [stdout]   41:     0x55d4e6ca6530 - test::run_test::run_test_inner::{{closure}}::h6fdc58c6d5f5b6e3
[INFO] [stdout]                                at /rustc/a178d0322ce20e33eac124758e837cbd80a6f633/library/test/src/lib.rs:492:39
[INFO] [stdout]   42:     0x55d4e6c7fbe2 - test::run_test::run_test_inner::{{closure}}::h408365d67a78ade8
[INFO] [stdout]                                at /rustc/a178d0322ce20e33eac124758e837cbd80a6f633/library/test/src/lib.rs:519:37
[INFO] [stdout]   43:     0x55d4e6c7fbe2 - std::sys_common::backtrace::__rust_begin_short_backtrace::hb560b77c4f701523
[INFO] [stdout]                                at /rustc/a178d0322ce20e33eac124758e837cbd80a6f633/library/std/src/sys_common/backtrace.rs:125:18
[INFO] [stdout]   44:     0x55d4e6c83798 - std::thread::Builder::spawn_unchecked::{{closure}}::{{closure}}::hf2e7831dad93c597
[INFO] [stdout]                                at /rustc/a178d0322ce20e33eac124758e837cbd80a6f633/library/std/src/thread/mod.rs:481:17
[INFO] [stdout]   45:     0x55d4e6c83798 - <std::panic::AssertUnwindSafe<F> as core::ops::function::FnOnce<()>>::call_once::hd2e08783d8be4d02
[INFO] [stdout]                                at /rustc/a178d0322ce20e33eac124758e837cbd80a6f633/library/std/src/panic.rs:347:9
[INFO] [stdout]   46:     0x55d4e6c83798 - std::panicking::try::do_call::h062597b7acfd6b82
[INFO] [stdout]                                at /rustc/a178d0322ce20e33eac124758e837cbd80a6f633/library/std/src/panicking.rs:401:40
[INFO] [stdout]   47:     0x55d4e6c83798 - std::panicking::try::h0d7b79db04c14552
[INFO] [stdout]                                at /rustc/a178d0322ce20e33eac124758e837cbd80a6f633/library/std/src/panicking.rs:365:19
[INFO] [stdout]   48:     0x55d4e6c83798 - std::panic::catch_unwind::hb01a0b5e7c8cd43b
[INFO] [stdout]                                at /rustc/a178d0322ce20e33eac124758e837cbd80a6f633/library/std/src/panic.rs:434:14
[INFO] [stdout]   49:     0x55d4e6c83798 - std::thread::Builder::spawn_unchecked::{{closure}}::h5bde48cc887e0d1e
[INFO] [stdout]                                at /rustc/a178d0322ce20e33eac124758e837cbd80a6f633/library/std/src/thread/mod.rs:480:30
[INFO] [stdout]   50:     0x55d4e6c83798 - core::ops::function::FnOnce::call_once{{vtable.shim}}::h745ea30807a29e55
[INFO] [stdout]                                at /rustc/a178d0322ce20e33eac124758e837cbd80a6f633/library/core/src/ops/function.rs:227:5
[INFO] [stdout]   51:     0x55d4e6efaaf7 - <alloc::boxed::Box<F,A> as core::ops::function::FnOnce<Args>>::call_once::h7ece6cfefaff1005
[INFO] [stdout]                                at /rustc/a178d0322ce20e33eac124758e837cbd80a6f633/library/alloc/src/boxed.rs:1575:9
[INFO] [stdout]   52:     0x55d4e6efaaf7 - <alloc::boxed::Box<F,A> as core::ops::function::FnOnce<Args>>::call_once::hb8b48e55c21f193e
[INFO] [stdout]                                at /rustc/a178d0322ce20e33eac124758e837cbd80a6f633/library/alloc/src/boxed.rs:1575:9
[INFO] [stdout]   53:     0x55d4e6efaaf7 - std::sys::unix::thread::Thread::new::thread_start::h8c7c4450dba62914
[INFO] [stdout]                                at /rustc/a178d0322ce20e33eac124758e837cbd80a6f633/library/std/src/sys/unix/thread.rs:71:17
[INFO] [stdout]   54:     0x7f1805be8609 - start_thread
[INFO] [stdout]   55:     0x7f18059ba293 - clone
[INFO] [stdout]   56:                0x0 - <unknown>
[INFO] [stdout] msg: Message {
[INFO] [stdout]     protocol: RFC3164,
[INFO] [stdout]     facility: Some(
[INFO] [stdout]         LOG_MAIL,
[INFO] [stdout]     ),
[INFO] [stdout]     severity: Some(
[INFO] [stdout]         SEV_ERR,
[INFO] [stdout]     ),
[INFO] [stdout]     timestamp: Some(
[INFO] [stdout]         1941-09-17T08:53:06+00:00,
[INFO] [stdout]     ),
[INFO] [stdout]     hostname: None,
[INFO] [stdout]     appname: None,
[INFO] [stdout]     procid: None,
[INFO] [stdout]     msgid: None,
[INFO] [stdout]     structured_data: [],
[INFO] [stdout]     msg: "--\u{91}\nm7",
[INFO] [stdout] }
[INFO] [stdout] text: <19> 1941-09-17T08:53:06+00:00 - : --
[INFO] [stdout] m7
[INFO] [stdout] parsed: Message {
[INFO] [stdout]     protocol: RFC3164,
[INFO] [stdout]     facility: Some(
[INFO] [stdout]         LOG_MAIL,
[INFO] [stdout]     ),
[INFO] [stdout]     severity: Some(
[INFO] [stdout]         SEV_ERR,
[INFO] [stdout]     ),
[INFO] [stdout]     timestamp: Some(
[INFO] [stdout]         1941-09-17T08:53:06+00:00,
[INFO] [stdout]     ),
[INFO] [stdout]     hostname: None,
[INFO] [stdout]     appname: None,
[INFO] [stdout]     procid: None,
[INFO] [stdout]     msgid: None,
[INFO] [stdout]     structured_data: [],
[INFO] [stdout]     msg: "-\u{91}\nm7",
[INFO] [stdout] }
[INFO] [stdout] thread 'parses_generated_messages' panicked at 'assertion failed: `(left == right)`
[INFO] [stdout]   left: `"--\u{91}\nm7"`,
[INFO] [stdout]  right: `"-\u{91}\nm7"`', tests/quickcheck.rs:254:5
[INFO] [stdout] stack backtrace:
[INFO] [stdout]    0:     0x55d4e6ef37a0 - std::backtrace_rs::backtrace::libunwind::trace::h34055254b57d8e79
[INFO] [stdout]                                at /rustc/a178d0322ce20e33eac124758e837cbd80a6f633/library/std/src/../../backtrace/src/backtrace/libunwind.rs:90:5
[INFO] [stdout]    1:     0x55d4e6ef37a0 - std::backtrace_rs::backtrace::trace_unsynchronized::h8f1e3fbd9afff6ec
[INFO] [stdout]                                at /rustc/a178d0322ce20e33eac124758e837cbd80a6f633/library/std/src/../../backtrace/src/backtrace/mod.rs:66:5
[INFO] [stdout]    2:     0x55d4e6ef37a0 - std::sys_common::backtrace::_print_fmt::h3a99a796b770c360
[INFO] [stdout]                                at /rustc/a178d0322ce20e33eac124758e837cbd80a6f633/library/std/src/sys_common/backtrace.rs:67:5
[INFO] [stdout]    3:     0x55d4e6ef37a0 - <std::sys_common::backtrace::_print::DisplayBacktrace as core::fmt::Display>::fmt::h32d1f94a80615d18
[INFO] [stdout]                                at /rustc/a178d0322ce20e33eac124758e837cbd80a6f633/library/std/src/sys_common/backtrace.rs:46:22
[INFO] [stdout]    4:     0x55d4e6f166cc - core::fmt::write::h306731c068f7162c
[INFO] [stdout]                                at /rustc/a178d0322ce20e33eac124758e837cbd80a6f633/library/core/src/fmt/mod.rs:1110:17
[INFO] [stdout]    5:     0x55d4e6ef05f5 - std::io::Write::write_fmt::h87f19b0a2cd190bc
[INFO] [stdout]                                at /rustc/a178d0322ce20e33eac124758e837cbd80a6f633/library/std/src/io/mod.rs:1588:15
[INFO] [stdout]    6:     0x55d4e6ef590b - std::sys_common::backtrace::_print::h5abaa2601a852287
[INFO] [stdout]                                at /rustc/a178d0322ce20e33eac124758e837cbd80a6f633/library/std/src/sys_common/backtrace.rs:49:5
[INFO] [stdout]    7:     0x55d4e6ef590b - std::sys_common::backtrace::print::h8d81445442bb638f
[INFO] [stdout]                                at /rustc/a178d0322ce20e33eac124758e837cbd80a6f633/library/std/src/sys_common/backtrace.rs:36:9
[INFO] [stdout]    8:     0x55d4e6ef590b - std::panicking::default_hook::{{closure}}::hcfe804496a9fa747
[INFO] [stdout]                                at /rustc/a178d0322ce20e33eac124758e837cbd80a6f633/library/std/src/panicking.rs:208:50
[INFO] [stdout]    9:     0x55d4e6ef541c - std::panicking::default_hook::hbea8e3ccf2ba8901
[INFO] [stdout]                                at /rustc/a178d0322ce20e33eac124758e837cbd80a6f633/library/std/src/panicking.rs:222:9
[INFO] [stdout]   10:     0x55d4e6ef5fd4 - std::panicking::rust_panic_with_hook::h7ee9e1a2d0f8975a
[INFO] [stdout]                                at /rustc/a178d0322ce20e33eac124758e837cbd80a6f633/library/std/src/panicking.rs:622:17
[INFO] [stdout]   11:     0x55d4e6ef5ab7 - std::panicking::begin_panic_handler::{{closure}}::h8ab3b4491718b2c7
[INFO] [stdout]                                at /rustc/a178d0322ce20e33eac124758e837cbd80a6f633/library/std/src/panicking.rs:519:13
[INFO] [stdout]   12:     0x55d4e6ef3c9c - std::sys_common::backtrace::__rust_end_short_backtrace::hd489062ffa586a9f
[INFO] [stdout]                                at /rustc/a178d0322ce20e33eac124758e837cbd80a6f633/library/std/src/sys_common/backtrace.rs:141:18
[INFO] [stdout]   13:     0x55d4e6ef5a19 - rust_begin_unwind
[INFO] [stdout]                                at /rustc/a178d0322ce20e33eac124758e837cbd80a6f633/library/std/src/panicking.rs:515:5
[INFO] [stdout]   14:     0x55d4e6c34b31 - core::panicking::panic_fmt::hca6330e3e14086b4
[INFO] [stdout]                                at /rustc/a178d0322ce20e33eac124758e837cbd80a6f633/library/core/src/panicking.rs:92:14
[INFO] [stdout]   15:     0x55d4e6f14fe8 - core::panicking::assert_failed_inner::h33b45280069a80ed
[INFO] [stdout]   16:     0x55d4e6c50e6a - core::panicking::assert_failed::hc3a645a51a071f66
[INFO] [stdout]                                at /rustc/a178d0322ce20e33eac124758e837cbd80a6f633/library/core/src/panicking.rs:117:5
[INFO] [stdout]   17:     0x55d4e6c7948f - quickcheck::inner_parses_generated_messages::h38905b38ce0bff01
[INFO] [stdout]                                at /opt/rustwide/workdir/tests/quickcheck.rs:254:5
[INFO] [stdout]   18:     0x55d4e6c6dded - <fn(A) .> T as quickcheck::tester::Testable>::result::shrink_failure::{{closure}}::hcc56396461229d50
[INFO] [stdout]                                at /opt/rustwide/cargo-home/registry/src/github.com-1ecc6299db9ec823/quickcheck-1.0.3/src/tester.rs:349:47
[INFO] [stdout]   19:     0x55d4e6c4ff2e - <std::panic::AssertUnwindSafe<F> as core::ops::function::FnOnce<()>>::call_once::h7a4cb3b017ad420f
[INFO] [stdout]                                at /rustc/a178d0322ce20e33eac124758e837cbd80a6f633/library/std/src/panic.rs:347:9
[INFO] [stdout]   20:     0x55d4e6c506bc - std::panicking::try::do_call::he68cc5bf6dda239d
[INFO] [stdout]                                at /rustc/a178d0322ce20e33eac124758e837cbd80a6f633/library/std/src/panicking.rs:401:40
[INFO] [stdout]   21:     0x55d4e6c51e9d - __rust_try
[INFO] [stdout]   22:     0x55d4e6c504de - std::panicking::try::he562280d2f79210a
[INFO] [stdout]                                at /rustc/a178d0322ce20e33eac124758e837cbd80a6f633/library/std/src/panicking.rs:365:19
[INFO] [stdout]   23:     0x55d4e6c5010f - std::panic::catch_unwind::h53a50e1b42a12a78
[INFO] [stdout]                                at /rustc/a178d0322ce20e33eac124758e837cbd80a6f633/library/std/src/panic.rs:434:14
[INFO] [stdout]   24:     0x55d4e6c6aea9 - quickcheck::tester::safe::he0fe7a5f298b1e85
[INFO] [stdout]                                at /opt/rustwide/cargo-home/registry/src/github.com-1ecc6299db9ec823/quickcheck-1.0.3/src/tester.rs:402:5
[INFO] [stdout]   25:     0x55d4e6c6d95f - <fn(A) .> T as quickcheck::tester::Testable>::result::shrink_failure::he6216178764cf099
[INFO] [stdout]                                at /opt/rustwide/cargo-home/registry/src/github.com-1ecc6299db9ec823/quickcheck-1.0.3/src/tester.rs:349:33
[INFO] [stdout]   26:     0x55d4e6c6db37 - <fn(A) .> T as quickcheck::tester::Testable>::result::shrink_failure::he6216178764cf099
[INFO] [stdout]                                at /opt/rustwide/cargo-home/registry/src/github.com-1ecc6299db9ec823/quickcheck-1.0.3/src/tester.rs:358:34
[INFO] [stdout]   27:     0x55d4e6c6db37 - <fn(A) .> T as quickcheck::tester::Testable>::result::shrink_failure::he6216178764cf099
[INFO] [stdout]                                at /opt/rustwide/cargo-home/registry/src/github.com-1ecc6299db9ec823/quickcheck-1.0.3/src/tester.rs:358:34
[INFO] [stdout]   28:     0x55d4e6c6e13f - <fn(A) .> T as quickcheck::tester::Testable>::result::h62057031c31f652d
[INFO] [stdout]                                at /opt/rustwide/cargo-home/registry/src/github.com-1ecc6299db9ec823/quickcheck-1.0.3/src/tester.rs:380:17
[INFO] [stdout]   29:     0x55d4e6c6ab47 - quickcheck::tester::QuickCheck::quicktest::hdab4f983cc0ce6ca
[INFO] [stdout]                                at /opt/rustwide/cargo-home/registry/src/github.com-1ecc6299db9ec823/quickcheck-1.0.3/src/tester.rs:121:19
[INFO] [stdout]   30:     0x55d4e6c6a718 - quickcheck::tester::QuickCheck::quickcheck::hdf799ff22ae218f5
[INFO] [stdout]                                at /opt/rustwide/cargo-home/registry/src/github.com-1ecc6299db9ec823/quickcheck-1.0.3/src/tester.rs:163:36
[INFO] [stdout]   31:     0x55d4e6c79a0e - quickcheck::parses_generated_messages::haeccb9624255fe86
[INFO] [stdout]                                at /opt/rustwide/workdir/tests/quickcheck.rs:262:5
[INFO] [stdout]   32:     0x55d4e6c7998a - quickcheck::parses_generated_messages::{{closure}}::h25fd6990676b90c6
[INFO] [stdout]                                at /opt/rustwide/workdir/tests/quickcheck.rs:261:1
[INFO] [stdout]   33:     0x55d4e6c651ae - core::ops::function::FnOnce::call_once::hd0c59908af7d6ee9
[INFO] [stdout]                                at /rustc/a178d0322ce20e33eac124758e837cbd80a6f633/library/core/src/ops/function.rs:227:5
[INFO] [stdout]   34:     0x55d4e6ca7a73 - core::ops::function::FnOnce::call_once::h152e7e439ff59e19
[INFO] [stdout]                                at /rustc/a178d0322ce20e33eac124758e837cbd80a6f633/library/core/src/ops/function.rs:227:5
[INFO] [stdout]   35:     0x55d4e6ca7a73 - test::__rust_begin_short_backtrace::h0908f3b1fdbb72ab
[INFO] [stdout]                                at /rustc/a178d0322ce20e33eac124758e837cbd80a6f633/library/test/src/lib.rs:577:5
[INFO] [stdout]   36:     0x55d4e6ca6530 - <alloc::boxed::Box<F,A> as core::ops::function::FnOnce<Args>>::call_once::hf6d2a51e5587546c
[INFO] [stdout]                                at /rustc/a178d0322ce20e33eac124758e837cbd80a6f633/library/alloc/src/boxed.rs:1575:9
[INFO] [stdout]   37:     0x55d4e6ca6530 - <std::panic::AssertUnwindSafe<F> as core::ops::function::FnOnce<()>>::call_once::h8af660f3a89ef593
[INFO] [stdout]                                at /rustc/a178d0322ce20e33eac124758e837cbd80a6f633/library/std/src/panic.rs:347:9
[INFO] [stdout]   38:     0x55d4e6ca6530 - std::panicking::try::do_call::hd36aef60f84b6d36
[INFO] [stdout]                                at /rustc/a178d0322ce20e33eac124758e837cbd80a6f633/library/std/src/panicking.rs:401:40
[INFO] [stdout]   39:     0x55d4e6ca6530 - std::panicking::try::h9932b4480e69817c
[INFO] [stdout]                                at /rustc/a178d0322ce20e33eac124758e837cbd80a6f633/library/std/src/panicking.rs:365:19
[INFO] [stdout]   40:     0x55d4e6ca6530 - std::panic::catch_unwind::h6aa177099cfff5f8
[INFO] [stdout]                                at /rustc/a178d0322ce20e33eac124758e837cbd80a6f633/library/std/src/panic.rs:434:14
[INFO] [stdout]   41:     0x55d4e6ca6530 - test::run_test_in_process::h5884d6f2d99e20c3
[INFO] [stdout]                                at /rustc/a178d0322ce20e33eac124758e837cbd80a6f633/library/test/src/lib.rs:600:18
[INFO] [stdout]   42:     0x55d4e6ca6530 - test::run_test::run_test_inner::{{closure}}::h6fdc58c6d5f5b6e3
[INFO] [stdout]                                at /rustc/a178d0322ce20e33eac124758e837cbd80a6f633/library/test/src/lib.rs:492:39
[INFO] [stdout]   43:     0x55d4e6c7fbe2 - test::run_test::run_test_inner::{{closure}}::h408365d67a78ade8
[INFO] [stdout]                                at /rustc/a178d0322ce20e33eac124758e837cbd80a6f633/library/test/src/lib.rs:519:37
[INFO] [stdout]   44:     0x55d4e6c7fbe2 - std::sys_common::backtrace::__rust_begin_short_backtrace::hb560b77c4f701523
[INFO] [stdout]                                at /rustc/a178d0322ce20e33eac124758e837cbd80a6f633/library/std/src/sys_common/backtrace.rs:125:18
[INFO] [stdout]   45:     0x55d4e6c83798 - std::thread::Builder::spawn_unchecked::{{closure}}::{{closure}}::hf2e7831dad93c597
[INFO] [stdout]                                at /rustc/a178d0322ce20e33eac124758e837cbd80a6f633/library/std/src/thread/mod.rs:481:17
[INFO] [stdout]   46:     0x55d4e6c83798 - <std::panic::AssertUnwindSafe<F> as core::ops::function::FnOnce<()>>::call_once::hd2e08783d8be4d02
[INFO] [stdout]                                at /rustc/a178d0322ce20e33eac124758e837cbd80a6f633/library/std/src/panic.rs:347:9
[INFO] [stdout]   47:     0x55d4e6c83798 - std::panicking::try::do_call::h062597b7acfd6b82
[INFO] [stdout]                                at /rustc/a178d0322ce20e33eac124758e837cbd80a6f633/library/std/src/panicking.rs:401:40
[INFO] [stdout]   48:     0x55d4e6c83798 - std::panicking::try::h0d7b79db04c14552
[INFO] [stdout]                                at /rustc/a178d0322ce20e33eac124758e837cbd80a6f633/library/std/src/panicking.rs:365:19
[INFO] [stdout]   49:     0x55d4e6c83798 - std::panic::catch_unwind::hb01a0b5e7c8cd43b
[INFO] [stdout]                                at /rustc/a178d0322ce20e33eac124758e837cbd80a6f633/library/std/src/panic.rs:434:14
[INFO] [stdout]   50:     0x55d4e6c83798 - std::thread::Builder::spawn_unchecked::{{closure}}::h5bde48cc887e0d1e
[INFO] [stdout]                                at /rustc/a178d0322ce20e33eac124758e837cbd80a6f633/library/std/src/thread/mod.rs:480:30
[INFO] [stdout]   51:     0x55d4e6c83798 - core::ops::function::FnOnce::call_once{{vtable.shim}}::h745ea30807a29e55
[INFO] [stdout]                                at /rustc/a178d0322ce20e33eac124758e837cbd80a6f633/library/core/src/ops/function.rs:227:5
[INFO] [stdout]   52:     0x55d4e6efaaf7 - <alloc::boxed::Box<F,A> as core::ops::function::FnOnce<Args>>::call_once::h7ece6cfefaff1005
[INFO] [stdout]                                at /rustc/a178d0322ce20e33eac124758e837cbd80a6f633/library/alloc/src/boxed.rs:1575:9
[INFO] [stdout]   53:     0x55d4e6efaaf7 - <alloc::boxed::Box<F,A> as core::ops::function::FnOnce<Args>>::call_once::hb8b48e55c21f193e
[INFO] [stdout]                                at /rustc/a178d0322ce20e33eac124758e837cbd80a6f633/library/alloc/src/boxed.rs:1575:9
[INFO] [stdout]   54:     0x55d4e6efaaf7 - std::sys::unix::thread::Thread::new::thread_start::h8c7c4450dba62914
[INFO] [stdout]                                at /rustc/a178d0322ce20e33eac124758e837cbd80a6f633/library/std/src/sys/unix/thread.rs:71:17
[INFO] [stdout]   55:     0x7f1805be8609 - start_thread
[INFO] [stdout]   56:     0x7f18059ba293 - clone
[INFO] [stdout]   57:                0x0 - <unknown>
[INFO] [stdout] msg: Message {
[INFO] [stdout]     protocol: RFC3164,
[INFO] [stdout]     facility: Some(
[INFO] [stdout]         LOG_MAIL,
[INFO] [stdout]     ),
[INFO] [stdout]     severity: Some(
[INFO] [stdout]         SEV_ERR,
[INFO] [stdout]     ),
[INFO] [stdout]     timestamp: Some(
[INFO] [stdout]         1941-09-17T08:53:06+00:00,
[INFO] [stdout]     ),
[INFO] [stdout]     hostname: None,
[INFO] [stdout]     appname: None,
[INFO] [stdout]     procid: None,
[INFO] [stdout]     msgid: None,
[INFO] [stdout]     structured_data: [],
[INFO] [stdout]     msg: "--\u{91}",
[INFO] [stdout] }
[INFO] [stdout] text: <19> 1941-09-17T08:53:06+00:00 - : --
[INFO] [stdout] parsed: Message {
[INFO] [stdout]     protocol: RFC3164,
[INFO] [stdout]     facility: Some(
[INFO] [stdout]         LOG_MAIL,
[INFO] [stdout]     ),
[INFO] [stdout]     severity: Some(
[INFO] [stdout]         SEV_ERR,
[INFO] [stdout]     ),
[INFO] [stdout]     timestamp: Some(
[INFO] [stdout]         1941-09-17T08:53:06+00:00,
[INFO] [stdout]     ),
[INFO] [stdout]     hostname: None,
[INFO] [stdout]     appname: None,
[INFO] [stdout]     procid: None,
[INFO] [stdout]     msgid: None,
[INFO] [stdout]     structured_data: [],
[INFO] [stdout]     msg: "-\u{91}",
[INFO] [stdout] }
[INFO] [stdout] thread 'parses_generated_messages' panicked at 'assertion failed: `(left == right)`
[INFO] [stdout]   left: `"--\u{91}"`,
[INFO] [stdout]  right: `"-\u{91}"`', tests/quickcheck.rs:254:5
[INFO] [stdout] stack backtrace:
[INFO] [stdout]    0:     0x55d4e6ef37a0 - std::backtrace_rs::backtrace::libunwind::trace::h34055254b57d8e79
[INFO] [stdout]                                at /rustc/a178d0322ce20e33eac124758e837cbd80a6f633/library/std/src/../../backtrace/src/backtrace/libunwind.rs:90:5
[INFO] [stdout]    1:     0x55d4e6ef37a0 - std::backtrace_rs::backtrace::trace_unsynchronized::h8f1e3fbd9afff6ec
[INFO] [stdout]                                at /rustc/a178d0322ce20e33eac124758e837cbd80a6f633/library/std/src/../../backtrace/src/backtrace/mod.rs:66:5
[INFO] [stdout]    2:     0x55d4e6ef37a0 - std::sys_common::backtrace::_print_fmt::h3a99a796b770c360
[INFO] [stdout]                                at /rustc/a178d0322ce20e33eac124758e837cbd80a6f633/library/std/src/sys_common/backtrace.rs:67:5
[INFO] [stdout]    3:     0x55d4e6ef37a0 - <std::sys_common::backtrace::_print::DisplayBacktrace as core::fmt::Display>::fmt::h32d1f94a80615d18
[INFO] [stdout]                                at /rustc/a178d0322ce20e33eac124758e837cbd80a6f633/library/std/src/sys_common/backtrace.rs:46:22
[INFO] [stdout]    4:     0x55d4e6f166cc - core::fmt::write::h306731c068f7162c
[INFO] [stdout]                                at /rustc/a178d0322ce20e33eac124758e837cbd80a6f633/library/core/src/fmt/mod.rs:1110:17
[INFO] [stdout]    5:     0x55d4e6ef05f5 - std::io::Write::write_fmt::h87f19b0a2cd190bc
[INFO] [stdout]                                at /rustc/a178d0322ce20e33eac124758e837cbd80a6f633/library/std/src/io/mod.rs:1588:15
[INFO] [stdout]    6:     0x55d4e6ef590b - std::sys_common::backtrace::_print::h5abaa2601a852287
[INFO] [stdout]                                at /rustc/a178d0322ce20e33eac124758e837cbd80a6f633/library/std/src/sys_common/backtrace.rs:49:5
[INFO] [stdout]    7:     0x55d4e6ef590b - std::sys_common::backtrace::print::h8d81445442bb638f
[INFO] [stdout]                                at /rustc/a178d0322ce20e33eac124758e837cbd80a6f633/library/std/src/sys_common/backtrace.rs:36:9
[INFO] [stdout]    8:     0x55d4e6ef590b - std::panicking::default_hook::{{closure}}::hcfe804496a9fa747
[INFO] [stdout]                                at /rustc/a178d0322ce20e33eac124758e837cbd80a6f633/library/std/src/panicking.rs:208:50
[INFO] [stdout]    9:     0x55d4e6ef541c - std::panicking::default_hook::hbea8e3ccf2ba8901
[INFO] [stdout]                                at /rustc/a178d0322ce20e33eac124758e837cbd80a6f633/library/std/src/panicking.rs:222:9
[INFO] [stdout]   10:     0x55d4e6ef5fd4 - std::panicking::rust_panic_with_hook::h7ee9e1a2d0f8975a
[INFO] [stdout]                                at /rustc/a178d0322ce20e33eac124758e837cbd80a6f633/library/std/src/panicking.rs:622:17
[INFO] [stdout]   11:     0x55d4e6ef5ab7 - std::panicking::begin_panic_handler::{{closure}}::h8ab3b4491718b2c7
[INFO] [stdout]                                at /rustc/a178d0322ce20e33eac124758e837cbd80a6f633/library/std/src/panicking.rs:519:13
[INFO] [stdout]   12:     0x55d4e6ef3c9c - std::sys_common::backtrace::__rust_end_short_backtrace::hd489062ffa586a9f
[INFO] [stdout]                                at /rustc/a178d0322ce20e33eac124758e837cbd80a6f633/library/std/src/sys_common/backtrace.rs:141:18
[INFO] [stdout]   13:     0x55d4e6ef5a19 - rust_begin_unwind
[INFO] [stdout]                                at /rustc/a178d0322ce20e33eac124758e837cbd80a6f633/library/std/src/panicking.rs:515:5
[INFO] [stdout]   14:     0x55d4e6c34b31 - core::panicking::panic_fmt::hca6330e3e14086b4
[INFO] [stdout]                                at /rustc/a178d0322ce20e33eac124758e837cbd80a6f633/library/core/src/panicking.rs:92:14
[INFO] [stdout]   15:     0x55d4e6f14fe8 - core::panicking::assert_failed_inner::h33b45280069a80ed
[INFO] [stdout]   16:     0x55d4e6c50e6a - core::panicking::assert_failed::hc3a645a51a071f66
[INFO] [stdout]                                at /rustc/a178d0322ce20e33eac124758e837cbd80a6f633/library/core/src/panicking.rs:117:5
[INFO] [stdout]   17:     0x55d4e6c7948f - quickcheck::inner_parses_generated_messages::h38905b38ce0bff01
[INFO] [stdout]                                at /opt/rustwide/workdir/tests/quickcheck.rs:254:5
[INFO] [stdout]   18:     0x55d4e6c6dded - <fn(A) .> T as quickcheck::tester::Testable>::result::shrink_failure::{{closure}}::hcc56396461229d50
[INFO] [stdout]                                at /opt/rustwide/cargo-home/registry/src/github.com-1ecc6299db9ec823/quickcheck-1.0.3/src/tester.rs:349:47
[INFO] [stdout]   19:     0x55d4e6c4ff2e - <std::panic::AssertUnwindSafe<F> as core::ops::function::FnOnce<()>>::call_once::h7a4cb3b017ad420f
[INFO] [stdout]                                at /rustc/a178d0322ce20e33eac124758e837cbd80a6f633/library/std/src/panic.rs:347:9
[INFO] [stdout]   20:     0x55d4e6c506bc - std::panicking::try::do_call::he68cc5bf6dda239d
[INFO] [stdout]                                at /rustc/a178d0322ce20e33eac124758e837cbd80a6f633/library/std/src/panicking.rs:401:40
[INFO] [stdout]   21:     0x55d4e6c51e9d - __rust_try
[INFO] [stdout]   22:     0x55d4e6c504de - std::panicking::try::he562280d2f79210a
[INFO] [stdout]                                at /rustc/a178d0322ce20e33eac124758e837cbd80a6f633/library/std/src/panicking.rs:365:19
[INFO] [stdout]   23:     0x55d4e6c5010f - std::panic::catch_unwind::h53a50e1b42a12a78
[INFO] [stdout]                                at /rustc/a178d0322ce20e33eac124758e837cbd80a6f633/library/std/src/panic.rs:434:14
[INFO] [stdout]   24:     0x55d4e6c6aea9 - quickcheck::tester::safe::he0fe7a5f298b1e85
[INFO] [stdout]                                at /opt/rustwide/cargo-home/registry/src/github.com-1ecc6299db9ec823/quickcheck-1.0.3/src/tester.rs:402:5
[INFO] [stdout]   25:     0x55d4e6c6d95f - <fn(A) .> T as quickcheck::tester::Testable>::result::shrink_failure::he6216178764cf099
[INFO] [stdout]                                at /opt/rustwide/cargo-home/registry/src/github.com-1ecc6299db9ec823/quickcheck-1.0.3/src/tester.rs:349:33
[INFO] [stdout]   26:     0x55d4e6c6db37 - <fn(A) .> T as quickcheck::tester::Testable>::result::shrink_failure::he6216178764cf099
[INFO] [stdout]                                at /opt/rustwide/cargo-home/registry/src/github.com-1ecc6299db9ec823/quickcheck-1.0.3/src/tester.rs:358:34
[INFO] [stdout]   27:     0x55d4e6c6db37 - <fn(A) .> T as quickcheck::tester::Testable>::result::shrink_failure::he6216178764cf099
[INFO] [stdout]                                at /opt/rustwide/cargo-home/registry/src/github.com-1ecc6299db9ec823/quickcheck-1.0.3/src/tester.rs:358:34
[INFO] [stdout]   28:     0x55d4e6c6db37 - <fn(A) .> T as quickcheck::tester::Testable>::result::shrink_failure::he6216178764cf099
[INFO] [stdout]                                at /opt/rustwide/cargo-home/registry/src/github.com-1ecc6299db9ec823/quickcheck-1.0.3/src/tester.rs:358:34
[INFO] [stdout]   29:     0x55d4e6c6e13f - <fn(A) .> T as quickcheck::tester::Testable>::result::h62057031c31f652d
[INFO] [stdout]                                at /opt/rustwide/cargo-home/registry/src/github.com-1ecc6299db9ec823/quickcheck-1.0.3/src/tester.rs:380:17
[INFO] [stdout]   30:     0x55d4e6c6ab47 - quickcheck::tester::QuickCheck::quicktest::hdab4f983cc0ce6ca
[INFO] [stdout]                                at /opt/rustwide/cargo-home/registry/src/github.com-1ecc6299db9ec823/quickcheck-1.0.3/src/tester.rs:121:19
[INFO] [stdout]   31:     0x55d4e6c6a718 - quickcheck::tester::QuickCheck::quickcheck::hdf799ff22ae218f5
[INFO] [stdout]                                at /opt/rustwide/cargo-home/registry/src/github.com-1ecc6299db9ec823/quickcheck-1.0.3/src/tester.rs:163:36
[INFO] [stdout]   32:     0x55d4e6c79a0e - quickcheck::parses_generated_messages::haeccb9624255fe86
[INFO] [stdout]                                at /opt/rustwide/workdir/tests/quickcheck.rs:262:5
[INFO] [stdout]   33:     0x55d4e6c7998a - quickcheck::parses_generated_messages::{{closure}}::h25fd6990676b90c6
[INFO] [stdout]                                at /opt/rustwide/workdir/tests/quickcheck.rs:261:1
[INFO] [stdout]   34:     0x55d4e6c651ae - core::ops::function::FnOnce::call_once::hd0c59908af7d6ee9
[INFO] [stdout]                                at /rustc/a178d0322ce20e33eac124758e837cbd80a6f633/library/core/src/ops/function.rs:227:5
[INFO] [stdout]   35:     0x55d4e6ca7a73 - core::ops::function::FnOnce::call_once::h152e7e439ff59e19
[INFO] [stdout]                                at /rustc/a178d0322ce20e33eac124758e837cbd80a6f633/library/core/src/ops/function.rs:227:5
[INFO] [stdout]   36:     0x55d4e6ca7a73 - test::__rust_begin_short_backtrace::h0908f3b1fdbb72ab
[INFO] [stdout]                                at /rustc/a178d0322ce20e33eac124758e837cbd80a6f633/library/test/src/lib.rs:577:5
[INFO] [stdout]   37:     0x55d4e6ca6530 - <alloc::boxed::Box<F,A> as core::ops::function::FnOnce<Args>>::call_once::hf6d2a51e5587546c
[INFO] [stdout]                                at /rustc/a178d0322ce20e33eac124758e837cbd80a6f633/library/alloc/src/boxed.rs:1575:9
[INFO] [stdout]   38:     0x55d4e6ca6530 - <std::panic::AssertUnwindSafe<F> as core::ops::function::FnOnce<()>>::call_once::h8af660f3a89ef593
[INFO] [stdout]                                at /rustc/a178d0322ce20e33eac124758e837cbd80a6f633/library/std/src/panic.rs:347:9
[INFO] [stdout]   39:     0x55d4e6ca6530 - std::panicking::try::do_call::hd36aef60f84b6d36
[INFO] [stdout]                                at /rustc/a178d0322ce20e33eac124758e837cbd80a6f633/library/std/src/panicking.rs:401:40
[INFO] [stdout]   40:     0x55d4e6ca6530 - std::panicking::try::h9932b4480e69817c
[INFO] [stdout]                                at /rustc/a178d0322ce20e33eac124758e837cbd80a6f633/library/std/src/panicking.rs:365:19
[INFO] [stdout]   41:     0x55d4e6ca6530 - std::panic::catch_unwind::h6aa177099cfff5f8
[INFO] [stdout]                                at /rustc/a178d0322ce20e33eac124758e837cbd80a6f633/library/std/src/panic.rs:434:14
[INFO] [stdout]   42:     0x55d4e6ca6530 - test::run_test_in_process::h5884d6f2d99e20c3
[INFO] [stdout]                                at /rustc/a178d0322ce20e33eac124758e837cbd80a6f633/library/test/src/lib.rs:600:18
[INFO] [stdout]   43:     0x55d4e6ca6530 - test::run_test::run_test_inner::{{closure}}::h6fdc58c6d5f5b6e3
[INFO] [stdout]                                at /rustc/a178d0322ce20e33eac124758e837cbd80a6f633/library/test/src/lib.rs:492:39
[INFO] [stdout]   44:     0x55d4e6c7fbe2 - test::run_test::run_test_inner::{{closure}}::h408365d67a78ade8
[INFO] [stdout]                                at /rustc/a178d0322ce20e33eac124758e837cbd80a6f633/library/test/src/lib.rs:519:37
[INFO] [stdout]   45:     0x55d4e6c7fbe2 - std::sys_common::backtrace::__rust_begin_short_backtrace::hb560b77c4f701523
[INFO] [stdout]                                at /rustc/a178d0322ce20e33eac124758e837cbd80a6f633/library/std/src/sys_common/backtrace.rs:125:18
[INFO] [stdout]   46:     0x55d4e6c83798 - std::thread::Builder::spawn_unchecked::{{closure}}::{{closure}}::hf2e7831dad93c597
[INFO] [stdout]                                at /rustc/a178d0322ce20e33eac124758e837cbd80a6f633/library/std/src/thread/mod.rs:481:17
[INFO] [stdout]   47:     0x55d4e6c83798 - <std::panic::AssertUnwindSafe<F> as core::ops::function::FnOnce<()>>::call_once::hd2e08783d8be4d02
[INFO] [stdout]                                at /rustc/a178d0322ce20e33eac124758e837cbd80a6f633/library/std/src/panic.rs:347:9
[INFO] [stdout]   48:     0x55d4e6c83798 - std::panicking::try::do_call::h062597b7acfd6b82
[INFO] [stdout]                                at /rustc/a178d0322ce20e33eac124758e837cbd80a6f633/library/std/src/panicking.rs:401:40
[INFO] [stdout]   49:     0x55d4e6c83798 - std::panicking::try::h0d7b79db04c14552
[INFO] [stdout]                                at /rustc/a178d0322ce20e33eac124758e837cbd80a6f633/library/std/src/panicking.rs:365:19
[INFO] [stdout]   50:     0x55d4e6c83798 - std::panic::catch_unwind::hb01a0b5e7c8cd43b
[INFO] [stdout]                                at /rustc/a178d0322ce20e33eac124758e837cbd80a6f633/library/std/src/panic.rs:434:14
[INFO] [stdout]   51:     0x55d4e6c83798 - std::thread::Builder::spawn_unchecked::{{closure}}::h5bde48cc887e0d1e
[INFO] [stdout]                                at /rustc/a178d0322ce20e33eac124758e837cbd80a6f633/library/std/src/thread/mod.rs:480:30
[INFO] [stdout]   52:     0x55d4e6c83798 - core::ops::function::FnOnce::call_once{{vtable.shim}}::h745ea30807a29e55
[INFO] [stdout]                                at /rustc/a178d0322ce20e33eac124758e837cbd80a6f633/library/core/src/ops/function.rs:227:5
[INFO] [stdout]   53:     0x55d4e6efaaf7 - <alloc::boxed::Box<F,A> as core::ops::function::FnOnce<Args>>::call_once::h7ece6cfefaff1005
[INFO] [stdout]                                at /rustc/a178d0322ce20e33eac124758e837cbd80a6f633/library/alloc/src/boxed.rs:1575:9
[INFO] [stdout]   54:     0x55d4e6efaaf7 - <alloc::boxed::Box<F,A> as core::ops::function::FnOnce<Args>>::call_once::hb8b48e55c21f193e
[INFO] [stdout]                                at /rustc/a178d0322ce20e33eac124758e837cbd80a6f633/library/alloc/src/boxed.rs:1575:9
[INFO] [stdout]   55:     0x55d4e6efaaf7 - std::sys::unix::thread::Thread::new::thread_start::h8c7c4450dba62914
[INFO] [stdout]                                at /rustc/a178d0322ce20e33eac124758e837cbd80a6f633/library/std/src/sys/unix/thread.rs:71:17
[INFO] [stdout]   56:     0x7f1805be8609 - start_thread
[INFO] [stdout]   57:     0x7f18059ba293 - clone
[INFO] [stdout]   58:                0x0 - <unknown>
[INFO] [stdout] msg: Message {
[INFO] [stdout]     protocol: RFC3164,
[INFO] [stdout]     facility: Some(
[INFO] [stdout]         LOG_MAIL,
[INFO] [stdout]     ),
[INFO] [stdout]     severity: Some(
[INFO] [stdout]         SEV_ERR,
[INFO] [stdout]     ),
[INFO] [stdout]     timestamp: Some(
[INFO] [stdout]         1941-09-17T08:53:06+00:00,
[INFO] [stdout]     ),
[INFO] [stdout]     hostname: None,
[INFO] [stdout]     appname: None,
[INFO] [stdout]     procid: None,
[INFO] [stdout]     msgid: None,
[INFO] [stdout]     structured_data: [],
[INFO] [stdout]     msg: "-\u{91}",
[INFO] [stdout] }
[INFO] [stdout] text: <19> 1941-09-17T08:53:06+00:00 - : -
[INFO] [stdout] parsed: Message {
[INFO] [stdout]     protocol: RFC3164,
[INFO] [stdout]     facility: Some(
[INFO] [stdout]         LOG_MAIL,
[INFO] [stdout]     ),
[INFO] [stdout]     severity: Some(
[INFO] [stdout]         SEV_ERR,
[INFO] [stdout]     ),
[INFO] [stdout]     timestamp: Some(
[INFO] [stdout]         1941-09-17T08:53:06+00:00,
[INFO] [stdout]     ),
[INFO] [stdout]     hostname: None,
[INFO] [stdout]     appname: None,
[INFO] [stdout]     procid: None,
[INFO] [stdout]     msgid: None,
[INFO] [stdout]     structured_data: [],
[INFO] [stdout]     msg: "\u{91}",
[INFO] [stdout] }
[INFO] [stdout] thread 'parses_generated_messages' panicked at 'assertion failed: `(left == right)`
[INFO] [stdout]   left: `"-\u{91}"`,
[INFO] [stdout]  right: `"\u{91}"`', tests/quickcheck.rs:254:5
[INFO] [stdout] stack backtrace:
[INFO] [stdout]    0:     0x55d4e6ef37a0 - std::backtrace_rs::backtrace::libunwind::trace::h34055254b57d8e79
[INFO] [stdout]                                at /rustc/a178d0322ce20e33eac124758e837cbd80a6f633/library/std/src/../../backtrace/src/backtrace/libunwind.rs:90:5
[INFO] [stdout]    1:     0x55d4e6ef37a0 - std::backtrace_rs::backtrace::trace_unsynchronized::h8f1e3fbd9afff6ec
[INFO] [stdout]                                at /rustc/a178d0322ce20e33eac124758e837cbd80a6f633/library/std/src/../../backtrace/src/backtrace/mod.rs:66:5
[INFO] [stdout]    2:     0x55d4e6ef37a0 - std::sys_common::backtrace::_print_fmt::h3a99a796b770c360
[INFO] [stdout]                                at /rustc/a178d0322ce20e33eac124758e837cbd80a6f633/library/std/src/sys_common/backtrace.rs:67:5
[INFO] [stdout]    3:     0x55d4e6ef37a0 - <std::sys_common::backtrace::_print::DisplayBacktrace as core::fmt::Display>::fmt::h32d1f94a80615d18
[INFO] [stdout]                                at /rustc/a178d0322ce20e33eac124758e837cbd80a6f633/library/std/src/sys_common/backtrace.rs:46:22
[INFO] [stdout]    4:     0x55d4e6f166cc - core::fmt::write::h306731c068f7162c
[INFO] [stdout]                                at /rustc/a178d0322ce20e33eac124758e837cbd80a6f633/library/core/src/fmt/mod.rs:1110:17
[INFO] [stdout]    5:     0x55d4e6ef05f5 - std::io::Write::write_fmt::h87f19b0a2cd190bc
[INFO] [stdout]                                at /rustc/a178d0322ce20e33eac124758e837cbd80a6f633/library/std/src/io/mod.rs:1588:15
[INFO] [stdout]    6:     0x55d4e6ef590b - std::sys_common::backtrace::_print::h5abaa2601a852287
[INFO] [stdout]                                at /rustc/a178d0322ce20e33eac124758e837cbd80a6f633/library/std/src/sys_common/backtrace.rs:49:5
[INFO] [stdout]    7:     0x55d4e6ef590b - std::sys_common::backtrace::print::h8d81445442bb638f
[INFO] [stdout]                                at /rustc/a178d0322ce20e33eac124758e837cbd80a6f633/library/std/src/sys_common/backtrace.rs:36:9
[INFO] [stdout]    8:     0x55d4e6ef590b - std::panicking::default_hook::{{closure}}::hcfe804496a9fa747
[INFO] [stdout]                                at /rustc/a178d0322ce20e33eac124758e837cbd80a6f633/library/std/src/panicking.rs:208:50
[INFO] [stdout]    9:     0x55d4e6ef541c - std::panicking::default_hook::hbea8e3ccf2ba8901
[INFO] [stdout]                                at /rustc/a178d0322ce20e33eac124758e837cbd80a6f633/library/std/src/panicking.rs:222:9
[INFO] [stdout]   10:     0x55d4e6ef5fd4 - std::panicking::rust_panic_with_hook::h7ee9e1a2d0f8975a
[INFO] [stdout]                                at /rustc/a178d0322ce20e33eac124758e837cbd80a6f633/library/std/src/panicking.rs:622:17
[INFO] [stdout]   11:     0x55d4e6ef5ab7 - std::panicking::begin_panic_handler::{{closure}}::h8ab3b4491718b2c7
[INFO] [stdout]                                at /rustc/a178d0322ce20e33eac124758e837cbd80a6f633/library/std/src/panicking.rs:519:13
[INFO] [stdout]   12:     0x55d4e6ef3c9c - std::sys_common::backtrace::__rust_end_short_backtrace::hd489062ffa586a9f
[INFO] [stdout]                                at /rustc/a178d0322ce20e33eac124758e837cbd80a6f633/library/std/src/sys_common/backtrace.rs:141:18
[INFO] [stdout]   13:     0x55d4e6ef5a19 - rust_begin_unwind
[INFO] [stdout]                                at /rustc/a178d0322ce20e33eac124758e837cbd80a6f633/library/std/src/panicking.rs:515:5
[INFO] [stdout]   14:     0x55d4e6c34b31 - core::panicking::panic_fmt::hca6330e3e14086b4
[INFO] [stdout]                                at /rustc/a178d0322ce20e33eac124758e837cbd80a6f633/library/core/src/panicking.rs:92:14
[INFO] [stdout]   15:     0x55d4e6f14fe8 - core::panicking::assert_failed_inner::h33b45280069a80ed
[INFO] [stdout]   16:     0x55d4e6c50e6a - core::panicking::assert_failed::hc3a645a51a071f66
[INFO] [stdout]                                at /rustc/a178d0322ce20e33eac124758e837cbd80a6f633/library/core/src/panicking.rs:117:5
[INFO] [stdout]   17:     0x55d4e6c7948f - quickcheck::inner_parses_generated_messages::h38905b38ce0bff01
[INFO] [stdout]                                at /opt/rustwide/workdir/tests/quickcheck.rs:254:5
[INFO] [stdout]   18:     0x55d4e6c6dded - <fn(A) .> T as quickcheck::tester::Testable>::result::shrink_failure::{{closure}}::hcc56396461229d50
[INFO] [stdout]                                at /opt/rustwide/cargo-home/registry/src/github.com-1ecc6299db9ec823/quickcheck-1.0.3/src/tester.rs:349:47
[INFO] [stdout]   19:     0x55d4e6c4ff2e - <std::panic::AssertUnwindSafe<F> as core::ops::function::FnOnce<()>>::call_once::h7a4cb3b017ad420f
[INFO] [stdout]                                at /rustc/a178d0322ce20e33eac124758e837cbd80a6f633/library/std/src/panic.rs:347:9
[INFO] [stdout]   20:     0x55d4e6c506bc - std::panicking::try::do_call::he68cc5bf6dda239d
[INFO] [stdout]                                at /rustc/a178d0322ce20e33eac124758e837cbd80a6f633/library/std/src/panicking.rs:401:40
[INFO] [stdout]   21:     0x55d4e6c51e9d - __rust_try
[INFO] [stdout]   22:     0x55d4e6c504de - std::panicking::try::he562280d2f79210a
[INFO] [stdout]                                at /rustc/a178d0322ce20e33eac124758e837cbd80a6f633/library/std/src/panicking.rs:365:19
[INFO] [stdout]   23:     0x55d4e6c5010f - std::panic::catch_unwind::h53a50e1b42a12a78
[INFO] [stdout]                                at /rustc/a178d0322ce20e33eac124758e837cbd80a6f633/library/std/src/panic.rs:434:14
[INFO] [stdout]   24:     0x55d4e6c6aea9 - quickcheck::tester::safe::he0fe7a5f298b1e85
[INFO] [stdout]                                at /opt/rustwide/cargo-home/registry/src/github.com-1ecc6299db9ec823/quickcheck-1.0.3/src/tester.rs:402:5
[INFO] [stdout]   25:     0x55d4e6c6d95f - <fn(A) .> T as quickcheck::tester::Testable>::result::shrink_failure::he6216178764cf099
[INFO] [stdout]                                at /opt/rustwide/cargo-home/registry/src/github.com-1ecc6299db9ec823/quickcheck-1.0.3/src/tester.rs:349:33
[INFO] [stdout]   26:     0x55d4e6c6db37 - <fn(A) .> T as quickcheck::tester::Testable>::result::shrink_failure::he6216178764cf099
[INFO] [stdout]                                at /opt/rustwide/cargo-home/registry/src/github.com-1ecc6299db9ec823/quickcheck-1.0.3/src/tester.rs:358:34
[INFO] [stdout]   27:     0x55d4e6c6db37 - <fn(A) .> T as quickcheck::tester::Testable>::result::shrink_failure::he6216178764cf099
[INFO] [stdout]                                at /opt/rustwide/cargo-home/registry/src/github.com-1ecc6299db9ec823/quickcheck-1.0.3/src/tester.rs:358:34
[INFO] [stdout]   28:     0x55d4e6c6db37 - <fn(A) .> T as quickcheck::tester::Testable>::result::shrink_failure::he6216178764cf099
[INFO] [stdout]                                at /opt/rustwide/cargo-home/registry/src/github.com-1ecc6299db9ec823/quickcheck-1.0.3/src/tester.rs:358:34
[INFO] [stdout]   29:     0x55d4e6c6db37 - <fn(A) .> T as quickcheck::tester::Testable>::result::shrink_failure::he6216178764cf099
[INFO] [stdout]                                at /opt/rustwide/cargo-home/registry/src/github.com-1ecc6299db9ec823/quickcheck-1.0.3/src/tester.rs:358:34
[INFO] [stdout]   30:     0x55d4e6c6e13f - <fn(A) .> T as quickcheck::tester::Testable>::result::h62057031c31f652d
[INFO] [stdout]                                at /opt/rustwide/cargo-home/registry/src/github.com-1ecc6299db9ec823/quickcheck-1.0.3/src/tester.rs:380:17
[INFO] [stdout]   31:     0x55d4e6c6ab47 - quickcheck::tester::QuickCheck::quicktest::hdab4f983cc0ce6ca
[INFO] [stdout]                                at /opt/rustwide/cargo-home/registry/src/github.com-1ecc6299db9ec823/quickcheck-1.0.3/src/tester.rs:121:19
[INFO] [stdout]   32:     0x55d4e6c6a718 - quickcheck::tester::QuickCheck::quickcheck::hdf799ff22ae218f5
[INFO] [stdout]                                at /opt/rustwide/cargo-home/registry/src/github.com-1ecc6299db9ec823/quickcheck-1.0.3/src/tester.rs:163:36
[INFO] [stdout]   33:     0x55d4e6c79a0e - quickcheck::parses_generated_messages::haeccb9624255fe86
[INFO] [stdout]                                at /opt/rustwide/workdir/tests/quickcheck.rs:262:5
[INFO] [stdout]   34:     0x55d4e6c7998a - quickcheck::parses_generated_messages::{{closure}}::h25fd6990676b90c6
[INFO] [stdout]                                at /opt/rustwide/workdir/tests/quickcheck.rs:261:1
[INFO] [stdout]   35:     0x55d4e6c651ae - core::ops::function::FnOnce::call_once::hd0c59908af7d6ee9
[INFO] [stdout]                                at /rustc/a178d0322ce20e33eac124758e837cbd80a6f633/library/core/src/ops/function.rs:227:5
[INFO] [stdout]   36:     0x55d4e6ca7a73 - core::ops::function::FnOnce::call_once::h152e7e439ff59e19
[INFO] [stdout]                                at /rustc/a178d0322ce20e33eac124758e837cbd80a6f633/library/core/src/ops/function.rs:227:5
[INFO] [stdout]   37:     0x55d4e6ca7a73 - test::__rust_begin_short_backtrace::h0908f3b1fdbb72ab
[INFO] [stdout]                                at /rustc/a178d0322ce20e33eac124758e837cbd80a6f633/library/test/src/lib.rs:577:5
[INFO] [stdout]   38:     0x55d4e6ca6530 - <alloc::boxed::Box<F,A> as core::ops::function::FnOnce<Args>>::call_once::hf6d2a51e5587546c
[INFO] [stdout]                                at /rustc/a178d0322ce20e33eac124758e837cbd80a6f633/library/alloc/src/boxed.rs:1575:9
[INFO] [stdout]   39:     0x55d4e6ca6530 - <std::panic::AssertUnwindSafe<F> as core::ops::function::FnOnce<()>>::call_once::h8af660f3a89ef593
[INFO] [stdout]                                at /rustc/a178d0322ce20e33eac124758e837cbd80a6f633/library/std/src/panic.rs:347:9
[INFO] [stdout]   40:     0x55d4e6ca6530 - std::panicking::try::do_call::hd36aef60f84b6d36
[INFO] [stdout]                                at /rustc/a178d0322ce20e33eac124758e837cbd80a6f633/library/std/src/panicking.rs:401:40
[INFO] [stdout]   41:     0x55d4e6ca6530 - std::panicking::try::h9932b4480e69817c
[INFO] [stdout]                                at /rustc/a178d0322ce20e33eac124758e837cbd80a6f633/library/std/src/panicking.rs:365:19
[INFO] [stdout]   42:     0x55d4e6ca6530 - std::panic::catch_unwind::h6aa177099cfff5f8
[INFO] [stdout]                                at /rustc/a178d0322ce20e33eac124758e837cbd80a6f633/library/std/src/panic.rs:434:14
[INFO] [stdout]   43:     0x55d4e6ca6530 - test::run_test_in_process::h5884d6f2d99e20c3
[INFO] [stdout]                                at /rustc/a178d0322ce20e33eac124758e837cbd80a6f633/library/test/src/lib.rs:600:18
[INFO] [stdout]   44:     0x55d4e6ca6530 - test::run_test::run_test_inner::{{closure}}::h6fdc58c6d5f5b6e3
[INFO] [stdout]                                at /rustc/a178d0322ce20e33eac124758e837cbd80a6f633/library/test/src/lib.rs:492:39
[INFO] [stdout]   45:     0x55d4e6c7fbe2 - test::run_test::run_test_inner::{{closure}}::h408365d67a78ade8
[INFO] [stdout]                                at /rustc/a178d0322ce20e33eac124758e837cbd80a6f633/library/test/src/lib.rs:519:37
[INFO] [stdout]   46:     0x55d4e6c7fbe2 - std::sys_common::backtrace::__rust_begin_short_backtrace::hb560b77c4f701523
[INFO] [stdout]                                at /rustc/a178d0322ce20e33eac124758e837cbd80a6f633/library/std/src/sys_common/backtrace.rs:125:18
[INFO] [stdout]   47:     0x55d4e6c83798 - std::thread::Builder::spawn_unchecked::{{closure}}::{{closure}}::hf2e7831dad93c597
[INFO] [stdout]                                at /rustc/a178d0322ce20e33eac124758e837cbd80a6f633/library/std/src/thread/mod.rs:481:17
[INFO] [stdout]   48:     0x55d4e6c83798 - <std::panic::AssertUnwindSafe<F> as core::ops::function::FnOnce<()>>::call_once::hd2e08783d8be4d02
[INFO] [stdout]                                at /rustc/a178d0322ce20e33eac124758e837cbd80a6f633/library/std/src/panic.rs:347:9
[INFO] [stdout]   49:     0x55d4e6c83798 - std::panicking::try::do_call::h062597b7acfd6b82
[INFO] [stdout]                                at /rustc/a178d0322ce20e33eac124758e837cbd80a6f633/library/std/src/panicking.rs:401:40
[INFO] [stdout]   50:     0x55d4e6c83798 - std::panicking::try::h0d7b79db04c14552
[INFO] [stdout]                                at /rustc/a178d0322ce20e33eac124758e837cbd80a6f633/library/std/src/panicking.rs:365:19
[INFO] [stdout]   51:     0x55d4e6c83798 - std::panic::catch_unwind::hb01a0b5e7c8cd43b
[INFO] [stdout]                                at /rustc/a178d0322ce20e33eac124758e837cbd80a6f633/library/std/src/panic.rs:434:14
[INFO] [stdout]   52:     0x55d4e6c83798 - std::thread::Builder::spawn_unchecked::{{closure}}::h5bde48cc887e0d1e
[INFO] [stdout]                                at /rustc/a178d0322ce20e33eac124758e837cbd80a6f633/library/std/src/thread/mod.rs:480:30
[INFO] [stdout]   53:     0x55d4e6c83798 - core::ops::function::FnOnce::call_once{{vtable.shim}}::h745ea30807a29e55
[INFO] [stdout]                                at /rustc/a178d0322ce20e33eac124758e837cbd80a6f633/library/core/src/ops/function.rs:227:5
[INFO] [stdout]   54:     0x55d4e6efaaf7 - <alloc::boxed::Box<F,A> as core::ops::function::FnOnce<Args>>::call_once::h7ece6cfefaff1005
[INFO] [stdout]                                at /rustc/a178d0322ce20e33eac124758e837cbd80a6f633/library/alloc/src/boxed.rs:1575:9
[INFO] [stdout]   55:     0x55d4e6efaaf7 - <alloc::boxed::Box<F,A> as core::ops::function::FnOnce<Args>>::call_once::hb8b48e55c21f193e
[INFO] [stdout]                                at /rustc/a178d0322ce20e33eac124758e837cbd80a6f633/library/alloc/src/boxed.rs:1575:9
[INFO] [stdout]   56:     0x55d4e6efaaf7 - std::sys::unix::thread::Thread::new::thread_start::h8c7c4450dba62914
[INFO] [stdout]                                at /rustc/a178d0322ce20e33eac124758e837cbd80a6f633/library/std/src/sys/unix/thread.rs:71:17
[INFO] [stdout]   57:     0x7f1805be8609 - start_thread
[INFO] [stdout]   58:     0x7f18059ba293 - clone
[INFO] [stdout]   59:                0x0 - <unknown>
[INFO] [stdout] msg: Message {
[INFO] [stdout]     protocol: RFC3164,
[INFO] [stdout]     facility: Some(
[INFO] [stdout]         LOG_MAIL,
[INFO] [stdout]     ),
[INFO] [stdout]     severity: Some(
[INFO] [stdout]         SEV_ERR,
[INFO] [stdout]     ),
[INFO] [stdout]     timestamp: Some(
[INFO] [stdout]         1941-09-17T08:53:06+00:00,
[INFO] [stdout]     ),
[INFO] [stdout]     hostname: None,
[INFO] [stdout]     appname: None,
[INFO] [stdout]     procid: None,
[INFO] [stdout]     msgid: None,
[INFO] [stdout]     structured_data: [],
[INFO] [stdout]     msg: "-",
[INFO] [stdout] }
[INFO] [stdout] text: <19> 1941-09-17T08:53:06+00:00 - : -
[INFO] [stdout] parsed: Message {
[INFO] [stdout]     protocol: RFC3164,
[INFO] [stdout]     facility: Some(
[INFO] [stdout]         LOG_MAIL,
[INFO] [stdout]     ),
[INFO] [stdout]     severity: Some(
[INFO] [stdout]         SEV_ERR,
[INFO] [stdout]     ),
[INFO] [stdout]     timestamp: Some(
[INFO] [stdout]         1941-09-17T08:53:06+00:00,
[INFO] [stdout]     ),
[INFO] [stdout]     hostname: None,
[INFO] [stdout]     appname: None,
[INFO] [stdout]     procid: None,
[INFO] [stdout]     msgid: None,
[INFO] [stdout]     structured_data: [],
[INFO] [stdout]     msg: "",
[INFO] [stdout] }
[INFO] [stdout] thread 'parses_generated_messages' panicked at 'assertion failed: `(left == right)`
[INFO] [stdout]   left: `"-"`,
[INFO] [stdout]  right: `""`', tests/quickcheck.rs:254:5
[INFO] [stdout] stack backtrace:
[INFO] [stdout]    0:     0x55d4e6ef37a0 - std::backtrace_rs::backtrace::libunwind::trace::h34055254b57d8e79
[INFO] [stdout]                                at /rustc/a178d0322ce20e33eac124758e837cbd80a6f633/library/std/src/../../backtrace/src/backtrace/libunwind.rs:90:5
[INFO] [stdout]    1:     0x55d4e6ef37a0 - std::backtrace_rs::backtrace::trace_unsynchronized::h8f1e3fbd9afff6ec
[INFO] [stdout]                                at /rustc/a178d0322ce20e33eac124758e837cbd80a6f633/library/std/src/../../backtrace/src/backtrace/mod.rs:66:5
[INFO] [stdout]    2:     0x55d4e6ef37a0 - std::sys_common::backtrace::_print_fmt::h3a99a796b770c360
[INFO] [stdout]                                at /rustc/a178d0322ce20e33eac124758e837cbd80a6f633/library/std/src/sys_common/backtrace.rs:67:5
[INFO] [stdout]    3:     0x55d4e6ef37a0 - <std::sys_common::backtrace::_print::DisplayBacktrace as core::fmt::Display>::fmt::h32d1f94a80615d18
[INFO] [stdout]                                at /rustc/a178d0322ce20e33eac124758e837cbd80a6f633/library/std/src/sys_common/backtrace.rs:46:22
[INFO] [stdout]    4:     0x55d4e6f166cc - core::fmt::write::h306731c068f7162c
[INFO] [stdout]                                at /rustc/a178d0322ce20e33eac124758e837cbd80a6f633/library/core/src/fmt/mod.rs:1110:17
[INFO] [stdout]    5:     0x55d4e6ef05f5 - std::io::Write::write_fmt::h87f19b0a2cd190bc
[INFO] [stdout]                                at /rustc/a178d0322ce20e33eac124758e837cbd80a6f633/library/std/src/io/mod.rs:1588:15
[INFO] [stdout]    6:     0x55d4e6ef590b - std::sys_common::backtrace::_print::h5abaa2601a852287
[INFO] [stdout]                                at /rustc/a178d0322ce20e33eac124758e837cbd80a6f633/library/std/src/sys_common/backtrace.rs:49:5
[INFO] [stdout]    7:     0x55d4e6ef590b - std::sys_common::backtrace::print::h8d81445442bb638f
[INFO] [stdout]                                at /rustc/a178d0322ce20e33eac124758e837cbd80a6f633/library/std/src/sys_common/backtrace.rs:36:9
[INFO] [stdout]    8:     0x55d4e6ef590b - std::panicking::default_hook::{{closure}}::hcfe804496a9fa747
[INFO] [stdout]                                at /rustc/a178d0322ce20e33eac124758e837cbd80a6f633/library/std/src/panicking.rs:208:50
[INFO] [stdout]    9:     0x55d4e6ef541c - std::panicking::default_hook::hbea8e3ccf2ba8901
[INFO] [stdout]                                at /rustc/a178d0322ce20e33eac124758e837cbd80a6f633/library/std/src/panicking.rs:222:9
[INFO] [stdout]   10:     0x55d4e6ef5fd4 - std::panicking::rust_panic_with_hook::h7ee9e1a2d0f8975a
[INFO] [stdout]                                at /rustc/a178d0322ce20e33eac124758e837cbd80a6f633/library/std/src/panicking.rs:622:17
[INFO] [stdout]   11:     0x55d4e6ef5ab7 - std::panicking::begin_panic_handler::{{closure}}::h8ab3b4491718b2c7
[INFO] [stdout]                                at /rustc/a178d0322ce20e33eac124758e837cbd80a6f633/library/std/src/panicking.rs:519:13
[INFO] [stdout]   12:     0x55d4e6ef3c9c - std::sys_common::backtrace::__rust_end_short_backtrace::hd489062ffa586a9f
[INFO] [stdout]                                at /rustc/a178d0322ce20e33eac124758e837cbd80a6f633/library/std/src/sys_common/backtrace.rs:141:18
[INFO] [stdout]   13:     0x55d4e6ef5a19 - rust_begin_unwind
[INFO] [stdout]                                at /rustc/a178d0322ce20e33eac124758e837cbd80a6f633/library/std/src/panicking.rs:515:5
[INFO] [stdout]   14:     0x55d4e6c34b31 - core::panicking::panic_fmt::hca6330e3e14086b4
[INFO] [stdout]                                at /rustc/a178d0322ce20e33eac124758e837cbd80a6f633/library/core/src/panicking.rs:92:14
[INFO] [stdout]   15:     0x55d4e6f14fe8 - core::panicking::assert_failed_inner::h33b45280069a80ed
[INFO] [stdout]   16:     0x55d4e6c50e6a - core::panicking::assert_failed::hc3a645a51a071f66
[INFO] [stdout]                                at /rustc/a178d0322ce20e33eac124758e837cbd80a6f633/library/core/src/panicking.rs:117:5
[INFO] [stdout]   17:     0x55d4e6c7948f - quickcheck::inner_parses_generated_messages::h38905b38ce0bff01
[INFO] [stdout]                                at /opt/rustwide/workdir/tests/quickcheck.rs:254:5
[INFO] [stdout]   18:     0x55d4e6c6dded - <fn(A) .> T as quickcheck::tester::Testable>::result::shrink_failure::{{closure}}::hcc56396461229d50
[INFO] [stdout]                                at /opt/rustwide/cargo-home/registry/src/github.com-1ecc6299db9ec823/quickcheck-1.0.3/src/tester.rs:349:47
[INFO] [stdout]   19:     0x55d4e6c4ff2e - <std::panic::AssertUnwindSafe<F> as core::ops::function::FnOnce<()>>::call_once::h7a4cb3b017ad420f
[INFO] [stdout]                                at /rustc/a178d0322ce20e33eac124758e837cbd80a6f633/library/std/src/panic.rs:347:9
[INFO] [stdout]   20:     0x55d4e6c506bc - std::panicking::try::do_call::he68cc5bf6dda239d
[INFO] [stdout]                                at /rustc/a178d0322ce20e33eac124758e837cbd80a6f633/library/std/src/panicking.rs:401:40
[INFO] [stdout]   21:     0x55d4e6c51e9d - __rust_try
[INFO] [stdout]   22:     0x55d4e6c504de - std::panicking::try::he562280d2f79210a
[INFO] [stdout]                                at /rustc/a178d0322ce20e33eac124758e837cbd80a6f633/library/std/src/panicking.rs:365:19
[INFO] [stdout]   23:     0x55d4e6c5010f - std::panic::catch_unwind::h53a50e1b42a12a78
[INFO] [stdout]                                at /rustc/a178d0322ce20e33eac124758e837cbd80a6f633/library/std/src/panic.rs:434:14
[INFO] [stdout]   24:     0x55d4e6c6aea9 - quickcheck::tester::safe::he0fe7a5f298b1e85
[INFO] [stdout]                                at /opt/rustwide/cargo-home/registry/src/github.com-1ecc6299db9ec823/quickcheck-1.0.3/src/tester.rs:402:5
[INFO] [stdout]   25:     0x55d4e6c6d95f - <fn(A) .> T as quickcheck::tester::Testable>::result::shrink_failure::he6216178764cf099
[INFO] [stdout]                                at /opt/rustwide/cargo-home/registry/src/github.com-1ecc6299db9ec823/quickcheck-1.0.3/src/tester.rs:349:33
[INFO] [stdout]   26:     0x55d4e6c6db37 - <fn(A) .> T as quickcheck::tester::Testable>::result::shrink_failure::he6216178764cf099
[INFO] [stdout]                                at /opt/rustwide/cargo-home/registry/src/github.com-1ecc6299db9ec823/quickcheck-1.0.3/src/tester.rs:358:34
[INFO] [stdout]   27:     0x55d4e6c6db37 - <fn(A) .> T as quickcheck::tester::Testable>::result::shrink_failure::he6216178764cf099
[INFO] [stdout]                                at /opt/rustwide/cargo-home/registry/src/github.com-1ecc6299db9ec823/quickcheck-1.0.3/src/tester.rs:358:34
[INFO] [stdout]   28:     0x55d4e6c6db37 - <fn(A) .> T as quickcheck::tester::Testable>::result::shrink_failure::he6216178764cf099
[INFO] [stdout]                                at /opt/rustwide/cargo-home/registry/src/github.com-1ecc6299db9ec823/quickcheck-1.0.3/src/tester.rs:358:34
[INFO] [stdout]   29:     0x55d4e6c6db37 - <fn(A) .> T as quickcheck::tester::Testable>::result::shrink_failure::he6216178764cf099
[INFO] [stdout]                                at /opt/rustwide/cargo-home/registry/src/github.com-1ecc6299db9ec823/quickcheck-1.0.3/src/tester.rs:358:34
[INFO] [stdout]   30:     0x55d4e6c6db37 - <fn(A) .> T as quickcheck::tester::Testable>::result::shrink_failure::he6216178764cf099
[INFO] [stdout]                                at /opt/rustwide/cargo-home/registry/src/github.com-1ecc6299db9ec823/quickcheck-1.0.3/src/tester.rs:358:34
[INFO] [stdout]   31:     0x55d4e6c6e13f - <fn(A) .> T as quickcheck::tester::Testable>::result::h62057031c31f652d
[INFO] [stdout]                                at /opt/rustwide/cargo-home/registry/src/github.com-1ecc6299db9ec823/quickcheck-1.0.3/src/tester.rs:380:17
[INFO] [stdout]   32:     0x55d4e6c6ab47 - quickcheck::tester::QuickCheck::quicktest::hdab4f983cc0ce6ca
[INFO] [stdout]                                at /opt/rustwide/cargo-home/registry/src/github.com-1ecc6299db9ec823/quickcheck-1.0.3/src/tester.rs:121:19
[INFO] [stdout]   33:     0x55d4e6c6a718 - quickcheck::tester::QuickCheck::quickcheck::hdf799ff22ae218f5
[INFO] [stdout]                                at /opt/rustwide/cargo-home/registry/src/github.com-1ecc6299db9ec823/quickcheck-1.0.3/src/tester.rs:163:36
[INFO] [stdout]   34:     0x55d4e6c79a0e - quickcheck::parses_generated_messages::haeccb9624255fe86
[INFO] [stdout]                                at /opt/rustwide/workdir/tests/quickcheck.rs:262:5
[INFO] [stdout]   35:     0x55d4e6c7998a - quickcheck::parses_generated_messages::{{closure}}::h25fd6990676b90c6
[INFO] [stdout]                                at /opt/rustwide/workdir/tests/quickcheck.rs:261:1
[INFO] [stdout]   36:     0x55d4e6c651ae - core::ops::function::FnOnce::call_once::hd0c59908af7d6ee9
[INFO] [stdout]                                at /rustc/a178d0322ce20e33eac124758e837cbd80a6f633/library/core/src/ops/function.rs:227:5
[INFO] [stdout]   37:     0x55d4e6ca7a73 - core::ops::function::FnOnce::call_once::h152e7e439ff59e19
[INFO] [stdout]                                at /rustc/a178d0322ce20e33eac124758e837cbd80a6f633/library/core/src/ops/function.rs:227:5
[INFO] [stdout]   38:     0x55d4e6ca7a73 - test::__rust_begin_short_backtrace::h0908f3b1fdbb72ab
[INFO] [stdout]                                at /rustc/a178d0322ce20e33eac124758e837cbd80a6f633/library/test/src/lib.rs:577:5
[INFO] [stdout]   39:     0x55d4e6ca6530 - <alloc::boxed::Box<F,A> as core::ops::function::FnOnce<Args>>::call_once::hf6d2a51e5587546c
[INFO] [stdout]                                at /rustc/a178d0322ce20e33eac124758e837cbd80a6f633/library/alloc/src/boxed.rs:1575:9
[INFO] [stdout]   40:     0x55d4e6ca6530 - <std::panic::AssertUnwindSafe<F> as core::ops::function::FnOnce<()>>::call_once::h8af660f3a89ef593
[INFO] [stdout]                                at /rustc/a178d0322ce20e33eac124758e837cbd80a6f633/library/std/src/panic.rs:347:9
[INFO] [stdout]   41:     0x55d4e6ca6530 - std::panicking::try::do_call::hd36aef60f84b6d36
[INFO] [stdout]                                at /rustc/a178d0322ce20e33eac124758e837cbd80a6f633/library/std/src/panicking.rs:401:40
[INFO] [stdout]   42:     0x55d4e6ca6530 - std::panicking::try::h9932b4480e69817c
[INFO] [stdout]                                at /rustc/a178d0322ce20e33eac124758e837cbd80a6f633/library/std/src/panicking.rs:365:19
[INFO] [stdout]   43:     0x55d4e6ca6530 - std::panic::catch_unwind::h6aa177099cfff5f8
[INFO] [stdout]                                at /rustc/a178d0322ce20e33eac124758e837cbd80a6f633/library/std/src/panic.rs:434:14
[INFO] [stdout]   44:     0x55d4e6ca6530 - test::run_test_in_process::h5884d6f2d99e20c3
[INFO] [stdout]                                at /rustc/a178d0322ce20e33eac124758e837cbd80a6f633/library/test/src/lib.rs:600:18
[INFO] [stdout]   45:     0x55d4e6ca6530 - test::run_test::run_test_inner::{{closure}}::h6fdc58c6d5f5b6e3
[INFO] [stdout]                                at /rustc/a178d0322ce20e33eac124758e837cbd80a6f633/library/test/src/lib.rs:492:39
[INFO] [stdout]   46:     0x55d4e6c7fbe2 - test::run_test::run_test_inner::{{closure}}::h408365d67a78ade8
[INFO] [stdout]                                at /rustc/a178d0322ce20e33eac124758e837cbd80a6f633/library/test/src/lib.rs:519:37
[INFO] [stdout]   47:     0x55d4e6c7fbe2 - std::sys_common::backtrace::__rust_begin_short_backtrace::hb560b77c4f701523
[INFO] [stdout]                                at /rustc/a178d0322ce20e33eac124758e837cbd80a6f633/library/std/src/sys_common/backtrace.rs:125:18
[INFO] [stdout]   48:     0x55d4e6c83798 - std::thread::Builder::spawn_unchecked::{{closure}}::{{closure}}::hf2e7831dad93c597
[INFO] [stdout]                                at /rustc/a178d0322ce20e33eac124758e837cbd80a6f633/library/std/src/thread/mod.rs:481:17
[INFO] [stdout]   49:     0x55d4e6c83798 - <std::panic::AssertUnwindSafe<F> as core::ops::function::FnOnce<()>>::call_once::hd2e08783d8be4d02
[INFO] [stdout]                                at /rustc/a178d0322ce20e33eac124758e837cbd80a6f633/library/std/src/panic.rs:347:9
[INFO] [stdout]   50:     0x55d4e6c83798 - std::panicking::try::do_call::h062597b7acfd6b82
[INFO] [stdout]                                at /rustc/a178d0322ce20e33eac124758e837cbd80a6f633/library/std/src/panicking.rs:401:40
[INFO] [stdout]   51:     0x55d4e6c83798 - std::panicking::try::h0d7b79db04c14552
[INFO] [stdout]                                at /rustc/a178d0322ce20e33eac124758e837cbd80a6f633/library/std/src/panicking.rs:365:19
[INFO] [stdout]   52:     0x55d4e6c83798 - std::panic::catch_unwind::hb01a0b5e7c8cd43b
[INFO] [stdout]                                at /rustc/a178d0322ce20e33eac124758e837cbd80a6f633/library/std/src/panic.rs:434:14
[INFO] [stdout]   53:     0x55d4e6c83798 - std::thread::Builder::spawn_unchecked::{{closure}}::h5bde48cc887e0d1e
[INFO] [stdout]                                at /rustc/a178d0322ce20e33eac124758e837cbd80a6f633/library/std/src/thread/mod.rs:480:30
[INFO] [stdout]   54:     0x55d4e6c83798 - core::ops::function::FnOnce::call_once{{vtable.shim}}::h745ea30807a29e55
[INFO] [stdout]                                at /rustc/a178d0322ce20e33eac124758e837cbd80a6f633/library/core/src/ops/function.rs:227:5
[INFO] [stdout]   55:     0x55d4e6efaaf7 - <alloc::boxed::Box<F,A> as core::ops::function::FnOnce<Args>>::call_once::h7ece6cfefaff1005
[INFO] [stdout]                                at /rustc/a178d0322ce20e33eac124758e837cbd80a6f633/library/alloc/src/boxed.rs:1575:9
[INFO] [stdout]   56:     0x55d4e6efaaf7 - <alloc::boxed::Box<F,A> as core::ops::function::FnOnce<Args>>::call_once::hb8b48e55c21f193e
[INFO] [stdout]                                at /rustc/a178d0322ce20e33eac124758e837cbd80a6f633/library/alloc/src/boxed.rs:1575:9
[INFO] [stdout]   57:     0x55d4e6efaaf7 - std::sys::unix::thread::Thread::new::thread_start::h8c7c4450dba62914
[INFO] [stdout]                                at /rustc/a178d0322ce20e33eac124758e837cbd80a6f633/library/std/src/sys/unix/thread.rs:71:17
[INFO] [stdout]   58:     0x7f1805be8609 - start_thread
[INFO] [stdout]   59:     0x7f18059ba293 - clone
[INFO] [stdout]   60:                0x0 - <unknown>
[INFO] [stdout] thread 'parses_generated_messages' panicked at '[quickcheck] TEST FAILED (runtime error). Arguments: (Wrapper(Message { protocol: RFC3164, facility: Some(LOG_MAIL), severity: Some(SEV_ERR), timestamp: Some(1941-09-17T08:53:06+00:00), hostname: None, appname: None, procid: None, msgid: None, structured_data: [], msg: "-" }))
[INFO] [stdout] Error: "assertion failed: `(left == right)`\n  left: `\"-\"`,\n right: `\"\"`"', /opt/rustwide/cargo-home/registry/src/github.com-1ecc6299db9ec823/quickcheck-1.0.3/src/tester.rs:165:28
[INFO] [stdout] stack backtrace:
[INFO] [stdout]    0:     0x55d4e6ef37a0 - std::backtrace_rs::backtrace::libunwind::trace::h34055254b57d8e79
[INFO] [stdout]                                at /rustc/a178d0322ce20e33eac124758e837cbd80a6f633/library/std/src/../../backtrace/src/backtrace/libunwind.rs:90:5
[INFO] [stdout]    1:     0x55d4e6ef37a0 - std::backtrace_rs::backtrace::trace_unsynchronized::h8f1e3fbd9afff6ec
[INFO] [stdout]                                at /rustc/a178d0322ce20e33eac124758e837cbd80a6f633/library/std/src/../../backtrace/src/backtrace/mod.rs:66:5
[INFO] [stdout]    2:     0x55d4e6ef37a0 - std::sys_common::backtrace::_print_fmt::h3a99a796b770c360
[INFO] [stdout]                                at /rustc/a178d0322ce20e33eac124758e837cbd80a6f633/library/std/src/sys_common/backtrace.rs:67:5
[INFO] [stdout]    3:     0x55d4e6ef37a0 - <std::sys_common::backtrace::_print::DisplayBacktrace as core::fmt::Display>::fmt::h32d1f94a80615d18
[INFO] [stdout]                                at /rustc/a178d0322ce20e33eac124758e837cbd80a6f633/library/std/src/sys_common/backtrace.rs:46:22
[INFO] [stdout]    4:     0x55d4e6f166cc - core::fmt::write::h306731c068f7162c
[INFO] [stdout]                                at /rustc/a178d0322ce20e33eac124758e837cbd80a6f633/library/core/src/fmt/mod.rs:1110:17
[INFO] [stdout]    5:     0x55d4e6ef05f5 - std::io::Write::write_fmt::h87f19b0a2cd190bc
[INFO] [stdout]                                at /rustc/a178d0322ce20e33eac124758e837cbd80a6f633/library/std/src/io/mod.rs:1588:15
[INFO] [stdout]    6:     0x55d4e6ef590b - std::sys_common::backtrace::_print::h5abaa2601a852287
[INFO] [stdout]                                at /rustc/a178d0322ce20e33eac124758e837cbd80a6f633/library/std/src/sys_common/backtrace.rs:49:5
[INFO] [stdout]    7:     0x55d4e6ef590b - std::sys_common::backtrace::print::h8d81445442bb638f
[INFO] [stdout]                                at /rustc/a178d0322ce20e33eac124758e837cbd80a6f633/library/std/src/sys_common/backtrace.rs:36:9
[INFO] [stdout]    8:     0x55d4e6ef590b - std::panicking::default_hook::{{closure}}::hcfe804496a9fa747
[INFO] [stdout]                                at /rustc/a178d0322ce20e33eac124758e837cbd80a6f633/library/std/src/panicking.rs:208:50
[INFO] [stdout]    9:     0x55d4e6ef541c - std::panicking::default_hook::hbea8e3ccf2ba8901
[INFO] [stdout]                                at /rustc/a178d0322ce20e33eac124758e837cbd80a6f633/library/std/src/panicking.rs:222:9
[INFO] [stdout]   10:     0x55d4e6ef5fd4 - std::panicking::rust_panic_with_hook::h7ee9e1a2d0f8975a
[INFO] [stdout]                                at /rustc/a178d0322ce20e33eac124758e837cbd80a6f633/library/std/src/panicking.rs:622:17
[INFO] [stdout]   11:     0x55d4e6c502bf - std::panicking::begin_panic::{{closure}}::h8b16a4ee0505263c
[INFO] [stdout]                                at /rustc/a178d0322ce20e33eac124758e837cbd80a6f633/library/std/src/panicking.rs:542:9
[INFO] [stdout]   12:     0x55d4e6c5005e - std::sys_common::backtrace::__rust_end_short_backtrace::h1ea19e2e3fbe552d
[INFO] [stdout]                                at /rustc/a178d0322ce20e33eac124758e837cbd80a6f633/library/std/src/sys_common/backtrace.rs:141:18
[INFO] [stdout]   13:     0x55d4e6c501c7 - std::panicking::begin_panic::heba0adeafdc75c3f
[INFO] [stdout]                                at /rustc/a178d0322ce20e33eac124758e837cbd80a6f633/library/std/src/panicking.rs:541:12
[INFO] [stdout]   14:     0x55d4e6c6a7e7 - quickcheck::tester::QuickCheck::quickcheck::hdf799ff22ae218f5
[INFO] [stdout]                                at /opt/rustwide/cargo-home/registry/src/github.com-1ecc6299db9ec823/quickcheck-1.0.3/src/tester.rs:165:28
[INFO] [stdout]   15:     0x55d4e6c79a0e - quickcheck::parses_generated_messages::haeccb9624255fe86
[INFO] [stdout]                                at /opt/rustwide/workdir/tests/quickcheck.rs:262:5
[INFO] [stdout]   16:     0x55d4e6c7998a - quickcheck::parses_generated_messages::{{closure}}::h25fd6990676b90c6
[INFO] [stdout]                                at /opt/rustwide/workdir/tests/quickcheck.rs:261:1
[INFO] [stdout]   17:     0x55d4e6c651ae - core::ops::function::FnOnce::call_once::hd0c59908af7d6ee9
[INFO] [stdout]                                at /rustc/a178d0322ce20e33eac124758e837cbd80a6f633/library/core/src/ops/function.rs:227:5
[INFO] [stdout]   18:     0x55d4e6ca7a73 - core::ops::function::FnOnce::call_once::h152e7e439ff59e19
[INFO] [stdout]                                at /rustc/a178d0322ce20e33eac124758e837cbd80a6f633/library/core/src/ops/function.rs:227:5
[INFO] [stdout]   19:     0x55d4e6ca7a73 - test::__rust_begin_short_backtrace::h0908f3b1fdbb72ab
[INFO] [stdout]                                at /rustc/a178d0322ce20e33eac124758e837cbd80a6f633/library/test/src/lib.rs:577:5
[INFO] [stdout]   20:     0x55d4e6ca6530 - <alloc::boxed::Box<F,A> as core::ops::function::FnOnce<Args>>::call_once::hf6d2a51e5587546c
[INFO] [stdout]                                at /rustc/a178d0322ce20e33eac124758e837cbd80a6f633/library/alloc/src/boxed.rs:1575:9
[INFO] [stdout]   21:     0x55d4e6ca6530 - <std::panic::AssertUnwindSafe<F> as core::ops::function::FnOnce<()>>::call_once::h8af660f3a89ef593
[INFO] [stdout]                                at /rustc/a178d0322ce20e33eac124758e837cbd80a6f633/library/std/src/panic.rs:347:9
[INFO] [stdout]   22:     0x55d4e6ca6530 - std::panicking::try::do_call::hd36aef60f84b6d36
[INFO] [stdout]                                at /rustc/a178d0322ce20e33eac124758e837cbd80a6f633/library/std/src/panicking.rs:401:40
[INFO] [stdout]   23:     0x55d4e6ca6530 - std::panicking::try::h9932b4480e69817c
[INFO] [stdout]                                at /rustc/a178d0322ce20e33eac124758e837cbd80a6f633/library/std/src/panicking.rs:365:19
[INFO] [stdout]   24:     0x55d4e6ca6530 - std::panic::catch_unwind::h6aa177099cfff5f8
[INFO] [stdout]                                at /rustc/a178d0322ce20e33eac124758e837cbd80a6f633/library/std/src/panic.rs:434:14
[INFO] [stdout]   25:     0x55d4e6ca6530 - test::run_test_in_process::h5884d6f2d99e20c3
[INFO] [stdout]                                at /rustc/a178d0322ce20e33eac124758e837cbd80a6f633/library/test/src/lib.rs:600:18
[INFO] [stdout]   26:     0x55d4e6ca6530 - test::run_test::run_test_inner::{{closure}}::h6fdc58c6d5f5b6e3
[INFO] [stdout]                                at /rustc/a178d0322ce20e33eac124758e837cbd80a6f633/library/test/src/lib.rs:492:39
[INFO] [stdout]   27:     0x55d4e6c7fbe2 - test::run_test::run_test_inner::{{closure}}::h408365d67a78ade8
[INFO] [stdout]                                at /rustc/a178d0322ce20e33eac124758e837cbd80a6f633/library/test/src/lib.rs:519:37
[INFO] [stdout]   28:     0x55d4e6c7fbe2 - std::sys_common::backtrace::__rust_begin_short_backtrace::hb560b77c4f701523
[INFO] [stdout]                                at /rustc/a178d0322ce20e33eac124758e837cbd80a6f633/library/std/src/sys_common/backtrace.rs:125:18
[INFO] [stdout]   29:     0x55d4e6c83798 - std::thread::Builder::spawn_unchecked::{{closure}}::{{closure}}::hf2e7831dad93c597
[INFO] [stdout]                                at /rustc/a178d0322ce20e33eac124758e837cbd80a6f633/library/std/src/thread/mod.rs:481:17
[INFO] [stdout]   30:     0x55d4e6c83798 - <std::panic::AssertUnwindSafe<F> as core::ops::function::FnOnce<()>>::call_once::hd2e08783d8be4d02
[INFO] [stdout]                                at /rustc/a178d0322ce20e33eac124758e837cbd80a6f633/library/std/src/panic.rs:347:9
[INFO] [stdout]   31:     0x55d4e6c83798 - std::panicking::try::do_call::h062597b7acfd6b82
[INFO] [stdout]                                at /rustc/a178d0322ce20e33eac124758e837cbd80a6f633/library/std/src/panicking.rs:401:40
[INFO] [stdout]   32:     0x55d4e6c83798 - std::panicking::try::h0d7b79db04c14552
[INFO] [stdout]                                at /rustc/a178d0322ce20e33eac124758e837cbd80a6f633/library/std/src/panicking.rs:365:19
[INFO] [stdout]   33:     0x55d4e6c83798 - std::panic::catch_unwind::hb01a0b5e7c8cd43b
[INFO] [stdout]                                at /rustc/a178d0322ce20e33eac124758e837cbd80a6f633/library/std/src/panic.rs:434:14
[INFO] [stdout]   34:     0x55d4e6c83798 - std::thread::Builder::spawn_unchecked::{{closure}}::h5bde48cc887e0d1e
[INFO] [stdout]                                at /rustc/a178d0322ce20e33eac124758e837cbd80a6f633/library/std/src/thread/mod.rs:480:30
[INFO] [stdout]   35:     0x55d4e6c83798 - core::ops::function::FnOnce::call_once{{vtable.shim}}::h745ea30807a29e55
[INFO] [stdout]                                at /rustc/a178d0322ce20e33eac124758e837cbd80a6f633/library/core/src/ops/function.rs:227:5
[INFO] [stdout]   36:     0x55d4e6efaaf7 - <alloc::boxed::Box<F,A> as core::ops::function::FnOnce<Args>>::call_once::h7ece6cfefaff1005
[INFO] [stdout]                                at /rustc/a178d0322ce20e33eac124758e837cbd80a6f633/library/alloc/src/boxed.rs:1575:9
[INFO] [stdout]   37:     0x55d4e6efaaf7 - <alloc::boxed::Box<F,A> as core::ops::function::FnOnce<Args>>::call_once::hb8b48e55c21f193e
[INFO] [stdout]                                at /rustc/a178d0322ce20e33eac124758e837cbd80a6f633/library/alloc/src/boxed.rs:1575:9
[INFO] [stdout]   38:     0x55d4e6efaaf7 - std::sys::unix::thread::Thread::new::thread_start::h8c7c4450dba62914
[INFO] [stdout]                                at /rustc/a178d0322ce20e33eac124758e837cbd80a6f633/library/std/src/sys/unix/thread.rs:71:17
[INFO] [stdout]   39:     0x7f1805be8609 - start_thread
[INFO] [stdout]   40:     0x7f18059ba293 - clone
[INFO] [stdout]   41:                0x0 - <unknown>
[INFO] [stdout] 
[INFO] [stdout] 
[INFO] [stdout] failures:
[INFO] [stdout]     parses_generated_messages
[INFO] [stdout] 
[INFO] [stdout] test result: FAILED. 0 passed; 1 failed; 0 ignored; 0 measured; 0 filtered out; finished in 41.63s
[INFO] [stdout] 
[INFO] [stderr] error: test failed, to rerun pass '--test quickcheck'
[INFO] running `Command { std: "docker" "inspect" "e4f9a75376a7e21c6f739fd4187e8ea788deda4220a06da766832a6236cd0094", kill_on_drop: false }`
[INFO] running `Command { std: "docker" "rm" "-f" "e4f9a75376a7e21c6f739fd4187e8ea788deda4220a06da766832a6236cd0094", kill_on_drop: false }`
[INFO] [stdout] e4f9a75376a7e21c6f739fd4187e8ea788deda4220a06da766832a6236cd0094
