[INFO] cloning repository https://github.com/Frank-Bie/rust_learning
[INFO] running `Command { std: "git" "-c" "credential.helper=" "-c" "credential.helper=/workspace/cargo-home/bin/git-credential-null" "clone" "--bare" "https://github.com/Frank-Bie/rust_learning" "/workspace/cache/git-repos/https%3A%2F%2Fgithub.com%2FFrank-Bie%2Frust_learning", kill_on_drop: false }`
[INFO] [stderr] Cloning into bare repository '/workspace/cache/git-repos/https%3A%2F%2Fgithub.com%2FFrank-Bie%2Frust_learning'...
[INFO] running `Command { std: "git" "rev-parse" "HEAD", kill_on_drop: false }`
[INFO] [stdout] 9a349aeb97852c650befea603e072a23a8718b1d
[INFO] testing Frank-Bie/rust_learning against 1.54.0 for beta-1.55-1
[INFO] running `Command { std: "git" "clone" "/workspace/cache/git-repos/https%3A%2F%2Fgithub.com%2FFrank-Bie%2Frust_learning" "/workspace/builds/worker-7/source", kill_on_drop: false }`
[INFO] [stderr] Cloning into '/workspace/builds/worker-7/source'...
[INFO] [stderr] done.
[INFO] validating manifest of git repo https://github.com/Frank-Bie/rust_learning on toolchain 1.54.0
[INFO] running `Command { std: "/workspace/cargo-home/bin/cargo" "+1.54.0" "metadata" "--manifest-path" "Cargo.toml" "--no-deps", kill_on_drop: false }`
[INFO] started tweaking git repo https://github.com/Frank-Bie/rust_learning
[INFO] finished tweaking git repo https://github.com/Frank-Bie/rust_learning
[INFO] tweaked toml for git repo https://github.com/Frank-Bie/rust_learning written to /workspace/builds/worker-7/source/Cargo.toml
[INFO] crate git repo https://github.com/Frank-Bie/rust_learning already has a lockfile, it will not be regenerated
[INFO] running `Command { std: "/workspace/cargo-home/bin/cargo" "+1.54.0" "fetch" "--manifest-path" "Cargo.toml", kill_on_drop: false }`
[INFO] [stderr]     Blocking waiting for file lock on package cache
[INFO] [stderr]     Blocking waiting for file lock on package cache
[INFO] running `Command { std: "docker" "create" "-v" "/var/lib/crater-agent-workspace/builds/worker-7/target:/opt/rustwide/target:rw,Z" "-v" "/var/lib/crater-agent-workspace/builds/worker-7/source:/opt/rustwide/workdir:ro,Z" "-v" "/var/lib/crater-agent-workspace/cargo-home:/opt/rustwide/cargo-home:ro,Z" "-v" "/var/lib/crater-agent-workspace/rustup-home:/opt/rustwide/rustup-home:ro,Z" "-e" "SOURCE_DIR=/opt/rustwide/workdir" "-e" "CARGO_TARGET_DIR=/opt/rustwide/target" "-e" "CARGO_HOME=/opt/rustwide/cargo-home" "-e" "RUSTUP_HOME=/opt/rustwide/rustup-home" "-w" "/opt/rustwide/workdir" "-m" "1610612736" "--user" "0:0" "--network" "none" "ghcr.io/rust-lang/crates-build-env/linux@sha256:34b6a614d2c27851fe6cbf88fbd1137609cefab8b10d0615aaeb6fd47975d74e" "/opt/rustwide/cargo-home/bin/cargo" "+1.54.0" "metadata" "--no-deps" "--format-version=1", kill_on_drop: false }`
[INFO] [stdout] f8b3d2815192ce1c4652faee92379cda4b2780ef4eea087125196f187c6a348c
[INFO] running `Command { std: "docker" "start" "-a" "f8b3d2815192ce1c4652faee92379cda4b2780ef4eea087125196f187c6a348c", kill_on_drop: false }`
[INFO] running `Command { std: "docker" "inspect" "f8b3d2815192ce1c4652faee92379cda4b2780ef4eea087125196f187c6a348c", kill_on_drop: false }`
[INFO] running `Command { std: "docker" "rm" "-f" "f8b3d2815192ce1c4652faee92379cda4b2780ef4eea087125196f187c6a348c", kill_on_drop: false }`
[INFO] [stdout] f8b3d2815192ce1c4652faee92379cda4b2780ef4eea087125196f187c6a348c
[INFO] running `Command { std: "docker" "create" "-v" "/var/lib/crater-agent-workspace/builds/worker-7/target:/opt/rustwide/target:rw,Z" "-v" "/var/lib/crater-agent-workspace/builds/worker-7/source:/opt/rustwide/workdir:ro,Z" "-v" "/var/lib/crater-agent-workspace/cargo-home:/opt/rustwide/cargo-home:ro,Z" "-v" "/var/lib/crater-agent-workspace/rustup-home:/opt/rustwide/rustup-home:ro,Z" "-e" "SOURCE_DIR=/opt/rustwide/workdir" "-e" "CARGO_TARGET_DIR=/opt/rustwide/target" "-e" "CARGO_INCREMENTAL=0" "-e" "RUST_BACKTRACE=full" "-e" "RUSTFLAGS=--cap-lints=warn" "-e" "CARGO_HOME=/opt/rustwide/cargo-home" "-e" "RUSTUP_HOME=/opt/rustwide/rustup-home" "-w" "/opt/rustwide/workdir" "-m" "1610612736" "--user" "0:0" "--network" "none" "ghcr.io/rust-lang/crates-build-env/linux@sha256:34b6a614d2c27851fe6cbf88fbd1137609cefab8b10d0615aaeb6fd47975d74e" "/opt/rustwide/cargo-home/bin/cargo" "+1.54.0" "build" "--frozen" "--message-format=json", kill_on_drop: false }`
[INFO] [stdout] d8d2092e9d10d5400b621e1f2627c4e327a240bb27f88fa752020ad566a8e587
[INFO] running `Command { std: "docker" "start" "-a" "d8d2092e9d10d5400b621e1f2627c4e327a240bb27f88fa752020ad566a8e587", kill_on_drop: false }`
[INFO] [stderr]     Blocking waiting for file lock on package cache
[INFO] [stderr]    Compiling libc v0.2.60
[INFO] [stderr]    Compiling rand v0.4.6
[INFO] [stderr]    Compiling rand v0.3.23
[INFO] [stderr]    Compiling gussing_game_cw v0.1.0 (/opt/rustwide/workdir)
[INFO] [stdout] warning: unused doc comment
[INFO] [stdout]  --> src/main.rs:5:1
[INFO] [stdout]   |
[INFO] [stdout] 5 | ///Gen Rand Number
[INFO] [stdout]   | ^^^^^^^^^^^^^^^^^^
[INFO] [stdout] 6 | let secret_number = rand::thread_rng().gen_range(1, 101); 
[INFO] [stdout]   | --------------------------------------------------------- rustdoc does not generate documentation for statements
[INFO] [stdout]   |
[INFO] [stdout]   = note: `#[warn(unused_doc_comments)]` on by default
[INFO] [stdout] 
[INFO] [stdout] 
[INFO] [stdout] warning: 1 warning emitted
[INFO] [stdout] 
[INFO] [stdout] 
[INFO] [stderr]     Finished dev [unoptimized + debuginfo] target(s) in 4m 32s
[INFO] running `Command { std: "docker" "inspect" "d8d2092e9d10d5400b621e1f2627c4e327a240bb27f88fa752020ad566a8e587", kill_on_drop: false }`
[INFO] running `Command { std: "docker" "rm" "-f" "d8d2092e9d10d5400b621e1f2627c4e327a240bb27f88fa752020ad566a8e587", kill_on_drop: false }`
[INFO] [stdout] d8d2092e9d10d5400b621e1f2627c4e327a240bb27f88fa752020ad566a8e587
[INFO] running `Command { std: "docker" "create" "-v" "/var/lib/crater-agent-workspace/builds/worker-7/target:/opt/rustwide/target:rw,Z" "-v" "/var/lib/crater-agent-workspace/builds/worker-7/source:/opt/rustwide/workdir:ro,Z" "-v" "/var/lib/crater-agent-workspace/cargo-home:/opt/rustwide/cargo-home:ro,Z" "-v" "/var/lib/crater-agent-workspace/rustup-home:/opt/rustwide/rustup-home:ro,Z" "-e" "SOURCE_DIR=/opt/rustwide/workdir" "-e" "CARGO_TARGET_DIR=/opt/rustwide/target" "-e" "CARGO_INCREMENTAL=0" "-e" "RUST_BACKTRACE=full" "-e" "RUSTFLAGS=--cap-lints=warn" "-e" "CARGO_HOME=/opt/rustwide/cargo-home" "-e" "RUSTUP_HOME=/opt/rustwide/rustup-home" "-w" "/opt/rustwide/workdir" "-m" "1610612736" "--user" "0:0" "--network" "none" "ghcr.io/rust-lang/crates-build-env/linux@sha256:34b6a614d2c27851fe6cbf88fbd1137609cefab8b10d0615aaeb6fd47975d74e" "/opt/rustwide/cargo-home/bin/cargo" "+1.54.0" "test" "--frozen" "--no-run" "--message-format=json", kill_on_drop: false }`
[INFO] [stdout] 8a970894d4766ac70160a3afdb1468893ab200b182c02fbc58d4cd33950f54e4
[INFO] running `Command { std: "docker" "start" "-a" "8a970894d4766ac70160a3afdb1468893ab200b182c02fbc58d4cd33950f54e4", kill_on_drop: false }`
[INFO] [stderr]     Blocking waiting for file lock on package cache
[INFO] [stderr]    Compiling gussing_game_cw v0.1.0 (/opt/rustwide/workdir)
[INFO] [stdout] warning: unused doc comment
[INFO] [stdout]  --> src/main.rs:5:1
[INFO] [stdout]   |
[INFO] [stdout] 5 | ///Gen Rand Number
[INFO] [stdout]   | ^^^^^^^^^^^^^^^^^^
[INFO] [stdout] 6 | let secret_number = rand::thread_rng().gen_range(1, 101); 
[INFO] [stdout]   | --------------------------------------------------------- rustdoc does not generate documentation for statements
[INFO] [stdout]   |
[INFO] [stdout]   = note: `#[warn(unused_doc_comments)]` on by default
[INFO] [stdout] 
[INFO] [stdout] 
[INFO] [stdout] warning: 1 warning emitted
[INFO] [stdout] 
[INFO] [stdout] 
[INFO] [stderr]     Finished test [unoptimized + debuginfo] target(s) in 0.46s
[INFO] running `Command { std: "docker" "inspect" "8a970894d4766ac70160a3afdb1468893ab200b182c02fbc58d4cd33950f54e4", kill_on_drop: false }`
[INFO] running `Command { std: "docker" "rm" "-f" "8a970894d4766ac70160a3afdb1468893ab200b182c02fbc58d4cd33950f54e4", kill_on_drop: false }`
[INFO] [stdout] 8a970894d4766ac70160a3afdb1468893ab200b182c02fbc58d4cd33950f54e4
[INFO] running `Command { std: "docker" "create" "-v" "/var/lib/crater-agent-workspace/builds/worker-7/target:/opt/rustwide/target:rw,Z" "-v" "/var/lib/crater-agent-workspace/builds/worker-7/source:/opt/rustwide/workdir:ro,Z" "-v" "/var/lib/crater-agent-workspace/cargo-home:/opt/rustwide/cargo-home:ro,Z" "-v" "/var/lib/crater-agent-workspace/rustup-home:/opt/rustwide/rustup-home:ro,Z" "-e" "SOURCE_DIR=/opt/rustwide/workdir" "-e" "CARGO_TARGET_DIR=/opt/rustwide/target" "-e" "CARGO_INCREMENTAL=0" "-e" "RUST_BACKTRACE=full" "-e" "RUSTFLAGS=--cap-lints=warn" "-e" "CARGO_HOME=/opt/rustwide/cargo-home" "-e" "RUSTUP_HOME=/opt/rustwide/rustup-home" "-w" "/opt/rustwide/workdir" "-m" "1610612736" "--user" "0:0" "--network" "none" "ghcr.io/rust-lang/crates-build-env/linux@sha256:34b6a614d2c27851fe6cbf88fbd1137609cefab8b10d0615aaeb6fd47975d74e" "/opt/rustwide/cargo-home/bin/cargo" "+1.54.0" "test" "--frozen", kill_on_drop: false }`
[INFO] [stdout] 8854f1e40f784fc6ba343a85f652bf868bf06737f340a55f0a973dd5860c3b0b
[INFO] running `Command { std: "docker" "start" "-a" "8854f1e40f784fc6ba343a85f652bf868bf06737f340a55f0a973dd5860c3b0b", kill_on_drop: false }`
[INFO] [stderr] warning: unused doc comment
[INFO] [stderr]  --> src/main.rs:5:1
[INFO] [stderr]   |
[INFO] [stderr] 5 | ///Gen Rand Number
[INFO] [stderr]   | ^^^^^^^^^^^^^^^^^^
[INFO] [stderr] 6 | let secret_number = rand::thread_rng().gen_range(1, 101); 
[INFO] [stderr]   | --------------------------------------------------------- rustdoc does not generate documentation for statements
[INFO] [stderr]   |
[INFO] [stderr]   = note: `#[warn(unused_doc_comments)]` on by default
[INFO] [stderr] 
[INFO] [stderr] warning: 1 warning emitted
[INFO] [stderr] 
[INFO] [stderr]     Finished test [unoptimized + debuginfo] target(s) in 0.05s
[INFO] [stderr]      Running unittests (/opt/rustwide/target/debug/deps/gussing_game_cw-5e5c9989bc5f54ef)
[INFO] [stdout] 
[INFO] [stdout] running 0 tests
[INFO] [stdout] 
[INFO] [stdout] test result: ok. 0 passed; 0 failed; 0 ignored; 0 measured; 0 filtered out; finished in 0.00s
[INFO] [stdout] 
[INFO] [stderr]      Running unittests (/opt/rustwide/target/debug/deps/gussing_game_cw-bbd1e69d386f3080)
[INFO] [stdout] 
[INFO] [stdout] running 0 tests
[INFO] [stdout] 
[INFO] [stdout] test result: ok. 0 passed; 0 failed; 0 ignored; 0 measured; 0 filtered out; finished in 0.00s
[INFO] [stdout] 
[INFO] [stderr]    Doc-tests gussing_game_cw
[INFO] [stdout] 
[INFO] [stdout] running 1 test
[INFO] [stdout] test src/lib.rs - add_one (line 5) ... FAILED
[INFO] [stdout] 
[INFO] [stdout] failures:
[INFO] [stdout] 
[INFO] [stdout] ---- src/lib.rs - add_one (line 5) stdout ----
[INFO] [stdout] error[E0433]: failed to resolve: use of undeclared crate or module `my_crate`
[INFO] [stdout]  --> src/lib.rs:8:15
[INFO] [stdout]   |
[INFO] [stdout] 5 | assert_eq!(6, my_crate::add_one(5));
[INFO] [stdout]   |               ^^^^^^^^ use of undeclared crate or module `my_crate`
[INFO] [stdout] 
[INFO] [stdout] error: aborting due to previous error
[INFO] [stdout] 
[INFO] [stdout] For more information about this error, try `rustc --explain E0433`.
[INFO] [stdout] Couldn't compile the test.
[INFO] [stdout] 
[INFO] [stdout] failures:
[INFO] [stdout]     src/lib.rs - add_one (line 5)
[INFO] [stdout] 
[INFO] [stdout] test result: FAILED. 0 passed; 1 failed; 0 ignored; 0 measured; 0 filtered out; finished in 0.10s
[INFO] [stdout] 
[INFO] [stderr] error: test failed, to rerun pass '--doc'
[INFO] running `Command { std: "docker" "inspect" "8854f1e40f784fc6ba343a85f652bf868bf06737f340a55f0a973dd5860c3b0b", kill_on_drop: false }`
[INFO] running `Command { std: "docker" "rm" "-f" "8854f1e40f784fc6ba343a85f652bf868bf06737f340a55f0a973dd5860c3b0b", kill_on_drop: false }`
[INFO] [stdout] 8854f1e40f784fc6ba343a85f652bf868bf06737f340a55f0a973dd5860c3b0b
