[INFO] cloning repository https://github.com/Erutuon/parse-mediawiki-sql
[INFO] running `Command { std: "git" "-c" "credential.helper=" "-c" "credential.helper=/workspace/cargo-home/bin/git-credential-null" "clone" "--bare" "https://github.com/Erutuon/parse-mediawiki-sql" "/workspace/cache/git-repos/https%3A%2F%2Fgithub.com%2FErutuon%2Fparse-mediawiki-sql", kill_on_drop: false }`
[INFO] [stderr] Cloning into bare repository '/workspace/cache/git-repos/https%3A%2F%2Fgithub.com%2FErutuon%2Fparse-mediawiki-sql'...
[INFO] running `Command { std: "git" "rev-parse" "HEAD", kill_on_drop: false }`
[INFO] [stdout] fc17bad126799ed9a4a1065401c3d1ccfe895bac
[INFO] testing Erutuon/parse-mediawiki-sql against 1.54.0 for beta-1.55-1
[INFO] running `Command { std: "git" "clone" "/workspace/cache/git-repos/https%3A%2F%2Fgithub.com%2FErutuon%2Fparse-mediawiki-sql" "/workspace/builds/worker-6/source", kill_on_drop: false }`
[INFO] [stderr] Cloning into '/workspace/builds/worker-6/source'...
[INFO] [stderr] done.
[INFO] validating manifest of git repo https://github.com/Erutuon/parse-mediawiki-sql on toolchain 1.54.0
[INFO] running `Command { std: "/workspace/cargo-home/bin/cargo" "+1.54.0" "metadata" "--manifest-path" "Cargo.toml" "--no-deps", kill_on_drop: false }`
[INFO] started tweaking git repo https://github.com/Erutuon/parse-mediawiki-sql
[INFO] removed 0 missing examples
[INFO] finished tweaking git repo https://github.com/Erutuon/parse-mediawiki-sql
[INFO] tweaked toml for git repo https://github.com/Erutuon/parse-mediawiki-sql written to /workspace/builds/worker-6/source/Cargo.toml
[INFO] crate git repo https://github.com/Erutuon/parse-mediawiki-sql already has a lockfile, it will not be regenerated
[INFO] running `Command { std: "/workspace/cargo-home/bin/cargo" "+1.54.0" "fetch" "--manifest-path" "Cargo.toml", kill_on_drop: false }`
[INFO] [stderr]     Blocking waiting for file lock on package cache
[INFO] [stderr]     Blocking waiting for file lock on package cache
[INFO] running `Command { std: "docker" "create" "-v" "/var/lib/crater-agent-workspace/builds/worker-6/target:/opt/rustwide/target:rw,Z" "-v" "/var/lib/crater-agent-workspace/builds/worker-6/source:/opt/rustwide/workdir:ro,Z" "-v" "/var/lib/crater-agent-workspace/cargo-home:/opt/rustwide/cargo-home:ro,Z" "-v" "/var/lib/crater-agent-workspace/rustup-home:/opt/rustwide/rustup-home:ro,Z" "-e" "SOURCE_DIR=/opt/rustwide/workdir" "-e" "CARGO_TARGET_DIR=/opt/rustwide/target" "-e" "CARGO_HOME=/opt/rustwide/cargo-home" "-e" "RUSTUP_HOME=/opt/rustwide/rustup-home" "-w" "/opt/rustwide/workdir" "-m" "1610612736" "--user" "0:0" "--network" "none" "ghcr.io/rust-lang/crates-build-env/linux@sha256:34b6a614d2c27851fe6cbf88fbd1137609cefab8b10d0615aaeb6fd47975d74e" "/opt/rustwide/cargo-home/bin/cargo" "+1.54.0" "metadata" "--no-deps" "--format-version=1", kill_on_drop: false }`
[INFO] [stdout] b1663f7c706939edfcf922905a107cdae2a6cfa0c1105cddd87cc5ac66f09517
[INFO] running `Command { std: "docker" "start" "-a" "b1663f7c706939edfcf922905a107cdae2a6cfa0c1105cddd87cc5ac66f09517", kill_on_drop: false }`
[INFO] running `Command { std: "docker" "inspect" "b1663f7c706939edfcf922905a107cdae2a6cfa0c1105cddd87cc5ac66f09517", kill_on_drop: false }`
[INFO] running `Command { std: "docker" "rm" "-f" "b1663f7c706939edfcf922905a107cdae2a6cfa0c1105cddd87cc5ac66f09517", kill_on_drop: false }`
[INFO] [stdout] b1663f7c706939edfcf922905a107cdae2a6cfa0c1105cddd87cc5ac66f09517
[INFO] running `Command { std: "docker" "create" "-v" "/var/lib/crater-agent-workspace/builds/worker-6/target:/opt/rustwide/target:rw,Z" "-v" "/var/lib/crater-agent-workspace/builds/worker-6/source:/opt/rustwide/workdir:ro,Z" "-v" "/var/lib/crater-agent-workspace/cargo-home:/opt/rustwide/cargo-home:ro,Z" "-v" "/var/lib/crater-agent-workspace/rustup-home:/opt/rustwide/rustup-home:ro,Z" "-e" "SOURCE_DIR=/opt/rustwide/workdir" "-e" "CARGO_TARGET_DIR=/opt/rustwide/target" "-e" "CARGO_INCREMENTAL=0" "-e" "RUST_BACKTRACE=full" "-e" "RUSTFLAGS=--cap-lints=warn" "-e" "CARGO_HOME=/opt/rustwide/cargo-home" "-e" "RUSTUP_HOME=/opt/rustwide/rustup-home" "-w" "/opt/rustwide/workdir" "-m" "1610612736" "--user" "0:0" "--network" "none" "ghcr.io/rust-lang/crates-build-env/linux@sha256:34b6a614d2c27851fe6cbf88fbd1137609cefab8b10d0615aaeb6fd47975d74e" "/opt/rustwide/cargo-home/bin/cargo" "+1.54.0" "build" "--frozen" "--message-format=json", kill_on_drop: false }`
[INFO] [stdout] 8d7f473c395966af69f1cec0cfa1e040485172018ce2fb433df02d594178be58
[INFO] running `Command { std: "docker" "start" "-a" "8d7f473c395966af69f1cec0cfa1e040485172018ce2fb433df02d594178be58", kill_on_drop: false }`
[INFO] [stderr]    Compiling libc v0.2.94
[INFO] [stderr]    Compiling byteorder v1.4.3
[INFO] [stderr]    Compiling either v1.6.1
[INFO] [stderr]    Compiling joinery v2.0.0
[INFO] [stderr]    Compiling num-traits v0.2.14
[INFO] [stderr]    Compiling unicase v2.6.0
[INFO] [stderr]    Compiling regex-automata v0.1.9
[INFO] [stderr]    Compiling bstr v0.2.16
[INFO] [stderr]    Compiling getrandom v0.2.3
[INFO] [stderr]    Compiling rand_core v0.6.2
[INFO] [stderr]    Compiling num-integer v0.1.44
[INFO] [stderr]    Compiling rand_chacha v0.3.0
[INFO] [stderr]    Compiling chrono v0.4.19
[INFO] [stderr]    Compiling rand v0.8.3
[INFO] [stderr]    Compiling ordered-float v2.5.0
[INFO] [stderr]    Compiling parse-mediawiki-sql v0.6.0 (/opt/rustwide/workdir)
[INFO] [stderr]     Finished dev [unoptimized + debuginfo] target(s) in 10.72s
[INFO] running `Command { std: "docker" "inspect" "8d7f473c395966af69f1cec0cfa1e040485172018ce2fb433df02d594178be58", kill_on_drop: false }`
[INFO] running `Command { std: "docker" "rm" "-f" "8d7f473c395966af69f1cec0cfa1e040485172018ce2fb433df02d594178be58", kill_on_drop: false }`
[INFO] [stdout] 8d7f473c395966af69f1cec0cfa1e040485172018ce2fb433df02d594178be58
[INFO] running `Command { std: "docker" "create" "-v" "/var/lib/crater-agent-workspace/builds/worker-6/target:/opt/rustwide/target:rw,Z" "-v" "/var/lib/crater-agent-workspace/builds/worker-6/source:/opt/rustwide/workdir:ro,Z" "-v" "/var/lib/crater-agent-workspace/cargo-home:/opt/rustwide/cargo-home:ro,Z" "-v" "/var/lib/crater-agent-workspace/rustup-home:/opt/rustwide/rustup-home:ro,Z" "-e" "SOURCE_DIR=/opt/rustwide/workdir" "-e" "CARGO_TARGET_DIR=/opt/rustwide/target" "-e" "CARGO_INCREMENTAL=0" "-e" "RUST_BACKTRACE=full" "-e" "RUSTFLAGS=--cap-lints=warn" "-e" "CARGO_HOME=/opt/rustwide/cargo-home" "-e" "RUSTUP_HOME=/opt/rustwide/rustup-home" "-w" "/opt/rustwide/workdir" "-m" "1610612736" "--user" "0:0" "--network" "none" "ghcr.io/rust-lang/crates-build-env/linux@sha256:34b6a614d2c27851fe6cbf88fbd1137609cefab8b10d0615aaeb6fd47975d74e" "/opt/rustwide/cargo-home/bin/cargo" "+1.54.0" "test" "--frozen" "--no-run" "--message-format=json", kill_on_drop: false }`
[INFO] [stdout] 798f2ed7c045b07200b955aaf8cead0c27a7f81a4cf90b762fa1bfa3525e7e8c
[INFO] running `Command { std: "docker" "start" "-a" "798f2ed7c045b07200b955aaf8cead0c27a7f81a4cf90b762fa1bfa3525e7e8c", kill_on_drop: false }`
[INFO] [stderr]    Compiling pico-args v0.4.1
[INFO] [stderr]    Compiling smartstring v0.2.6
[INFO] [stderr]    Compiling parse-mediawiki-sql v0.6.0 (/opt/rustwide/workdir)
[INFO] [stderr]     Finished test [unoptimized + debuginfo] target(s) in 5.29s
[INFO] running `Command { std: "docker" "inspect" "798f2ed7c045b07200b955aaf8cead0c27a7f81a4cf90b762fa1bfa3525e7e8c", kill_on_drop: false }`
[INFO] running `Command { std: "docker" "rm" "-f" "798f2ed7c045b07200b955aaf8cead0c27a7f81a4cf90b762fa1bfa3525e7e8c", kill_on_drop: false }`
[INFO] [stdout] 798f2ed7c045b07200b955aaf8cead0c27a7f81a4cf90b762fa1bfa3525e7e8c
[INFO] running `Command { std: "docker" "create" "-v" "/var/lib/crater-agent-workspace/builds/worker-6/target:/opt/rustwide/target:rw,Z" "-v" "/var/lib/crater-agent-workspace/builds/worker-6/source:/opt/rustwide/workdir:ro,Z" "-v" "/var/lib/crater-agent-workspace/cargo-home:/opt/rustwide/cargo-home:ro,Z" "-v" "/var/lib/crater-agent-workspace/rustup-home:/opt/rustwide/rustup-home:ro,Z" "-e" "SOURCE_DIR=/opt/rustwide/workdir" "-e" "CARGO_TARGET_DIR=/opt/rustwide/target" "-e" "CARGO_INCREMENTAL=0" "-e" "RUST_BACKTRACE=full" "-e" "RUSTFLAGS=--cap-lints=warn" "-e" "CARGO_HOME=/opt/rustwide/cargo-home" "-e" "RUSTUP_HOME=/opt/rustwide/rustup-home" "-w" "/opt/rustwide/workdir" "-m" "1610612736" "--user" "0:0" "--network" "none" "ghcr.io/rust-lang/crates-build-env/linux@sha256:34b6a614d2c27851fe6cbf88fbd1137609cefab8b10d0615aaeb6fd47975d74e" "/opt/rustwide/cargo-home/bin/cargo" "+1.54.0" "test" "--frozen", kill_on_drop: false }`
[INFO] [stdout] 98fa708b182fc38b2392628d2b9ee919c65b9bbab0029bd7ef35f60b79f98d37
[INFO] running `Command { std: "docker" "start" "-a" "98fa708b182fc38b2392628d2b9ee919c65b9bbab0029bd7ef35f60b79f98d37", kill_on_drop: false }`
[INFO] [stderr]     Finished test [unoptimized + debuginfo] target(s) in 0.06s
[INFO] [stderr]      Running unittests (/opt/rustwide/target/debug/deps/parse_mediawiki_sql-58bd0037877b0a7a)
[INFO] [stdout] 
[INFO] [stdout] running 6 tests
[INFO] [stdout] test field_types::test_copy_for_wrappers ... ok
[INFO] [stdout] test field_types::test_numbers ... ok
[INFO] [stdout] test field_types::test_string ... ok
[INFO] [stdout] test field_types::test_bool ... ok
[INFO] [stdout] test field_types::test_page_restrictions ... ok
[INFO] [stdout] test schemas::test_redirect ... ok
[INFO] [stdout] 
[INFO] [stdout] test result: ok. 6 passed; 0 failed; 0 ignored; 0 measured; 0 filtered out; finished in 0.01s
[INFO] [stdout] 
[INFO] [stderr]    Doc-tests parse_mediawiki_sql
[INFO] [stdout] 
[INFO] [stdout] running 3 tests
[INFO] [stdout] test src/lib.rs - (line 22) - compile ... ok
[INFO] [stdout] test src/lib.rs - (line 58) - compile ... FAILED
[INFO] [stdout] test src/lib.rs - (line 29) - compile ... FAILED
[INFO] [stdout] 
[INFO] [stdout] failures:
[INFO] [stdout] 
[INFO] [stdout] ---- src/lib.rs - (line 58) stdout ----
[INFO] [stdout] error[E0432]: unresolved import `parse_mediawiki_sql::utils`
[INFO] [stdout]  --> src/lib.rs:63:5
[INFO] [stdout]   |
[INFO] [stdout] 7 |     utils::memory_map,
[INFO] [stdout]   |     ^^^^^ could not find `utils` in `parse_mediawiki_sql`
[INFO] [stdout] 
[INFO] [stdout] error[E0277]: the size for values of type `[u8]` cannot be known at compilation time
[INFO] [stdout]   --> src/lib.rs:66:14
[INFO] [stdout]    |
[INFO] [stdout] 10 |     unsafe { memory_map("page.sql")? };
[INFO] [stdout]    |              ^^^^^^^^^^^^^^^^^^^^^^^ doesn't have a size known at compile-time
[INFO] [stdout]    |
[INFO] [stdout]    = help: the trait `Sized` is not implemented for `[u8]`
[INFO] [stdout]    = note: all local variables must have a statically known size
[INFO] [stdout]    = help: unsized locals are gated as an unstable feature
[INFO] [stdout] 
[INFO] [stdout] error[E0277]: the size for values of type `[u8]` cannot be known at compilation time
[INFO] [stdout]   --> src/lib.rs:66:36
[INFO] [stdout]    |
[INFO] [stdout] 10 |     unsafe { memory_map("page.sql")? };
[INFO] [stdout]    |                                    ^ doesn't have a size known at compile-time
[INFO] [stdout]    |
[INFO] [stdout]    = help: the trait `Sized` is not implemented for `[u8]`
[INFO] [stdout]    = note: required by `Break`
[INFO] [stdout] 
[INFO] [stdout] error: aborting due to 3 previous errors
[INFO] [stdout] 
[INFO] [stdout] Some errors have detailed explanations: E0277, E0432.
[INFO] [stdout] For more information about an error, try `rustc --explain E0277`.
[INFO] [stdout] Couldn't compile the test.
[INFO] [stdout] ---- src/lib.rs - (line 29) stdout ----
[INFO] [stdout] error[E0432]: unresolved import `parse_mediawiki_sql::utils`
[INFO] [stdout]  --> src/lib.rs:35:5
[INFO] [stdout]   |
[INFO] [stdout] 8 |     utils::memory_map,
[INFO] [stdout]   |     ^^^^^ could not find `utils` in `parse_mediawiki_sql`
[INFO] [stdout] 
[INFO] [stdout] error[E0277]: the size for values of type `[u8]` cannot be known at compilation time
[INFO] [stdout]   --> src/lib.rs:38:25
[INFO] [stdout]    |
[INFO] [stdout] 11 | let page_sql = unsafe { memory_map("page.sql")? };
[INFO] [stdout]    |                         ^^^^^^^^^^^^^^^^^^^^^^^ doesn't have a size known at compile-time
[INFO] [stdout]    |
[INFO] [stdout]    = help: the trait `Sized` is not implemented for `[u8]`
[INFO] [stdout]    = note: all local variables must have a statically known size
[INFO] [stdout]    = help: unsized locals are gated as an unstable feature
[INFO] [stdout] 
[INFO] [stdout] error[E0277]: the size for values of type `[u8]` cannot be known at compilation time
[INFO] [stdout]   --> src/lib.rs:38:47
[INFO] [stdout]    |
[INFO] [stdout] 11 | let page_sql = unsafe { memory_map("page.sql")? };
[INFO] [stdout]    |                                               ^ doesn't have a size known at compile-time
[INFO] [stdout]    |
[INFO] [stdout]    = help: the trait `Sized` is not implemented for `[u8]`
[INFO] [stdout]    = note: required by `Break`
[INFO] [stdout] 
[INFO] [stdout] error: aborting due to 3 previous errors
[INFO] [stdout] 
[INFO] [stdout] Some errors have detailed explanations: E0277, E0432.
[INFO] [stdout] For more information about an error, try `rustc --explain E0277`.
[INFO] [stdout] Couldn't compile the test.
[INFO] [stdout] 
[INFO] [stdout] failures:
[INFO] [stdout]     src/lib.rs - (line 29)
[INFO] [stdout]     src/lib.rs - (line 58)
[INFO] [stdout] 
[INFO] [stdout] test result: FAILED. 1 passed; 2 failed; 0 ignored; 0 measured; 0 filtered out; finished in 0.39s
[INFO] [stdout] 
[INFO] [stderr] error: test failed, to rerun pass '--doc'
[INFO] running `Command { std: "docker" "inspect" "98fa708b182fc38b2392628d2b9ee919c65b9bbab0029bd7ef35f60b79f98d37", kill_on_drop: false }`
[INFO] running `Command { std: "docker" "rm" "-f" "98fa708b182fc38b2392628d2b9ee919c65b9bbab0029bd7ef35f60b79f98d37", kill_on_drop: false }`
[INFO] [stdout] 98fa708b182fc38b2392628d2b9ee919c65b9bbab0029bd7ef35f60b79f98d37
