[INFO] cloning repository https://github.com/Epigenetic/mpp
[INFO] running `Command { std: "git" "-c" "credential.helper=" "-c" "credential.helper=/workspace/cargo-home/bin/git-credential-null" "clone" "--bare" "https://github.com/Epigenetic/mpp" "/workspace/cache/git-repos/https%3A%2F%2Fgithub.com%2FEpigenetic%2Fmpp", kill_on_drop: false }`
[INFO] [stderr] Cloning into bare repository '/workspace/cache/git-repos/https%3A%2F%2Fgithub.com%2FEpigenetic%2Fmpp'...
[INFO] running `Command { std: "git" "rev-parse" "HEAD", kill_on_drop: false }`
[INFO] [stdout] 7f34709a8f4820652368ba8f2d52dd41dcc1c86c
[INFO] testing Epigenetic/mpp against beta-2021-08-01 for beta-1.55-1
[INFO] running `Command { std: "git" "clone" "/workspace/cache/git-repos/https%3A%2F%2Fgithub.com%2FEpigenetic%2Fmpp" "/workspace/builds/worker-12/source", kill_on_drop: false }`
[INFO] [stderr] Cloning into '/workspace/builds/worker-12/source'...
[INFO] [stderr] done.
[INFO] validating manifest of git repo https://github.com/Epigenetic/mpp on toolchain beta-2021-08-01
[INFO] running `Command { std: "/workspace/cargo-home/bin/cargo" "+beta-2021-08-01" "metadata" "--manifest-path" "Cargo.toml" "--no-deps", kill_on_drop: false }`
[INFO] started tweaking git repo https://github.com/Epigenetic/mpp
[INFO] finished tweaking git repo https://github.com/Epigenetic/mpp
[INFO] tweaked toml for git repo https://github.com/Epigenetic/mpp written to /workspace/builds/worker-12/source/Cargo.toml
[INFO] crate git repo https://github.com/Epigenetic/mpp already has a lockfile, it will not be regenerated
[INFO] running `Command { std: "/workspace/cargo-home/bin/cargo" "+beta-2021-08-01" "fetch" "--manifest-path" "Cargo.toml", kill_on_drop: false }`
[INFO] [stderr]  Downloading crates ...
[INFO] [stderr]   Downloaded rust_decimal_macros v1.14.3
[INFO] [stderr]   Downloaded rust_decimal v1.14.3
[INFO] running `Command { std: "docker" "create" "-v" "/var/lib/crater-agent-workspace/builds/worker-12/target:/opt/rustwide/target:rw,Z" "-v" "/var/lib/crater-agent-workspace/builds/worker-12/source:/opt/rustwide/workdir:ro,Z" "-v" "/var/lib/crater-agent-workspace/cargo-home:/opt/rustwide/cargo-home:ro,Z" "-v" "/var/lib/crater-agent-workspace/rustup-home:/opt/rustwide/rustup-home:ro,Z" "-e" "SOURCE_DIR=/opt/rustwide/workdir" "-e" "CARGO_TARGET_DIR=/opt/rustwide/target" "-e" "CARGO_HOME=/opt/rustwide/cargo-home" "-e" "RUSTUP_HOME=/opt/rustwide/rustup-home" "-w" "/opt/rustwide/workdir" "-m" "1610612736" "--user" "0:0" "--network" "none" "ghcr.io/rust-lang/crates-build-env/linux@sha256:34b6a614d2c27851fe6cbf88fbd1137609cefab8b10d0615aaeb6fd47975d74e" "/opt/rustwide/cargo-home/bin/cargo" "+beta-2021-08-01" "metadata" "--no-deps" "--format-version=1", kill_on_drop: false }`
[INFO] [stdout] 84d2ab4766fef12f6fff4fa305e8225013d34352f355b0ec2171a8f21925758f
[INFO] running `Command { std: "docker" "start" "-a" "84d2ab4766fef12f6fff4fa305e8225013d34352f355b0ec2171a8f21925758f", kill_on_drop: false }`
[INFO] running `Command { std: "docker" "inspect" "84d2ab4766fef12f6fff4fa305e8225013d34352f355b0ec2171a8f21925758f", kill_on_drop: false }`
[INFO] running `Command { std: "docker" "rm" "-f" "84d2ab4766fef12f6fff4fa305e8225013d34352f355b0ec2171a8f21925758f", kill_on_drop: false }`
[INFO] [stdout] 84d2ab4766fef12f6fff4fa305e8225013d34352f355b0ec2171a8f21925758f
[INFO] running `Command { std: "docker" "create" "-v" "/var/lib/crater-agent-workspace/builds/worker-12/target:/opt/rustwide/target:rw,Z" "-v" "/var/lib/crater-agent-workspace/builds/worker-12/source:/opt/rustwide/workdir:ro,Z" "-v" "/var/lib/crater-agent-workspace/cargo-home:/opt/rustwide/cargo-home:ro,Z" "-v" "/var/lib/crater-agent-workspace/rustup-home:/opt/rustwide/rustup-home:ro,Z" "-e" "SOURCE_DIR=/opt/rustwide/workdir" "-e" "CARGO_TARGET_DIR=/opt/rustwide/target" "-e" "CARGO_INCREMENTAL=0" "-e" "RUST_BACKTRACE=full" "-e" "RUSTFLAGS=--cap-lints=warn" "-e" "CARGO_HOME=/opt/rustwide/cargo-home" "-e" "RUSTUP_HOME=/opt/rustwide/rustup-home" "-w" "/opt/rustwide/workdir" "-m" "1610612736" "--user" "0:0" "--network" "none" "ghcr.io/rust-lang/crates-build-env/linux@sha256:34b6a614d2c27851fe6cbf88fbd1137609cefab8b10d0615aaeb6fd47975d74e" "/opt/rustwide/cargo-home/bin/cargo" "+beta-2021-08-01" "build" "--frozen" "--message-format=json", kill_on_drop: false }`
[INFO] [stdout] 124daf6c718bb5d29e1feff66d1108da0dcc7921d83b297c6551624efcf7dcad
[INFO] running `Command { std: "docker" "start" "-a" "124daf6c718bb5d29e1feff66d1108da0dcc7921d83b297c6551624efcf7dcad", kill_on_drop: false }`
[INFO] [stderr]    Compiling proc-macro2 v1.0.27
[INFO] [stderr]    Compiling signal-hook v0.3.9
[INFO] [stderr]    Compiling serde v1.0.126
[INFO] [stderr]    Compiling arrayvec v0.5.2
[INFO] [stderr]    Compiling instant v0.1.10
[INFO] [stderr]    Compiling num-traits v0.2.14
[INFO] [stderr]    Compiling lock_api v0.4.4
[INFO] [stderr]    Compiling signal-hook-registry v1.4.0
[INFO] [stderr]    Compiling mio v0.7.13
[INFO] [stderr]    Compiling parking_lot_core v0.8.3
[INFO] [stderr]    Compiling parking_lot v0.11.1
[INFO] [stderr]    Compiling signal-hook-mio v0.2.1
[INFO] [stderr]    Compiling crossterm v0.20.0
[INFO] [stderr]    Compiling quote v1.0.9
[INFO] [stderr]    Compiling rust_decimal v1.14.3
[INFO] [stderr]    Compiling rust_decimal_macros v1.14.3
[INFO] [stderr]    Compiling mpp v0.1.0 (/opt/rustwide/workdir)
[INFO] [stdout] warning: unreachable statement
[INFO] [stdout]    --> src/parser/parser.rs:678:13
[INFO] [stdout]     |
[INFO] [stdout] 677 |             todo!();
[INFO] [stdout]     |             -------- any code following this expression is unreachable
[INFO] [stdout] 678 |             unreachable!();
[INFO] [stdout]     |             ^^^^^^^^^^^^^^^ unreachable statement
[INFO] [stdout]     |
[INFO] [stdout]     = note: `#[warn(unreachable_code)]` on by default
[INFO] [stdout]     = note: this warning originates in the macro `unreachable` (in Nightly builds, run with -Z macro-backtrace for more info)
[INFO] [stdout] 
[INFO] [stdout] 
[INFO] [stdout] warning: variant is never constructed: `Not`
[INFO] [stdout]    --> src/parser/parse_node.rs:267:5
[INFO] [stdout]     |
[INFO] [stdout] 267 |     Not,
[INFO] [stdout]     |     ^^^
[INFO] [stdout]     |
[INFO] [stdout]     = note: `#[warn(dead_code)]` on by default
[INFO] [stdout] 
[INFO] [stdout] 
[INFO] [stdout] warning: associated function is never used: `new`
[INFO] [stdout]   --> src/runtime/mval.rs:21:12
[INFO] [stdout]    |
[INFO] [stdout] 21 |     pub fn new() -> MVal {
[INFO] [stdout]    |            ^^^
[INFO] [stdout] 
[INFO] [stdout] 
[INFO] [stdout] warning: associated function is never used: `boolean_interpretation`
[INFO] [stdout]    --> src/runtime/mval.rs:102:12
[INFO] [stdout]     |
[INFO] [stdout] 102 |     pub fn boolean_interpretation(&self) -> bool {
[INFO] [stdout]     |            ^^^^^^^^^^^^^^^^^^^^^^
[INFO] [stdout] 
[INFO] [stdout] 
[INFO] [stdout] warning: 4 warnings emitted
[INFO] [stdout] 
[INFO] [stdout] 
[INFO] [stderr]     Finished dev [unoptimized + debuginfo] target(s) in 15.93s
[INFO] running `Command { std: "docker" "inspect" "124daf6c718bb5d29e1feff66d1108da0dcc7921d83b297c6551624efcf7dcad", kill_on_drop: false }`
[INFO] running `Command { std: "docker" "rm" "-f" "124daf6c718bb5d29e1feff66d1108da0dcc7921d83b297c6551624efcf7dcad", kill_on_drop: false }`
[INFO] [stdout] 124daf6c718bb5d29e1feff66d1108da0dcc7921d83b297c6551624efcf7dcad
[INFO] running `Command { std: "docker" "create" "-v" "/var/lib/crater-agent-workspace/builds/worker-12/target:/opt/rustwide/target:rw,Z" "-v" "/var/lib/crater-agent-workspace/builds/worker-12/source:/opt/rustwide/workdir:ro,Z" "-v" "/var/lib/crater-agent-workspace/cargo-home:/opt/rustwide/cargo-home:ro,Z" "-v" "/var/lib/crater-agent-workspace/rustup-home:/opt/rustwide/rustup-home:ro,Z" "-e" "SOURCE_DIR=/opt/rustwide/workdir" "-e" "CARGO_TARGET_DIR=/opt/rustwide/target" "-e" "CARGO_INCREMENTAL=0" "-e" "RUST_BACKTRACE=full" "-e" "RUSTFLAGS=--cap-lints=warn" "-e" "CARGO_HOME=/opt/rustwide/cargo-home" "-e" "RUSTUP_HOME=/opt/rustwide/rustup-home" "-w" "/opt/rustwide/workdir" "-m" "1610612736" "--user" "0:0" "--network" "none" "ghcr.io/rust-lang/crates-build-env/linux@sha256:34b6a614d2c27851fe6cbf88fbd1137609cefab8b10d0615aaeb6fd47975d74e" "/opt/rustwide/cargo-home/bin/cargo" "+beta-2021-08-01" "test" "--frozen" "--no-run" "--message-format=json", kill_on_drop: false }`
[INFO] [stdout] 1bb44ed3c7a1f511a3573686ccb74d0696bdbd1a956227f0cfb0ebba8ef87818
[INFO] running `Command { std: "docker" "start" "-a" "1bb44ed3c7a1f511a3573686ccb74d0696bdbd1a956227f0cfb0ebba8ef87818", kill_on_drop: false }`
[INFO] [stderr]    Compiling mpp v0.1.0 (/opt/rustwide/workdir)
[INFO] [stdout] warning: unreachable statement
[INFO] [stdout]    --> src/parser/parser.rs:678:13
[INFO] [stdout]     |
[INFO] [stdout] 677 |             todo!();
[INFO] [stdout]     |             -------- any code following this expression is unreachable
[INFO] [stdout] 678 |             unreachable!();
[INFO] [stdout]     |             ^^^^^^^^^^^^^^^ unreachable statement
[INFO] [stdout]     |
[INFO] [stdout]     = note: `#[warn(unreachable_code)]` on by default
[INFO] [stdout]     = note: this warning originates in the macro `unreachable` (in Nightly builds, run with -Z macro-backtrace for more info)
[INFO] [stdout] 
[INFO] [stdout] 
[INFO] [stdout] warning: variant is never constructed: `Not`
[INFO] [stdout]    --> src/parser/parse_node.rs:267:5
[INFO] [stdout]     |
[INFO] [stdout] 267 |     Not,
[INFO] [stdout]     |     ^^^
[INFO] [stdout]     |
[INFO] [stdout]     = note: `#[warn(dead_code)]` on by default
[INFO] [stdout] 
[INFO] [stdout] 
[INFO] [stdout] warning: associated function is never used: `new`
[INFO] [stdout]   --> src/runtime/mval.rs:21:12
[INFO] [stdout]    |
[INFO] [stdout] 21 |     pub fn new() -> MVal {
[INFO] [stdout]    |            ^^^
[INFO] [stdout] 
[INFO] [stdout] 
[INFO] [stdout] warning: associated function is never used: `boolean_interpretation`
[INFO] [stdout]    --> src/runtime/mval.rs:102:12
[INFO] [stdout]     |
[INFO] [stdout] 102 |     pub fn boolean_interpretation(&self) -> bool {
[INFO] [stdout]     |            ^^^^^^^^^^^^^^^^^^^^^^
[INFO] [stdout] 
[INFO] [stdout] 
[INFO] [stdout] warning: 4 warnings emitted
[INFO] [stdout] 
[INFO] [stdout] 
[INFO] [stdout] warning: function is never used: `run_error_test`
[INFO] [stdout]   --> tests/test_runner.rs:56:8
[INFO] [stdout]    |
[INFO] [stdout] 56 | pub fn run_error_test(file_name: &str) {
[INFO] [stdout]    |        ^^^^^^^^^^^^^^
[INFO] [stdout]    |
[INFO] [stdout]    = note: `#[warn(dead_code)]` on by default
[INFO] [stdout] 
[INFO] [stdout] 
[INFO] [stdout] warning: function is never used: `run_tests`
[INFO] [stdout]   --> tests/test_runner.rs:14:8
[INFO] [stdout]    |
[INFO] [stdout] 14 | pub fn run_tests(file_name: &str) {
[INFO] [stdout]    |        ^^^^^^^^^
[INFO] [stdout]    |
[INFO] [stdout]    = note: `#[warn(dead_code)]` on by default
[INFO] [stdout] 
[INFO] [stdout] 
[INFO] [stdout] warning: function is never used: `execute_test`
[INFO] [stdout]   --> tests/test_runner.rs:34:4
[INFO] [stdout]    |
[INFO] [stdout] 34 | fn execute_test(test: &str) {
[INFO] [stdout]    |    ^^^^^^^^^^^^
[INFO] [stdout] 
[INFO] [stdout] 
[INFO] [stdout] warning: unreachable statement
[INFO] [stdout]    --> src/parser/parser.rs:678:13
[INFO] [stdout]     |
[INFO] [stdout] 677 |             todo!();
[INFO] [stdout]     |             -------- any code following this expression is unreachable
[INFO] [stdout] 678 |             unreachable!();
[INFO] [stdout]     |             ^^^^^^^^^^^^^^^ unreachable statement
[INFO] [stdout]     |
[INFO] [stdout]     = note: `#[warn(unreachable_code)]` on by default
[INFO] [stdout]     = note: this warning originates in the macro `unreachable` (in Nightly builds, run with -Z macro-backtrace for more info)
[INFO] [stdout] 
[INFO] [stdout] 
[INFO] [stdout] warning: variant is never constructed: `Not`
[INFO] [stdout]    --> src/parser/parse_node.rs:267:5
[INFO] [stdout]     |
[INFO] [stdout] 267 |     Not,
[INFO] [stdout]     |     ^^^
[INFO] [stdout]     |
[INFO] [stdout]     = note: `#[warn(dead_code)]` on by default
[INFO] [stdout] 
[INFO] [stdout] 
[INFO] [stdout] warning: associated function is never used: `new`
[INFO] [stdout]   --> src/runtime/mval.rs:21:12
[INFO] [stdout]    |
[INFO] [stdout] 21 |     pub fn new() -> MVal {
[INFO] [stdout]    |            ^^^
[INFO] [stdout] 
[INFO] [stdout] 
[INFO] [stdout] warning: associated function is never used: `boolean_interpretation`
[INFO] [stdout]    --> src/runtime/mval.rs:102:12
[INFO] [stdout]     |
[INFO] [stdout] 102 |     pub fn boolean_interpretation(&self) -> bool {
[INFO] [stdout]     |            ^^^^^^^^^^^^^^^^^^^^^^
[INFO] [stdout] 
[INFO] [stdout] 
[INFO] [stdout] warning: 1 warning emitted
[INFO] [stdout] 
[INFO] [stdout] 
[INFO] [stdout] warning: 2 warnings emitted
[INFO] [stdout] 
[INFO] [stdout] 
[INFO] [stdout] warning: 4 warnings emitted
[INFO] [stdout] 
[INFO] [stdout] 
[INFO] [stderr]     Finished test [unoptimized + debuginfo] target(s) in 2.43s
[INFO] running `Command { std: "docker" "inspect" "1bb44ed3c7a1f511a3573686ccb74d0696bdbd1a956227f0cfb0ebba8ef87818", kill_on_drop: false }`
[INFO] running `Command { std: "docker" "rm" "-f" "1bb44ed3c7a1f511a3573686ccb74d0696bdbd1a956227f0cfb0ebba8ef87818", kill_on_drop: false }`
[INFO] [stdout] 1bb44ed3c7a1f511a3573686ccb74d0696bdbd1a956227f0cfb0ebba8ef87818
[INFO] running `Command { std: "docker" "create" "-v" "/var/lib/crater-agent-workspace/builds/worker-12/target:/opt/rustwide/target:rw,Z" "-v" "/var/lib/crater-agent-workspace/builds/worker-12/source:/opt/rustwide/workdir:ro,Z" "-v" "/var/lib/crater-agent-workspace/cargo-home:/opt/rustwide/cargo-home:ro,Z" "-v" "/var/lib/crater-agent-workspace/rustup-home:/opt/rustwide/rustup-home:ro,Z" "-e" "SOURCE_DIR=/opt/rustwide/workdir" "-e" "CARGO_TARGET_DIR=/opt/rustwide/target" "-e" "CARGO_INCREMENTAL=0" "-e" "RUST_BACKTRACE=full" "-e" "RUSTFLAGS=--cap-lints=warn" "-e" "CARGO_HOME=/opt/rustwide/cargo-home" "-e" "RUSTUP_HOME=/opt/rustwide/rustup-home" "-w" "/opt/rustwide/workdir" "-m" "1610612736" "--user" "0:0" "--network" "none" "ghcr.io/rust-lang/crates-build-env/linux@sha256:34b6a614d2c27851fe6cbf88fbd1137609cefab8b10d0615aaeb6fd47975d74e" "/opt/rustwide/cargo-home/bin/cargo" "+beta-2021-08-01" "test" "--frozen", kill_on_drop: false }`
[INFO] [stdout] 92bb77d14eb84ab6288fc26b97f3d503f7cdc3ef8ea58e80e654362cecc2947a
[INFO] running `Command { std: "docker" "start" "-a" "92bb77d14eb84ab6288fc26b97f3d503f7cdc3ef8ea58e80e654362cecc2947a", kill_on_drop: false }`
[INFO] [stdout] 
[INFO] [stderr] warning: unreachable statement
[INFO] [stdout] running 12 tests
[INFO] [stderr]    --> src/parser/parser.rs:678:13
[INFO] [stdout] test lexer::lexer::tests::test_lex_minus ... ok
[INFO] [stderr]     |
[INFO] [stdout] test lexer::lexer::tests::test_lex_number ... ok
[INFO] [stderr] 677 |             todo!();
[INFO] [stdout] test lexer::lexer::tests::test_lex_l_paren ... ok
[INFO] [stderr]     |             -------- any code following this expression is unreachable
[INFO] [stdout] test lexer::lexer::tests::test_lex_number_mid_string ... ok
[INFO] [stderr] 678 |             unreachable!();
[INFO] [stdout] test lexer::lexer::tests::test_lex_r_paren ... ok
[INFO] [stderr]     |             ^^^^^^^^^^^^^^^ unreachable statement
[INFO] [stdout] test lexer::lexer::tests::test_lex_write_long ... ok
[INFO] [stderr]     |
[INFO] [stdout] test lexer::lexer::tests::test_lex_times ... ok
[INFO] [stderr]     = note: `#[warn(unreachable_code)]` on by default
[INFO] [stderr]     = note: this warning originates in the macro `unreachable` (in Nightly builds, run with -Z macro-backtrace for more info)
[INFO] [stderr] 
[INFO] [stderr] warning: variant is never constructed: `Not`
[INFO] [stderr]    --> src/parser/parse_node.rs:267:5
[INFO] [stderr]     |
[INFO] [stderr] 267 |     Not,
[INFO] [stderr]     |     ^^^
[INFO] [stderr]     |
[INFO] [stderr]     = note: `#[warn(dead_code)]` on by default
[INFO] [stderr] 
[INFO] [stderr] warning: associated function is never used: `new`
[INFO] [stderr]   --> src/runtime/mval.rs:21:12
[INFO] [stderr]    |
[INFO] [stderr] 21 |     pub fn new() -> MVal {
[INFO] [stderr]    |            ^^^
[INFO] [stderr] 
[INFO] [stderr] warning: associated function is never used: `boolean_interpretation`
[INFO] [stderr]    --> src/runtime/mval.rs:102:12
[INFO] [stderr]     |
[INFO] [stderr] 102 |     pub fn boolean_interpretation(&self) -> bool {
[INFO] [stderr]     |            ^^^^^^^^^^^^^^^^^^^^^^
[INFO] [stderr] 
[INFO] [stderr] warning: function is never used: `run_error_test`
[INFO] [stderr]   --> tests/test_runner.rs:56:8
[INFO] [stderr]    |
[INFO] [stderr] 56 | pub fn run_error_test(file_name: &str) {
[INFO] [stderr]    |        ^^^^^^^^^^^^^^
[INFO] [stderr]    |
[INFO] [stderr]    = note: `#[warn(dead_code)]` on by default
[INFO] [stderr] 
[INFO] [stderr] warning: function is never used: `run_tests`
[INFO] [stderr]   --> tests/test_runner.rs:14:8
[INFO] [stderr]    |
[INFO] [stderr] 14 | pub fn run_tests(file_name: &str) {
[INFO] [stderr]    |        ^^^^^^^^^
[INFO] [stderr]    |
[INFO] [stderr]    = note: `#[warn(dead_code)]` on by default
[INFO] [stderr] 
[INFO] [stderr] warning: function is never used: `execute_test`
[INFO] [stderr]   --> tests/test_runner.rs:34:4
[INFO] [stderr]    |
[INFO] [stderr] 34 | fn execute_test(test: &str) {
[INFO] [stderr]    |    ^^^^^^^^^^^^
[INFO] [stderr] 
[INFO] [stderr] warning: `mpp` (bin "mpp") generated 4 warnings
[INFO] [stderr] warning: `mpp` (test "expression_tests") generated 1 warning
[INFO] [stderr] warning: `mpp` (test "token_tests") generated 2 warnings
[INFO] [stderr] warning: `mpp` (bin "mpp" test) generated 4 warnings (4 duplicates)
[INFO] [stderr]     Finished test [unoptimized + debuginfo] target(s) in 0.03s
[INFO] [stderr]      Running unittests (/opt/rustwide/target/debug/deps/mpp-4c5ef77bfeddce38)
[INFO] [stdout] test lexer::lexer::tests::test_lex_write_long_cap ... ok
[INFO] [stdout] test lexer::lexer::tests::test_lex_write_short ... ok
[INFO] [stdout] test lexer::lexer::tests::test_lex_write_short_cap ... ok
[INFO] [stdout] test lexer::lexer::tests::test_lex_plus ... ok
[INFO] [stdout] test lexer::lexer::tests::test_lex_divide ... ok
[INFO] [stdout] 
[INFO] [stdout] test result: ok. 12 passed; 0 failed; 0 ignored; 0 measured; 0 filtered out; finished in 0.01s
[INFO] [stdout] 
[INFO] [stderr]      Running tests/expression_tests.rs (/opt/rustwide/target/debug/deps/expression_tests-5f0d83dbc49b3b8e)
[INFO] [stdout] 
[INFO] [stdout] running 1 test
[INFO] [stderr] error: test failed, to rerun pass '--test expression_tests'
[INFO] [stdout] test test_expressions ... FAILED
[INFO] [stdout] 
[INFO] [stdout] failures:
[INFO] [stdout] 
[INFO] [stdout] ---- test_expressions stdout ----
[INFO] [stdout] Test: w 1+2 ; 3
[INFO] [stdout] thread 'test_expressions' panicked at 'Error running compiler: No such file or directory (os error 2)', tests/test_runner.rs:48:19
[INFO] [stdout] stack backtrace:
[INFO] [stdout]    0:     0x563e961a6210 - std::backtrace_rs::backtrace::libunwind::trace::hff4d1766e93f64f1
[INFO] [stdout]                                at /rustc/53fd98ca776cb875bc9e5514f56b52eb74f9e7a9/library/std/src/../../backtrace/src/backtrace/libunwind.rs:90:5
[INFO] [stdout]    1:     0x563e961a6210 - std::backtrace_rs::backtrace::trace_unsynchronized::h56bbc8eb78770bcb
[INFO] [stdout]                                at /rustc/53fd98ca776cb875bc9e5514f56b52eb74f9e7a9/library/std/src/../../backtrace/src/backtrace/mod.rs:66:5
[INFO] [stdout]    2:     0x563e961a6210 - std::sys_common::backtrace::_print_fmt::h5c8e75464faca780
[INFO] [stdout]                                at /rustc/53fd98ca776cb875bc9e5514f56b52eb74f9e7a9/library/std/src/sys_common/backtrace.rs:67:5
[INFO] [stdout]    3:     0x563e961a6210 - <std::sys_common::backtrace::_print::DisplayBacktrace as core::fmt::Display>::fmt::h48b88277def8b362
[INFO] [stdout]                                at /rustc/53fd98ca776cb875bc9e5514f56b52eb74f9e7a9/library/std/src/sys_common/backtrace.rs:46:22
[INFO] [stdout]    4:     0x563e961c8acc - core::fmt::write::h3381b3176fe2b3d3
[INFO] [stdout]                                at /rustc/53fd98ca776cb875bc9e5514f56b52eb74f9e7a9/library/core/src/fmt/mod.rs:1115:17
[INFO] [stdout]    5:     0x563e961a3175 - std::io::Write::write_fmt::h5f34a676f60246b5
[INFO] [stdout]                                at /rustc/53fd98ca776cb875bc9e5514f56b52eb74f9e7a9/library/std/src/io/mod.rs:1665:15
[INFO] [stdout]    6:     0x563e961a838b - std::sys_common::backtrace::_print::ha537687d6c17dd0d
[INFO] [stdout]                                at /rustc/53fd98ca776cb875bc9e5514f56b52eb74f9e7a9/library/std/src/sys_common/backtrace.rs:49:5
[INFO] [stdout]    7:     0x563e961a838b - std::sys_common::backtrace::print::h61376ae57d131d72
[INFO] [stdout]                                at /rustc/53fd98ca776cb875bc9e5514f56b52eb74f9e7a9/library/std/src/sys_common/backtrace.rs:36:9
[INFO] [stdout]    8:     0x563e961a838b - std::panicking::default_hook::{{closure}}::h0f7208c0b9644a54
[INFO] [stdout]                                at /rustc/53fd98ca776cb875bc9e5514f56b52eb74f9e7a9/library/std/src/panicking.rs:208:50
[INFO] [stdout]    9:     0x563e961a7e9c - std::panicking::default_hook::hdac7fc06578c14ce
[INFO] [stdout]                                at /rustc/53fd98ca776cb875bc9e5514f56b52eb74f9e7a9/library/std/src/panicking.rs:222:9
[INFO] [stdout]   10:     0x563e961a8a54 - std::panicking::rust_panic_with_hook::h72b21c283da3d1ef
[INFO] [stdout]                                at /rustc/53fd98ca776cb875bc9e5514f56b52eb74f9e7a9/library/std/src/panicking.rs:622:17
[INFO] [stdout]   11:     0x563e961a8537 - std::panicking::begin_panic_handler::{{closure}}::he5778f1729cff84a
[INFO] [stdout]                                at /rustc/53fd98ca776cb875bc9e5514f56b52eb74f9e7a9/library/std/src/panicking.rs:519:13
[INFO] [stdout]   12:     0x563e961a66ec - std::sys_common::backtrace::__rust_end_short_backtrace::h2d11ca8b453b4b1d
[INFO] [stdout]                                at /rustc/53fd98ca776cb875bc9e5514f56b52eb74f9e7a9/library/std/src/sys_common/backtrace.rs:141:18
[INFO] [stdout]   13:     0x563e961a8499 - rust_begin_unwind
[INFO] [stdout]                                at /rustc/53fd98ca776cb875bc9e5514f56b52eb74f9e7a9/library/std/src/panicking.rs:515:5
[INFO] [stdout]   14:     0x563e96146c8b - std::panicking::begin_panic_fmt::h746518bde832d259
[INFO] [stdout]                                at /rustc/53fd98ca776cb875bc9e5514f56b52eb74f9e7a9/library/std/src/panicking.rs:457:5
[INFO] [stdout]   15:     0x563e9614d6a5 - expression_tests::test_runner::execute_test::h8a9a3041bc5196c0
[INFO] [stdout]                                at /opt/rustwide/workdir/tests/test_runner.rs:48:19
[INFO] [stdout]   16:     0x563e9614d04c - expression_tests::test_runner::run_tests::hfdce09f0472a7174
[INFO] [stdout]                                at /opt/rustwide/workdir/tests/test_runner.rs:30:9
[INFO] [stdout]   17:     0x563e96151652 - expression_tests::test_expressions::he347caa04e3ab966
[INFO] [stdout]                                at /opt/rustwide/workdir/tests/expression_tests.rs:13:5
[INFO] [stdout]   18:     0x563e9615162a - expression_tests::test_expressions::{{closure}}::hbd3324046ba59a64
[INFO] [stdout]                                at /opt/rustwide/workdir/tests/expression_tests.rs:12:1
[INFO] [stdout]   19:     0x563e9614d8ce - core::ops::function::FnOnce::call_once::h41cc4241985a2188
[INFO] [stdout]                                at /rustc/53fd98ca776cb875bc9e5514f56b52eb74f9e7a9/library/core/src/ops/function.rs:227:5
[INFO] [stdout]   20:     0x563e9618aad3 - core::ops::function::FnOnce::call_once::hbb52c4519d3137b0
[INFO] [stdout]                                at /rustc/53fd98ca776cb875bc9e5514f56b52eb74f9e7a9/library/core/src/ops/function.rs:227:5
[INFO] [stdout]   21:     0x563e9618aad3 - test::__rust_begin_short_backtrace::h86fe3a2a5a5121af
[INFO] [stdout]                                at /rustc/53fd98ca776cb875bc9e5514f56b52eb74f9e7a9/library/test/src/lib.rs:578:5
[INFO] [stdout]   22:     0x563e96189588 - <alloc::boxed::Box<F,A> as core::ops::function::FnOnce<Args>>::call_once::hfd956bc3d57399be
[INFO] [stdout]                                at /rustc/53fd98ca776cb875bc9e5514f56b52eb74f9e7a9/library/alloc/src/boxed.rs:1572:9
[INFO] [stdout]   23:     0x563e96189588 - <std::panic::AssertUnwindSafe<F> as core::ops::function::FnOnce<()>>::call_once::h40dc93e0ddb5938a
[INFO] [stdout]                                at /rustc/53fd98ca776cb875bc9e5514f56b52eb74f9e7a9/library/std/src/panic.rs:347:9
[INFO] [stdout]   24:     0x563e96189588 - std::panicking::try::do_call::h90d07750cb47c562
[INFO] [stdout]                                at /rustc/53fd98ca776cb875bc9e5514f56b52eb74f9e7a9/library/std/src/panicking.rs:401:40
[INFO] [stdout]   25:     0x563e96189588 - std::panicking::try::h063c84733ad2a629
[INFO] [stdout]                                at /rustc/53fd98ca776cb875bc9e5514f56b52eb74f9e7a9/library/std/src/panicking.rs:365:19
[INFO] [stdout]   26:     0x563e96189588 - std::panic::catch_unwind::h0c464836a84e7c08
[INFO] [stdout]                                at /rustc/53fd98ca776cb875bc9e5514f56b52eb74f9e7a9/library/std/src/panic.rs:434:14
[INFO] [stdout]   27:     0x563e96189588 - test::run_test_in_process::h5cb06ef620b157fc
[INFO] [stdout]                                at /rustc/53fd98ca776cb875bc9e5514f56b52eb74f9e7a9/library/test/src/lib.rs:601:18
[INFO] [stdout]   28:     0x563e96189588 - test::run_test::run_test_inner::{{closure}}::h76f677f4b93f9828
[INFO] [stdout]                                at /rustc/53fd98ca776cb875bc9e5514f56b52eb74f9e7a9/library/test/src/lib.rs:493:39
[INFO] [stdout]   29:     0x563e96157d1d - test::run_test::run_test_inner::{{closure}}::h366d01fe04f4d67a
[INFO] [stdout]                                at /rustc/53fd98ca776cb875bc9e5514f56b52eb74f9e7a9/library/test/src/lib.rs:520:37
[INFO] [stdout]   30:     0x563e96157d1d - std::sys_common::backtrace::__rust_begin_short_backtrace::h7dfa0de4eb395af2
[INFO] [stdout]                                at /rustc/53fd98ca776cb875bc9e5514f56b52eb74f9e7a9/library/std/src/sys_common/backtrace.rs:125:18
[INFO] [stdout]   31:     0x563e9615c4e8 - std::thread::Builder::spawn_unchecked::{{closure}}::{{closure}}::hf0a74bb58798037f
[INFO] [stdout]                                at /rustc/53fd98ca776cb875bc9e5514f56b52eb74f9e7a9/library/std/src/thread/mod.rs:476:17
[INFO] [stdout]   32:     0x563e9615c4e8 - <std::panic::AssertUnwindSafe<F> as core::ops::function::FnOnce<()>>::call_once::hb024e854818586ac
[INFO] [stdout]                                at /rustc/53fd98ca776cb875bc9e5514f56b52eb74f9e7a9/library/std/src/panic.rs:347:9
[INFO] [stdout]   33:     0x563e9615c4e8 - std::panicking::try::do_call::hb2dd9f1d0d48e41d
[INFO] [stdout]                                at /rustc/53fd98ca776cb875bc9e5514f56b52eb74f9e7a9/library/std/src/panicking.rs:401:40
[INFO] [stdout]   34:     0x563e9615c4e8 - std::panicking::try::h4717ae7bac8b2bf3
[INFO] [stdout]                                at /rustc/53fd98ca776cb875bc9e5514f56b52eb74f9e7a9/library/std/src/panicking.rs:365:19
[INFO] [stdout]   35:     0x563e9615c4e8 - std::panic::catch_unwind::h0dc8a061326ce8d8
[INFO] [stdout]                                at /rustc/53fd98ca776cb875bc9e5514f56b52eb74f9e7a9/library/std/src/panic.rs:434:14
[INFO] [stdout]   36:     0x563e9615c4e8 - std::thread::Builder::spawn_unchecked::{{closure}}::haa369e2d6fd00aa1
[INFO] [stdout]                                at /rustc/53fd98ca776cb875bc9e5514f56b52eb74f9e7a9/library/std/src/thread/mod.rs:475:30
[INFO] [stdout]   37:     0x563e9615c4e8 - core::ops::function::FnOnce::call_once{{vtable.shim}}::h36dcf3de8b056f17
[INFO] [stdout]                                at /rustc/53fd98ca776cb875bc9e5514f56b52eb74f9e7a9/library/core/src/ops/function.rs:227:5
[INFO] [stdout]   38:     0x563e961ad6b7 - <alloc::boxed::Box<F,A> as core::ops::function::FnOnce<Args>>::call_once::h65c29e4642be2358
[INFO] [stdout]                                at /rustc/53fd98ca776cb875bc9e5514f56b52eb74f9e7a9/library/alloc/src/boxed.rs:1572:9
[INFO] [stdout]   39:     0x563e961ad6b7 - <alloc::boxed::Box<F,A> as core::ops::function::FnOnce<Args>>::call_once::hd0f8f7fbbd9fffbf
[INFO] [stdout]                                at /rustc/53fd98ca776cb875bc9e5514f56b52eb74f9e7a9/library/alloc/src/boxed.rs:1572:9
[INFO] [stdout]   40:     0x563e961ad6b7 - std::sys::unix::thread::Thread::new::thread_start::h2fd22fee3ca77b65
[INFO] [stdout]                                at /rustc/53fd98ca776cb875bc9e5514f56b52eb74f9e7a9/library/std/src/sys/unix/thread.rs:74:17
[INFO] [stdout]   41:     0x7ff647bda609 - start_thread
[INFO] [stdout]   42:     0x7ff6479ac293 - clone
[INFO] [stdout]   43:                0x0 - <unknown>
[INFO] [stdout] 
[INFO] [stdout] 
[INFO] [stdout] failures:
[INFO] [stdout]     test_expressions
[INFO] [stdout] 
[INFO] [stdout] test result: FAILED. 0 passed; 1 failed; 0 ignored; 0 measured; 0 filtered out; finished in 0.03s
[INFO] [stdout] 
[INFO] running `Command { std: "docker" "inspect" "92bb77d14eb84ab6288fc26b97f3d503f7cdc3ef8ea58e80e654362cecc2947a", kill_on_drop: false }`
[INFO] running `Command { std: "docker" "rm" "-f" "92bb77d14eb84ab6288fc26b97f3d503f7cdc3ef8ea58e80e654362cecc2947a", kill_on_drop: false }`
[INFO] [stdout] 92bb77d14eb84ab6288fc26b97f3d503f7cdc3ef8ea58e80e654362cecc2947a
