[INFO] cloning repository https://github.com/Empty2k12/influxdb-rust
[INFO] running `Command { std: "git" "-c" "credential.helper=" "-c" "credential.helper=/workspace/cargo-home/bin/git-credential-null" "clone" "--bare" "https://github.com/Empty2k12/influxdb-rust" "/workspace/cache/git-repos/https%3A%2F%2Fgithub.com%2FEmpty2k12%2Finfluxdb-rust", kill_on_drop: false }`
[INFO] [stderr] Cloning into bare repository '/workspace/cache/git-repos/https%3A%2F%2Fgithub.com%2FEmpty2k12%2Finfluxdb-rust'...
[INFO] running `Command { std: "git" "rev-parse" "HEAD", kill_on_drop: false }`
[INFO] [stdout] 7cad292f914dcc1ed21efaf741bcc2019417ae86
[INFO] testing Empty2k12/influxdb-rust against 1.54.0 for beta-1.55-1
[INFO] running `Command { std: "git" "clone" "/workspace/cache/git-repos/https%3A%2F%2Fgithub.com%2FEmpty2k12%2Finfluxdb-rust" "/workspace/builds/worker-14/source", kill_on_drop: false }`
[INFO] [stderr] Cloning into '/workspace/builds/worker-14/source'...
[INFO] [stderr] done.
[INFO] validating manifest of git repo https://github.com/Empty2k12/influxdb-rust on toolchain 1.54.0
[INFO] running `Command { std: "/workspace/cargo-home/bin/cargo" "+1.54.0" "metadata" "--manifest-path" "Cargo.toml" "--no-deps", kill_on_drop: false }`
[INFO] started tweaking git repo https://github.com/Empty2k12/influxdb-rust
[INFO] finished tweaking git repo https://github.com/Empty2k12/influxdb-rust
[INFO] tweaked toml for git repo https://github.com/Empty2k12/influxdb-rust written to /workspace/builds/worker-14/source/Cargo.toml
[INFO] running `Command { std: "/workspace/cargo-home/bin/cargo" "+1.54.0" "generate-lockfile" "--manifest-path" "Cargo.toml" "-Zno-index-update", kill_on_drop: false }`
[INFO] [stderr]     Blocking waiting for file lock on package cache
[INFO] running `Command { std: "/workspace/cargo-home/bin/cargo" "+1.54.0" "fetch" "--manifest-path" "Cargo.toml", kill_on_drop: false }`
[INFO] [stderr]     Blocking waiting for file lock on package cache
[INFO] running `Command { std: "docker" "create" "-v" "/var/lib/crater-agent-workspace/builds/worker-14/target:/opt/rustwide/target:rw,Z" "-v" "/var/lib/crater-agent-workspace/builds/worker-14/source:/opt/rustwide/workdir:ro,Z" "-v" "/var/lib/crater-agent-workspace/cargo-home:/opt/rustwide/cargo-home:ro,Z" "-v" "/var/lib/crater-agent-workspace/rustup-home:/opt/rustwide/rustup-home:ro,Z" "-e" "SOURCE_DIR=/opt/rustwide/workdir" "-e" "CARGO_TARGET_DIR=/opt/rustwide/target" "-e" "CARGO_HOME=/opt/rustwide/cargo-home" "-e" "RUSTUP_HOME=/opt/rustwide/rustup-home" "-w" "/opt/rustwide/workdir" "-m" "1610612736" "--user" "0:0" "--network" "none" "ghcr.io/rust-lang/crates-build-env/linux@sha256:34b6a614d2c27851fe6cbf88fbd1137609cefab8b10d0615aaeb6fd47975d74e" "/opt/rustwide/cargo-home/bin/cargo" "+1.54.0" "metadata" "--no-deps" "--format-version=1", kill_on_drop: false }`
[INFO] [stdout] 685b3b3047a2ac8c4c3ac139d51977dc2818f40f7a918fdb650beeca7cf1b72e
[INFO] running `Command { std: "docker" "start" "-a" "685b3b3047a2ac8c4c3ac139d51977dc2818f40f7a918fdb650beeca7cf1b72e", kill_on_drop: false }`
[INFO] running `Command { std: "docker" "inspect" "685b3b3047a2ac8c4c3ac139d51977dc2818f40f7a918fdb650beeca7cf1b72e", kill_on_drop: false }`
[INFO] running `Command { std: "docker" "rm" "-f" "685b3b3047a2ac8c4c3ac139d51977dc2818f40f7a918fdb650beeca7cf1b72e", kill_on_drop: false }`
[INFO] [stdout] 685b3b3047a2ac8c4c3ac139d51977dc2818f40f7a918fdb650beeca7cf1b72e
[INFO] running `Command { std: "docker" "create" "-v" "/var/lib/crater-agent-workspace/builds/worker-14/target:/opt/rustwide/target:rw,Z" "-v" "/var/lib/crater-agent-workspace/builds/worker-14/source:/opt/rustwide/workdir:ro,Z" "-v" "/var/lib/crater-agent-workspace/cargo-home:/opt/rustwide/cargo-home:ro,Z" "-v" "/var/lib/crater-agent-workspace/rustup-home:/opt/rustwide/rustup-home:ro,Z" "-e" "SOURCE_DIR=/opt/rustwide/workdir" "-e" "CARGO_TARGET_DIR=/opt/rustwide/target" "-e" "CARGO_INCREMENTAL=0" "-e" "RUST_BACKTRACE=full" "-e" "RUSTFLAGS=--cap-lints=warn" "-e" "CARGO_HOME=/opt/rustwide/cargo-home" "-e" "RUSTUP_HOME=/opt/rustwide/rustup-home" "-w" "/opt/rustwide/workdir" "-m" "1610612736" "--user" "0:0" "--network" "none" "ghcr.io/rust-lang/crates-build-env/linux@sha256:34b6a614d2c27851fe6cbf88fbd1137609cefab8b10d0615aaeb6fd47975d74e" "/opt/rustwide/cargo-home/bin/cargo" "+1.54.0" "build" "--frozen" "--message-format=json", kill_on_drop: false }`
[INFO] [stdout] fca981884770f89a4947454d081cda4ab1208693f59f52170f6ef5148b999393
[INFO] running `Command { std: "docker" "start" "-a" "fca981884770f89a4947454d081cda4ab1208693f59f52170f6ef5148b999393", kill_on_drop: false }`
[INFO] [stderr]    Compiling syn v1.0.74
[INFO] [stderr]    Compiling libc v0.2.98
[INFO] [stderr]    Compiling log v0.4.14
[INFO] [stderr]    Compiling slab v0.4.4
[INFO] [stderr]    Compiling pin-project-lite v0.1.12
[INFO] [stderr]    Compiling cc v1.0.69
[INFO] [stderr]    Compiling subtle v2.4.1
[INFO] [stderr]    Compiling fastrand v1.5.0
[INFO] [stderr]    Compiling cpuid-bool v0.2.0
[INFO] [stderr]    Compiling crossbeam-utils v0.8.5
[INFO] [stderr]    Compiling async-trait v0.1.51
[INFO] [stderr]    Compiling http-types v2.11.1
[INFO] [stderr]    Compiling data-encoding v2.3.2
[INFO] [stderr]    Compiling infer v0.2.3
[INFO] [stderr]    Compiling value-bag v1.0.0-alpha.7
[INFO] [stderr]    Compiling cookie v0.14.4
[INFO] [stderr]    Compiling futures-util v0.3.16
[INFO] [stderr]    Compiling indexmap v1.7.0
[INFO] [stderr]    Compiling async-mutex v1.4.0
[INFO] [stderr]    Compiling async-lock v2.4.0
[INFO] [stderr]    Compiling http-body v0.3.1
[INFO] [stderr]    Compiling async-channel v1.6.1
[INFO] [stderr]    Compiling cipher v0.2.5
[INFO] [stderr]    Compiling aead v0.3.2
[INFO] [stderr]    Compiling sha2 v0.9.5
[INFO] [stderr]    Compiling universal-hash v0.4.1
[INFO] [stderr]    Compiling crypto-mac v0.10.1
[INFO] [stderr]    Compiling aes-soft v0.6.4
[INFO] [stderr]    Compiling ctr v0.6.0
[INFO] [stderr]    Compiling futures-lite v1.12.0
[INFO] [stderr]    Compiling polyval v0.4.5
[INFO] [stderr]    Compiling hmac v0.10.1
[INFO] [stderr]    Compiling hkdf v0.10.0
[INFO] [stderr]    Compiling ghash v0.3.1
[INFO] [stderr]    Compiling aes v0.6.0
[INFO] [stderr]    Compiling aes-gcm v0.8.0
[INFO] [stderr]    Compiling iovec v0.1.4
[INFO] [stderr]    Compiling num_cpus v1.13.0
[INFO] [stderr]    Compiling net2 v0.2.37
[INFO] [stderr]    Compiling getrandom v0.2.3
[INFO] [stderr]    Compiling socket2 v0.4.1
[INFO] [stderr]    Compiling getrandom v0.1.16
[INFO] [stderr]    Compiling socket2 v0.3.19
[INFO] [stderr]    Compiling time v0.1.43
[INFO] [stderr]    Compiling blocking v1.0.2
[INFO] [stderr]    Compiling async-executor v1.4.1
[INFO] [stderr]    Compiling dashmap v4.0.2
[INFO] [stderr]    Compiling rand_core v0.6.3
[INFO] [stderr]    Compiling rand_core v0.5.1
[INFO] [stderr]    Compiling openssl-sys v0.9.65
[INFO] [stderr]    Compiling rand_chacha v0.2.2
[INFO] [stderr]    Compiling rand_chacha v0.3.1
[INFO] [stderr]    Compiling rand v0.8.4
[INFO] [stderr]    Compiling rand v0.7.3
[INFO] [stderr]    Compiling openssl v0.10.35
[INFO] [stderr]    Compiling native-tls v0.2.7
[INFO] [stderr]    Compiling ctor v0.1.20
[INFO] [stderr]    Compiling tokio-macros v0.2.6
[INFO] [stderr]    Compiling serde_derive v1.0.127
[INFO] [stderr]    Compiling futures-macro v0.3.16
[INFO] [stderr]    Compiling pin-project-internal v1.0.8
[INFO] [stderr]    Compiling time-macros-impl v0.1.2
[INFO] [stderr]    Compiling thiserror-impl v1.0.26
[INFO] [stderr]    Compiling async-attributes v1.1.2
[INFO] [stderr]    Compiling influxdb_derive v0.4.0 (/opt/rustwide/workdir/influxdb_derive)
[INFO] [stderr]    Compiling time-macros v0.1.1
[INFO] [stderr]    Compiling time v0.2.27
[INFO] [stderr]    Compiling pin-project v1.0.8
[INFO] [stderr]    Compiling mio v0.6.23
[INFO] [stderr]    Compiling polling v2.1.0
[INFO] [stderr]    Compiling tracing v0.1.26
[INFO] [stderr]    Compiling want v0.3.0
[INFO] [stderr]    Compiling kv-log-macro v1.0.7
[INFO] [stderr]    Compiling thiserror v1.0.26
[INFO] [stderr]    Compiling tracing-futures v0.2.5
[INFO] [stderr]    Compiling async-io v1.6.0
[INFO] [stderr]    Compiling tokio v0.2.25
[INFO] [stderr]    Compiling serde v1.0.127
[INFO] [stderr]    Compiling futures-executor v0.3.16
[INFO] [stderr]    Compiling futures v0.3.16
[INFO] [stderr]    Compiling tokio-util v0.3.1
[INFO] [stderr]    Compiling async-global-executor v2.0.2
[INFO] [stderr]    Compiling tokio-tls v0.3.1
[INFO] [stderr]    Compiling h2 v0.2.7
[INFO] [stderr]    Compiling async-std v1.9.0
[INFO] [stderr]    Compiling url v2.2.2
[INFO] [stderr]    Compiling serde_urlencoded v0.7.0
[INFO] [stderr]    Compiling serde_json v1.0.66
[INFO] [stderr]    Compiling serde_qs v0.7.2
[INFO] [stderr]    Compiling chrono v0.4.19
[INFO] [stderr]    Compiling hyper v0.13.10
[INFO] [stderr]    Compiling hyper-tls v0.4.3
[INFO] [stderr]    Compiling http-client v6.4.1
[INFO] [stderr]    Compiling surf v2.2.0
[INFO] [stderr]    Compiling influxdb v0.4.0 (/opt/rustwide/workdir/influxdb)
[INFO] [stderr]     Finished dev [unoptimized + debuginfo] target(s) in 1m 32s
[INFO] running `Command { std: "docker" "inspect" "fca981884770f89a4947454d081cda4ab1208693f59f52170f6ef5148b999393", kill_on_drop: false }`
[INFO] running `Command { std: "docker" "rm" "-f" "fca981884770f89a4947454d081cda4ab1208693f59f52170f6ef5148b999393", kill_on_drop: false }`
[INFO] [stdout] fca981884770f89a4947454d081cda4ab1208693f59f52170f6ef5148b999393
[INFO] running `Command { std: "docker" "create" "-v" "/var/lib/crater-agent-workspace/builds/worker-14/target:/opt/rustwide/target:rw,Z" "-v" "/var/lib/crater-agent-workspace/builds/worker-14/source:/opt/rustwide/workdir:ro,Z" "-v" "/var/lib/crater-agent-workspace/cargo-home:/opt/rustwide/cargo-home:ro,Z" "-v" "/var/lib/crater-agent-workspace/rustup-home:/opt/rustwide/rustup-home:ro,Z" "-e" "SOURCE_DIR=/opt/rustwide/workdir" "-e" "CARGO_TARGET_DIR=/opt/rustwide/target" "-e" "CARGO_INCREMENTAL=0" "-e" "RUST_BACKTRACE=full" "-e" "RUSTFLAGS=--cap-lints=warn" "-e" "CARGO_HOME=/opt/rustwide/cargo-home" "-e" "RUSTUP_HOME=/opt/rustwide/rustup-home" "-w" "/opt/rustwide/workdir" "-m" "1610612736" "--user" "0:0" "--network" "none" "ghcr.io/rust-lang/crates-build-env/linux@sha256:34b6a614d2c27851fe6cbf88fbd1137609cefab8b10d0615aaeb6fd47975d74e" "/opt/rustwide/cargo-home/bin/cargo" "+1.54.0" "test" "--frozen" "--no-run" "--message-format=json", kill_on_drop: false }`
[INFO] [stdout] 207ada2b1401fdd828e1d815fab6482c17579c52587912954ed9476077fbe6dc
[INFO] running `Command { std: "docker" "start" "-a" "207ada2b1401fdd828e1d815fab6482c17579c52587912954ed9476077fbe6dc", kill_on_drop: false }`
[INFO] [stderr]    Compiling influxdb_derive v0.4.0 (/opt/rustwide/workdir/influxdb_derive)
[INFO] [stderr]    Compiling influxdb v0.4.0 (/opt/rustwide/workdir/influxdb)
[INFO] [stdout] warning: trait objects without an explicit `dyn` are deprecated
[INFO] [stdout]   --> influxdb/tests/./utilities.rs:32:17
[INFO] [stdout]    |
[INFO] [stdout] 32 |         .query(&Query::raw_read_query(query))
[INFO] [stdout]    |                 ^^^^^ help: use `dyn`: `<dyn Query>`
[INFO] [stdout]    |
[INFO] [stdout]    = note: `#[warn(bare_trait_objects)]` on by default
[INFO] [stdout]    = warning: this was previously accepted by the compiler but is being phased out; it will become a hard error in the 2021 edition!
[INFO] [stdout]    = note: for more information, see issue #80165 <https://github.com/rust-lang/rust/issues/80165>
[INFO] [stdout] 
[INFO] [stdout] 
[INFO] [stdout] warning: trait objects without an explicit `dyn` are deprecated
[INFO] [stdout]   --> influxdb/tests/./utilities.rs:44:17
[INFO] [stdout]    |
[INFO] [stdout] 44 |         .query(&Query::raw_read_query(query))
[INFO] [stdout]    |                 ^^^^^ help: use `dyn`: `<dyn Query>`
[INFO] [stdout]    |
[INFO] [stdout]    = warning: this was previously accepted by the compiler but is being phased out; it will become a hard error in the 2021 edition!
[INFO] [stdout]    = note: for more information, see issue #80165 <https://github.com/rust-lang/rust/issues/80165>
[INFO] [stdout] 
[INFO] [stdout] 
[INFO] [stdout] warning: trait objects without an explicit `dyn` are deprecated
[INFO] [stdout]   --> influxdb/tests/utilities.rs:32:17
[INFO] [stdout]    |
[INFO] [stdout] 32 |         .query(&Query::raw_read_query(query))
[INFO] [stdout]    |                 ^^^^^ help: use `dyn`: `<dyn Query>`
[INFO] [stdout]    |
[INFO] [stdout]    = note: `#[warn(bare_trait_objects)]` on by default
[INFO] [stdout]    = warning: this was previously accepted by the compiler but is being phased out; it will become a hard error in the 2021 edition!
[INFO] [stdout]    = note: for more information, see issue #80165 <https://github.com/rust-lang/rust/issues/80165>
[INFO] [stdout] 
[INFO] [stdout] 
[INFO] [stdout] warning: trait objects without an explicit `dyn` are deprecated
[INFO] [stdout]   --> influxdb/tests/utilities.rs:44:17
[INFO] [stdout]    |
[INFO] [stdout] 44 |         .query(&Query::raw_read_query(query))
[INFO] [stdout]    |                 ^^^^^ help: use `dyn`: `<dyn Query>`
[INFO] [stdout]    |
[INFO] [stdout]    = warning: this was previously accepted by the compiler but is being phased out; it will become a hard error in the 2021 edition!
[INFO] [stdout]    = note: for more information, see issue #80165 <https://github.com/rust-lang/rust/issues/80165>
[INFO] [stdout] 
[INFO] [stdout] 
[INFO] [stdout] warning: trait objects without an explicit `dyn` are deprecated
[INFO] [stdout]    --> influxdb/tests/derive_integration_tests.rs:105:17
[INFO] [stdout]     |
[INFO] [stdout] 105 |                 Query::raw_read_query("SELECT time, pressure, wind_strength FROM weather_reading");
[INFO] [stdout]     |                 ^^^^^ help: use `dyn`: `<dyn Query>`
[INFO] [stdout]     |
[INFO] [stdout]     = warning: this was previously accepted by the compiler but is being phased out; it will become a hard error in the 2021 edition!
[INFO] [stdout]     = note: for more information, see issue #80165 <https://github.com/rust-lang/rust/issues/80165>
[INFO] [stdout] 
[INFO] [stdout] 
[INFO] [stdout] warning: trait objects without an explicit `dyn` are deprecated
[INFO] [stdout]   --> influxdb/tests/./utilities.rs:32:17
[INFO] [stdout]    |
[INFO] [stdout] 32 |         .query(&Query::raw_read_query(query))
[INFO] [stdout]    |                 ^^^^^ help: use `dyn`: `<dyn Query>`
[INFO] [stdout]    |
[INFO] [stdout]    = note: `#[warn(bare_trait_objects)]` on by default
[INFO] [stdout]    = warning: this was previously accepted by the compiler but is being phased out; it will become a hard error in the 2021 edition!
[INFO] [stdout]    = note: for more information, see issue #80165 <https://github.com/rust-lang/rust/issues/80165>
[INFO] [stdout] 
[INFO] [stdout] 
[INFO] [stdout] warning: trait objects without an explicit `dyn` are deprecated
[INFO] [stdout]   --> influxdb/tests/./utilities.rs:44:17
[INFO] [stdout]    |
[INFO] [stdout] 44 |         .query(&Query::raw_read_query(query))
[INFO] [stdout]    |                 ^^^^^ help: use `dyn`: `<dyn Query>`
[INFO] [stdout]    |
[INFO] [stdout]    = warning: this was previously accepted by the compiler but is being phased out; it will become a hard error in the 2021 edition!
[INFO] [stdout]    = note: for more information, see issue #80165 <https://github.com/rust-lang/rust/issues/80165>
[INFO] [stdout] 
[INFO] [stdout] 
[INFO] [stdout] warning: trait objects without an explicit `dyn` are deprecated
[INFO] [stdout]   --> influxdb/tests/integration_tests.rs:55:22
[INFO] [stdout]    |
[INFO] [stdout] 55 |     let read_query = Query::raw_read_query("SELECT * FROM weather");
[INFO] [stdout]    |                      ^^^^^ help: use `dyn`: `<dyn Query>`
[INFO] [stdout]    |
[INFO] [stdout]    = warning: this was previously accepted by the compiler but is being phased out; it will become a hard error in the 2021 edition!
[INFO] [stdout]    = note: for more information, see issue #80165 <https://github.com/rust-lang/rust/issues/80165>
[INFO] [stdout] 
[INFO] [stdout] 
[INFO] [stdout] warning: trait objects without an explicit `dyn` are deprecated
[INFO] [stdout]   --> influxdb/tests/integration_tests.rs:81:25
[INFO] [stdout]    |
[INFO] [stdout] 81 |                 .query(&Query::raw_read_query(query))
[INFO] [stdout]    |                         ^^^^^ help: use `dyn`: `<dyn Query>`
[INFO] [stdout]    |
[INFO] [stdout]    = warning: this was previously accepted by the compiler but is being phased out; it will become a hard error in the 2021 edition!
[INFO] [stdout]    = note: for more information, see issue #80165 <https://github.com/rust-lang/rust/issues/80165>
[INFO] [stdout] 
[INFO] [stdout] 
[INFO] [stdout] warning: trait objects without an explicit `dyn` are deprecated
[INFO] [stdout]   --> influxdb/tests/integration_tests.rs:93:30
[INFO] [stdout]    |
[INFO] [stdout] 93 |             let read_query = Query::raw_read_query("SELECT * FROM weather");
[INFO] [stdout]    |                              ^^^^^ help: use `dyn`: `<dyn Query>`
[INFO] [stdout]    |
[INFO] [stdout]    = warning: this was previously accepted by the compiler but is being phased out; it will become a hard error in the 2021 edition!
[INFO] [stdout]    = note: for more information, see issue #80165 <https://github.com/rust-lang/rust/issues/80165>
[INFO] [stdout] 
[INFO] [stdout] 
[INFO] [stdout] warning: trait objects without an explicit `dyn` are deprecated
[INFO] [stdout]    --> influxdb/tests/integration_tests.rs:107:25
[INFO] [stdout]     |
[INFO] [stdout] 107 |                 .query(&Query::raw_read_query(query))
[INFO] [stdout]     |                         ^^^^^ help: use `dyn`: `<dyn Query>`
[INFO] [stdout]     |
[INFO] [stdout]     = warning: this was previously accepted by the compiler but is being phased out; it will become a hard error in the 2021 edition!
[INFO] [stdout]     = note: for more information, see issue #80165 <https://github.com/rust-lang/rust/issues/80165>
[INFO] [stdout] 
[INFO] [stdout] 
[INFO] [stdout] warning: trait objects without an explicit `dyn` are deprecated
[INFO] [stdout]    --> influxdb/tests/integration_tests.rs:129:25
[INFO] [stdout]     |
[INFO] [stdout] 129 |                 .query(&Query::raw_read_query(query))
[INFO] [stdout]     |                         ^^^^^ help: use `dyn`: `<dyn Query>`
[INFO] [stdout]     |
[INFO] [stdout]     = warning: this was previously accepted by the compiler but is being phased out; it will become a hard error in the 2021 edition!
[INFO] [stdout]     = note: for more information, see issue #80165 <https://github.com/rust-lang/rust/issues/80165>
[INFO] [stdout] 
[INFO] [stdout] 
[INFO] [stdout] warning: trait objects without an explicit `dyn` are deprecated
[INFO] [stdout]    --> influxdb/tests/integration_tests.rs:148:30
[INFO] [stdout]     |
[INFO] [stdout] 148 |             let read_query = Query::raw_read_query("SELECT * FROM weather");
[INFO] [stdout]     |                              ^^^^^ help: use `dyn`: `<dyn Query>`
[INFO] [stdout]     |
[INFO] [stdout]     = warning: this was previously accepted by the compiler but is being phased out; it will become a hard error in the 2021 edition!
[INFO] [stdout]     = note: for more information, see issue #80165 <https://github.com/rust-lang/rust/issues/80165>
[INFO] [stdout] 
[INFO] [stdout] 
[INFO] [stdout] warning: trait objects without an explicit `dyn` are deprecated
[INFO] [stdout]    --> influxdb/tests/integration_tests.rs:161:30
[INFO] [stdout]     |
[INFO] [stdout] 161 |             let read_query = Query::raw_read_query("SELECT * FROM weather");
[INFO] [stdout]     |                              ^^^^^ help: use `dyn`: `<dyn Query>`
[INFO] [stdout]     |
[INFO] [stdout]     = warning: this was previously accepted by the compiler but is being phased out; it will become a hard error in the 2021 edition!
[INFO] [stdout]     = note: for more information, see issue #80165 <https://github.com/rust-lang/rust/issues/80165>
[INFO] [stdout] 
[INFO] [stdout] 
[INFO] [stdout] warning: trait objects without an explicit `dyn` are deprecated
[INFO] [stdout]    --> influxdb/tests/integration_tests.rs:177:25
[INFO] [stdout]     |
[INFO] [stdout] 177 |                 .query(&Query::raw_read_query(query))
[INFO] [stdout]     |                         ^^^^^ help: use `dyn`: `<dyn Query>`
[INFO] [stdout]     |
[INFO] [stdout]     = warning: this was previously accepted by the compiler but is being phased out; it will become a hard error in the 2021 edition!
[INFO] [stdout]     = note: for more information, see issue #80165 <https://github.com/rust-lang/rust/issues/80165>
[INFO] [stdout] 
[INFO] [stdout] 
[INFO] [stdout] warning: trait objects without an explicit `dyn` are deprecated
[INFO] [stdout]    --> influxdb/tests/integration_tests.rs:199:25
[INFO] [stdout]     |
[INFO] [stdout] 199 |                 .query(&Query::raw_read_query(query))
[INFO] [stdout]     |                         ^^^^^ help: use `dyn`: `<dyn Query>`
[INFO] [stdout]     |
[INFO] [stdout]     = warning: this was previously accepted by the compiler but is being phased out; it will become a hard error in the 2021 edition!
[INFO] [stdout]     = note: for more information, see issue #80165 <https://github.com/rust-lang/rust/issues/80165>
[INFO] [stdout] 
[INFO] [stdout] 
[INFO] [stdout] warning: trait objects without an explicit `dyn` are deprecated
[INFO] [stdout]    --> influxdb/tests/integration_tests.rs:216:30
[INFO] [stdout]     |
[INFO] [stdout] 216 |             let read_query = Query::raw_read_query("SELECT * FROM weather");
[INFO] [stdout]     |                              ^^^^^ help: use `dyn`: `<dyn Query>`
[INFO] [stdout]     |
[INFO] [stdout]     = warning: this was previously accepted by the compiler but is being phased out; it will become a hard error in the 2021 edition!
[INFO] [stdout]     = note: for more information, see issue #80165 <https://github.com/rust-lang/rust/issues/80165>
[INFO] [stdout] 
[INFO] [stdout] 
[INFO] [stdout] warning: trait objects without an explicit `dyn` are deprecated
[INFO] [stdout]    --> influxdb/tests/integration_tests.rs:232:25
[INFO] [stdout]     |
[INFO] [stdout] 232 |                 .query(&Query::raw_read_query(query))
[INFO] [stdout]     |                         ^^^^^ help: use `dyn`: `<dyn Query>`
[INFO] [stdout]     |
[INFO] [stdout]     = warning: this was previously accepted by the compiler but is being phased out; it will become a hard error in the 2021 edition!
[INFO] [stdout]     = note: for more information, see issue #80165 <https://github.com/rust-lang/rust/issues/80165>
[INFO] [stdout] 
[INFO] [stdout] 
[INFO] [stdout] warning: trait objects without an explicit `dyn` are deprecated
[INFO] [stdout]    --> influxdb/tests/integration_tests.rs:258:30
[INFO] [stdout]     |
[INFO] [stdout] 258 |             let read_query = Query::raw_read_query("SELECT * FROM weather");
[INFO] [stdout]     |                              ^^^^^ help: use `dyn`: `<dyn Query>`
[INFO] [stdout]     |
[INFO] [stdout]     = warning: this was previously accepted by the compiler but is being phased out; it will become a hard error in the 2021 edition!
[INFO] [stdout]     = note: for more information, see issue #80165 <https://github.com/rust-lang/rust/issues/80165>
[INFO] [stdout] 
[INFO] [stdout] 
[INFO] [stdout] warning: trait objects without an explicit `dyn` are deprecated
[INFO] [stdout]    --> influxdb/tests/integration_tests.rs:308:21
[INFO] [stdout]     |
[INFO] [stdout] 308 |                     Query::raw_read_query("SELECT time, temperature, wind_strength FROM weather");
[INFO] [stdout]     |                     ^^^^^ help: use `dyn`: `<dyn Query>`
[INFO] [stdout]     |
[INFO] [stdout]     = warning: this was previously accepted by the compiler but is being phased out; it will become a hard error in the 2021 edition!
[INFO] [stdout]     = note: for more information, see issue #80165 <https://github.com/rust-lang/rust/issues/80165>
[INFO] [stdout] 
[INFO] [stdout] 
[INFO] [stdout] warning: trait objects without an explicit `dyn` are deprecated
[INFO] [stdout]    --> influxdb/tests/integration_tests.rs:364:25
[INFO] [stdout]     |
[INFO] [stdout] 364 |             let query = Query::raw_read_query("SELECT * FROM weather");
[INFO] [stdout]     |                         ^^^^^ help: use `dyn`: `<dyn Query>`
[INFO] [stdout]     |
[INFO] [stdout]     = warning: this was previously accepted by the compiler but is being phased out; it will become a hard error in the 2021 edition!
[INFO] [stdout]     = note: for more information, see issue #80165 <https://github.com/rust-lang/rust/issues/80165>
[INFO] [stdout] 
[INFO] [stdout] 
[INFO] [stdout] warning: trait objects without an explicit `dyn` are deprecated
[INFO] [stdout]    --> influxdb/tests/integration_tests.rs:422:25
[INFO] [stdout]     |
[INFO] [stdout] 422 |             let query = Query::raw_read_query("SELECT * FROM weather GROUP BY location");
[INFO] [stdout]     |                         ^^^^^ help: use `dyn`: `<dyn Query>`
[INFO] [stdout]     |
[INFO] [stdout]     = warning: this was previously accepted by the compiler but is being phased out; it will become a hard error in the 2021 edition!
[INFO] [stdout]     = note: for more information, see issue #80165 <https://github.com/rust-lang/rust/issues/80165>
[INFO] [stdout] 
[INFO] [stdout] 
[INFO] [stdout] warning: trait objects without an explicit `dyn` are deprecated
[INFO] [stdout]    --> influxdb/tests/integration_tests.rs:488:25
[INFO] [stdout]     |
[INFO] [stdout] 488 |             let query = Query::raw_read_query("SELECT * FROM temperature_vec");
[INFO] [stdout]     |                         ^^^^^ help: use `dyn`: `<dyn Query>`
[INFO] [stdout]     |
[INFO] [stdout]     = warning: this was previously accepted by the compiler but is being phased out; it will become a hard error in the 2021 edition!
[INFO] [stdout]     = note: for more information, see issue #80165 <https://github.com/rust-lang/rust/issues/80165>
[INFO] [stdout] 
[INFO] [stdout] 
[INFO] [stdout] warning: trait objects without an explicit `dyn` are deprecated
[INFO] [stdout]    --> influxdb/tests/integration_tests.rs:545:21
[INFO] [stdout]     |
[INFO] [stdout] 545 |                     Query::raw_read_query("SELECT * FROM temperature")
[INFO] [stdout]     |                     ^^^^^ help: use `dyn`: `<dyn Query>`
[INFO] [stdout]     |
[INFO] [stdout]     = warning: this was previously accepted by the compiler but is being phased out; it will become a hard error in the 2021 edition!
[INFO] [stdout]     = note: for more information, see issue #80165 <https://github.com/rust-lang/rust/issues/80165>
[INFO] [stdout] 
[INFO] [stdout] 
[INFO] [stdout] warning: trait objects without an explicit `dyn` are deprecated
[INFO] [stdout]    --> influxdb/tests/integration_tests.rs:589:21
[INFO] [stdout]     |
[INFO] [stdout] 589 |         .json_query(Query::raw_read_query("CREATE DATABASE this_should_fail"))
[INFO] [stdout]     |                     ^^^^^ help: use `dyn`: `<dyn Query>`
[INFO] [stdout]     |
[INFO] [stdout]     = warning: this was previously accepted by the compiler but is being phased out; it will become a hard error in the 2021 edition!
[INFO] [stdout]     = note: for more information, see issue #80165 <https://github.com/rust-lang/rust/issues/80165>
[INFO] [stdout] 
[INFO] [stdout] 
[INFO] [stdout] warning: trait objects without an explicit `dyn` are deprecated
[INFO] [stdout]   --> influxdb/src/query/read_query.rs:50:21
[INFO] [stdout]    |
[INFO] [stdout] 50 |         let query = Query::raw_read_query("SELECT * FROM aachen").build();
[INFO] [stdout]    |                     ^^^^^ help: use `dyn`: `<dyn Query>`
[INFO] [stdout]    |
[INFO] [stdout]    = note: `#[warn(bare_trait_objects)]` on by default
[INFO] [stdout]    = warning: this was previously accepted by the compiler but is being phased out; it will become a hard error in the 2021 edition!
[INFO] [stdout]    = note: for more information, see issue #80165 <https://github.com/rust-lang/rust/issues/80165>
[INFO] [stdout] 
[INFO] [stdout] 
[INFO] [stdout] warning: trait objects without an explicit `dyn` are deprecated
[INFO] [stdout]   --> influxdb/src/query/read_query.rs:57:21
[INFO] [stdout]    |
[INFO] [stdout] 57 |         let query = Query::raw_read_query("SELECT * FROM aachen")
[INFO] [stdout]    |                     ^^^^^ help: use `dyn`: `<dyn Query>`
[INFO] [stdout]    |
[INFO] [stdout]    = warning: this was previously accepted by the compiler but is being phased out; it will become a hard error in the 2021 edition!
[INFO] [stdout]    = note: for more information, see issue #80165 <https://github.com/rust-lang/rust/issues/80165>
[INFO] [stdout] 
[INFO] [stdout] 
[INFO] [stdout] warning: trait objects without an explicit `dyn` are deprecated
[INFO] [stdout]   --> influxdb/src/query/read_query.rs:66:21
[INFO] [stdout]    |
[INFO] [stdout] 66 |         let query = Query::raw_read_query("SELECT * FROM aachen");
[INFO] [stdout]    |                     ^^^^^ help: use `dyn`: `<dyn Query>`
[INFO] [stdout]    |
[INFO] [stdout]    = warning: this was previously accepted by the compiler but is being phased out; it will become a hard error in the 2021 edition!
[INFO] [stdout]    = note: for more information, see issue #80165 <https://github.com/rust-lang/rust/issues/80165>
[INFO] [stdout] 
[INFO] [stdout] 
[INFO] [stdout] warning: 2 warnings emitted
[INFO] [stdout] 
[INFO] [stdout] 
[INFO] [stdout] warning: 3 warnings emitted
[INFO] [stdout] 
[INFO] [stdout] 
[INFO] [stdout] warning: 3 warnings emitted
[INFO] [stdout] 
[INFO] [stdout] 
[INFO] [stdout] warning: 20 warnings emitted
[INFO] [stdout] 
[INFO] [stdout] 
[INFO] [stderr]     Finished test [unoptimized + debuginfo] target(s) in 14.74s
[INFO] running `Command { std: "docker" "inspect" "207ada2b1401fdd828e1d815fab6482c17579c52587912954ed9476077fbe6dc", kill_on_drop: false }`
[INFO] running `Command { std: "docker" "rm" "-f" "207ada2b1401fdd828e1d815fab6482c17579c52587912954ed9476077fbe6dc", kill_on_drop: false }`
[INFO] [stdout] 207ada2b1401fdd828e1d815fab6482c17579c52587912954ed9476077fbe6dc
[INFO] running `Command { std: "docker" "create" "-v" "/var/lib/crater-agent-workspace/builds/worker-14/target:/opt/rustwide/target:rw,Z" "-v" "/var/lib/crater-agent-workspace/builds/worker-14/source:/opt/rustwide/workdir:ro,Z" "-v" "/var/lib/crater-agent-workspace/cargo-home:/opt/rustwide/cargo-home:ro,Z" "-v" "/var/lib/crater-agent-workspace/rustup-home:/opt/rustwide/rustup-home:ro,Z" "-e" "SOURCE_DIR=/opt/rustwide/workdir" "-e" "CARGO_TARGET_DIR=/opt/rustwide/target" "-e" "CARGO_INCREMENTAL=0" "-e" "RUST_BACKTRACE=full" "-e" "RUSTFLAGS=--cap-lints=warn" "-e" "CARGO_HOME=/opt/rustwide/cargo-home" "-e" "RUSTUP_HOME=/opt/rustwide/rustup-home" "-w" "/opt/rustwide/workdir" "-m" "1610612736" "--user" "0:0" "--network" "none" "ghcr.io/rust-lang/crates-build-env/linux@sha256:34b6a614d2c27851fe6cbf88fbd1137609cefab8b10d0615aaeb6fd47975d74e" "/opt/rustwide/cargo-home/bin/cargo" "+1.54.0" "test" "--frozen", kill_on_drop: false }`
[INFO] [stdout] 0221bf7b7f3d3553e9725918bc982710f8548752ab08db776ed674a9ae01f96c
[INFO] running `Command { std: "docker" "start" "-a" "0221bf7b7f3d3553e9725918bc982710f8548752ab08db776ed674a9ae01f96c", kill_on_drop: false }`
[INFO] [stderr] warning: trait objects without an explicit `dyn` are deprecated
[INFO] [stderr]   --> influxdb/src/query/read_query.rs:50:21
[INFO] [stderr]    |
[INFO] [stderr] 50 |         let query = Query::raw_read_query("SELECT * FROM aachen").build();
[INFO] [stderr]    |                     ^^^^^ help: use `dyn`: `<dyn Query>`
[INFO] [stderr]    |
[INFO] [stderr]    = note: `#[warn(bare_trait_objects)]` on by default
[INFO] [stderr]    = warning: this was previously accepted by the compiler but is being phased out; it will become a hard error in the 2021 edition!
[INFO] [stderr]    = note: for more information, see issue #80165 <https://github.com/rust-lang/rust/issues/80165>
[INFO] [stderr] 
[INFO] [stderr] warning: trait objects without an explicit `dyn` are deprecated
[INFO] [stderr]   --> influxdb/src/query/read_query.rs:57:21
[INFO] [stderr]    |
[INFO] [stderr] 57 |         let query = Query::raw_read_query("SELECT * FROM aachen")
[INFO] [stderr]    |                     ^^^^^ help: use `dyn`: `<dyn Query>`
[INFO] [stderr]    |
[INFO] [stderr]    = warning: this was previously accepted by the compiler but is being phased out; it will become a hard error in the 2021 edition!
[INFO] [stderr]    = note: for more information, see issue #80165 <https://github.com/rust-lang/rust/issues/80165>
[INFO] [stderr] 
[INFO] [stderr] warning: trait objects without an explicit `dyn` are deprecated
[INFO] [stderr]   --> influxdb/src/query/read_query.rs:66:21
[INFO] [stderr]    |
[INFO] [stderr] 66 |         let query = Query::raw_read_query("SELECT * FROM aachen");
[INFO] [stderr]    |                     ^^^^^ help: use `dyn`: `<dyn Query>`
[INFO] [stderr]    |
[INFO] [stderr]    = warning: this was previously accepted by the compiler but is being phased out; it will become a hard error in the 2021 edition!
[INFO] [stderr]    = note: for more information, see issue #80165 <https://github.com/rust-lang/rust/issues/80165>
[INFO] [stderr] 
[INFO] [stderr] warning: 3 warnings emitted
[INFO] [stderr] 
[INFO] [stderr] warning: trait objects without an explicit `dyn` are deprecated
[INFO] [stderr]   --> influxdb/tests/utilities.rs:32:17
[INFO] [stderr]    |
[INFO] [stderr] 32 |         .query(&Query::raw_read_query(query))
[INFO] [stderr]    |                 ^^^^^ help: use `dyn`: `<dyn Query>`
[INFO] [stderr]    |
[INFO] [stderr]    = note: `#[warn(bare_trait_objects)]` on by default
[INFO] [stderr]    = warning: this was previously accepted by the compiler but is being phased out; it will become a hard error in the 2021 edition!
[INFO] [stderr]    = note: for more information, see issue #80165 <https://github.com/rust-lang/rust/issues/80165>
[INFO] [stderr] 
[INFO] [stderr] warning: trait objects without an explicit `dyn` are deprecated
[INFO] [stderr]   --> influxdb/tests/utilities.rs:44:17
[INFO] [stderr]    |
[INFO] [stderr] 44 |         .query(&Query::raw_read_query(query))
[INFO] [stderr]    |                 ^^^^^ help: use `dyn`: `<dyn Query>`
[INFO] [stderr]    |
[INFO] [stderr]    = warning: this was previously accepted by the compiler but is being phased out; it will become a hard error in the 2021 edition!
[INFO] [stderr]    = note: for more information, see issue #80165 <https://github.com/rust-lang/rust/issues/80165>
[INFO] [stderr] 
[INFO] [stderr] warning: 2 warnings emitted
[INFO] [stderr] 
[INFO] [stderr] warning: trait objects without an explicit `dyn` are deprecated
[INFO] [stderr]   --> influxdb/tests/./utilities.rs:32:17
[INFO] [stderr]    |
[INFO] [stderr] 32 |         .query(&Query::raw_read_query(query))
[INFO] [stderr]    |                 ^^^^^ help: use `dyn`: `<dyn Query>`
[INFO] [stderr]    |
[INFO] [stderr]    = note: `#[warn(bare_trait_objects)]` on by default
[INFO] [stderr]    = warning: this was previously accepted by the compiler but is being phased out; it will become a hard error in the 2021 edition!
[INFO] [stderr]    = note: for more information, see issue #80165 <https://github.com/rust-lang/rust/issues/80165>
[INFO] [stderr] 
[INFO] [stderr] warning: trait objects without an explicit `dyn` are deprecated
[INFO] [stderr]   --> influxdb/tests/./utilities.rs:44:17
[INFO] [stderr]    |
[INFO] [stderr] 44 |         .query(&Query::raw_read_query(query))
[INFO] [stderr]    |                 ^^^^^ help: use `dyn`: `<dyn Query>`
[INFO] [stderr]    |
[INFO] [stderr]    = warning: this was previously accepted by the compiler but is being phased out; it will become a hard error in the 2021 edition!
[INFO] [stderr]    = note: for more information, see issue #80165 <https://github.com/rust-lang/rust/issues/80165>
[INFO] [stderr] 
[INFO] [stderr] warning: trait objects without an explicit `dyn` are deprecated
[INFO] [stderr]    --> influxdb/tests/derive_integration_tests.rs:105:17
[INFO] [stderr]     |
[INFO] [stderr] 105 |                 Query::raw_read_query("SELECT time, pressure, wind_strength FROM weather_reading");
[INFO] [stderr]     |                 ^^^^^ help: use `dyn`: `<dyn Query>`
[INFO] [stderr]     |
[INFO] [stderr]     = warning: this was previously accepted by the compiler but is being phased out; it will become a hard error in the 2021 edition!
[INFO] [stderr]     = note: for more information, see issue #80165 <https://github.com/rust-lang/rust/issues/80165>
[INFO] [stderr] 
[INFO] [stderr] warning: 3 warnings emitted
[INFO] [stderr] 
[INFO] [stderr] warning: trait objects without an explicit `dyn` are deprecated
[INFO] [stderr]   --> influxdb/tests/./utilities.rs:32:17
[INFO] [stderr]    |
[INFO] [stderr] 32 |         .query(&Query::raw_read_query(query))
[INFO] [stderr]    |                 ^^^^^ help: use `dyn`: `<dyn Query>`
[INFO] [stderr]    |
[INFO] [stderr]    = note: `#[warn(bare_trait_objects)]` on by default
[INFO] [stderr]    = warning: this was previously accepted by the compiler but is being phased out; it will become a hard error in the 2021 edition!
[INFO] [stderr]    = note: for more information, see issue #80165 <https://github.com/rust-lang/rust/issues/80165>
[INFO] [stderr] 
[INFO] [stderr] warning: trait objects without an explicit `dyn` are deprecated
[INFO] [stderr]   --> influxdb/tests/./utilities.rs:44:17
[INFO] [stderr]    |
[INFO] [stderr] 44 |         .query(&Query::raw_read_query(query))
[INFO] [stderr]    |                 ^^^^^ help: use `dyn`: `<dyn Query>`
[INFO] [stderr]    |
[INFO] [stderr]    = warning: this was previously accepted by the compiler but is being phased out; it will become a hard error in the 2021 edition!
[INFO] [stderr]    = note: for more information, see issue #80165 <https://github.com/rust-lang/rust/issues/80165>
[INFO] [stderr] 
[INFO] [stderr] warning: trait objects without an explicit `dyn` are deprecated
[INFO] [stderr]   --> influxdb/tests/integration_tests.rs:55:22
[INFO] [stderr]    |
[INFO] [stderr] 55 |     let read_query = Query::raw_read_query("SELECT * FROM weather");
[INFO] [stderr]    |                      ^^^^^ help: use `dyn`: `<dyn Query>`
[INFO] [stderr]    |
[INFO] [stderr]    = warning: this was previously accepted by the compiler but is being phased out; it will become a hard error in the 2021 edition!
[INFO] [stderr]    = note: for more information, see issue #80165 <https://github.com/rust-lang/rust/issues/80165>
[INFO] [stderr] 
[INFO] [stderr] warning: trait objects without an explicit `dyn` are deprecated
[INFO] [stderr]   --> influxdb/tests/integration_tests.rs:81:25
[INFO] [stderr]    |
[INFO] [stderr] 81 |                 .query(&Query::raw_read_query(query))
[INFO] [stderr]    |                         ^^^^^ help: use `dyn`: `<dyn Query>`
[INFO] [stderr]    |
[INFO] [stderr]    = warning: this was previously accepted by the compiler but is being phased out; it will become a hard error in the 2021 edition!
[INFO] [stderr]    = note: for more information, see issue #80165 <https://github.com/rust-lang/rust/issues/80165>
[INFO] [stderr] 
[INFO] [stderr] warning: trait objects without an explicit `dyn` are deprecated
[INFO] [stderr]   --> influxdb/tests/integration_tests.rs:93:30
[INFO] [stderr]    |
[INFO] [stderr] 93 |             let read_query = Query::raw_read_query("SELECT * FROM weather");
[INFO] [stderr]    |                              ^^^^^ help: use `dyn`: `<dyn Query>`
[INFO] [stderr]    |
[INFO] [stderr]    = warning: this was previously accepted by the compiler but is being phased out; it will become a hard error in the 2021 edition!
[INFO] [stderr]    = note: for more information, see issue #80165 <https://github.com/rust-lang/rust/issues/80165>
[INFO] [stderr] 
[INFO] [stderr] warning: trait objects without an explicit `dyn` are deprecated
[INFO] [stderr]    --> influxdb/tests/integration_tests.rs:107:25
[INFO] [stderr]     |
[INFO] [stderr] 107 |                 .query(&Query::raw_read_query(query))
[INFO] [stderr]     |                         ^^^^^ help: use `dyn`: `<dyn Query>`
[INFO] [stderr]     |
[INFO] [stderr]     = warning: this was previously accepted by the compiler but is being phased out; it will become a hard error in the 2021 edition!
[INFO] [stderr]     = note: for more information, see issue #80165 <https://github.com/rust-lang/rust/issues/80165>
[INFO] [stderr] 
[INFO] [stderr] warning: trait objects without an explicit `dyn` are deprecated
[INFO] [stderr]    --> influxdb/tests/integration_tests.rs:129:25
[INFO] [stderr]     |
[INFO] [stderr] 129 |                 .query(&Query::raw_read_query(query))
[INFO] [stderr]     |                         ^^^^^ help: use `dyn`: `<dyn Query>`
[INFO] [stderr]     |
[INFO] [stderr]     = warning: this was previously accepted by the compiler but is being phased out; it will become a hard error in the 2021 edition!
[INFO] [stderr]     = note: for more information, see issue #80165 <https://github.com/rust-lang/rust/issues/80165>
[INFO] [stderr] 
[INFO] [stderr] warning: trait objects without an explicit `dyn` are deprecated
[INFO] [stderr]    --> influxdb/tests/integration_tests.rs:148:30
[INFO] [stderr]     |
[INFO] [stderr] 148 |             let read_query = Query::raw_read_query("SELECT * FROM weather");
[INFO] [stderr]     |                              ^^^^^ help: use `dyn`: `<dyn Query>`
[INFO] [stderr]     |
[INFO] [stderr]     = warning: this was previously accepted by the compiler but is being phased out; it will become a hard error in the 2021 edition!
[INFO] [stderr]     = note: for more information, see issue #80165 <https://github.com/rust-lang/rust/issues/80165>
[INFO] [stderr] 
[INFO] [stderr] warning: trait objects without an explicit `dyn` are deprecated
[INFO] [stderr]    --> influxdb/tests/integration_tests.rs:161:30
[INFO] [stderr]     |
[INFO] [stderr] 161 |             let read_query = Query::raw_read_query("SELECT * FROM weather");
[INFO] [stderr]     |                              ^^^^^ help: use `dyn`: `<dyn Query>`
[INFO] [stderr]     |
[INFO] [stderr]     = warning: this was previously accepted by the compiler but is being phased out; it will become a hard error in the 2021 edition!
[INFO] [stderr]     = note: for more information, see issue #80165 <https://github.com/rust-lang/rust/issues/80165>
[INFO] [stderr] 
[INFO] [stderr] warning: trait objects without an explicit `dyn` are deprecated
[INFO] [stderr]    --> influxdb/tests/integration_tests.rs:177:25
[INFO] [stderr]     |
[INFO] [stderr] 177 |                 .query(&Query::raw_read_query(query))
[INFO] [stderr]     |                         ^^^^^ help: use `dyn`: `<dyn Query>`
[INFO] [stderr]     |
[INFO] [stderr]     = warning: this was previously accepted by the compiler but is being phased out; it will become a hard error in the 2021 edition!
[INFO] [stderr]     = note: for more information, see issue #80165 <https://github.com/rust-lang/rust/issues/80165>
[INFO] [stderr] 
[INFO] [stderr] warning: trait objects without an explicit `dyn` are deprecated
[INFO] [stderr]    --> influxdb/tests/integration_tests.rs:199:25
[INFO] [stderr]     |
[INFO] [stderr] 199 |                 .query(&Query::raw_read_query(query))
[INFO] [stderr]     |                         ^^^^^ help: use `dyn`: `<dyn Query>`
[INFO] [stderr]     |
[INFO] [stderr]     = warning: this was previously accepted by the compiler but is being phased out; it will become a hard error in the 2021 edition!
[INFO] [stderr]     = note: for more information, see issue #80165 <https://github.com/rust-lang/rust/issues/80165>
[INFO] [stderr] 
[INFO] [stderr] warning: trait objects without an explicit `dyn` are deprecated
[INFO] [stderr]    --> influxdb/tests/integration_tests.rs:216:30
[INFO] [stderr]     |
[INFO] [stderr] 216 |             let read_query = Query::raw_read_query("SELECT * FROM weather");
[INFO] [stderr]     |                              ^^^^^ help: use `dyn`: `<dyn Query>`
[INFO] [stderr]     |
[INFO] [stderr]     = warning: this was previously accepted by the compiler but is being phased out; it will become a hard error in the 2021 edition!
[INFO] [stderr]     = note: for more information, see issue #80165 <https://github.com/rust-lang/rust/issues/80165>
[INFO] [stderr] 
[INFO] [stderr] warning: trait objects without an explicit `dyn` are deprecated
[INFO] [stderr]    --> influxdb/tests/integration_tests.rs:232:25
[INFO] [stderr]     |
[INFO] [stderr] 232 |                 .query(&Query::raw_read_query(query))
[INFO] [stderr]     |                         ^^^^^ help: use `dyn`: `<dyn Query>`
[INFO] [stderr]     |
[INFO] [stderr]     = warning: this was previously accepted by the compiler but is being phased out; it will become a hard error in the 2021 edition!
[INFO] [stderr]     = note: for more information, see issue #80165 <https://github.com/rust-lang/rust/issues/80165>
[INFO] [stderr] 
[INFO] [stderr] warning: trait objects without an explicit `dyn` are deprecated
[INFO] [stderr]    --> influxdb/tests/integration_tests.rs:258:30
[INFO] [stderr]     |
[INFO] [stderr] 258 |             let read_query = Query::raw_read_query("SELECT * FROM weather");
[INFO] [stderr]     |                              ^^^^^ help: use `dyn`: `<dyn Query>`
[INFO] [stderr]     |
[INFO] [stderr]     = warning: this was previously accepted by the compiler but is being phased out; it will become a hard error in the 2021 edition!
[INFO] [stderr]     = note: for more information, see issue #80165 <https://github.com/rust-lang/rust/issues/80165>
[INFO] [stderr] 
[INFO] [stderr] warning: trait objects without an explicit `dyn` are deprecated
[INFO] [stderr]    --> influxdb/tests/integration_tests.rs:308:21
[INFO] [stderr]     |
[INFO] [stderr] 308 |                     Query::raw_read_query("SELECT time, temperature, wind_strength FROM weather");
[INFO] [stderr]     |                     ^^^^^ help: use `dyn`: `<dyn Query>`
[INFO] [stderr]     |
[INFO] [stderr]     = warning: this was previously accepted by the compiler but is being phased out; it will become a hard error in the 2021 edition!
[INFO] [stderr]     = note: for more information, see issue #80165 <https://github.com/rust-lang/rust/issues/80165>
[INFO] [stderr] 
[INFO] [stderr] warning: trait objects without an explicit `dyn` are deprecated
[INFO] [stderr]    --> influxdb/tests/integration_tests.rs:364:25
[INFO] [stderr]     |
[INFO] [stderr] 364 |             let query = Query::raw_read_query("SELECT * FROM weather");
[INFO] [stderr]     |                         ^^^^^ help: use `dyn`: `<dyn Query>`
[INFO] [stderr]     |
[INFO] [stderr]     = warning: this was previously accepted by the compiler but is being phased out; it will become a hard error in the 2021 edition!
[INFO] [stderr]     = note: for more information, see issue #80165 <https://github.com/rust-lang/rust/issues/80165>
[INFO] [stderr] 
[INFO] [stderr] warning: trait objects without an explicit `dyn` are deprecated
[INFO] [stderr]    --> influxdb/tests/integration_tests.rs:422:25
[INFO] [stderr]     |
[INFO] [stderr] 422 |             let query = Query::raw_read_query("SELECT * FROM weather GROUP BY location");
[INFO] [stderr]     |                         ^^^^^ help: use `dyn`: `<dyn Query>`
[INFO] [stderr]     |
[INFO] [stderr]     = warning: this was previously accepted by the compiler but is being phased out; it will become a hard error in the 2021 edition!
[INFO] [stderr]     = note: for more information, see issue #80165 <https://github.com/rust-lang/rust/issues/80165>
[INFO] [stderr] 
[INFO] [stderr] warning: trait objects without an explicit `dyn` are deprecated
[INFO] [stderr]    --> influxdb/tests/integration_tests.rs:488:25
[INFO] [stderr]     |
[INFO] [stderr] 488 |             let query = Query::raw_read_query("SELECT * FROM temperature_vec");
[INFO] [stderr]     |                         ^^^^^ help: use `dyn`: `<dyn Query>`
[INFO] [stderr]     |
[INFO] [stderr]     = warning: this was previously accepted by the compiler but is being phased out; it will become a hard error in the 2021 edition!
[INFO] [stderr]     = note: for more information, see issue #80165 <https://github.com/rust-lang/rust/issues/80165>
[INFO] [stderr] 
[INFO] [stderr] warning: trait objects without an explicit `dyn` are deprecated
[INFO] [stderr]    --> influxdb/tests/integration_tests.rs:545:21
[INFO] [stderr]     |
[INFO] [stderr] 545 |                     Query::raw_read_query("SELECT * FROM temperature")
[INFO] [stderr]     |                     ^^^^^ help: use `dyn`: `<dyn Query>`
[INFO] [stderr]     |
[INFO] [stderr]     = warning: this was previously accepted by the compiler but is being phased out; it will become a hard error in the 2021 edition!
[INFO] [stderr]     = note: for more information, see issue #80165 <https://github.com/rust-lang/rust/issues/80165>
[INFO] [stderr] 
[INFO] [stderr] warning: trait objects without an explicit `dyn` are deprecated
[INFO] [stderr]    --> influxdb/tests/integration_tests.rs:589:21
[INFO] [stderr]     |
[INFO] [stderr] 589 |         .json_query(Query::raw_read_query("CREATE DATABASE this_should_fail"))
[INFO] [stderr]     |                     ^^^^^ help: use `dyn`: `<dyn Query>`
[INFO] [stderr]     |
[INFO] [stderr]     = warning: this was previously accepted by the compiler but is being phased out; it will become a hard error in the 2021 edition!
[INFO] [stderr]     = note: for more information, see issue #80165 <https://github.com/rust-lang/rust/issues/80165>
[INFO] [stderr] 
[INFO] [stderr] warning: 20 warnings emitted
[INFO] [stderr] 
[INFO] [stderr]     Finished test [unoptimized + debuginfo] target(s) in 0.22s
[INFO] [stderr]      Running unittests (/opt/rustwide/target/debug/deps/influxdb-2404f4573431aa6b)
[INFO] [stdout] 
[INFO] [stdout] running 28 tests
[INFO] [stdout] test query::tests::test_chrono_datetime_from_timestamp_hours ... ok
[INFO] [stdout] test query::tests::test_chrono_datetime_from_timestamp_micros ... ok
[INFO] [stdout] test query::tests::test_chrono_datetime_from_timestamp_millis ... ok
[INFO] [stdout] test query::tests::test_chrono_datetime_from_timestamp_nanos ... ok
[INFO] [stdout] test query::tests::test_chrono_datetime_from_timestamp_seconds ... ok
[INFO] [stdout] test query::tests::test_equality_string ... ok
[INFO] [stdout] test query::write_query::tests::test_correct_query_type ... ok
[INFO] [stdout] test query::tests::test_chrono_datetime_from_timestamp_minutes ... ok
[INFO] [stdout] test query::tests::test_timestamp_from_chrono_date ... ok
[INFO] [stdout] test query::tests::test_equality_str ... ok
[INFO] [stdout] test query::tests::test_format_for_timestamp_else ... ok
[INFO] [stdout] test query::write_query::tests::test_write_builder_empty_query ... ok
[INFO] [stdout] test query::read_query::tests::test_correct_query_type ... ok
[INFO] [stdout] test query::read_query::tests::test_read_builder_single_query ... ok
[INFO] [stdout] test query::read_query::tests::test_read_builder_multi_query ... ok
[INFO] [stdout] test integrations::serde_integration::de::tests::test_deserialize_borrowed ... ok
[INFO] [stdout] test query::write_query::tests::test_write_builder_only_tags ... ok
[INFO] [stdout] test integrations::serde_integration::de::tests::test_deserialize_cow ... ok
[INFO] [stdout] test query::write_query::tests::test_write_builder_multiple_fields ... ok
[INFO] [stdout] test query::write_query::tests::test_batch ... ok
[INFO] [stdout] test query::write_query::tests::test_escaping ... ok
[INFO] [stdout] test query::line_proto_term::test::test ... ok
[INFO] [stdout] test query::write_query::tests::test_write_builder_optional_fields ... ok
[INFO] [stdout] test query::write_query::tests::test_write_builder_single_field ... ok
[INFO] [stdout] test query::line_proto_term::test::test_empty_tag_value ... ok
[INFO] [stdout] test query::write_query::tests::test_write_builder_full_query ... ok
[INFO] [stderr]      Running tests/derive_integration_tests.rs (/opt/rustwide/target/debug/deps/derive_integration_tests-3e9b275e529f6d6e)
[INFO] [stdout] test client::tests::test_with_auth ... ok
[INFO] [stdout] test client::tests::test_fn_database ... ok
[INFO] [stdout] 
[INFO] [stdout] test result: ok. 28 passed; 0 failed; 0 ignored; 0 measured; 0 filtered out; finished in 0.08s
[INFO] [stdout] 
[INFO] [stdout] 
[INFO] [stdout] running 3 tests
[INFO] [stdout] test test_build_query ... ok
[INFO] [stdout] test test_write_and_read_option ... FAILED
[INFO] [stdout] test test_derive_simple_write ... FAILED
[INFO] [stdout] 
[INFO] [stdout] failures:
[INFO] [stdout] 
[INFO] [stdout] ---- test_write_and_read_option stdout ----
[INFO] [stdout] thread 'test_write_and_read_option' panicked at 'could not setup db: ConnectionError { error: "error trying to connect: tcp connect error: Connection refused (os error 111)" }', influxdb/tests/derive_integration_tests.rs:92:40
[INFO] [stdout] stack backtrace:
[INFO] [stdout]    0:     0x558054bbb2a0 - std::backtrace_rs::backtrace::libunwind::trace::h34055254b57d8e79
[INFO] [stdout]                                at /rustc/a178d0322ce20e33eac124758e837cbd80a6f633/library/std/src/../../backtrace/src/backtrace/libunwind.rs:90:5
[INFO] [stdout]    1:     0x558054bbb2a0 - std::backtrace_rs::backtrace::trace_unsynchronized::h8f1e3fbd9afff6ec
[INFO] [stdout]                                at /rustc/a178d0322ce20e33eac124758e837cbd80a6f633/library/std/src/../../backtrace/src/backtrace/mod.rs:66:5
[INFO] [stdout]    2:     0x558054bbb2a0 - std::sys_common::backtrace::_print_fmt::h3a99a796b770c360
[INFO] [stdout]                                at /rustc/a178d0322ce20e33eac124758e837cbd80a6f633/library/std/src/sys_common/backtrace.rs:67:5
[INFO] [stdout]    3:     0x558054bbb2a0 - <std::sys_common::backtrace::_print::DisplayBacktrace as core::fmt::Display>::fmt::h32d1f94a80615d18
[INFO] [stdout]                                at /rustc/a178d0322ce20e33eac124758e837cbd80a6f633/library/std/src/sys_common/backtrace.rs:46:22
[INFO] [stdout]    4:     0x558054bdf4cc - core::fmt::write::h306731c068f7162c
[INFO] [stdout]                                at /rustc/a178d0322ce20e33eac124758e837cbd80a6f633/library/core/src/fmt/mod.rs:1110:17
[INFO] [stdout]    5:     0x558054bb4d15 - std::io::Write::write_fmt::h87f19b0a2cd190bc
[INFO] [stdout]                                at /rustc/a178d0322ce20e33eac124758e837cbd80a6f633/library/std/src/io/mod.rs:1588:15
[INFO] [stdout]    6:     0x558054bbd4cb - std::sys_common::backtrace::_print::h5abaa2601a852287
[INFO] [stdout]                                at /rustc/a178d0322ce20e33eac124758e837cbd80a6f633/library/std/src/sys_common/backtrace.rs:49:5
[INFO] [stdout]    7:     0x558054bbd4cb - std::sys_common::backtrace::print::h8d81445442bb638f
[INFO] [stdout]                                at /rustc/a178d0322ce20e33eac124758e837cbd80a6f633/library/std/src/sys_common/backtrace.rs:36:9
[INFO] [stdout]    8:     0x558054bbd4cb - std::panicking::default_hook::{{closure}}::hcfe804496a9fa747
[INFO] [stdout]                                at /rustc/a178d0322ce20e33eac124758e837cbd80a6f633/library/std/src/panicking.rs:208:50
[INFO] [stdout]    9:     0x558054bbcfdc - std::panicking::default_hook::hbea8e3ccf2ba8901
[INFO] [stdout]                                at /rustc/a178d0322ce20e33eac124758e837cbd80a6f633/library/std/src/panicking.rs:222:9
[INFO] [stdout]   10:     0x558054bbdb94 - std::panicking::rust_panic_with_hook::h7ee9e1a2d0f8975a
[INFO] [stdout]                                at /rustc/a178d0322ce20e33eac124758e837cbd80a6f633/library/std/src/panicking.rs:622:17
[INFO] [stdout]   11:     0x558054bbd677 - std::panicking::begin_panic_handler::{{closure}}::h8ab3b4491718b2c7
[INFO] [stdout]                                at /rustc/a178d0322ce20e33eac124758e837cbd80a6f633/library/std/src/panicking.rs:519:13
[INFO] [stdout]   12:     0x558054bbb79c - std::sys_common::backtrace::__rust_end_short_backtrace::hd489062ffa586a9f
[INFO] [stdout]                                at /rustc/a178d0322ce20e33eac124758e837cbd80a6f633/library/std/src/sys_common/backtrace.rs:141:18
[INFO] [stdout]   13:     0x558054bbd5d9 - rust_begin_unwind
[INFO] [stdout]                                at /rustc/a178d0322ce20e33eac124758e837cbd80a6f633/library/std/src/panicking.rs:515:5
[INFO] [stdout]   14:     0x5580543ced01 - core::panicking::panic_fmt::hca6330e3e14086b4
[INFO] [stdout]                                at /rustc/a178d0322ce20e33eac124758e837cbd80a6f633/library/core/src/panicking.rs:92:14
[INFO] [stdout]   15:     0x5580543cedf3 - core::result::unwrap_failed::h6160d2b4bfbb0e87
[INFO] [stdout]                                at /rustc/a178d0322ce20e33eac124758e837cbd80a6f633/library/core/src/result.rs:1355:5
[INFO] [stdout]   16:     0x558054404ecf - core::result::Result<T,E>::expect::h1d1574c6ab8a9192
[INFO] [stdout]                                at /rustc/a178d0322ce20e33eac124758e837cbd80a6f633/library/core/src/result.rs:997:23
[INFO] [stdout]   17:     0x5580543f851a - derive_integration_tests::test_write_and_read_option::{{closure}}::{{closure}}::{{closure}}::h13251dab949db963
[INFO] [stdout]                                at /opt/rustwide/workdir/influxdb/tests/derive_integration_tests.rs:92:13
[INFO] [stdout]   18:     0x5580543feb9b - <core::future::from_generator::GenFuture<T> as core::future::future::Future>::poll::h495d05c0063e70c1
[INFO] [stdout]                                at /rustc/a178d0322ce20e33eac124758e837cbd80a6f633/library/core/src/future/mod.rs:80:19
[INFO] [stdout]   19:     0x55805440b361 - <std::panic::AssertUnwindSafe<F> as core::future::future::Future>::poll::h177a1e65a5774045
[INFO] [stdout]                                at /rustc/a178d0322ce20e33eac124758e837cbd80a6f633/library/std/src/panic.rs:364:9
[INFO] [stdout]   20:     0x558054416586 - <futures_util::future::future::catch_unwind::CatchUnwind<Fut> as core::future::future::Future>::poll::{{closure}}::hefa86a1b40b9c74f
[INFO] [stdout]                                at /opt/rustwide/cargo-home/registry/src/github.com-1ecc6299db9ec823/futures-util-0.3.16/src/future/future/catch_unwind.rs:36:42
[INFO] [stdout]   21:     0x558054408093 - <std::panic::AssertUnwindSafe<F> as core::ops::function::FnOnce<()>>::call_once::hd520c70fa82da1d3
[INFO] [stdout]                                at /rustc/a178d0322ce20e33eac124758e837cbd80a6f633/library/std/src/panic.rs:347:9
[INFO] [stdout]   22:     0x558054409100 - std::panicking::try::do_call::h57bf2cf6ca1c0fcb
[INFO] [stdout]                                at /rustc/a178d0322ce20e33eac124758e837cbd80a6f633/library/std/src/panicking.rs:401:40
[INFO] [stdout]   23:     0x55805440c64d - __rust_try
[INFO] [stdout]   24:     0x558054408c7a - std::panicking::try::h004e5ef602e3e095
[INFO] [stdout]                                at /rustc/a178d0322ce20e33eac124758e837cbd80a6f633/library/std/src/panicking.rs:365:19
[INFO] [stdout]   25:     0x558054408bba - std::panic::catch_unwind::he87b6f226b83db3e
[INFO] [stdout]                                at /rustc/a178d0322ce20e33eac124758e837cbd80a6f633/library/std/src/panic.rs:434:14
[INFO] [stdout]   26:     0x5580544161c9 - <futures_util::future::future::catch_unwind::CatchUnwind<Fut> as core::future::future::Future>::poll::h2edc608c08ed2976
[INFO] [stdout]                                at /opt/rustwide/cargo-home/registry/src/github.com-1ecc6299db9ec823/futures-util-0.3.16/src/future/future/catch_unwind.rs:36:9
[INFO] [stdout]   27:     0x5580543e448b - derive_integration_tests::utilities::run_test::{{closure}}::hba1af8818407e76b
[INFO] [stdout]                                at /opt/rustwide/workdir/influxdb/tests/./utilities.rs:56:23
[INFO] [stdout]   28:     0x5580543fecbb - <core::future::from_generator::GenFuture<T> as core::future::future::Future>::poll::h5d4a77adf5dbf39d
[INFO] [stdout]                                at /rustc/a178d0322ce20e33eac124758e837cbd80a6f633/library/core/src/future/mod.rs:80:19
[INFO] [stdout]   29:     0x5580543f91df - derive_integration_tests::test_write_and_read_option::{{closure}}::hf6962013606ac875
[INFO] [stdout]                                at /opt/rustwide/workdir/influxdb/tests/derive_integration_tests.rs:90:5
[INFO] [stdout]   30:     0x5580543ff48b - <core::future::from_generator::GenFuture<T> as core::future::future::Future>::poll::he74d2682dce2aee6
[INFO] [stdout]                                at /rustc/a178d0322ce20e33eac124758e837cbd80a6f633/library/core/src/future/mod.rs:80:19
[INFO] [stdout]   31:     0x5580543f93e9 - <async_std::task::builder::SupportTaskLocals<F> as core::future::future::Future>::poll::{{closure}}::he7e85bbb54a91eee
[INFO] [stdout]                                at /opt/rustwide/cargo-home/registry/src/github.com-1ecc6299db9ec823/async-std-1.9.0/src/task/builder.rs:199:17
[INFO] [stdout]   32:     0x5580543eacc6 - async_std::task::task_locals_wrapper::TaskLocalsWrapper::set_current::{{closure}}::h9e55f9b186772241
[INFO] [stdout]                                at /opt/rustwide/cargo-home/registry/src/github.com-1ecc6299db9ec823/async-std-1.9.0/src/task/task_locals_wrapper.rs:60:13
[INFO] [stdout]   33:     0x558054415371 - std::thread::local::LocalKey<T>::try_with::h890c22a62414dc37
[INFO] [stdout]                                at /rustc/a178d0322ce20e33eac124758e837cbd80a6f633/library/std/src/thread/local.rs:400:16
[INFO] [stdout]   34:     0x558054413ced - std::thread::local::LocalKey<T>::with::h507976b90459627d
[INFO] [stdout]                                at /rustc/a178d0322ce20e33eac124758e837cbd80a6f633/library/std/src/thread/local.rs:376:9
[INFO] [stdout]   35:     0x5580543ea7c8 - async_std::task::task_locals_wrapper::TaskLocalsWrapper::set_current::h2cabb89e8e7fdd23
[INFO] [stdout]                                at /opt/rustwide/cargo-home/registry/src/github.com-1ecc6299db9ec823/async-std-1.9.0/src/task/task_locals_wrapper.rs:55:9
[INFO] [stdout]   36:     0x5580543f9345 - <async_std::task::builder::SupportTaskLocals<F> as core::future::future::Future>::poll::hf111121acbcf897e
[INFO] [stdout]                                at /opt/rustwide/cargo-home/registry/src/github.com-1ecc6299db9ec823/async-std-1.9.0/src/task/builder.rs:197:13
[INFO] [stdout]   37:     0x5580543fb6fb - <futures_lite::future::Or<F1,F2> as core::future::future::Future>::poll::h8b839b6600201a46
[INFO] [stdout]                                at /opt/rustwide/cargo-home/registry/src/github.com-1ecc6299db9ec823/futures-lite-1.12.0/src/future.rs:526:33
[INFO] [stdout]   38:     0x5580543dd1da - async_executor::Executor::run::{{closure}}::h20705821ad258599
[INFO] [stdout]                                at /opt/rustwide/cargo-home/registry/src/github.com-1ecc6299db9ec823/async-executor-1.4.1/src/lib.rs:242:9
[INFO] [stdout]   39:     0x5580543ff0db - <core::future::from_generator::GenFuture<T> as core::future::future::Future>::poll::h9538dcf83f09c733
[INFO] [stdout]                                at /rustc/a178d0322ce20e33eac124758e837cbd80a6f633/library/core/src/future/mod.rs:80:19
[INFO] [stdout]   40:     0x5580543dca26 - async_executor::LocalExecutor::run::{{closure}}::h5ab56985e57ef18c
[INFO] [stdout]                                at /opt/rustwide/cargo-home/registry/src/github.com-1ecc6299db9ec823/async-executor-1.4.1/src/lib.rs:447:9
[INFO] [stdout]   41:     0x5580543fec2b - <core::future::from_generator::GenFuture<T> as core::future::future::Future>::poll::h5798fd3018a9c578
[INFO] [stdout]                                at /rustc/a178d0322ce20e33eac124758e837cbd80a6f633/library/core/src/future/mod.rs:80:19
[INFO] [stdout]   42:     0x5580543ec20d - async_io::driver::block_on::hcdfcf35281a2ea79
[INFO] [stdout]                                at /opt/rustwide/cargo-home/registry/src/github.com-1ecc6299db9ec823/async-io-1.6.0/src/driver.rs:142:33
[INFO] [stdout]   43:     0x558054411375 - async_global_executor::reactor::block_on::{{closure}}::hb4ba4f832423de96
[INFO] [stdout]                                at /opt/rustwide/cargo-home/registry/src/github.com-1ecc6299db9ec823/async-global-executor-2.0.2/src/reactor.rs:3:18
[INFO] [stdout]   44:     0x5580543e7b83 - tokio::runtime::context::enter::hef565ca0ab77ff45
[INFO] [stdout]                                at /opt/rustwide/cargo-home/registry/src/github.com-1ecc6299db9ec823/tokio-0.2.25/src/runtime/context.rs:72:5
[INFO] [stdout]   45:     0x5580543fb290 - tokio::runtime::handle::Handle::enter::hd36479e31cca9641
[INFO] [stdout]                                at /opt/rustwide/cargo-home/registry/src/github.com-1ecc6299db9ec823/tokio-0.2.25/src/runtime/handle.rs:76:9
[INFO] [stdout]   46:     0x5580543ddf2e - async_global_executor::tokio02::enter::h8924d59b714243ef
[INFO] [stdout]                                at /opt/rustwide/cargo-home/registry/src/github.com-1ecc6299db9ec823/async-global-executor-2.0.2/src/tokio02.rs:5:5
[INFO] [stdout]   47:     0x5580544112e5 - async_global_executor::reactor::block_on::{{closure}}::h64aee663e70f7dd6
[INFO] [stdout]                                at /opt/rustwide/cargo-home/registry/src/github.com-1ecc6299db9ec823/async-global-executor-2.0.2/src/reactor.rs:9:18
[INFO] [stdout]   48:     0x558054411239 - async_global_executor::reactor::block_on::h889f41f2a7471477
[INFO] [stdout]                                at /opt/rustwide/cargo-home/registry/src/github.com-1ecc6299db9ec823/async-global-executor-2.0.2/src/reactor.rs:12:5
[INFO] [stdout]   49:     0x558054408a23 - async_global_executor::executor::block_on::{{closure}}::h102a694039f730f2
[INFO] [stdout]                                at /opt/rustwide/cargo-home/registry/src/github.com-1ecc6299db9ec823/async-global-executor-2.0.2/src/executor.rs:26:36
[INFO] [stdout]   50:     0x5580544144ba - std::thread::local::LocalKey<T>::try_with::h13f4627ee9e986ef
[INFO] [stdout]                                at /rustc/a178d0322ce20e33eac124758e837cbd80a6f633/library/std/src/thread/local.rs:400:16
[INFO] [stdout]   51:     0x558054413b22 - std::thread::local::LocalKey<T>::with::h118b80ffcec56230
[INFO] [stdout]                                at /rustc/a178d0322ce20e33eac124758e837cbd80a6f633/library/std/src/thread/local.rs:376:9
[INFO] [stdout]   52:     0x5580544089c6 - async_global_executor::executor::block_on::hbb0c8c67e67f9417
[INFO] [stdout]                                at /opt/rustwide/cargo-home/registry/src/github.com-1ecc6299db9ec823/async-global-executor-2.0.2/src/executor.rs:26:5
[INFO] [stdout]   53:     0x5580543fc7b0 - async_std::task::builder::Builder::blocking::{{closure}}::{{closure}}::heeb3dc3629e5a25f
[INFO] [stdout]                                at /opt/rustwide/cargo-home/registry/src/github.com-1ecc6299db9ec823/async-std-1.9.0/src/task/builder.rs:171:25
[INFO] [stdout]   54:     0x5580543eaaa9 - async_std::task::task_locals_wrapper::TaskLocalsWrapper::set_current::{{closure}}::h1640c5fc26863a49
[INFO] [stdout]                                at /opt/rustwide/cargo-home/registry/src/github.com-1ecc6299db9ec823/async-std-1.9.0/src/task/task_locals_wrapper.rs:60:13
[INFO] [stdout]   55:     0x55805441584a - std::thread::local::LocalKey<T>::try_with::hc468ac6a75ba9401
[INFO] [stdout]                                at /rustc/a178d0322ce20e33eac124758e837cbd80a6f633/library/std/src/thread/local.rs:400:16
[INFO] [stdout]   56:     0x558054413f50 - std::thread::local::LocalKey<T>::with::h8358c8fc17c0ce55
[INFO] [stdout]                                at /rustc/a178d0322ce20e33eac124758e837cbd80a6f633/library/std/src/thread/local.rs:376:9
[INFO] [stdout]   57:     0x5580543ea817 - async_std::task::task_locals_wrapper::TaskLocalsWrapper::set_current::h56339b34db8d0453
[INFO] [stdout]                                at /opt/rustwide/cargo-home/registry/src/github.com-1ecc6299db9ec823/async-std-1.9.0/src/task/task_locals_wrapper.rs:55:9
[INFO] [stdout]   58:     0x5580543fc4c2 - async_std::task::builder::Builder::blocking::{{closure}}::h75cd584d08374ea9
[INFO] [stdout]                                at /opt/rustwide/cargo-home/registry/src/github.com-1ecc6299db9ec823/async-std-1.9.0/src/task/builder.rs:168:17
[INFO] [stdout]   59:     0x558054414b42 - std::thread::local::LocalKey<T>::try_with::h3bf27c7522a7588a
[INFO] [stdout]                                at /rustc/a178d0322ce20e33eac124758e837cbd80a6f633/library/std/src/thread/local.rs:400:16
[INFO] [stdout]   60:     0x558054413c12 - std::thread::local::LocalKey<T>::with::h3bd970c5b98d474d
[INFO] [stdout]                                at /rustc/a178d0322ce20e33eac124758e837cbd80a6f633/library/std/src/thread/local.rs:376:9
[INFO] [stdout]   61:     0x5580543fc00b - async_std::task::builder::Builder::blocking::h4fccd02d1d50a586
[INFO] [stdout]                                at /opt/rustwide/cargo-home/registry/src/github.com-1ecc6299db9ec823/async-std-1.9.0/src/task/builder.rs:161:9
[INFO] [stdout]   62:     0x5580543fc8ac - async_std::task::block_on::block_on::h37542e7aba8965dd
[INFO] [stdout]                                at /opt/rustwide/cargo-home/registry/src/github.com-1ecc6299db9ec823/async-std-1.9.0/src/task/block_on.rs:33:5
[INFO] [stdout]   63:     0x5580543f80cb - derive_integration_tests::test_write_and_read_option::h35f72482f8c6500f
[INFO] [stdout]                                at /opt/rustwide/workdir/influxdb/tests/derive_integration_tests.rs:85:1
[INFO] [stdout]   64:     0x5580543f808a - derive_integration_tests::test_write_and_read_option::{{closure}}::h95e6410b81b90e2f
[INFO] [stdout]                                at /opt/rustwide/workdir/influxdb/tests/derive_integration_tests.rs:85:1
[INFO] [stdout]   65:     0x5580543ffbae - core::ops::function::FnOnce::call_once::h57178cd2b3210c78
[INFO] [stdout]                                at /rustc/a178d0322ce20e33eac124758e837cbd80a6f633/library/core/src/ops/function.rs:227:5
[INFO] [stdout]   66:     0x5580544410b3 - core::ops::function::FnOnce::call_once::h152e7e439ff59e19
[INFO] [stdout]                                at /rustc/a178d0322ce20e33eac124758e837cbd80a6f633/library/core/src/ops/function.rs:227:5
[INFO] [stdout]   67:     0x5580544410b3 - test::__rust_begin_short_backtrace::h0908f3b1fdbb72ab
[INFO] [stdout]                                at /rustc/a178d0322ce20e33eac124758e837cbd80a6f633/library/test/src/lib.rs:577:5
[INFO] [stdout]   68:     0x55805443fb70 - <alloc::boxed::Box<F,A> as core::ops::function::FnOnce<Args>>::call_once::hf6d2a51e5587546c
[INFO] [stdout]                                at /rustc/a178d0322ce20e33eac124758e837cbd80a6f633/library/alloc/src/boxed.rs:1575:9
[INFO] [stdout]   69:     0x55805443fb70 - <std::panic::AssertUnwindSafe<F> as core::ops::function::FnOnce<()>>::call_once::h8af660f3a89ef593
[INFO] [stdout]                                at /rustc/a178d0322ce20e33eac124758e837cbd80a6f633/library/std/src/panic.rs:347:9
[INFO] [stdout]   70:     0x55805443fb70 - std::panicking::try::do_call::hd36aef60f84b6d36
[INFO] [stdout]                                at /rustc/a178d0322ce20e33eac124758e837cbd80a6f633/library/std/src/panicking.rs:401:40
[INFO] [stdout]   71:     0x55805443fb70 - std::panicking::try::h9932b4480e69817c
[INFO] [stdout]                                at /rustc/a178d0322ce20e33eac124758e837cbd80a6f633/library/std/src/panicking.rs:365:19
[INFO] [stdout]   72:     0x55805443fb70 - std::panic::catch_unwind::h6aa177099cfff5f8
[INFO] [stdout]                                at /rustc/a178d0322ce20e33eac124758e837cbd80a6f633/library/std/src/panic.rs:434:14
[INFO] [stdout]   73:     0x55805443fb70 - test::run_test_in_process::h5884d6f2d99e20c3
[INFO] [stdout]                                at /rustc/a178d0322ce20e33eac124758e837cbd80a6f633/library/test/src/lib.rs:600:18
[INFO] [stdout]   74:     0x55805443fb70 - test::run_test::run_test_inner::{{closure}}::h6fdc58c6d5f5b6e3
[INFO] [stdout]                                at /rustc/a178d0322ce20e33eac124758e837cbd80a6f633/library/test/src/lib.rs:492:39
[INFO] [stdout]   75:     0x558054419222 - test::run_test::run_test_inner::{{closure}}::h408365d67a78ade8
[INFO] [stdout]                                at /rustc/a178d0322ce20e33eac124758e837cbd80a6f633/library/test/src/lib.rs:519:37
[INFO] [stdout]   76:     0x558054419222 - std::sys_common::backtrace::__rust_begin_short_backtrace::hb560b77c4f701523
[INFO] [stdout]                                at /rustc/a178d0322ce20e33eac124758e837cbd80a6f633/library/std/src/sys_common/backtrace.rs:125:18
[INFO] [stdout]   77:     0x55805441cdd8 - std::thread::Builder::spawn_unchecked::{{closure}}::{{closure}}::hf2e7831dad93c597
[INFO] [stdout]                                at /rustc/a178d0322ce20e33eac124758e837cbd80a6f633/library/std/src/thread/mod.rs:481:17
[INFO] [stdout]   78:     0x55805441cdd8 - <std::panic::AssertUnwindSafe<F> as core::ops::function::FnOnce<()>>::call_once::hd2e08783d8be4d02
[INFO] [stdout]                                at /rustc/a178d0322ce20e33eac124758e837cbd80a6f633/library/std/src/panic.rs:347:9
[INFO] [stdout]   79:     0x55805441cdd8 - std::panicking::try::do_call::h062597b7acfd6b82
[INFO] [stdout]                                at /rustc/a178d0322ce20e33eac124758e837cbd80a6f633/library/std/src/panicking.rs:401:40
[INFO] [stdout]   80:     0x55805441cdd8 - std::panicking::try::h0d7b79db04c14552
[INFO] [stdout]                                at /rustc/a178d0322ce20e33eac124758e837cbd80a6f633/library/std/src/panicking.rs:365:19
[INFO] [stdout]   81:     0x55805441cdd8 - std::panic::catch_unwind::hb01a0b5e7c8cd43b
[INFO] [stdout]                                at /rustc/a178d0322ce20e33eac124758e837cbd80a6f633/library/std/src/panic.rs:434:14
[INFO] [stdout]   82:     0x55805441cdd8 - std::thread::Builder::spawn_unchecked::{{closure}}::h5bde48cc887e0d1e
[INFO] [stdout]                                at /rustc/a178d0322ce20e33eac124758e837cbd80a6f633/library/std/src/thread/mod.rs:480:30
[INFO] [stdout]   83:     0x55805441cdd8 - core::ops::function::FnOnce::call_once{{vtable.shim}}::h745ea30807a29e55
[INFO] [stdout]                                at /rustc/a178d0322ce20e33eac124758e837cbd80a6f633/library/core/src/ops/function.rs:227:5
[INFO] [stdout]   84:     0x558054bc2f07 - <alloc::boxed::Box<F,A> as core::ops::function::FnOnce<Args>>::call_once::h7ece6cfefaff1005
[INFO] [stdout]                                at /rustc/a178d0322ce20e33eac124758e837cbd80a6f633/library/alloc/src/boxed.rs:1575:9
[INFO] [stdout]   85:     0x558054bc2f07 - <alloc::boxed::Box<F,A> as core::ops::function::FnOnce<Args>>::call_once::hb8b48e55c21f193e
[INFO] [stdout]                                at /rustc/a178d0322ce20e33eac124758e837cbd80a6f633/library/alloc/src/boxed.rs:1575:9
[INFO] [stdout]   86:     0x558054bc2f07 - std::sys::unix::thread::Thread::new::thread_start::h8c7c4450dba62914
[INFO] [stdout]                                at /rustc/a178d0322ce20e33eac124758e837cbd80a6f633/library/std/src/sys/unix/thread.rs:71:17
[INFO] [stdout]   87:     0x7f767d73f609 - start_thread
[INFO] [stdout]   88:     0x7f767d50f293 - clone
[INFO] [stdout]   89:                0x0 - <unknown>
[INFO] [stdout] thread 'test_write_and_read_option' panicked at 'could not clean up db: ConnectionError { error: "error trying to connect: tcp connect error: Connection refused (os error 111)" }', influxdb/tests/derive_integration_tests.rs:116:40
[INFO] [stdout] stack backtrace:
[INFO] [stdout]    0:     0x558054bbb2a0 - std::backtrace_rs::backtrace::libunwind::trace::h34055254b57d8e79
[INFO] [stdout]                                at /rustc/a178d0322ce20e33eac124758e837cbd80a6f633/library/std/src/../../backtrace/src/backtrace/libunwind.rs:90:5
[INFO] [stdout]    1:     0x558054bbb2a0 - std::backtrace_rs::backtrace::trace_unsynchronized::h8f1e3fbd9afff6ec
[INFO] [stdout]                                at /rustc/a178d0322ce20e33eac124758e837cbd80a6f633/library/std/src/../../backtrace/src/backtrace/mod.rs:66:5
[INFO] [stdout]    2:     0x558054bbb2a0 - std::sys_common::backtrace::_print_fmt::h3a99a796b770c360
[INFO] [stdout]                                at /rustc/a178d0322ce20e33eac124758e837cbd80a6f633/library/std/src/sys_common/backtrace.rs:67:5
[INFO] [stdout]    3:     0x558054bbb2a0 - <std::sys_common::backtrace::_print::DisplayBacktrace as core::fmt::Display>::fmt::h32d1f94a80615d18
[INFO] [stdout]                                at /rustc/a178d0322ce20e33eac124758e837cbd80a6f633/library/std/src/sys_common/backtrace.rs:46:22
[INFO] [stdout]    4:     0x558054bdf4cc - core::fmt::write::h306731c068f7162c
[INFO] [stdout]                                at /rustc/a178d0322ce20e33eac124758e837cbd80a6f633/library/core/src/fmt/mod.rs:1110:17
[INFO] [stdout]    5:     0x558054bb4d15 - std::io::Write::write_fmt::h87f19b0a2cd190bc
[INFO] [stdout]                                at /rustc/a178d0322ce20e33eac124758e837cbd80a6f633/library/std/src/io/mod.rs:1588:15
[INFO] [stdout]    6:     0x558054bbd4cb - std::sys_common::backtrace::_print::h5abaa2601a852287
[INFO] [stdout]                                at /rustc/a178d0322ce20e33eac124758e837cbd80a6f633/library/std/src/sys_common/backtrace.rs:49:5
[INFO] [stdout]    7:     0x558054bbd4cb - std::sys_common::backtrace::print::h8d81445442bb638f
[INFO] [stdout]                                at /rustc/a178d0322ce20e33eac124758e837cbd80a6f633/library/std/src/sys_common/backtrace.rs:36:9
[INFO] [stdout]    8:     0x558054bbd4cb - std::panicking::default_hook::{{closure}}::hcfe804496a9fa747
[INFO] [stdout]                                at /rustc/a178d0322ce20e33eac124758e837cbd80a6f633/library/std/src/panicking.rs:208:50
[INFO] [stdout]    9:     0x558054bbcfdc - std::panicking::default_hook::hbea8e3ccf2ba8901
[INFO] [stdout]                                at /rustc/a178d0322ce20e33eac124758e837cbd80a6f633/library/std/src/panicking.rs:222:9
[INFO] [stdout]   10:     0x558054bbdb94 - std::panicking::rust_panic_with_hook::h7ee9e1a2d0f8975a
[INFO] [stdout]                                at /rustc/a178d0322ce20e33eac124758e837cbd80a6f633/library/std/src/panicking.rs:622:17
[INFO] [stdout]   11:     0x558054bbd677 - std::panicking::begin_panic_handler::{{closure}}::h8ab3b4491718b2c7
[INFO] [stdout]                                at /rustc/a178d0322ce20e33eac124758e837cbd80a6f633/library/std/src/panicking.rs:519:13
[INFO] [stdout]   12:     0x558054bbb79c - std::sys_common::backtrace::__rust_end_short_backtrace::hd489062ffa586a9f
[INFO] [stdout]                                at /rustc/a178d0322ce20e33eac124758e837cbd80a6f633/library/std/src/sys_common/backtrace.rs:141:18
[INFO] [stdout]   13:     0x558054bbd5d9 - rust_begin_unwind
[INFO] [stdout]                                at /rustc/a178d0322ce20e33eac124758e837cbd80a6f633/library/std/src/panicking.rs:515:5
[INFO] [stdout]   14:     0x5580543ced01 - core::panicking::panic_fmt::hca6330e3e14086b4
[INFO] [stdout]                                at /rustc/a178d0322ce20e33eac124758e837cbd80a6f633/library/core/src/panicking.rs:92:14
[INFO] [stdout]   15:     0x5580543cedf3 - core::result::unwrap_failed::h6160d2b4bfbb0e87
[INFO] [stdout]                                at /rustc/a178d0322ce20e33eac124758e837cbd80a6f633/library/core/src/result.rs:1355:5
[INFO] [stdout]   16:     0x558054404ecf - core::result::Result<T,E>::expect::h1d1574c6ab8a9192
[INFO] [stdout]                                at /rustc/a178d0322ce20e33eac124758e837cbd80a6f633/library/core/src/result.rs:997:23
[INFO] [stdout]   17:     0x5580543f9006 - derive_integration_tests::test_write_and_read_option::{{closure}}::{{closure}}::{{closure}}::h53f2c2f7c30f746b
[INFO] [stdout]                                at /opt/rustwide/workdir/influxdb/tests/derive_integration_tests.rs:116:13
[INFO] [stdout]   18:     0x5580543ff04b - <core::future::from_generator::GenFuture<T> as core::future::future::Future>::poll::h84c59b7f7d7b7f3d
[INFO] [stdout]                                at /rustc/a178d0322ce20e33eac124758e837cbd80a6f633/library/core/src/future/mod.rs:80:19
[INFO] [stdout]   19:     0x55805440b451 - <std::panic::AssertUnwindSafe<F> as core::future::future::Future>::poll::hd26262d55e73415c
[INFO] [stdout]                                at /rustc/a178d0322ce20e33eac124758e837cbd80a6f633/library/std/src/panic.rs:364:9
[INFO] [stdout]   20:     0x558054416556 - <futures_util::future::future::catch_unwind::CatchUnwind<Fut> as core::future::future::Future>::poll::{{closure}}::hb612d96fdb789dd1
[INFO] [stdout]                                at /opt/rustwide/cargo-home/registry/src/github.com-1ecc6299db9ec823/futures-util-0.3.16/src/future/future/catch_unwind.rs:36:42
[INFO] [stdout]   21:     0x558054408033 - <std::panic::AssertUnwindSafe<F> as core::ops::function::FnOnce<()>>::call_once::h097d9c23330403cf
[INFO] [stdout]                                at /rustc/a178d0322ce20e33eac124758e837cbd80a6f633/library/std/src/panic.rs:347:9
[INFO] [stdout]   22:     0x558054409080 - std::panicking::try::do_call::h4dcb62adb5b90724
[INFO] [stdout]                                at /rustc/a178d0322ce20e33eac124758e837cbd80a6f633/library/std/src/panicking.rs:401:40
[INFO] [stdout]   23:     0x55805440c64d - __rust_try
[INFO] [stdout]   24:     0x558054408e9a - std::panicking::try::heb3e81944b1be9bf
[INFO] [stdout]                                at /rustc/a178d0322ce20e33eac124758e837cbd80a6f633/library/std/src/panicking.rs:365:19
[INFO] [stdout]   25:     0x558054408b8a - std::panic::catch_unwind::h3ee2cb00c464ec05
[INFO] [stdout]                                at /rustc/a178d0322ce20e33eac124758e837cbd80a6f633/library/std/src/panic.rs:434:14
[INFO] [stdout]   26:     0x5580544162b9 - <futures_util::future::future::catch_unwind::CatchUnwind<Fut> as core::future::future::Future>::poll::h7df817b44c5609a1
[INFO] [stdout]                                at /opt/rustwide/cargo-home/registry/src/github.com-1ecc6299db9ec823/futures-util-0.3.16/src/future/future/catch_unwind.rs:36:9
[INFO] [stdout]   27:     0x5580543e45e7 - derive_integration_tests::utilities::run_test::{{closure}}::hba1af8818407e76b
[INFO] [stdout]                                at /opt/rustwide/workdir/influxdb/tests/./utilities.rs:57:5
[INFO] [stdout]   28:     0x5580543fecbb - <core::future::from_generator::GenFuture<T> as core::future::future::Future>::poll::h5d4a77adf5dbf39d
[INFO] [stdout]                                at /rustc/a178d0322ce20e33eac124758e837cbd80a6f633/library/core/src/future/mod.rs:80:19
[INFO] [stdout]   29:     0x5580543f91df - derive_integration_tests::test_write_and_read_option::{{closure}}::hf6962013606ac875
[INFO] [stdout]                                at /opt/rustwide/workdir/influxdb/tests/derive_integration_tests.rs:90:5
[INFO] [stdout]   30:     0x5580543ff48b - <core::future::from_generator::GenFuture<T> as core::future::future::Future>::poll::he74d2682dce2aee6
[INFO] [stdout]                                at /rustc/a178d0322ce20e33eac124758e837cbd80a6f633/library/core/src/future/mod.rs:80:19
[INFO] [stdout]   31:     0x5580543f93e9 - <async_std::task::builder::SupportTaskLocals<F> as core::future::future::Future>::poll::{{closure}}::he7e85bbb54a91eee
[INFO] [stdout]                                at /opt/rustwide/cargo-home/registry/src/github.com-1ecc6299db9ec823/async-std-1.9.0/src/task/builder.rs:199:17
[INFO] [stdout]   32:     0x5580543eacc6 - async_std::task::task_locals_wrapper::TaskLocalsWrapper::set_current::{{closure}}::h9e55f9b186772241
[INFO] [stdout]                                at /opt/rustwide/cargo-home/registry/src/github.com-1ecc6299db9ec823/async-std-1.9.0/src/task/task_locals_wrapper.rs:60:13
[INFO] [stdout]   33:     0x558054415371 - std::thread::local::LocalKey<T>::try_with::h890c22a62414dc37
[INFO] [stdout]                                at /rustc/a178d0322ce20e33eac124758e837cbd80a6f633/library/std/src/thread/local.rs:400:16
[INFO] [stdout]   34:     0x558054413ced - std::thread::local::LocalKey<T>::with::h507976b90459627d
[INFO] [stdout]                                at /rustc/a178d0322ce20e33eac124758e837cbd80a6f633/library/std/src/thread/local.rs:376:9
[INFO] [stdout]   35:     0x5580543ea7c8 - async_std::task::task_locals_wrapper::TaskLocalsWrapper::set_current::h2cabb89e8e7fdd23
[INFO] [stdout]                                at /opt/rustwide/cargo-home/registry/src/github.com-1ecc6299db9ec823/async-std-1.9.0/src/task/task_locals_wrapper.rs:55:9
[INFO] [stdout]   36:     0x5580543f9345 - <async_std::task::builder::SupportTaskLocals<F> as core::future::future::Future>::poll::hf111121acbcf897e
[INFO] [stdout]                                at /opt/rustwide/cargo-home/registry/src/github.com-1ecc6299db9ec823/async-std-1.9.0/src/task/builder.rs:197:13
[INFO] [stdout]   37:     0x5580543fb6fb - <futures_lite::future::Or<F1,F2> as core::future::future::Future>::poll::h8b839b6600201a46
[INFO] [stdout]                                at /opt/rustwide/cargo-home/registry/src/github.com-1ecc6299db9ec823/futures-lite-1.12.0/src/future.rs:526:33
[INFO] [stdout]   38:     0x5580543dd1da - async_executor::Executor::run::{{closure}}::h20705821ad258599
[INFO] [stdout]                                at /opt/rustwide/cargo-home/registry/src/github.com-1ecc6299db9ec823/async-executor-1.4.1/src/lib.rs:242:9
[INFO] [stdout]   39:     0x5580543ff0db - <core::future::from_generator::GenFuture<T> as core::future::future::Future>::poll::h9538dcf83f09c733
[INFO] [stdout]                                at /rustc/a178d0322ce20e33eac124758e837cbd80a6f633/library/core/src/future/mod.rs:80:19
[INFO] [stdout]   40:     0x5580543dca26 - async_executor::LocalExecutor::run::{{closure}}::h5ab56985e57ef18c
[INFO] [stdout]                                at /opt/rustwide/cargo-home/registry/src/github.com-1ecc6299db9ec823/async-executor-1.4.1/src/lib.rs:447:9
[INFO] [stdout]   41:     0x5580543fec2b - <core::future::from_generator::GenFuture<T> as core::future::future::Future>::poll::h5798fd3018a9c578
[INFO] [stdout]                                at /rustc/a178d0322ce20e33eac124758e837cbd80a6f633/library/core/src/future/mod.rs:80:19
[INFO] [stdout]   42:     0x5580543ec20d - async_io::driver::block_on::hcdfcf35281a2ea79
[INFO] [stdout]                                at /opt/rustwide/cargo-home/registry/src/github.com-1ecc6299db9ec823/async-io-1.6.0/src/driver.rs:142:33
[INFO] [stdout]   43:     0x558054411375 - async_global_executor::reactor::block_on::{{closure}}::hb4ba4f832423de96
[INFO] [stdout]                                at /opt/rustwide/cargo-home/registry/src/github.com-1ecc6299db9ec823/async-global-executor-2.0.2/src/reactor.rs:3:18
[INFO] [stdout]   44:     0x5580543e7b83 - tokio::runtime::context::enter::hef565ca0ab77ff45
[INFO] [stdout]                                at /opt/rustwide/cargo-home/registry/src/github.com-1ecc6299db9ec823/tokio-0.2.25/src/runtime/context.rs:72:5
[INFO] [stdout]   45:     0x5580543fb290 - tokio::runtime::handle::Handle::enter::hd36479e31cca9641
[INFO] [stdout]                                at /opt/rustwide/cargo-home/registry/src/github.com-1ecc6299db9ec823/tokio-0.2.25/src/runtime/handle.rs:76:9
[INFO] [stdout]   46:     0x5580543ddf2e - async_global_executor::tokio02::enter::h8924d59b714243ef
[INFO] [stdout]                                at /opt/rustwide/cargo-home/registry/src/github.com-1ecc6299db9ec823/async-global-executor-2.0.2/src/tokio02.rs:5:5
[INFO] [stdout]   47:     0x5580544112e5 - async_global_executor::reactor::block_on::{{closure}}::h64aee663e70f7dd6
[INFO] [stdout]                                at /opt/rustwide/cargo-home/registry/src/github.com-1ecc6299db9ec823/async-global-executor-2.0.2/src/reactor.rs:9:18
[INFO] [stdout]   48:     0x558054411239 - async_global_executor::reactor::block_on::h889f41f2a7471477
[INFO] [stdout]                                at /opt/rustwide/cargo-home/registry/src/github.com-1ecc6299db9ec823/async-global-executor-2.0.2/src/reactor.rs:12:5
[INFO] [stdout]   49:     0x558054408a23 - async_global_executor::executor::block_on::{{closure}}::h102a694039f730f2
[INFO] [stdout]                                at /opt/rustwide/cargo-home/registry/src/github.com-1ecc6299db9ec823/async-global-executor-2.0.2/src/executor.rs:26:36
[INFO] [stdout]   50:     0x5580544144ba - std::thread::local::LocalKey<T>::try_with::h13f4627ee9e986ef
[INFO] [stdout]                                at /rustc/a178d0322ce20e33eac124758e837cbd80a6f633/library/std/src/thread/local.rs:400:16
[INFO] [stdout]   51:     0x558054413b22 - std::thread::local::LocalKey<T>::with::h118b80ffcec56230
[INFO] [stdout]                                at /rustc/a178d0322ce20e33eac124758e837cbd80a6f633/library/std/src/thread/local.rs:376:9
[INFO] [stdout]   52:     0x5580544089c6 - async_global_executor::executor::block_on::hbb0c8c67e67f9417
[INFO] [stdout]                                at /opt/rustwide/cargo-home/registry/src/github.com-1ecc6299db9ec823/async-global-executor-2.0.2/src/executor.rs:26:5
[INFO] [stdout]   53:     0x5580543fc7b0 - async_std::task::builder::Builder::blocking::{{closure}}::{{closure}}::heeb3dc3629e5a25f
[INFO] [stdout]                                at /opt/rustwide/cargo-home/registry/src/github.com-1ecc6299db9ec823/async-std-1.9.0/src/task/builder.rs:171:25
[INFO] [stdout]   54:     0x5580543eaaa9 - async_std::task::task_locals_wrapper::TaskLocalsWrapper::set_current::{{closure}}::h1640c5fc26863a49
[INFO] [stdout]                                at /opt/rustwide/cargo-home/registry/src/github.com-1ecc6299db9ec823/async-std-1.9.0/src/task/task_locals_wrapper.rs:60:13
[INFO] [stdout]   55:     0x55805441584a - std::thread::local::LocalKey<T>::try_with::hc468ac6a75ba9401
[INFO] [stdout]                                at /rustc/a178d0322ce20e33eac124758e837cbd80a6f633/library/std/src/thread/local.rs:400:16
[INFO] [stdout]   56:     0x558054413f50 - std::thread::local::LocalKey<T>::with::h8358c8fc17c0ce55
[INFO] [stdout]                                at /rustc/a178d0322ce20e33eac124758e837cbd80a6f633/library/std/src/thread/local.rs:376:9
[INFO] [stdout]   57:     0x5580543ea817 - async_std::task::task_locals_wrapper::TaskLocalsWrapper::set_current::h56339b34db8d0453
[INFO] [stdout]                                at /opt/rustwide/cargo-home/registry/src/github.com-1ecc6299db9ec823/async-std-1.9.0/src/task/task_locals_wrapper.rs:55:9
[INFO] [stdout]   58:     0x5580543fc4c2 - async_std::task::builder::Builder::blocking::{{closure}}::h75cd584d08374ea9
[INFO] [stdout]                                at /opt/rustwide/cargo-home/registry/src/github.com-1ecc6299db9ec823/async-std-1.9.0/src/task/builder.rs:168:17
[INFO] [stdout]   59:     0x558054414b42 - std::thread::local::LocalKey<T>::try_with::h3bf27c7522a7588a
[INFO] [stdout]                                at /rustc/a178d0322ce20e33eac124758e837cbd80a6f633/library/std/src/thread/local.rs:400:16
[INFO] [stdout]   60:     0x558054413c12 - std::thread::local::LocalKey<T>::with::h3bd970c5b98d474d
[INFO] [stdout]                                at /rustc/a178d0322ce20e33eac124758e837cbd80a6f633/library/std/src/thread/local.rs:376:9
[INFO] [stdout]   61:     0x5580543fc00b - async_std::task::builder::Builder::blocking::h4fccd02d1d50a586
[INFO] [stdout]                                at /opt/rustwide/cargo-home/registry/src/github.com-1ecc6299db9ec823/async-std-1.9.0/src/task/builder.rs:161:9
[INFO] [stdout]   62:     0x5580543fc8ac - async_std::task::block_on::block_on::h37542e7aba8965dd
[INFO] [stdout]                                at /opt/rustwide/cargo-home/registry/src/github.com-1ecc6299db9ec823/async-std-1.9.0/src/task/block_on.rs:33:5
[INFO] [stdout]   63:     0x5580543f80cb - derive_integration_tests::test_write_and_read_option::h35f72482f8c6500f
[INFO] [stdout]                                at /opt/rustwide/workdir/influxdb/tests/derive_integration_tests.rs:85:1
[INFO] [stdout]   64:     0x5580543f808a - derive_integration_tests::test_write_and_read_option::{{closure}}::h95e6410b81b90e2f
[INFO] [stdout]                                at /opt/rustwide/workdir/influxdb/tests/derive_integration_tests.rs:85:1
[INFO] [stdout]   65:     0x5580543ffbae - core::ops::function::FnOnce::call_once::h57178cd2b3210c78
[INFO] [stdout]                                at /rustc/a178d0322ce20e33eac124758e837cbd80a6f633/library/core/src/ops/function.rs:227:5
[INFO] [stdout]   66:     0x5580544410b3 - core::ops::function::FnOnce::call_once::h152e7e439ff59e19
[INFO] [stdout]                                at /rustc/a178d0322ce20e33eac124758e837cbd80a6f633/library/core/src/ops/function.rs:227:5
[INFO] [stdout]   67:     0x5580544410b3 - test::__rust_begin_short_backtrace::h0908f3b1fdbb72ab
[INFO] [stdout]                                at /rustc/a178d0322ce20e33eac124758e837cbd80a6f633/library/test/src/lib.rs:577:5
[INFO] [stdout]   68:     0x55805443fb70 - <alloc::boxed::Box<F,A> as core::ops::function::FnOnce<Args>>::call_once::hf6d2a51e5587546c
[INFO] [stdout]                                at /rustc/a178d0322ce20e33eac124758e837cbd80a6f633/library/alloc/src/boxed.rs:1575:9
[INFO] [stdout]   69:     0x55805443fb70 - <std::panic::AssertUnwindSafe<F> as core::ops::function::FnOnce<()>>::call_once::h8af660f3a89ef593
[INFO] [stdout]                                at /rustc/a178d0322ce20e33eac124758e837cbd80a6f633/library/std/src/panic.rs:347:9
[INFO] [stdout]   70:     0x55805443fb70 - std::panicking::try::do_call::hd36aef60f84b6d36
[INFO] [stdout]                                at /rustc/a178d0322ce20e33eac124758e837cbd80a6f633/library/std/src/panicking.rs:401:40
[INFO] [stdout]   71:     0x55805443fb70 - std::panicking::try::h9932b4480e69817c
[INFO] [stdout]                                at /rustc/a178d0322ce20e33eac124758e837cbd80a6f633/library/std/src/panicking.rs:365:19
[INFO] [stdout]   72:     0x55805443fb70 - std::panic::catch_unwind::h6aa177099cfff5f8
[INFO] [stdout]                                at /rustc/a178d0322ce20e33eac124758e837cbd80a6f633/library/std/src/panic.rs:434:14
[INFO] [stdout]   73:     0x55805443fb70 - test::run_test_in_process::h5884d6f2d99e20c3
[INFO] [stdout]                                at /rustc/a178d0322ce20e33eac124758e837cbd80a6f633/library/test/src/lib.rs:600:18
[INFO] [stdout]   74:     0x55805443fb70 - test::run_test::run_test_inner::{{closure}}::h6fdc58c6d5f5b6e3
[INFO] [stdout]                                at /rustc/a178d0322ce20e33eac124758e837cbd80a6f633/library/test/src/lib.rs:492:39
[INFO] [stdout]   75:     0x558054419222 - test::run_test::run_test_inner::{{closure}}::h408365d67a78ade8
[INFO] [stdout]                                at /rustc/a178d0322ce20e33eac124758e837cbd80a6f633/library/test/src/lib.rs:519:37
[INFO] [stdout]   76:     0x558054419222 - std::sys_common::backtrace::__rust_begin_short_backtrace::hb560b77c4f701523
[INFO] [stdout]                                at /rustc/a178d0322ce20e33eac124758e837cbd80a6f633/library/std/src/sys_common/backtrace.rs:125:18
[INFO] [stdout]   77:     0x55805441cdd8 - std::thread::Builder::spawn_unchecked::{{closure}}::{{closure}}::hf2e7831dad93c597
[INFO] [stdout]                                at /rustc/a178d0322ce20e33eac124758e837cbd80a6f633/library/std/src/thread/mod.rs:481:17
[INFO] [stdout]   78:     0x55805441cdd8 - <std::panic::AssertUnwindSafe<F> as core::ops::function::FnOnce<()>>::call_once::hd2e08783d8be4d02
[INFO] [stdout]                                at /rustc/a178d0322ce20e33eac124758e837cbd80a6f633/library/std/src/panic.rs:347:9
[INFO] [stdout]   79:     0x55805441cdd8 - std::panicking::try::do_call::h062597b7acfd6b82
[INFO] [stdout]                                at /rustc/a178d0322ce20e33eac124758e837cbd80a6f633/library/std/src/panicking.rs:401:40
[INFO] [stdout]   80:     0x55805441cdd8 - std::panicking::try::h0d7b79db04c14552
[INFO] [stdout]                                at /rustc/a178d0322ce20e33eac124758e837cbd80a6f633/library/std/src/panicking.rs:365:19
[INFO] [stdout]   81:     0x55805441cdd8 - std::panic::catch_unwind::hb01a0b5e7c8cd43b
[INFO] [stdout]                                at /rustc/a178d0322ce20e33eac124758e837cbd80a6f633/library/std/src/panic.rs:434:14
[INFO] [stdout]   82:     0x55805441cdd8 - std::thread::Builder::spawn_unchecked::{{closure}}::h5bde48cc887e0d1e
[INFO] [stdout]                                at /rustc/a178d0322ce20e33eac124758e837cbd80a6f633/library/std/src/thread/mod.rs:480:30
[INFO] [stdout]   83:     0x55805441cdd8 - core::ops::function::FnOnce::call_once{{vtable.shim}}::h745ea30807a29e55
[INFO] [stdout]                                at /rustc/a178d0322ce20e33eac124758e837cbd80a6f633/library/core/src/ops/function.rs:227:5
[INFO] [stdout]   84:     0x558054bc2f07 - <alloc::boxed::Box<F,A> as core::ops::function::FnOnce<Args>>::call_once::h7ece6cfefaff1005
[INFO] [stdout]                                at /rustc/a178d0322ce20e33eac124758e837cbd80a6f633/library/alloc/src/boxed.rs:1575:9
[INFO] [stdout]   85:     0x558054bc2f07 - <alloc::boxed::Box<F,A> as core::ops::function::FnOnce<Args>>::call_once::hb8b48e55c21f193e
[INFO] [stdout]                                at /rustc/a178d0322ce20e33eac124758e837cbd80a6f633/library/alloc/src/boxed.rs:1575:9
[INFO] [stdout]   86:     0x558054bc2f07 - std::sys::unix::thread::Thread::new::thread_start::h8c7c4450dba62914
[INFO] [stdout]                                at /rustc/a178d0322ce20e33eac124758e837cbd80a6f633/library/std/src/sys/unix/thread.rs:71:17
[INFO] [stdout]   87:     0x7f767d73f609 - start_thread
[INFO] [stdout]   88:     0x7f767d50f293 - clone
[INFO] [stdout]   89:                0x0 - <unknown>
[INFO] [stdout] thread 'test_write_and_read_option' panicked at 'failed teardown: Any { .. }', influxdb/tests/./utilities.rs:60:10
[INFO] [stdout] stack backtrace:
[INFO] [stdout]    0:     0x558054bbb2a0 - std::backtrace_rs::backtrace::libunwind::trace::h34055254b57d8e79
[INFO] [stdout]                                at /rustc/a178d0322ce20e33eac124758e837cbd80a6f633/library/std/src/../../backtrace/src/backtrace/libunwind.rs:90:5
[INFO] [stdout]    1:     0x558054bbb2a0 - std::backtrace_rs::backtrace::trace_unsynchronized::h8f1e3fbd9afff6ec
[INFO] [stdout]                                at /rustc/a178d0322ce20e33eac124758e837cbd80a6f633/library/std/src/../../backtrace/src/backtrace/mod.rs:66:5
[INFO] [stdout]    2:     0x558054bbb2a0 - std::sys_common::backtrace::_print_fmt::h3a99a796b770c360
[INFO] [stdout]                                at /rustc/a178d0322ce20e33eac124758e837cbd80a6f633/library/std/src/sys_common/backtrace.rs:67:5
[INFO] [stdout]    3:     0x558054bbb2a0 - <std::sys_common::backtrace::_print::DisplayBacktrace as core::fmt::Display>::fmt::h32d1f94a80615d18
[INFO] [stdout]                                at /rustc/a178d0322ce20e33eac124758e837cbd80a6f633/library/std/src/sys_common/backtrace.rs:46:22
[INFO] [stdout]    4:     0x558054bdf4cc - core::fmt::write::h306731c068f7162c
[INFO] [stdout]                                at /rustc/a178d0322ce20e33eac124758e837cbd80a6f633/library/core/src/fmt/mod.rs:1110:17
[INFO] [stdout]    5:     0x558054bb4d15 - std::io::Write::write_fmt::h87f19b0a2cd190bc
[INFO] [stdout]                                at /rustc/a178d0322ce20e33eac124758e837cbd80a6f633/library/std/src/io/mod.rs:1588:15
[INFO] [stdout]    6:     0x558054bbd4cb - std::sys_common::backtrace::_print::h5abaa2601a852287
[INFO] [stdout]                                at /rustc/a178d0322ce20e33eac124758e837cbd80a6f633/library/std/src/sys_common/backtrace.rs:49:5
[INFO] [stdout]    7:     0x558054bbd4cb - std::sys_common::backtrace::print::h8d81445442bb638f
[INFO] [stdout]                                at /rustc/a178d0322ce20e33eac124758e837cbd80a6f633/library/std/src/sys_common/backtrace.rs:36:9
[INFO] [stdout]    8:     0x558054bbd4cb - std::panicking::default_hook::{{closure}}::hcfe804496a9fa747
[INFO] [stdout]                                at /rustc/a178d0322ce20e33eac124758e837cbd80a6f633/library/std/src/panicking.rs:208:50
[INFO] [stdout]    9:     0x558054bbcfdc - std::panicking::default_hook::hbea8e3ccf2ba8901
[INFO] [stdout]                                at /rustc/a178d0322ce20e33eac124758e837cbd80a6f633/library/std/src/panicking.rs:222:9
[INFO] [stdout]   10:     0x558054bbdb94 - std::panicking::rust_panic_with_hook::h7ee9e1a2d0f8975a
[INFO] [stdout]                                at /rustc/a178d0322ce20e33eac124758e837cbd80a6f633/library/std/src/panicking.rs:622:17
[INFO] [stdout]   11:     0x558054bbd677 - std::panicking::begin_panic_handler::{{closure}}::h8ab3b4491718b2c7
[INFO] [stdout]                                at /rustc/a178d0322ce20e33eac124758e837cbd80a6f633/library/std/src/panicking.rs:519:13
[INFO] [stdout]   12:     0x558054bbb79c - std::sys_common::backtrace::__rust_end_short_backtrace::hd489062ffa586a9f
[INFO] [stdout]                                at /rustc/a178d0322ce20e33eac124758e837cbd80a6f633/library/std/src/sys_common/backtrace.rs:141:18
[INFO] [stdout]   13:     0x558054bbd5d9 - rust_begin_unwind
[INFO] [stdout]                                at /rustc/a178d0322ce20e33eac124758e837cbd80a6f633/library/std/src/panicking.rs:515:5
[INFO] [stdout]   14:     0x5580543ced01 - core::panicking::panic_fmt::hca6330e3e14086b4
[INFO] [stdout]                                at /rustc/a178d0322ce20e33eac124758e837cbd80a6f633/library/core/src/panicking.rs:92:14
[INFO] [stdout]   15:     0x5580543cedf3 - core::result::unwrap_failed::h6160d2b4bfbb0e87
[INFO] [stdout]                                at /rustc/a178d0322ce20e33eac124758e837cbd80a6f633/library/core/src/result.rs:1355:5
[INFO] [stdout]   16:     0x5580544050bb - core::result::Result<T,E>::expect::h596185543a66b5ce
[INFO] [stdout]                                at /rustc/a178d0322ce20e33eac124758e837cbd80a6f633/library/core/src/result.rs:997:23
[INFO] [stdout]   17:     0x5580543e4675 - derive_integration_tests::utilities::run_test::{{closure}}::hba1af8818407e76b
[INFO] [stdout]                                at /opt/rustwide/workdir/influxdb/tests/./utilities.rs:57:5
[INFO] [stdout]   18:     0x5580543fecbb - <core::future::from_generator::GenFuture<T> as core::future::future::Future>::poll::h5d4a77adf5dbf39d
[INFO] [stdout]                                at /rustc/a178d0322ce20e33eac124758e837cbd80a6f633/library/core/src/future/mod.rs:80:19
[INFO] [stdout]   19:     0x5580543f91df - derive_integration_tests::test_write_and_read_option::{{closure}}::hf6962013606ac875
[INFO] [stdout]                                at /opt/rustwide/workdir/influxdb/tests/derive_integration_tests.rs:90:5
[INFO] [stdout]   20:     0x5580543ff48b - <core::future::from_generator::GenFuture<T> as core::future::future::Future>::poll::he74d2682dce2aee6
[INFO] [stdout]                                at /rustc/a178d0322ce20e33eac124758e837cbd80a6f633/library/core/src/future/mod.rs:80:19
[INFO] [stdout]   21:     0x5580543f93e9 - <async_std::task::builder::SupportTaskLocals<F> as core::future::future::Future>::poll::{{closure}}::he7e85bbb54a91eee
[INFO] [stdout]                                at /opt/rustwide/cargo-home/registry/src/github.com-1ecc6299db9ec823/async-std-1.9.0/src/task/builder.rs:199:17
[INFO] [stdout]   22:     0x5580543eacc6 - async_std::task::task_locals_wrapper::TaskLocalsWrapper::set_current::{{closure}}::h9e55f9b186772241
[INFO] [stdout]                                at /opt/rustwide/cargo-home/registry/src/github.com-1ecc6299db9ec823/async-std-1.9.0/src/task/task_locals_wrapper.rs:60:13
[INFO] [stdout]   23:     0x558054415371 - std::thread::local::LocalKey<T>::try_with::h890c22a62414dc37
[INFO] [stdout]                                at /rustc/a178d0322ce20e33eac124758e837cbd80a6f633/library/std/src/thread/local.rs:400:16
[INFO] [stdout]   24:     0x558054413ced - std::thread::local::LocalKey<T>::with::h507976b90459627d
[INFO] [stdout]                                at /rustc/a178d0322ce20e33eac124758e837cbd80a6f633/library/std/src/thread/local.rs:376:9
[INFO] [stdout]   25:     0x5580543ea7c8 - async_std::task::task_locals_wrapper::TaskLocalsWrapper::set_current::h2cabb89e8e7fdd23
[INFO] [stdout]                                at /opt/rustwide/cargo-home/registry/src/github.com-1ecc6299db9ec823/async-std-1.9.0/src/task/task_locals_wrapper.rs:55:9
[INFO] [stdout]   26:     0x5580543f9345 - <async_std::task::builder::SupportTaskLocals<F> as core::future::future::Future>::poll::hf111121acbcf897e
[INFO] [stdout]                                at /opt/rustwide/cargo-home/registry/src/github.com-1ecc6299db9ec823/async-std-1.9.0/src/task/builder.rs:197:13
[INFO] [stdout]   27:     0x5580543fb6fb - <futures_lite::future::Or<F1,F2> as core::future::future::Future>::poll::h8b839b6600201a46
[INFO] [stdout]                                at /opt/rustwide/cargo-home/registry/src/github.com-1ecc6299db9ec823/futures-lite-1.12.0/src/future.rs:526:33
[INFO] [stdout]   28:     0x5580543dd1da - async_executor::Executor::run::{{closure}}::h20705821ad258599
[INFO] [stdout]                                at /opt/rustwide/cargo-home/registry/src/github.com-1ecc6299db9ec823/async-executor-1.4.1/src/lib.rs:242:9
[INFO] [stdout]   29:     0x5580543ff0db - <core::future::from_generator::GenFuture<T> as core::future::future::Future>::poll::h9538dcf83f09c733
[INFO] [stdout]                                at /rustc/a178d0322ce20e33eac124758e837cbd80a6f633/library/core/src/future/mod.rs:80:19
[INFO] [stdout]   30:     0x5580543dca26 - async_executor::LocalExecutor::run::{{closure}}::h5ab56985e57ef18c
[INFO] [stdout]                                at /opt/rustwide/cargo-home/registry/src/github.com-1ecc6299db9ec823/async-executor-1.4.1/src/lib.rs:447:9
[INFO] [stdout]   31:     0x5580543fec2b - <core::future::from_generator::GenFuture<T> as core::future::future::Future>::poll::h5798fd3018a9c578
[INFO] [stdout]                                at /rustc/a178d0322ce20e33eac124758e837cbd80a6f633/library/core/src/future/mod.rs:80:19
[INFO] [stdout]   32:     0x5580543ec20d - async_io::driver::block_on::hcdfcf35281a2ea79
[INFO] [stdout]                                at /opt/rustwide/cargo-home/registry/src/github.com-1ecc6299db9ec823/async-io-1.6.0/src/driver.rs:142:33
[INFO] [stdout]   33:     0x558054411375 - async_global_executor::reactor::block_on::{{closure}}::hb4ba4f832423de96
[INFO] [stdout]                                at /opt/rustwide/cargo-home/registry/src/github.com-1ecc6299db9ec823/async-global-executor-2.0.2/src/reactor.rs:3:18
[INFO] [stdout]   34:     0x5580543e7b83 - tokio::runtime::context::enter::hef565ca0ab77ff45
[INFO] [stdout]                                at /opt/rustwide/cargo-home/registry/src/github.com-1ecc6299db9ec823/tokio-0.2.25/src/runtime/context.rs:72:5
[INFO] [stdout]   35:     0x5580543fb290 - tokio::runtime::handle::Handle::enter::hd36479e31cca9641
[INFO] [stdout]                                at /opt/rustwide/cargo-home/registry/src/github.com-1ecc6299db9ec823/tokio-0.2.25/src/runtime/handle.rs:76:9
[INFO] [stdout]   36:     0x5580543ddf2e - async_global_executor::tokio02::enter::h8924d59b714243ef
[INFO] [stdout]                                at /opt/rustwide/cargo-home/registry/src/github.com-1ecc6299db9ec823/async-global-executor-2.0.2/src/tokio02.rs:5:5
[INFO] [stdout]   37:     0x5580544112e5 - async_global_executor::reactor::block_on::{{closure}}::h64aee663e70f7dd6
[INFO] [stdout]                                at /opt/rustwide/cargo-home/registry/src/github.com-1ecc6299db9ec823/async-global-executor-2.0.2/src/reactor.rs:9:18
[INFO] [stdout]   38:     0x558054411239 - async_global_executor::reactor::block_on::h889f41f2a7471477
[INFO] [stdout]                                at /opt/rustwide/cargo-home/registry/src/github.com-1ecc6299db9ec823/async-global-executor-2.0.2/src/reactor.rs:12:5
[INFO] [stdout]   39:     0x558054408a23 - async_global_executor::executor::block_on::{{closure}}::h102a694039f730f2
[INFO] [stdout]                                at /opt/rustwide/cargo-home/registry/src/github.com-1ecc6299db9ec823/async-global-executor-2.0.2/src/executor.rs:26:36
[INFO] [stdout]   40:     0x5580544144ba - std::thread::local::LocalKey<T>::try_with::h13f4627ee9e986ef
[INFO] [stdout]                                at /rustc/a178d0322ce20e33eac124758e837cbd80a6f633/library/std/src/thread/local.rs:400:16
[INFO] [stdout]   41:     0x558054413b22 - std::thread::local::LocalKey<T>::with::h118b80ffcec56230
[INFO] [stdout]                                at /rustc/a178d0322ce20e33eac124758e837cbd80a6f633/library/std/src/thread/local.rs:376:9
[INFO] [stdout]   42:     0x5580544089c6 - async_global_executor::executor::block_on::hbb0c8c67e67f9417
[INFO] [stdout]                                at /opt/rustwide/cargo-home/registry/src/github.com-1ecc6299db9ec823/async-global-executor-2.0.2/src/executor.rs:26:5
[INFO] [stdout]   43:     0x5580543fc7b0 - async_std::task::builder::Builder::blocking::{{closure}}::{{closure}}::heeb3dc3629e5a25f
[INFO] [stdout]                                at /opt/rustwide/cargo-home/registry/src/github.com-1ecc6299db9ec823/async-std-1.9.0/src/task/builder.rs:171:25
[INFO] [stdout]   44:     0x5580543eaaa9 - async_std::task::task_locals_wrapper::TaskLocalsWrapper::set_current::{{closure}}::h1640c5fc26863a49
[INFO] [stdout]                                at /opt/rustwide/cargo-home/registry/src/github.com-1ecc6299db9ec823/async-std-1.9.0/src/task/task_locals_wrapper.rs:60:13
[INFO] [stdout]   45:     0x55805441584a - std::thread::local::LocalKey<T>::try_with::hc468ac6a75ba9401
[INFO] [stdout]                                at /rustc/a178d0322ce20e33eac124758e837cbd80a6f633/library/std/src/thread/local.rs:400:16
[INFO] [stdout]   46:     0x558054413f50 - std::thread::local::LocalKey<T>::with::h8358c8fc17c0ce55
[INFO] [stdout]                                at /rustc/a178d0322ce20e33eac124758e837cbd80a6f633/library/std/src/thread/local.rs:376:9
[INFO] [stdout]   47:     0x5580543ea817 - async_std::task::task_locals_wrapper::TaskLocalsWrapper::set_current::h56339b34db8d0453
[INFO] [stdout]                                at /opt/rustwide/cargo-home/registry/src/github.com-1ecc6299db9ec823/async-std-1.9.0/src/task/task_locals_wrapper.rs:55:9
[INFO] [stdout]   48:     0x5580543fc4c2 - async_std::task::builder::Builder::blocking::{{closure}}::h75cd584d08374ea9
[INFO] [stdout]                                at /opt/rustwide/cargo-home/registry/src/github.com-1ecc6299db9ec823/async-std-1.9.0/src/task/builder.rs:168:17
[INFO] [stdout]   49:     0x558054414b42 - std::thread::local::LocalKey<T>::try_with::h3bf27c7522a7588a
[INFO] [stdout]                                at /rustc/a178d0322ce20e33eac124758e837cbd80a6f633/library/std/src/thread/local.rs:400:16
[INFO] [stdout]   50:     0x558054413c12 - std::thread::local::LocalKey<T>::with::h3bd970c5b98d474d
[INFO] [stdout]                                at /rustc/a178d0322ce20e33eac124758e837cbd80a6f633/library/std/src/thread/local.rs:376:9
[INFO] [stdout]   51:     0x5580543fc00b - async_std::task::builder::Builder::blocking::h4fccd02d1d50a586
[INFO] [stdout]                                at /opt/rustwide/cargo-home/registry/src/github.com-1ecc6299db9ec823/async-std-1.9.0/src/task/builder.rs:161:9
[INFO] [stdout]   52:     0x5580543fc8ac - async_std::task::block_on::block_on::h37542e7aba8965dd
[INFO] [stdout]                                at /opt/rustwide/cargo-home/registry/src/github.com-1ecc6299db9ec823/async-std-1.9.0/src/task/block_on.rs:33:5
[INFO] [stdout]   53:     0x5580543f80cb - derive_integration_tests::test_write_and_read_option::h35f72482f8c6500f
[INFO] [stdout]                                at /opt/rustwide/workdir/influxdb/tests/derive_integration_tests.rs:85:1
[INFO] [stdout]   54:     0x5580543f808a - derive_integration_tests::test_write_and_read_option::{{closure}}::h95e6410b81b90e2f
[INFO] [stdout]                                at /opt/rustwide/workdir/influxdb/tests/derive_integration_tests.rs:85:1
[INFO] [stdout]   55:     0x5580543ffbae - core::ops::function::FnOnce::call_once::h57178cd2b3210c78
[INFO] [stdout]                                at /rustc/a178d0322ce20e33eac124758e837cbd80a6f633/library/core/src/ops/function.rs:227:5
[INFO] [stdout]   56:     0x5580544410b3 - core::ops::function::FnOnce::call_once::h152e7e439ff59e19
[INFO] [stdout]                                at /rustc/a178d0322ce20e33eac124758e837cbd80a6f633/library/core/src/ops/function.rs:227:5
[INFO] [stdout]   57:     0x5580544410b3 - test::__rust_begin_short_backtrace::h0908f3b1fdbb72ab
[INFO] [stdout]                                at /rustc/a178d0322ce20e33eac124758e837cbd80a6f633/library/test/src/lib.rs:577:5
[INFO] [stdout]   58:     0x55805443fb70 - <alloc::boxed::Box<F,A> as core::ops::function::FnOnce<Args>>::call_once::hf6d2a51e5587546c
[INFO] [stdout]                                at /rustc/a178d0322ce20e33eac124758e837cbd80a6f633/library/alloc/src/boxed.rs:1575:9
[INFO] [stdout]   59:     0x55805443fb70 - <std::panic::AssertUnwindSafe<F> as core::ops::function::FnOnce<()>>::call_once::h8af660f3a89ef593
[INFO] [stdout]                                at /rustc/a178d0322ce20e33eac124758e837cbd80a6f633/library/std/src/panic.rs:347:9
[INFO] [stdout]   60:     0x55805443fb70 - std::panicking::try::do_call::hd36aef60f84b6d36
[INFO] [stdout]                                at /rustc/a178d0322ce20e33eac124758e837cbd80a6f633/library/std/src/panicking.rs:401:40
[INFO] [stdout]   61:     0x55805443fb70 - std::panicking::try::h9932b4480e69817c
[INFO] [stdout]                                at /rustc/a178d0322ce20e33eac124758e837cbd80a6f633/library/std/src/panicking.rs:365:19
[INFO] [stdout]   62:     0x55805443fb70 - std::panic::catch_unwind::h6aa177099cfff5f8
[INFO] [stdout]                                at /rustc/a178d0322ce20e33eac124758e837cbd80a6f633/library/std/src/panic.rs:434:14
[INFO] [stdout]   63:     0x55805443fb70 - test::run_test_in_process::h5884d6f2d99e20c3
[INFO] [stdout]                                at /rustc/a178d0322ce20e33eac124758e837cbd80a6f633/library/test/src/lib.rs:600:18
[INFO] [stdout]   64:     0x55805443fb70 - test::run_test::run_test_inner::{{closure}}::h6fdc58c6d5f5b6e3
[INFO] [stdout]                                at /rustc/a178d0322ce20e33eac124758e837cbd80a6f633/library/test/src/lib.rs:492:39
[INFO] [stdout]   65:     0x558054419222 - test::run_test::run_test_inner::{{closure}}::h408365d67a78ade8
[INFO] [stdout]                                at /rustc/a178d0322ce20e33eac124758e837cbd80a6f633/library/test/src/lib.rs:519:37
[INFO] [stdout]   66:     0x558054419222 - std::sys_common::backtrace::__rust_begin_short_backtrace::hb560b77c4f701523
[INFO] [stdout]                                at /rustc/a178d0322ce20e33eac124758e837cbd80a6f633/library/std/src/sys_common/backtrace.rs:125:18
[INFO] [stdout]   67:     0x55805441cdd8 - std::thread::Builder::spawn_unchecked::{{closure}}::{{closure}}::hf2e7831dad93c597
[INFO] [stdout]                                at /rustc/a178d0322ce20e33eac124758e837cbd80a6f633/library/std/src/thread/mod.rs:481:17
[INFO] [stdout]   68:     0x55805441cdd8 - <std::panic::AssertUnwindSafe<F> as core::ops::function::FnOnce<()>>::call_once::hd2e08783d8be4d02
[INFO] [stdout]                                at /rustc/a178d0322ce20e33eac124758e837cbd80a6f633/library/std/src/panic.rs:347:9
[INFO] [stdout]   69:     0x55805441cdd8 - std::panicking::try::do_call::h062597b7acfd6b82
[INFO] [stdout]                                at /rustc/a178d0322ce20e33eac124758e837cbd80a6f633/library/std/src/panicking.rs:401:40
[INFO] [stdout]   70:     0x55805441cdd8 - std::panicking::try::h0d7b79db04c14552
[INFO] [stdout]                                at /rustc/a178d0322ce20e33eac124758e837cbd80a6f633/library/std/src/panicking.rs:365:19
[INFO] [stdout]   71:     0x55805441cdd8 - std::panic::catch_unwind::hb01a0b5e7c8cd43b
[INFO] [stdout]                                at /rustc/a178d0322ce20e33eac124758e837cbd80a6f633/library/std/src/panic.rs:434:14
[INFO] [stdout]   72:     0x55805441cdd8 - std::thread::Builder::spawn_unchecked::{{closure}}::h5bde48cc887e0d1e
[INFO] [stdout]                                at /rustc/a178d0322ce20e33eac124758e837cbd80a6f633/library/std/src/thread/mod.rs:480:30
[INFO] [stdout]   73:     0x55805441cdd8 - core::ops::function::FnOnce::call_once{{vtable.shim}}::h745ea30807a29e55
[INFO] [stdout]                                at /rustc/a178d0322ce20e33eac124758e837cbd80a6f633/library/core/src/ops/function.rs:227:5
[INFO] [stdout]   74:     0x558054bc2f07 - <alloc::boxed::Box<F,A> as core::ops::function::FnOnce<Args>>::call_once::h7ece6cfefaff1005
[INFO] [stdout]                                at /rustc/a178d0322ce20e33eac124758e837cbd80a6f633/library/alloc/src/boxed.rs:1575:9
[INFO] [stdout]   75:     0x558054bc2f07 - <alloc::boxed::Box<F,A> as core::ops::function::FnOnce<Args>>::call_once::hb8b48e55c21f193e
[INFO] [stdout]                                at /rustc/a178d0322ce20e33eac124758e837cbd80a6f633/library/alloc/src/boxed.rs:1575:9
[INFO] [stdout]   76:     0x558054bc2f07 - std::sys::unix::thread::Thread::new::thread_start::h8c7c4450dba62914
[INFO] [stdout]                                at /rustc/a178d0322ce20e33eac124758e837cbd80a6f633/library/std/src/sys/unix/thread.rs:71:17
[INFO] [stdout]   77:     0x7f767d73f609 - start_thread
[INFO] [stdout]   78:     0x7f767d50f293 - clone
[INFO] [stdout]   79:                0x0 - <unknown>
[INFO] [stdout] 
[INFO] [stdout] ---- test_derive_simple_write stdout ----
[INFO] [stdout] thread 'test_derive_simple_write' panicked at 'could not setup db: ConnectionError { error: "error trying to connect: tcp connect error: Connection refused (os error 111)" }', influxdb/tests/derive_integration_tests.rs:61:40
[INFO] [stdout] stack backtrace:
[INFO] [stdout]    0:     0x558054bbb2a0 - std::backtrace_rs::backtrace::libunwind::trace::h34055254b57d8e79
[INFO] [stdout]                                at /rustc/a178d0322ce20e33eac124758e837cbd80a6f633/library/std/src/../../backtrace/src/backtrace/libunwind.rs:90:5
[INFO] [stdout]    1:     0x558054bbb2a0 - std::backtrace_rs::backtrace::trace_unsynchronized::h8f1e3fbd9afff6ec
[INFO] [stdout]                                at /rustc/a178d0322ce20e33eac124758e837cbd80a6f633/library/std/src/../../backtrace/src/backtrace/mod.rs:66:5
[INFO] [stdout]    2:     0x558054bbb2a0 - std::sys_common::backtrace::_print_fmt::h3a99a796b770c360
[INFO] [stdout]                                at /rustc/a178d0322ce20e33eac124758e837cbd80a6f633/library/std/src/sys_common/backtrace.rs:67:5
[INFO] [stdout]    3:     0x558054bbb2a0 - <std::sys_common::backtrace::_print::DisplayBacktrace as core::fmt::Display>::fmt::h32d1f94a80615d18
[INFO] [stdout]                                at /rustc/a178d0322ce20e33eac124758e837cbd80a6f633/library/std/src/sys_common/backtrace.rs:46:22
[INFO] [stdout]    4:     0x558054bdf4cc - core::fmt::write::h306731c068f7162c
[INFO] [stdout]                                at /rustc/a178d0322ce20e33eac124758e837cbd80a6f633/library/core/src/fmt/mod.rs:1110:17
[INFO] [stdout]    5:     0x558054bb4d15 - std::io::Write::write_fmt::h87f19b0a2cd190bc
[INFO] [stdout]                                at /rustc/a178d0322ce20e33eac124758e837cbd80a6f633/library/std/src/io/mod.rs:1588:15
[INFO] [stdout]    6:     0x558054bbd4cb - std::sys_common::backtrace::_print::h5abaa2601a852287
[INFO] [stdout]                                at /rustc/a178d0322ce20e33eac124758e837cbd80a6f633/library/std/src/sys_common/backtrace.rs:49:5
[INFO] [stdout]    7:     0x558054bbd4cb - std::sys_common::backtrace::print::h8d81445442bb638f
[INFO] [stdout]                                at /rustc/a178d0322ce20e33eac124758e837cbd80a6f633/library/std/src/sys_common/backtrace.rs:36:9
[INFO] [stdout]    8:     0x558054bbd4cb - std::panicking::default_hook::{{closure}}::hcfe804496a9fa747
[INFO] [stdout]                                at /rustc/a178d0322ce20e33eac124758e837cbd80a6f633/library/std/src/panicking.rs:208:50
[INFO] [stdout]    9:     0x558054bbcfdc - std::panicking::default_hook::hbea8e3ccf2ba8901
[INFO] [stdout]                                at /rustc/a178d0322ce20e33eac124758e837cbd80a6f633/library/std/src/panicking.rs:222:9
[INFO] [stdout]   10:     0x558054bbdb94 - std::panicking::rust_panic_with_hook::h7ee9e1a2d0f8975a
[INFO] [stdout]                                at /rustc/a178d0322ce20e33eac124758e837cbd80a6f633/library/std/src/panicking.rs:622:17
[INFO] [stdout]   11:     0x558054bbd677 - std::panicking::begin_panic_handler::{{closure}}::h8ab3b4491718b2c7
[INFO] [stdout]                                at /rustc/a178d0322ce20e33eac124758e837cbd80a6f633/library/std/src/panicking.rs:519:13
[INFO] [stdout]   12:     0x558054bbb79c - std::sys_common::backtrace::__rust_end_short_backtrace::hd489062ffa586a9f
[INFO] [stdout]                                at /rustc/a178d0322ce20e33eac124758e837cbd80a6f633/library/std/src/sys_common/backtrace.rs:141:18
[INFO] [stdout]   13:     0x558054bbd5d9 - rust_begin_unwind
[INFO] [stdout]                                at /rustc/a178d0322ce20e33eac124758e837cbd80a6f633/library/std/src/panicking.rs:515:5
[INFO] [stdout]   14:     0x5580543ced01 - core::panicking::panic_fmt::hca6330e3e14086b4
[INFO] [stdout]                                at /rustc/a178d0322ce20e33eac124758e837cbd80a6f633/library/core/src/panicking.rs:92:14
[INFO] [stdout]   15:     0x5580543cedf3 - core::result::unwrap_failed::h6160d2b4bfbb0e87
[INFO] [stdout]                                at /rustc/a178d0322ce20e33eac124758e837cbd80a6f633/library/core/src/result.rs:1355:5
[INFO] [stdout]   16:     0x558054404ecf - core::result::Result<T,E>::expect::h1d1574c6ab8a9192
[INFO] [stdout]                                at /rustc/a178d0322ce20e33eac124758e837cbd80a6f633/library/core/src/result.rs:997:23
[INFO] [stdout]   17:     0x5580543f77d8 - derive_integration_tests::test_derive_simple_write::{{closure}}::{{closure}}::{{closure}}::heccbb8c14817d20f
[INFO] [stdout]                                at /opt/rustwide/workdir/influxdb/tests/derive_integration_tests.rs:61:13
[INFO] [stdout]   18:     0x5580543ff36b - <core::future::from_generator::GenFuture<T> as core::future::future::Future>::poll::hc0f49d526ec84227
[INFO] [stdout]                                at /rustc/a178d0322ce20e33eac124758e837cbd80a6f633/library/core/src/future/mod.rs:80:19
[INFO] [stdout]   19:     0x55805440b401 - <std::panic::AssertUnwindSafe<F> as core::future::future::Future>::poll::hceaf9274dea69535
[INFO] [stdout]                                at /rustc/a178d0322ce20e33eac124758e837cbd80a6f633/library/std/src/panic.rs:364:9
[INFO] [stdout]   20:     0x558054416526 - <futures_util::future::future::catch_unwind::CatchUnwind<Fut> as core::future::future::Future>::poll::{{closure}}::h6200c5f6529b8124
[INFO] [stdout]                                at /opt/rustwide/cargo-home/registry/src/github.com-1ecc6299db9ec823/futures-util-0.3.16/src/future/future/catch_unwind.rs:36:42
[INFO] [stdout]   21:     0x558054408003 - <std::panic::AssertUnwindSafe<F> as core::ops::function::FnOnce<()>>::call_once::h01da7d3bfc0df4ff
[INFO] [stdout]                                at /rustc/a178d0322ce20e33eac124758e837cbd80a6f633/library/std/src/panic.rs:347:9
[INFO] [stdout]   22:     0x558054409200 - std::panicking::try::do_call::h63a08666c7fcb3ba
[INFO] [stdout]                                at /rustc/a178d0322ce20e33eac124758e837cbd80a6f633/library/std/src/panicking.rs:401:40
[INFO] [stdout]   23:     0x55805440c64d - __rust_try
[INFO] [stdout]   24:     0x558054408faa - std::panicking::try::hed393a185b093a41
[INFO] [stdout]                                at /rustc/a178d0322ce20e33eac124758e837cbd80a6f633/library/std/src/panicking.rs:365:19
[INFO] [stdout]   25:     0x558054408bea - std::panic::catch_unwind::heeec46ecedd43adc
[INFO] [stdout]                                at /rustc/a178d0322ce20e33eac124758e837cbd80a6f633/library/std/src/panic.rs:434:14
[INFO] [stdout]   26:     0x558054416499 - <futures_util::future::future::catch_unwind::CatchUnwind<Fut> as core::future::future::Future>::poll::he037bdb6aad76145
[INFO] [stdout]                                at /opt/rustwide/cargo-home/registry/src/github.com-1ecc6299db9ec823/futures-util-0.3.16/src/future/future/catch_unwind.rs:36:9
[INFO] [stdout]   27:     0x5580543e400b - derive_integration_tests::utilities::run_test::{{closure}}::h233cb3df045d7838
[INFO] [stdout]                                at /opt/rustwide/workdir/influxdb/tests/./utilities.rs:56:23
[INFO] [stdout]   28:     0x5580543fe9eb - <core::future::from_generator::GenFuture<T> as core::future::future::Future>::poll::h216fbef14d66b1df
[INFO] [stdout]                                at /rustc/a178d0322ce20e33eac124758e837cbd80a6f633/library/core/src/future/mod.rs:80:19
[INFO] [stdout]   29:     0x5580543f7fff - derive_integration_tests::test_derive_simple_write::{{closure}}::h039650615bf5ce65
[INFO] [stdout]                                at /opt/rustwide/workdir/influxdb/tests/derive_integration_tests.rs:59:5
[INFO] [stdout]   30:     0x5580543feb0b - <core::future::from_generator::GenFuture<T> as core::future::future::Future>::poll::h30b9e1d48ebfea8f
[INFO] [stdout]                                at /rustc/a178d0322ce20e33eac124758e837cbd80a6f633/library/core/src/future/mod.rs:80:19
[INFO] [stdout]   31:     0x5580543f9399 - <async_std::task::builder::SupportTaskLocals<F> as core::future::future::Future>::poll::{{closure}}::hb3543b49724f314f
[INFO] [stdout]                                at /opt/rustwide/cargo-home/registry/src/github.com-1ecc6299db9ec823/async-std-1.9.0/src/task/builder.rs:199:17
[INFO] [stdout]   32:     0x5580543eabc6 - async_std::task::task_locals_wrapper::TaskLocalsWrapper::set_current::{{closure}}::h50e784f42c993ed5
[INFO] [stdout]                                at /opt/rustwide/cargo-home/registry/src/github.com-1ecc6299db9ec823/async-std-1.9.0/src/task/task_locals_wrapper.rs:60:13
[INFO] [stdout]   33:     0x558054414fc1 - std::thread::local::LocalKey<T>::try_with::h80ff75ff11d4b7c6
[INFO] [stdout]                                at /rustc/a178d0322ce20e33eac124758e837cbd80a6f633/library/std/src/thread/local.rs:400:16
[INFO] [stdout]   34:     0x558054413e8d - std::thread::local::LocalKey<T>::with::h5b33afcc29687b16
[INFO] [stdout]                                at /rustc/a178d0322ce20e33eac124758e837cbd80a6f633/library/std/src/thread/local.rs:376:9
[INFO] [stdout]   35:     0x5580543ea898 - async_std::task::task_locals_wrapper::TaskLocalsWrapper::set_current::hd8cd9778f83584cf
[INFO] [stdout]                                at /opt/rustwide/cargo-home/registry/src/github.com-1ecc6299db9ec823/async-std-1.9.0/src/task/task_locals_wrapper.rs:55:9
[INFO] [stdout]   36:     0x5580543f92e5 - <async_std::task::builder::SupportTaskLocals<F> as core::future::future::Future>::poll::h5b44d16c23413801
[INFO] [stdout]                                at /opt/rustwide/cargo-home/registry/src/github.com-1ecc6299db9ec823/async-std-1.9.0/src/task/builder.rs:197:13
[INFO] [stdout]   37:     0x5580543fb65b - <futures_lite::future::Or<F1,F2> as core::future::future::Future>::poll::h2f8fc606c8a349e3
[INFO] [stdout]                                at /opt/rustwide/cargo-home/registry/src/github.com-1ecc6299db9ec823/futures-lite-1.12.0/src/future.rs:526:33
[INFO] [stdout]   38:     0x5580543dd62a - async_executor::Executor::run::{{closure}}::h9877608cddc2afaa
[INFO] [stdout]                                at /opt/rustwide/cargo-home/registry/src/github.com-1ecc6299db9ec823/async-executor-1.4.1/src/lib.rs:242:9
[INFO] [stdout]   39:     0x5580543fea7b - <core::future::from_generator::GenFuture<T> as core::future::future::Future>::poll::h2e66db412eacac0c
[INFO] [stdout]                                at /rustc/a178d0322ce20e33eac124758e837cbd80a6f633/library/core/src/future/mod.rs:80:19
[INFO] [stdout]   40:     0x5580543dccf6 - async_executor::LocalExecutor::run::{{closure}}::h96434cd18d5615fb
[INFO] [stdout]                                at /opt/rustwide/cargo-home/registry/src/github.com-1ecc6299db9ec823/async-executor-1.4.1/src/lib.rs:447:9
[INFO] [stdout]   41:     0x5580543ff3fb - <core::future::from_generator::GenFuture<T> as core::future::future::Future>::poll::he05b05d7a8580b95
[INFO] [stdout]                                at /rustc/a178d0322ce20e33eac124758e837cbd80a6f633/library/core/src/future/mod.rs:80:19
[INFO] [stdout]   42:     0x5580543ed70d - async_io::driver::block_on::he41a3d61249af618
[INFO] [stdout]                                at /opt/rustwide/cargo-home/registry/src/github.com-1ecc6299db9ec823/async-io-1.6.0/src/driver.rs:142:33
[INFO] [stdout]   43:     0x55805441133f - async_global_executor::reactor::block_on::{{closure}}::h77a389e19763fec8
[INFO] [stdout]                                at /opt/rustwide/cargo-home/registry/src/github.com-1ecc6299db9ec823/async-global-executor-2.0.2/src/reactor.rs:3:18
[INFO] [stdout]   44:     0x5580543e7c83 - tokio::runtime::context::enter::hf4923abf4cf42877
[INFO] [stdout]                                at /opt/rustwide/cargo-home/registry/src/github.com-1ecc6299db9ec823/tokio-0.2.25/src/runtime/context.rs:72:5
[INFO] [stdout]   45:     0x5580543fb1ca - tokio::runtime::handle::Handle::enter::h8e8a2cb29cfc9f9b
[INFO] [stdout]                                at /opt/rustwide/cargo-home/registry/src/github.com-1ecc6299db9ec823/tokio-0.2.25/src/runtime/handle.rs:76:9
[INFO] [stdout]   46:     0x5580543dde78 - async_global_executor::tokio02::enter::h3b49b7eb9ed30b6a
[INFO] [stdout]                                at /opt/rustwide/cargo-home/registry/src/github.com-1ecc6299db9ec823/async-global-executor-2.0.2/src/tokio02.rs:5:5
[INFO] [stdout]   47:     0x55805441130f - async_global_executor::reactor::block_on::{{closure}}::h746a95948358b007
[INFO] [stdout]                                at /opt/rustwide/cargo-home/registry/src/github.com-1ecc6299db9ec823/async-global-executor-2.0.2/src/reactor.rs:9:18
[INFO] [stdout]   48:     0x5580544112a9 - async_global_executor::reactor::block_on::h88a6af99b1ae1727
[INFO] [stdout]                                at /opt/rustwide/cargo-home/registry/src/github.com-1ecc6299db9ec823/async-global-executor-2.0.2/src/reactor.rs:12:5
[INFO] [stdout]   49:     0x558054408a83 - async_global_executor::executor::block_on::{{closure}}::h4ea7a42b319efee6
[INFO] [stdout]                                at /opt/rustwide/cargo-home/registry/src/github.com-1ecc6299db9ec823/async-global-executor-2.0.2/src/executor.rs:26:36
[INFO] [stdout]   50:     0x55805441434a - std::thread::local::LocalKey<T>::try_with::h118a4d229f15adfc
[INFO] [stdout]                                at /rustc/a178d0322ce20e33eac124758e837cbd80a6f633/library/std/src/thread/local.rs:400:16
[INFO] [stdout]   51:     0x558054413c82 - std::thread::local::LocalKey<T>::with::h45837d2da4af512f
[INFO] [stdout]                                at /rustc/a178d0322ce20e33eac124758e837cbd80a6f633/library/std/src/thread/local.rs:376:9
[INFO] [stdout]   52:     0x558054408996 - async_global_executor::executor::block_on::h1b538548f5f756be
[INFO] [stdout]                                at /opt/rustwide/cargo-home/registry/src/github.com-1ecc6299db9ec823/async-global-executor-2.0.2/src/executor.rs:26:5
[INFO] [stdout]   53:     0x5580543fc6b0 - async_std::task::builder::Builder::blocking::{{closure}}::{{closure}}::had7ccb2e9571a24c
[INFO] [stdout]                                at /opt/rustwide/cargo-home/registry/src/github.com-1ecc6299db9ec823/async-std-1.9.0/src/task/builder.rs:171:25
[INFO] [stdout]   54:     0x5580543ea969 - async_std::task::task_locals_wrapper::TaskLocalsWrapper::set_current::{{closure}}::h04a7fede679c4ee9
[INFO] [stdout]                                at /opt/rustwide/cargo-home/registry/src/github.com-1ecc6299db9ec823/async-std-1.9.0/src/task/task_locals_wrapper.rs:60:13
[INFO] [stdout]   55:     0x5580544156da - std::thread::local::LocalKey<T>::try_with::hb64923a8eb3f6566
[INFO] [stdout]                                at /rustc/a178d0322ce20e33eac124758e837cbd80a6f633/library/std/src/thread/local.rs:400:16
[INFO] [stdout]   56:     0x5580544140c0 - std::thread::local::LocalKey<T>::with::hd8f352581b445042
[INFO] [stdout]                                at /rustc/a178d0322ce20e33eac124758e837cbd80a6f633/library/std/src/thread/local.rs:376:9
[INFO] [stdout]   57:     0x5580543ea857 - async_std::task::task_locals_wrapper::TaskLocalsWrapper::set_current::h8946dd78d4fddebc
[INFO] [stdout]                                at /opt/rustwide/cargo-home/registry/src/github.com-1ecc6299db9ec823/async-std-1.9.0/src/task/task_locals_wrapper.rs:55:9
[INFO] [stdout]   58:     0x5580543fc602 - async_std::task::builder::Builder::blocking::{{closure}}::h976e6c751d7b100f
[INFO] [stdout]                                at /opt/rustwide/cargo-home/registry/src/github.com-1ecc6299db9ec823/async-std-1.9.0/src/task/builder.rs:168:17
[INFO] [stdout]   59:     0x5580544149e2 - std::thread::local::LocalKey<T>::try_with::h30c91146a5d27434
[INFO] [stdout]                                at /rustc/a178d0322ce20e33eac124758e837cbd80a6f633/library/std/src/thread/local.rs:400:16
[INFO] [stdout]   60:     0x558054413de2 - std::thread::local::LocalKey<T>::with::h54c46f8cddc59747
[INFO] [stdout]                                at /rustc/a178d0322ce20e33eac124758e837cbd80a6f633/library/std/src/thread/local.rs:376:9
[INFO] [stdout]   61:     0x5580543fc32b - async_std::task::builder::Builder::blocking::h955bd42e3be11195
[INFO] [stdout]                                at /opt/rustwide/cargo-home/registry/src/github.com-1ecc6299db9ec823/async-std-1.9.0/src/task/builder.rs:161:9
[INFO] [stdout]   62:     0x5580543fc95c - async_std::task::block_on::block_on::h5c793251172478d1
[INFO] [stdout]                                at /opt/rustwide/cargo-home/registry/src/github.com-1ecc6299db9ec823/async-std-1.9.0/src/task/block_on.rs:33:5
[INFO] [stdout]   63:     0x5580543f752b - derive_integration_tests::test_derive_simple_write::h4891936074d6bc4b
[INFO] [stdout]                                at /opt/rustwide/workdir/influxdb/tests/derive_integration_tests.rs:54:1
[INFO] [stdout]   64:     0x5580543f74ea - derive_integration_tests::test_derive_simple_write::{{closure}}::hcebfc882e4dac785
[INFO] [stdout]                                at /opt/rustwide/workdir/influxdb/tests/derive_integration_tests.rs:54:1
[INFO] [stdout]   65:     0x5580543ffcde - core::ops::function::FnOnce::call_once::h8f24cc5d7cbcfdad
[INFO] [stdout]                                at /rustc/a178d0322ce20e33eac124758e837cbd80a6f633/library/core/src/ops/function.rs:227:5
[INFO] [stdout]   66:     0x5580544410b3 - core::ops::function::FnOnce::call_once::h152e7e439ff59e19
[INFO] [stdout]                                at /rustc/a178d0322ce20e33eac124758e837cbd80a6f633/library/core/src/ops/function.rs:227:5
[INFO] [stdout]   67:     0x5580544410b3 - test::__rust_begin_short_backtrace::h0908f3b1fdbb72ab
[INFO] [stdout]                                at /rustc/a178d0322ce20e33eac124758e837cbd80a6f633/library/test/src/lib.rs:577:5
[INFO] [stdout]   68:     0x55805443fb70 - <alloc::boxed::Box<F,A> as core::ops::function::FnOnce<Args>>::call_once::hf6d2a51e5587546c
[INFO] [stdout]                                at /rustc/a178d0322ce20e33eac124758e837cbd80a6f633/library/alloc/src/boxed.rs:1575:9
[INFO] [stdout]   69:     0x55805443fb70 - <std::panic::AssertUnwindSafe<F> as core::ops::function::FnOnce<()>>::call_once::h8af660f3a89ef593
[INFO] [stdout]                                at /rustc/a178d0322ce20e33eac124758e837cbd80a6f633/library/std/src/panic.rs:347:9
[INFO] [stdout]   70:     0x55805443fb70 - std::panicking::try::do_call::hd36aef60f84b6d36
[INFO] [stdout]                                at /rustc/a178d0322ce20e33eac124758e837cbd80a6f633/library/std/src/panicking.rs:401:40
[INFO] [stdout]   71:     0x55805443fb70 - std::panicking::try::h9932b4480e69817c
[INFO] [stdout]                                at /rustc/a178d0322ce20e33eac124758e837cbd80a6f633/library/std/src/panicking.rs:365:19
[INFO] [stdout]   72:     0x55805443fb70 - std::panic::catch_unwind::h6aa177099cfff5f8
[INFO] [stdout]                                at /rustc/a178d0322ce20e33eac124758e837cbd80a6f633/library/std/src/panic.rs:434:14
[INFO] [stdout]   73:     0x55805443fb70 - test::run_test_in_process::h5884d6f2d99e20c3
[INFO] [stdout]                                at /rustc/a178d0322ce20e33eac124758e837cbd80a6f633/library/test/src/lib.rs:600:18
[INFO] [stdout]   74:     0x55805443fb70 - test::run_test::run_test_inner::{{closure}}::h6fdc58c6d5f5b6e3
[INFO] [stdout]                                at /rustc/a178d0322ce20e33eac124758e837cbd80a6f633/library/test/src/lib.rs:492:39
[INFO] [stdout]   75:     0x558054419222 - test::run_test::run_test_inner::{{closure}}::h408365d67a78ade8
[INFO] [stdout]                                at /rustc/a178d0322ce20e33eac124758e837cbd80a6f633/library/test/src/lib.rs:519:37
[INFO] [stdout]   76:     0x558054419222 - std::sys_common::backtrace::__rust_begin_short_backtrace::hb560b77c4f701523
[INFO] [stdout]                                at /rustc/a178d0322ce20e33eac124758e837cbd80a6f633/library/std/src/sys_common/backtrace.rs:125:18
[INFO] [stdout]   77:     0x55805441cdd8 - std::thread::Builder::spawn_unchecked::{{closure}}::{{closure}}::hf2e7831dad93c597
[INFO] [stdout]                                at /rustc/a178d0322ce20e33eac124758e837cbd80a6f633/library/std/src/thread/mod.rs:481:17
[INFO] [stdout]   78:     0x55805441cdd8 - <std::panic::AssertUnwindSafe<F> as core::ops::function::FnOnce<()>>::call_once::hd2e08783d8be4d02
[INFO] [stdout]                                at /rustc/a178d0322ce20e33eac124758e837cbd80a6f633/library/std/src/panic.rs:347:9
[INFO] [stdout]   79:     0x55805441cdd8 - std::panicking::try::do_call::h062597b7acfd6b82
[INFO] [stdout]                                at /rustc/a178d0322ce20e33eac124758e837cbd80a6f633/library/std/src/panicking.rs:401:40
[INFO] [stdout]   80:     0x55805441cdd8 - std::panicking::try::h0d7b79db04c14552
[INFO] [stdout]                                at /rustc/a178d0322ce20e33eac124758e837cbd80a6f633/library/std/src/panicking.rs:365:19
[INFO] [stdout]   81:     0x55805441cdd8 - std::panic::catch_unwind::hb01a0b5e7c8cd43b
[INFO] [stdout]                                at /rustc/a178d0322ce20e33eac124758e837cbd80a6f633/library/std/src/panic.rs:434:14
[INFO] [stdout]   82:     0x55805441cdd8 - std::thread::Builder::spawn_unchecked::{{closure}}::h5bde48cc887e0d1e
[INFO] [stdout]                                at /rustc/a178d0322ce20e33eac124758e837cbd80a6f633/library/std/src/thread/mod.rs:480:30
[INFO] [stdout]   83:     0x55805441cdd8 - core::ops::function::FnOnce::call_once{{vtable.shim}}::h745ea30807a29e55
[INFO] [stdout]                                at /rustc/a178d0322ce20e33eac124758e837cbd80a6f633/library/core/src/ops/function.rs:227:5
[INFO] [stdout]   84:     0x558054bc2f07 - <alloc::boxed::Box<F,A> as core::ops::function::FnOnce<Args>>::call_once::h7ece6cfefaff1005
[INFO] [stdout]                                at /rustc/a178d0322ce20e33eac124758e837cbd80a6f633/library/alloc/src/boxed.rs:1575:9
[INFO] [stdout]   85:     0x558054bc2f07 - <alloc::boxed::Box<F,A> as core::ops::function::FnOnce<Args>>::call_once::hb8b48e55c21f193e
[INFO] [stdout]                                at /rustc/a178d0322ce20e33eac124758e837cbd80a6f633/library/alloc/src/boxed.rs:1575:9
[INFO] [stdout]   86:     0x558054bc2f07 - std::sys::unix::thread::Thread::new::thread_start::h8c7c4450dba62914
[INFO] [stdout]                                at /rustc/a178d0322ce20e33eac124758e837cbd80a6f633/library/std/src/sys/unix/thread.rs:71:17
[INFO] [stdout]   87:     0x7f767d73f609 - start_thread
[INFO] [stdout]   88:     0x7f767d50f293 - clone
[INFO] [stdout]   89:                0x0 - <unknown>
[INFO] [stdout] thread 'test_derive_simple_write' panicked at 'could not clean up db: ConnectionError { error: "error trying to connect: tcp connect error: Connection refused (os error 111)" }', influxdb/tests/derive_integration_tests.rs:74:40
[INFO] [stdout] stack backtrace:
[INFO] [stdout]    0:     0x558054bbb2a0 - std::backtrace_rs::backtrace::libunwind::trace::h34055254b57d8e79
[INFO] [stdout]                                at /rustc/a178d0322ce20e33eac124758e837cbd80a6f633/library/std/src/../../backtrace/src/backtrace/libunwind.rs:90:5
[INFO] [stdout]    1:     0x558054bbb2a0 - std::backtrace_rs::backtrace::trace_unsynchronized::h8f1e3fbd9afff6ec
[INFO] [stdout]                                at /rustc/a178d0322ce20e33eac124758e837cbd80a6f633/library/std/src/../../backtrace/src/backtrace/mod.rs:66:5
[INFO] [stdout]    2:     0x558054bbb2a0 - std::sys_common::backtrace::_print_fmt::h3a99a796b770c360
[INFO] [stdout]                                at /rustc/a178d0322ce20e33eac124758e837cbd80a6f633/library/std/src/sys_common/backtrace.rs:67:5
[INFO] [stdout]    3:     0x558054bbb2a0 - <std::sys_common::backtrace::_print::DisplayBacktrace as core::fmt::Display>::fmt::h32d1f94a80615d18
[INFO] [stdout]                                at /rustc/a178d0322ce20e33eac124758e837cbd80a6f633/library/std/src/sys_common/backtrace.rs:46:22
[INFO] [stdout]    4:     0x558054bdf4cc - core::fmt::write::h306731c068f7162c
[INFO] [stdout]                                at /rustc/a178d0322ce20e33eac124758e837cbd80a6f633/library/core/src/fmt/mod.rs:1110:17
[INFO] [stdout]    5:     0x558054bb4d15 - std::io::Write::write_fmt::h87f19b0a2cd190bc
[INFO] [stdout]                                at /rustc/a178d0322ce20e33eac124758e837cbd80a6f633/library/std/src/io/mod.rs:1588:15
[INFO] [stdout]    6:     0x558054bbd4cb - std::sys_common::backtrace::_print::h5abaa2601a852287
[INFO] [stdout]                                at /rustc/a178d0322ce20e33eac124758e837cbd80a6f633/library/std/src/sys_common/backtrace.rs:49:5
[INFO] [stdout]    7:     0x558054bbd4cb - std::sys_common::backtrace::print::h8d81445442bb638f
[INFO] [stdout]                                at /rustc/a178d0322ce20e33eac124758e837cbd80a6f633/library/std/src/sys_common/backtrace.rs:36:9
[INFO] [stdout]    8:     0x558054bbd4cb - std::panicking::default_hook::{{closure}}::hcfe804496a9fa747
[INFO] [stdout]                                at /rustc/a178d0322ce20e33eac124758e837cbd80a6f633/library/std/src/panicking.rs:208:50
[INFO] [stdout]    9:     0x558054bbcfdc - std::panicking::default_hook::hbea8e3ccf2ba8901
[INFO] [stdout]                                at /rustc/a178d0322ce20e33eac124758e837cbd80a6f633/library/std/src/panicking.rs:222:9
[INFO] [stdout]   10:     0x558054bbdb94 - std::panicking::rust_panic_with_hook::h7ee9e1a2d0f8975a
[INFO] [stdout]                                at /rustc/a178d0322ce20e33eac124758e837cbd80a6f633/library/std/src/panicking.rs:622:17
[INFO] [stdout]   11:     0x558054bbd677 - std::panicking::begin_panic_handler::{{closure}}::h8ab3b4491718b2c7
[INFO] [stdout]                                at /rustc/a178d0322ce20e33eac124758e837cbd80a6f633/library/std/src/panicking.rs:519:13
[INFO] [stdout]   12:     0x558054bbb79c - std::sys_common::backtrace::__rust_end_short_backtrace::hd489062ffa586a9f
[INFO] [stdout]                                at /rustc/a178d0322ce20e33eac124758e837cbd80a6f633/library/std/src/sys_common/backtrace.rs:141:18
[INFO] [stdout]   13:     0x558054bbd5d9 - rust_begin_unwind
[INFO] [stdout]                                at /rustc/a178d0322ce20e33eac124758e837cbd80a6f633/library/std/src/panicking.rs:515:5
[INFO] [stdout]   14:     0x5580543ced01 - core::panicking::panic_fmt::hca6330e3e14086b4
[INFO] [stdout]                                at /rustc/a178d0322ce20e33eac124758e837cbd80a6f633/library/core/src/panicking.rs:92:14
[INFO] [stdout]   15:     0x5580543cedf3 - core::result::unwrap_failed::h6160d2b4bfbb0e87
[INFO] [stdout]                                at /rustc/a178d0322ce20e33eac124758e837cbd80a6f633/library/core/src/result.rs:1355:5
[INFO] [stdout]   16:     0x558054404ecf - core::result::Result<T,E>::expect::h1d1574c6ab8a9192
[INFO] [stdout]                                at /rustc/a178d0322ce20e33eac124758e837cbd80a6f633/library/core/src/result.rs:997:23
[INFO] [stdout]   17:     0x5580543f7e26 - derive_integration_tests::test_derive_simple_write::{{closure}}::{{closure}}::{{closure}}::ha33a4d6930ffc8b7
[INFO] [stdout]                                at /opt/rustwide/workdir/influxdb/tests/derive_integration_tests.rs:74:13
[INFO] [stdout]   18:     0x5580543ff61b - <core::future::from_generator::GenFuture<T> as core::future::future::Future>::poll::hefee6ee5501c0ffe
[INFO] [stdout]                                at /rustc/a178d0322ce20e33eac124758e837cbd80a6f633/library/core/src/future/mod.rs:80:19
[INFO] [stdout]   19:     0x55805440b3b1 - <std::panic::AssertUnwindSafe<F> as core::future::future::Future>::poll::h366dbcabe0cd8400
[INFO] [stdout]                                at /rustc/a178d0322ce20e33eac124758e837cbd80a6f633/library/std/src/panic.rs:364:9
[INFO] [stdout]   20:     0x5580544165b6 - <futures_util::future::future::catch_unwind::CatchUnwind<Fut> as core::future::future::Future>::poll::{{closure}}::hfd109dcefe402e8c
[INFO] [stdout]                                at /opt/rustwide/cargo-home/registry/src/github.com-1ecc6299db9ec823/futures-util-0.3.16/src/future/future/catch_unwind.rs:36:42
[INFO] [stdout]   21:     0x558054408063 - <std::panic::AssertUnwindSafe<F> as core::ops::function::FnOnce<()>>::call_once::h69cdf26351f01572
[INFO] [stdout]                                at /rustc/a178d0322ce20e33eac124758e837cbd80a6f633/library/std/src/panic.rs:347:9
[INFO] [stdout]   22:     0x558054409180 - std::panicking::try::do_call::h586040506e76abe4
[INFO] [stdout]                                at /rustc/a178d0322ce20e33eac124758e837cbd80a6f633/library/std/src/panicking.rs:401:40
[INFO] [stdout]   23:     0x55805440c64d - __rust_try
[INFO] [stdout]   24:     0x558054408d8a - std::panicking::try::h5e2d0a4c69716aba
[INFO] [stdout]                                at /rustc/a178d0322ce20e33eac124758e837cbd80a6f633/library/std/src/panicking.rs:365:19
[INFO] [stdout]   25:     0x558054408b5a - std::panic::catch_unwind::h29ed0a1899f2c580
[INFO] [stdout]                                at /rustc/a178d0322ce20e33eac124758e837cbd80a6f633/library/std/src/panic.rs:434:14
[INFO] [stdout]   26:     0x5580544163a9 - <futures_util::future::future::catch_unwind::CatchUnwind<Fut> as core::future::future::Future>::poll::hb9c3e560925332dc
[INFO] [stdout]                                at /opt/rustwide/cargo-home/registry/src/github.com-1ecc6299db9ec823/futures-util-0.3.16/src/future/future/catch_unwind.rs:36:9
[INFO] [stdout]   27:     0x5580543e4167 - derive_integration_tests::utilities::run_test::{{closure}}::h233cb3df045d7838
[INFO] [stdout]                                at /opt/rustwide/workdir/influxdb/tests/./utilities.rs:57:5
[INFO] [stdout]   28:     0x5580543fe9eb - <core::future::from_generator::GenFuture<T> as core::future::future::Future>::poll::h216fbef14d66b1df
[INFO] [stdout]                                at /rustc/a178d0322ce20e33eac124758e837cbd80a6f633/library/core/src/future/mod.rs:80:19
[INFO] [stdout]   29:     0x5580543f7fff - derive_integration_tests::test_derive_simple_write::{{closure}}::h039650615bf5ce65
[INFO] [stdout]                                at /opt/rustwide/workdir/influxdb/tests/derive_integration_tests.rs:59:5
[INFO] [stdout]   30:     0x5580543feb0b - <core::future::from_generator::GenFuture<T> as core::future::future::Future>::poll::h30b9e1d48ebfea8f
[INFO] [stdout]                                at /rustc/a178d0322ce20e33eac124758e837cbd80a6f633/library/core/src/future/mod.rs:80:19
[INFO] [stdout]   31:     0x5580543f9399 - <async_std::task::builder::SupportTaskLocals<F> as core::future::future::Future>::poll::{{closure}}::hb3543b49724f314f
[INFO] [stdout]                                at /opt/rustwide/cargo-home/registry/src/github.com-1ecc6299db9ec823/async-std-1.9.0/src/task/builder.rs:199:17
[INFO] [stdout]   32:     0x5580543eabc6 - async_std::task::task_locals_wrapper::TaskLocalsWrapper::set_current::{{closure}}::h50e784f42c993ed5
[INFO] [stdout]                                at /opt/rustwide/cargo-home/registry/src/github.com-1ecc6299db9ec823/async-std-1.9.0/src/task/task_locals_wrapper.rs:60:13
[INFO] [stdout]   33:     0x558054414fc1 - std::thread::local::LocalKey<T>::try_with::h80ff75ff11d4b7c6
[INFO] [stdout]                                at /rustc/a178d0322ce20e33eac124758e837cbd80a6f633/library/std/src/thread/local.rs:400:16
[INFO] [stdout]   34:     0x558054413e8d - std::thread::local::LocalKey<T>::with::h5b33afcc29687b16
[INFO] [stdout]                                at /rustc/a178d0322ce20e33eac124758e837cbd80a6f633/library/std/src/thread/local.rs:376:9
[INFO] [stdout]   35:     0x5580543ea898 - async_std::task::task_locals_wrapper::TaskLocalsWrapper::set_current::hd8cd9778f83584cf
[INFO] [stdout]                                at /opt/rustwide/cargo-home/registry/src/github.com-1ecc6299db9ec823/async-std-1.9.0/src/task/task_locals_wrapper.rs:55:9
[INFO] [stdout]   36:     0x5580543f92e5 - <async_std::task::builder::SupportTaskLocals<F> as core::future::future::Future>::poll::h5b44d16c23413801
[INFO] [stdout]                                at /opt/rustwide/cargo-home/registry/src/github.com-1ecc6299db9ec823/async-std-1.9.0/src/task/builder.rs:197:13
[INFO] [stdout]   37:     0x5580543fb65b - <futures_lite::future::Or<F1,F2> as core::future::future::Future>::poll::h2f8fc606c8a349e3
[INFO] [stdout]                                at /opt/rustwide/cargo-home/registry/src/github.com-1ecc6299db9ec823/futures-lite-1.12.0/src/future.rs:526:33
[INFO] [stdout]   38:     0x5580543dd62a - async_executor::Executor::run::{{closure}}::h9877608cddc2afaa
[INFO] [stdout]                                at /opt/rustwide/cargo-home/registry/src/github.com-1ecc6299db9ec823/async-executor-1.4.1/src/lib.rs:242:9
[INFO] [stdout]   39:     0x5580543fea7b - <core::future::from_generator::GenFuture<T> as core::future::future::Future>::poll::h2e66db412eacac0c
[INFO] [stdout]                                at /rustc/a178d0322ce20e33eac124758e837cbd80a6f633/library/core/src/future/mod.rs:80:19
[INFO] [stdout]   40:     0x5580543dccf6 - async_executor::LocalExecutor::run::{{closure}}::h96434cd18d5615fb
[INFO] [stdout]                                at /opt/rustwide/cargo-home/registry/src/github.com-1ecc6299db9ec823/async-executor-1.4.1/src/lib.rs:447:9
[INFO] [stdout]   41:     0x5580543ff3fb - <core::future::from_generator::GenFuture<T> as core::future::future::Future>::poll::he05b05d7a8580b95
[INFO] [stdout]                                at /rustc/a178d0322ce20e33eac124758e837cbd80a6f633/library/core/src/future/mod.rs:80:19
[INFO] [stdout]   42:     0x5580543ed70d - async_io::driver::block_on::he41a3d61249af618
[INFO] [stdout]                                at /opt/rustwide/cargo-home/registry/src/github.com-1ecc6299db9ec823/async-io-1.6.0/src/driver.rs:142:33
[INFO] [stdout]   43:     0x55805441133f - async_global_executor::reactor::block_on::{{closure}}::h77a389e19763fec8
[INFO] [stdout]                                at /opt/rustwide/cargo-home/registry/src/github.com-1ecc6299db9ec823/async-global-executor-2.0.2/src/reactor.rs:3:18
[INFO] [stdout]   44:     0x5580543e7c83 - tokio::runtime::context::enter::hf4923abf4cf42877
[INFO] [stdout]                                at /opt/rustwide/cargo-home/registry/src/github.com-1ecc6299db9ec823/tokio-0.2.25/src/runtime/context.rs:72:5
[INFO] [stdout]   45:     0x5580543fb1ca - tokio::runtime::handle::Handle::enter::h8e8a2cb29cfc9f9b
[INFO] [stdout]                                at /opt/rustwide/cargo-home/registry/src/github.com-1ecc6299db9ec823/tokio-0.2.25/src/runtime/handle.rs:76:9
[INFO] [stdout]   46:     0x5580543dde78 - async_global_executor::tokio02::enter::h3b49b7eb9ed30b6a
[INFO] [stdout]                                at /opt/rustwide/cargo-home/registry/src/github.com-1ecc6299db9ec823/async-global-executor-2.0.2/src/tokio02.rs:5:5
[INFO] [stdout]   47:     0x55805441130f - async_global_executor::reactor::block_on::{{closure}}::h746a95948358b007
[INFO] [stdout]                                at /opt/rustwide/cargo-home/registry/src/github.com-1ecc6299db9ec823/async-global-executor-2.0.2/src/reactor.rs:9:18
[INFO] [stdout]   48:     0x5580544112a9 - async_global_executor::reactor::block_on::h88a6af99b1ae1727
[INFO] [stdout]                                at /opt/rustwide/cargo-home/registry/src/github.com-1ecc6299db9ec823/async-global-executor-2.0.2/src/reactor.rs:12:5
[INFO] [stdout]   49:     0x558054408a83 - async_global_executor::executor::block_on::{{closure}}::h4ea7a42b319efee6
[INFO] [stdout]                                at /opt/rustwide/cargo-home/registry/src/github.com-1ecc6299db9ec823/async-global-executor-2.0.2/src/executor.rs:26:36
[INFO] [stdout]   50:     0x55805441434a - std::thread::local::LocalKey<T>::try_with::h118a4d229f15adfc
[INFO] [stdout]                                at /rustc/a178d0322ce20e33eac124758e837cbd80a6f633/library/std/src/thread/local.rs:400:16
[INFO] [stdout]   51:     0x558054413c82 - std::thread::local::LocalKey<T>::with::h45837d2da4af512f
[INFO] [stdout]                                at /rustc/a178d0322ce20e33eac124758e837cbd80a6f633/library/std/src/thread/local.rs:376:9
[INFO] [stdout]   52:     0x558054408996 - async_global_executor::executor::block_on::h1b538548f5f756be
[INFO] [stdout]                                at /opt/rustwide/cargo-home/registry/src/github.com-1ecc6299db9ec823/async-global-executor-2.0.2/src/executor.rs:26:5
[INFO] [stdout]   53:     0x5580543fc6b0 - async_std::task::builder::Builder::blocking::{{closure}}::{{closure}}::had7ccb2e9571a24c
[INFO] [stdout]                                at /opt/rustwide/cargo-home/registry/src/github.com-1ecc6299db9ec823/async-std-1.9.0/src/task/builder.rs:171:25
[INFO] [stdout]   54:     0x5580543ea969 - async_std::task::task_locals_wrapper::TaskLocalsWrapper::set_current::{{closure}}::h04a7fede679c4ee9
[INFO] [stdout]                                at /opt/rustwide/cargo-home/registry/src/github.com-1ecc6299db9ec823/async-std-1.9.0/src/task/task_locals_wrapper.rs:60:13
[INFO] [stdout]   55:     0x5580544156da - std::thread::local::LocalKey<T>::try_with::hb64923a8eb3f6566
[INFO] [stdout]                                at /rustc/a178d0322ce20e33eac124758e837cbd80a6f633/library/std/src/thread/local.rs:400:16
[INFO] [stdout]   56:     0x5580544140c0 - std::thread::local::LocalKey<T>::with::hd8f352581b445042
[INFO] [stdout]                                at /rustc/a178d0322ce20e33eac124758e837cbd80a6f633/library/std/src/thread/local.rs:376:9
[INFO] [stdout]   57:     0x5580543ea857 - async_std::task::task_locals_wrapper::TaskLocalsWrapper::set_current::h8946dd78d4fddebc
[INFO] [stdout]                                at /opt/rustwide/cargo-home/registry/src/github.com-1ecc6299db9ec823/async-std-1.9.0/src/task/task_locals_wrapper.rs:55:9
[INFO] [stdout]   58:     0x5580543fc602 - async_std::task::builder::Builder::blocking::{{closure}}::h976e6c751d7b100f
[INFO] [stdout]                                at /opt/rustwide/cargo-home/registry/src/github.com-1ecc6299db9ec823/async-std-1.9.0/src/task/builder.rs:168:17
[INFO] [stdout]   59:     0x5580544149e2 - std::thread::local::LocalKey<T>::try_with::h30c91146a5d27434
[INFO] [stdout]                                at /rustc/a178d0322ce20e33eac124758e837cbd80a6f633/library/std/src/thread/local.rs:400:16
[INFO] [stdout]   60:     0x558054413de2 - std::thread::local::LocalKey<T>::with::h54c46f8cddc59747
[INFO] [stdout]                                at /rustc/a178d0322ce20e33eac124758e837cbd80a6f633/library/std/src/thread/local.rs:376:9
[INFO] [stdout]   61:     0x5580543fc32b - async_std::task::builder::Builder::blocking::h955bd42e3be11195
[INFO] [stdout]                                at /opt/rustwide/cargo-home/registry/src/github.com-1ecc6299db9ec823/async-std-1.9.0/src/task/builder.rs:161:9
[INFO] [stdout]   62:     0x5580543fc95c - async_std::task::block_on::block_on::h5c793251172478d1
[INFO] [stdout]                                at /opt/rustwide/cargo-home/registry/src/github.com-1ecc6299db9ec823/async-std-1.9.0/src/task/block_on.rs:33:5
[INFO] [stdout]   63:     0x5580543f752b - derive_integration_tests::test_derive_simple_write::h4891936074d6bc4b
[INFO] [stdout]                                at /opt/rustwide/workdir/influxdb/tests/derive_integration_tests.rs:54:1
[INFO] [stdout]   64:     0x5580543f74ea - derive_integration_tests::test_derive_simple_write::{{closure}}::hcebfc882e4dac785
[INFO] [stdout]                                at /opt/rustwide/workdir/influxdb/tests/derive_integration_tests.rs:54:1
[INFO] [stdout]   65:     0x5580543ffcde - core::ops::function::FnOnce::call_once::h8f24cc5d7cbcfdad
[INFO] [stdout]                                at /rustc/a178d0322ce20e33eac124758e837cbd80a6f633/library/core/src/ops/function.rs:227:5
[INFO] [stdout]   66:     0x5580544410b3 - core::ops::function::FnOnce::call_once::h152e7e439ff59e19
[INFO] [stdout]                                at /rustc/a178d0322ce20e33eac124758e837cbd80a6f633/library/core/src/ops/function.rs:227:5
[INFO] [stdout]   67:     0x5580544410b3 - test::__rust_begin_short_backtrace::h0908f3b1fdbb72ab
[INFO] [stdout]                                at /rustc/a178d0322ce20e33eac124758e837cbd80a6f633/library/test/src/lib.rs:577:5
[INFO] [stdout]   68:     0x55805443fb70 - <alloc::boxed::Box<F,A> as core::ops::function::FnOnce<Args>>::call_once::hf6d2a51e5587546c
[INFO] [stdout]                                at /rustc/a178d0322ce20e33eac124758e837cbd80a6f633/library/alloc/src/boxed.rs:1575:9
[INFO] [stdout]   69:     0x55805443fb70 - <std::panic::AssertUnwindSafe<F> as core::ops::function::FnOnce<()>>::call_once::h8af660f3a89ef593
[INFO] [stdout]                                at /rustc/a178d0322ce20e33eac124758e837cbd80a6f633/library/std/src/panic.rs:347:9
[INFO] [stdout]   70:     0x55805443fb70 - std::panicking::try::do_call::hd36aef60f84b6d36
[INFO] [stdout]                                at /rustc/a178d0322ce20e33eac124758e837cbd80a6f633/library/std/src/panicking.rs:401:40
[INFO] [stdout]   71:     0x55805443fb70 - std::panicking::try::h9932b4480e69817c
[INFO] [stdout]                                at /rustc/a178d0322ce20e33eac124758e837cbd80a6f633/library/std/src/panicking.rs:365:19
[INFO] [stdout]   72:     0x55805443fb70 - std::panic::catch_unwind::h6aa177099cfff5f8
[INFO] [stdout]                                at /rustc/a178d0322ce20e33eac124758e837cbd80a6f633/library/std/src/panic.rs:434:14
[INFO] [stdout]   73:     0x55805443fb70 - test::run_test_in_process::h5884d6f2d99e20c3
[INFO] [stdout]                                at /rustc/a178d0322ce20e33eac124758e837cbd80a6f633/library/test/src/lib.rs:600:18
[INFO] [stdout]   74:     0x55805443fb70 - test::run_test::run_test_inner::{{closure}}::h6fdc58c6d5f5b6e3
[INFO] [stdout]                                at /rustc/a178d0322ce20e33eac124758e837cbd80a6f633/library/test/src/lib.rs:492:39
[INFO] [stdout]   75:     0x558054419222 - test::run_test::run_test_inner::{{closure}}::h408365d67a78ade8
[INFO] [stdout]                                at /rustc/a178d0322ce20e33eac124758e837cbd80a6f633/library/test/src/lib.rs:519:37
[INFO] [stdout]   76:     0x558054419222 - std::sys_common::backtrace::__rust_begin_short_backtrace::hb560b77c4f701523
[INFO] [stdout]                                at /rustc/a178d0322ce20e33eac124758e837cbd80a6f633/library/std/src/sys_common/backtrace.rs:125:18
[INFO] [stdout]   77:     0x55805441cdd8 - std::thread::Builder::spawn_unchecked::{{closure}}::{{closure}}::hf2e7831dad93c597
[INFO] [stdout]                                at /rustc/a178d0322ce20e33eac124758e837cbd80a6f633/library/std/src/thread/mod.rs:481:17
[INFO] [stdout]   78:     0x55805441cdd8 - <std::panic::AssertUnwindSafe<F> as core::ops::function::FnOnce<()>>::call_once::hd2e08783d8be4d02
[INFO] [stdout]                                at /rustc/a178d0322ce20e33eac124758e837cbd80a6f633/library/std/src/panic.rs:347:9
[INFO] [stdout]   79:     0x55805441cdd8 - std::panicking::try::do_call::h062597b7acfd6b82
[INFO] [stdout]                                at /rustc/a178d0322ce20e33eac124758e837cbd80a6f633/library/std/src/panicking.rs:401:40
[INFO] [stdout]   80:     0x55805441cdd8 - std::panicking::try::h0d7b79db04c14552
[INFO] [stdout]                                at /rustc/a178d0322ce20e33eac124758e837cbd80a6f633/library/std/src/panicking.rs:365:19
[INFO] [stdout]   81:     0x55805441cdd8 - std::panic::catch_unwind::hb01a0b5e7c8cd43b
[INFO] [stdout]                                at /rustc/a178d0322ce20e33eac124758e837cbd80a6f633/library/std/src/panic.rs:434:14
[INFO] [stdout]   82:     0x55805441cdd8 - std::thread::Builder::spawn_unchecked::{{closure}}::h5bde48cc887e0d1e
[INFO] [stdout]                                at /rustc/a178d0322ce20e33eac124758e837cbd80a6f633/library/std/src/thread/mod.rs:480:30
[INFO] [stdout]   83:     0x55805441cdd8 - core::ops::function::FnOnce::call_once{{vtable.shim}}::h745ea30807a29e55
[INFO] [stdout]                                at /rustc/a178d0322ce20e33eac124758e837cbd80a6f633/library/core/src/ops/function.rs:227:5
[INFO] [stdout]   84:     0x558054bc2f07 - <alloc::boxed::Box<F,A> as core::ops::function::FnOnce<Args>>::call_once::h7ece6cfefaff1005
[INFO] [stdout]                                at /rustc/a178d0322ce20e33eac124758e837cbd80a6f633/library/alloc/src/boxed.rs:1575:9
[INFO] [stdout]   85:     0x558054bc2f07 - <alloc::boxed::Box<F,A> as core::ops::function::FnOnce<Args>>::call_once::hb8b48e55c21f193e
[INFO] [stdout]                                at /rustc/a178d0322ce20e33eac124758e837cbd80a6f633/library/alloc/src/boxed.rs:1575:9
[INFO] [stdout]   86:     0x558054bc2f07 - std::sys::unix::thread::Thread::new::thread_start::h8c7c4450dba62914
[INFO] [stdout]                                at /rustc/a178d0322ce20e33eac124758e837cbd80a6f633/library/std/src/sys/unix/thread.rs:71:17
[INFO] [stdout]   87:     0x7f767d73f609 - start_thread
[INFO] [stdout]   88:     0x7f767d50f293 - clone
[INFO] [stdout]   89:                0x0 - <unknown>
[INFO] [stdout] thread 'test_derive_simple_write' panicked at 'failed teardown: Any { .. }', influxdb/tests/./utilities.rs:60:10
[INFO] [stdout] stack backtrace:
[INFO] [stdout]    0:     0x558054bbb2a0 - std::backtrace_rs::backtrace::libunwind::trace::h34055254b57d8e79
[INFO] [stdout]                                at /rustc/a178d0322ce20e33eac124758e837cbd80a6f633/library/std/src/../../backtrace/src/backtrace/libunwind.rs:90:5
[INFO] [stdout]    1:     0x558054bbb2a0 - std::backtrace_rs::backtrace::trace_unsynchronized::h8f1e3fbd9afff6ec
[INFO] [stdout]                                at /rustc/a178d0322ce20e33eac124758e837cbd80a6f633/library/std/src/../../backtrace/src/backtrace/mod.rs:66:5
[INFO] [stdout]    2:     0x558054bbb2a0 - std::sys_common::backtrace::_print_fmt::h3a99a796b770c360
[INFO] [stdout]                                at /rustc/a178d0322ce20e33eac124758e837cbd80a6f633/library/std/src/sys_common/backtrace.rs:67:5
[INFO] [stdout]    3:     0x558054bbb2a0 - <std::sys_common::backtrace::_print::DisplayBacktrace as core::fmt::Display>::fmt::h32d1f94a80615d18
[INFO] [stdout]                                at /rustc/a178d0322ce20e33eac124758e837cbd80a6f633/library/std/src/sys_common/backtrace.rs:46:22
[INFO] [stdout]    4:     0x558054bdf4cc - core::fmt::write::h306731c068f7162c
[INFO] [stdout]                                at /rustc/a178d0322ce20e33eac124758e837cbd80a6f633/library/core/src/fmt/mod.rs:1110:17
[INFO] [stdout]    5:     0x558054bb4d15 - std::io::Write::write_fmt::h87f19b0a2cd190bc
[INFO] [stdout]                                at /rustc/a178d0322ce20e33eac124758e837cbd80a6f633/library/std/src/io/mod.rs:1588:15
[INFO] [stdout]    6:     0x558054bbd4cb - std::sys_common::backtrace::_print::h5abaa2601a852287
[INFO] [stdout]                                at /rustc/a178d0322ce20e33eac124758e837cbd80a6f633/library/std/src/sys_common/backtrace.rs:49:5
[INFO] [stdout]    7:     0x558054bbd4cb - std::sys_common::backtrace::print::h8d81445442bb638f
[INFO] [stdout]                                at /rustc/a178d0322ce20e33eac124758e837cbd80a6f633/library/std/src/sys_common/backtrace.rs:36:9
[INFO] [stdout]    8:     0x558054bbd4cb - std::panicking::default_hook::{{closure}}::hcfe804496a9fa747
[INFO] [stdout]                                at /rustc/a178d0322ce20e33eac124758e837cbd80a6f633/library/std/src/panicking.rs:208:50
[INFO] [stdout]    9:     0x558054bbcfdc - std::panicking::default_hook::hbea8e3ccf2ba8901
[INFO] [stdout]                                at /rustc/a178d0322ce20e33eac124758e837cbd80a6f633/library/std/src/panicking.rs:222:9
[INFO] [stdout]   10:     0x558054bbdb94 - std::panicking::rust_panic_with_hook::h7ee9e1a2d0f8975a
[INFO] [stdout]                                at /rustc/a178d0322ce20e33eac124758e837cbd80a6f633/library/std/src/panicking.rs:622:17
[INFO] [stdout]   11:     0x558054bbd677 - std::panicking::begin_panic_handler::{{closure}}::h8ab3b4491718b2c7
[INFO] [stdout]                                at /rustc/a178d0322ce20e33eac124758e837cbd80a6f633/library/std/src/panicking.rs:519:13
[INFO] [stdout]   12:     0x558054bbb79c - std::sys_common::backtrace::__rust_end_short_backtrace::hd489062ffa586a9f
[INFO] [stdout]                                at /rustc/a178d0322ce20e33eac124758e837cbd80a6f633/library/std/src/sys_common/backtrace.rs:141:18
[INFO] [stdout]   13:     0x558054bbd5d9 - rust_begin_unwind
[INFO] [stdout]                                at /rustc/a178d0322ce20e33eac124758e837cbd80a6f633/library/std/src/panicking.rs:515:5
[INFO] [stdout]   14:     0x5580543ced01 - core::panicking::panic_fmt::hca6330e3e14086b4
[INFO] [stdout]                                at /rustc/a178d0322ce20e33eac124758e837cbd80a6f633/library/core/src/panicking.rs:92:14
[INFO] [stdout]   15:     0x5580543cedf3 - core::result::unwrap_failed::h6160d2b4bfbb0e87
[INFO] [stdout]                                at /rustc/a178d0322ce20e33eac124758e837cbd80a6f633/library/core/src/result.rs:1355:5
[INFO] [stdout]   16:     0x5580544050bb - core::result::Result<T,E>::expect::h596185543a66b5ce
[INFO] [stdout]                                at /rustc/a178d0322ce20e33eac124758e837cbd80a6f633/library/core/src/result.rs:997:23
[INFO] [stdout]   17:     0x5580543e41f5 - derive_integration_tests::utilities::run_test::{{closure}}::h233cb3df045d7838
[INFO] [stdout]                                at /opt/rustwide/workdir/influxdb/tests/./utilities.rs:57:5
[INFO] [stdout]   18:     0x5580543fe9eb - <core::future::from_generator::GenFuture<T> as core::future::future::Future>::poll::h216fbef14d66b1df
[INFO] [stdout]                                at /rustc/a178d0322ce20e33eac124758e837cbd80a6f633/library/core/src/future/mod.rs:80:19
[INFO] [stdout]   19:     0x5580543f7fff - derive_integration_tests::test_derive_simple_write::{{closure}}::h039650615bf5ce65
[INFO] [stdout]                                at /opt/rustwide/workdir/influxdb/tests/derive_integration_tests.rs:59:5
[INFO] [stdout]   20:     0x5580543feb0b - <core::future::from_generator::GenFuture<T> as core::future::future::Future>::poll::h30b9e1d48ebfea8f
[INFO] [stdout]                                at /rustc/a178d0322ce20e33eac124758e837cbd80a6f633/library/core/src/future/mod.rs:80:19
[INFO] [stdout]   21:     0x5580543f9399 - <async_std::task::builder::SupportTaskLocals<F> as core::future::future::Future>::poll::{{closure}}::hb3543b49724f314f
[INFO] [stdout]                                at /opt/rustwide/cargo-home/registry/src/github.com-1ecc6299db9ec823/async-std-1.9.0/src/task/builder.rs:199:17
[INFO] [stdout]   22:     0x5580543eabc6 - async_std::task::task_locals_wrapper::TaskLocalsWrapper::set_current::{{closure}}::h50e784f42c993ed5
[INFO] [stdout]                                at /opt/rustwide/cargo-home/registry/src/github.com-1ecc6299db9ec823/async-std-1.9.0/src/task/task_locals_wrapper.rs:60:13
[INFO] [stdout]   23:     0x558054414fc1 - std::thread::local::LocalKey<T>::try_with::h80ff75ff11d4b7c6
[INFO] [stdout]                                at /rustc/a178d0322ce20e33eac124758e837cbd80a6f633/library/std/src/thread/local.rs:400:16
[INFO] [stdout]   24:     0x558054413e8d - std::thread::local::LocalKey<T>::with::h5b33afcc29687b16
[INFO] [stdout]                                at /rustc/a178d0322ce20e33eac124758e837cbd80a6f633/library/std/src/thread/local.rs:376:9
[INFO] [stdout]   25:     0x5580543ea898 - async_std::task::task_locals_wrapper::TaskLocalsWrapper::set_current::hd8cd9778f83584cf
[INFO] [stdout]                                at /opt/rustwide/cargo-home/registry/src/github.com-1ecc6299db9ec823/async-std-1.9.0/src/task/task_locals_wrapper.rs:55:9
[INFO] [stdout]   26:     0x5580543f92e5 - <async_std::task::builder::SupportTaskLocals<F> as core::future::future::Future>::poll::h5b44d16c23413801
[INFO] [stdout]                                at /opt/rustwide/cargo-home/registry/src/github.com-1ecc6299db9ec823/async-std-1.9.0/src/task/builder.rs:197:13
[INFO] [stdout]   27:     0x5580543fb65b - <futures_lite::future::Or<F1,F2> as core::future::future::Future>::poll::h2f8fc606c8a349e3
[INFO] [stdout]                                at /opt/rustwide/cargo-home/registry/src/github.com-1ecc6299db9ec823/futures-lite-1.12.0/src/future.rs:526:33
[INFO] [stdout]   28:     0x5580543dd62a - async_executor::Executor::run::{{closure}}::h9877608cddc2afaa
[INFO] [stdout]                                at /opt/rustwide/cargo-home/registry/src/github.com-1ecc6299db9ec823/async-executor-1.4.1/src/lib.rs:242:9
[INFO] [stdout]   29:     0x5580543fea7b - <core::future::from_generator::GenFuture<T> as core::future::future::Future>::poll::h2e66db412eacac0c
[INFO] [stdout]                                at /rustc/a178d0322ce20e33eac124758e837cbd80a6f633/library/core/src/future/mod.rs:80:19
[INFO] [stdout]   30:     0x5580543dccf6 - async_executor::LocalExecutor::run::{{closure}}::h96434cd18d5615fb
[INFO] [stdout]                                at /opt/rustwide/cargo-home/registry/src/github.com-1ecc6299db9ec823/async-executor-1.4.1/src/lib.rs:447:9
[INFO] [stdout]   31:     0x5580543ff3fb - <core::future::from_generator::GenFuture<T> as core::future::future::Future>::poll::he05b05d7a8580b95
[INFO] [stdout]                                at /rustc/a178d0322ce20e33eac124758e837cbd80a6f633/library/core/src/future/mod.rs:80:19
[INFO] [stdout]   32:     0x5580543ed70d - async_io::driver::block_on::he41a3d61249af618
[INFO] [stdout]                                at /opt/rustwide/cargo-home/registry/src/github.com-1ecc6299db9ec823/async-io-1.6.0/src/driver.rs:142:33
[INFO] [stdout]   33:     0x55805441133f - async_global_executor::reactor::block_on::{{closure}}::h77a389e19763fec8
[INFO] [stdout]                                at /opt/rustwide/cargo-home/registry/src/github.com-1ecc6299db9ec823/async-global-executor-2.0.2/src/reactor.rs:3:18
[INFO] [stdout]   34:     0x5580543e7c83 - tokio::runtime::context::enter::hf4923abf4cf42877
[INFO] [stdout]                                at /opt/rustwide/cargo-home/registry/src/github.com-1ecc6299db9ec823/tokio-0.2.25/src/runtime/context.rs:72:5
[INFO] [stdout]   35:     0x5580543fb1ca - tokio::runtime::handle::Handle::enter::h8e8a2cb29cfc9f9b
[INFO] [stdout]                                at /opt/rustwide/cargo-home/registry/src/github.com-1ecc6299db9ec823/tokio-0.2.25/src/runtime/handle.rs:76:9
[INFO] [stdout]   36:     0x5580543dde78 - async_global_executor::tokio02::enter::h3b49b7eb9ed30b6a
[INFO] [stdout]                                at /opt/rustwide/cargo-home/registry/src/github.com-1ecc6299db9ec823/async-global-executor-2.0.2/src/tokio02.rs:5:5
[INFO] [stdout]   37:     0x55805441130f - async_global_executor::reactor::block_on::{{closure}}::h746a95948358b007
[INFO] [stdout]                                at /opt/rustwide/cargo-home/registry/src/github.com-1ecc6299db9ec823/async-global-executor-2.0.2/src/reactor.rs:9:18
[INFO] [stdout]   38:     0x5580544112a9 - async_global_executor::reactor::block_on::h88a6af99b1ae1727
[INFO] [stdout]                                at /opt/rustwide/cargo-home/registry/src/github.com-1ecc6299db9ec823/async-global-executor-2.0.2/src/reactor.rs:12:5
[INFO] [stdout]   39:     0x558054408a83 - async_global_executor::executor::block_on::{{closure}}::h4ea7a42b319efee6
[INFO] [stdout]                                at /opt/rustwide/cargo-home/registry/src/github.com-1ecc6299db9ec823/async-global-executor-2.0.2/src/executor.rs:26:36
[INFO] [stdout]   40:     0x55805441434a - std::thread::local::LocalKey<T>::try_with::h118a4d229f15adfc
[INFO] [stdout]                                at /rustc/a178d0322ce20e33eac124758e837cbd80a6f633/library/std/src/thread/local.rs:400:16
[INFO] [stdout]   41:     0x558054413c82 - std::thread::local::LocalKey<T>::with::h45837d2da4af512f
[INFO] [stdout]                                at /rustc/a178d0322ce20e33eac124758e837cbd80a6f633/library/std/src/thread/local.rs:376:9
[INFO] [stdout]   42:     0x558054408996 - async_global_executor::executor::block_on::h1b538548f5f756be
[INFO] [stdout]                                at /opt/rustwide/cargo-home/registry/src/github.com-1ecc6299db9ec823/async-global-executor-2.0.2/src/executor.rs:26:5
[INFO] [stdout]   43:     0x5580543fc6b0 - async_std::task::builder::Builder::blocking::{{closure}}::{{closure}}::had7ccb2e9571a24c
[INFO] [stdout]                                at /opt/rustwide/cargo-home/registry/src/github.com-1ecc6299db9ec823/async-std-1.9.0/src/task/builder.rs:171:25
[INFO] [stdout]   44:     0x5580543ea969 - async_std::task::task_locals_wrapper::TaskLocalsWrapper::set_current::{{closure}}::h04a7fede679c4ee9
[INFO] [stdout]                                at /opt/rustwide/cargo-home/registry/src/github.com-1ecc6299db9ec823/async-std-1.9.0/src/task/task_locals_wrapper.rs:60:13
[INFO] [stdout]   45:     0x5580544156da - std::thread::local::LocalKey<T>::try_with::hb64923a8eb3f6566
[INFO] [stdout]                                at /rustc/a178d0322ce20e33eac124758e837cbd80a6f633/library/std/src/thread/local.rs:400:16
[INFO] [stdout]   46:     0x5580544140c0 - std::thread::local::LocalKey<T>::with::hd8f352581b445042
[INFO] [stdout]                                at /rustc/a178d0322ce20e33eac124758e837cbd80a6f633/library/std/src/thread/local.rs:376:9
[INFO] [stdout]   47:     0x5580543ea857 - async_std::task::task_locals_wrapper::TaskLocalsWrapper::set_current::h8946dd78d4fddebc
[INFO] [stdout]                                at /opt/rustwide/cargo-home/registry/src/github.com-1ecc6299db9ec823/async-std-1.9.0/src/task/task_locals_wrapper.rs:55:9
[INFO] [stdout]   48:     0x5580543fc602 - async_std::task::builder::Builder::blocking::{{closure}}::h976e6c751d7b100f
[INFO] [stdout]                                at /opt/rustwide/cargo-home/registry/src/github.com-1ecc6299db9ec823/async-std-1.9.0/src/task/builder.rs:168:17
[INFO] [stdout]   49:     0x5580544149e2 - std::thread::local::LocalKey<T>::try_with::h30c91146a5d27434
[INFO] [stdout]                                at /rustc/a178d0322ce20e33eac124758e837cbd80a6f633/library/std/src/thread/local.rs:400:16
[INFO] [stdout]   50:     0x558054413de2 - std::thread::local::LocalKey<T>::with::h54c46f8cddc59747
[INFO] [stdout]                                at /rustc/a178d0322ce20e33eac124758e837cbd80a6f633/library/std/src/thread/local.rs:376:9
[INFO] [stdout]   51:     0x5580543fc32b - async_std::task::builder::Builder::blocking::h955bd42e3be11195
[INFO] [stdout]                                at /opt/rustwide/cargo-home/registry/src/github.com-1ecc6299db9ec823/async-std-1.9.0/src/task/builder.rs:161:9
[INFO] [stdout]   52:     0x5580543fc95c - async_std::task::block_on::block_on::h5c793251172478d1
[INFO] [stdout]                                at /opt/rustwide/cargo-home/registry/src/github.com-1ecc6299db9ec823/async-std-1.9.0/src/task/block_on.rs:33:5
[INFO] [stdout]   53:     0x5580543f752b - derive_integration_tests::test_derive_simple_write::h4891936074d6bc4b
[INFO] [stdout]                                at /opt/rustwide/workdir/influxdb/tests/derive_integration_tests.rs:54:1
[INFO] [stdout]   54:     0x5580543f74ea - derive_integration_tests::test_derive_simple_write::{{closure}}::hcebfc882e4dac785
[INFO] [stdout]                                at /opt/rustwide/workdir/influxdb/tests/derive_integration_tests.rs:54:1
[INFO] [stdout]   55:     0x5580543ffcde - core::ops::function::FnOnce::call_once::h8f24cc5d7cbcfdad
[INFO] [stdout]                                at /rustc/a178d0322ce20e33eac124758e837cbd80a6f633/library/core/src/ops/function.rs:227:5
[INFO] [stdout]   56:     0x5580544410b3 - core::ops::function::FnOnce::call_once::h152e7e439ff59e19
[INFO] [stdout]                                at /rustc/a178d0322ce20e33eac124758e837cbd80a6f633/library/core/src/ops/function.rs:227:5
[INFO] [stdout]   57:     0x5580544410b3 - test::__rust_begin_short_backtrace::h0908f3b1fdbb72ab
[INFO] [stdout]                                at /rustc/a178d0322ce20e33eac124758e837cbd80a6f633/library/test/src/lib.rs:577:5
[INFO] [stdout]   58:     0x55805443fb70 - <alloc::boxed::Box<F,A> as core::ops::function::FnOnce<Args>>::call_once::hf6d2a51e5587546c
[INFO] [stdout]                                at /rustc/a178d0322ce20e33eac124758e837cbd80a6f633/library/alloc/src/boxed.rs:1575:9
[INFO] [stdout]   59:     0x55805443fb70 - <std::panic::AssertUnwindSafe<F> as core::ops::function::FnOnce<()>>::call_once::h8af660f3a89ef593
[INFO] [stdout]                                at /rustc/a178d0322ce20e33eac124758e837cbd80a6f633/library/std/src/panic.rs:347:9
[INFO] [stdout]   60:     0x55805443fb70 - std::panicking::try::do_call::hd36aef60f84b6d36
[INFO] [stdout]                                at /rustc/a178d0322ce20e33eac124758e837cbd80a6f633/library/std/src/panicking.rs:401:40
[INFO] [stdout]   61:     0x55805443fb70 - std::panicking::try::h9932b4480e69817c
[INFO] [stdout]                                at /rustc/a178d0322ce20e33eac124758e837cbd80a6f633/library/std/src/panicking.rs:365:19
[INFO] [stdout]   62:     0x55805443fb70 - std::panic::catch_unwind::h6aa177099cfff5f8
[INFO] [stdout]                                at /rustc/a178d0322ce20e33eac124758e837cbd80a6f633/library/std/src/panic.rs:434:14
[INFO] [stdout]   63:     0x55805443fb70 - test::run_test_in_process::h5884d6f2d99e20c3
[INFO] [stdout]                                at /rustc/a178d0322ce20e33eac124758e837cbd80a6f633/library/test/src/lib.rs:600:18
[INFO] [stdout]   64:     0x55805443fb70 - test::run_test::run_test_inner::{{closure}}::h6fdc58c6d5f5b6e3
[INFO] [stdout]                                at /rustc/a178d0322ce20e33eac124758e837cbd80a6f633/library/test/src/lib.rs:492:39
[INFO] [stdout]   65:     0x558054419222 - test::run_test::run_test_inner::{{closure}}::h408365d67a78ade8
[INFO] [stdout]                                at /rustc/a178d0322ce20e33eac124758e837cbd80a6f633/library/test/src/lib.rs:519:37
[INFO] [stdout]   66:     0x558054419222 - std::sys_common::backtrace::__rust_begin_short_backtrace::hb560b77c4f701523
[INFO] [stdout]                                at /rustc/a178d0322ce20e33eac124758e837cbd80a6f633/library/std/src/sys_common/backtrace.rs:125:18
[INFO] [stdout]   67:     0x55805441cdd8 - std::thread::Builder::spawn_unchecked::{{closure}}::{{closure}}::hf2e7831dad93c597
[INFO] [stdout]                                at /rustc/a178d0322ce20e33eac124758e837cbd80a6f633/library/std/src/thread/mod.rs:481:17
[INFO] [stdout]   68:     0x55805441cdd8 - <std::panic::AssertUnwindSafe<F> as core::ops::function::FnOnce<()>>::call_once::hd2e08783d8be4d02
[INFO] [stdout]                                at /rustc/a178d0322ce20e33eac124758e837cbd80a6f633/library/std/src/panic.rs:347:9
[INFO] [stdout]   69:     0x55805441cdd8 - std::panicking::try::do_call::h062597b7acfd6b82
[INFO] [stdout]                                at /rustc/a178d0322ce20e33eac124758e837cbd80a6f633/library/std/src/panicking.rs:401:40
[INFO] [stdout]   70:     0x55805441cdd8 - std::panicking::try::h0d7b79db04c14552
[INFO] [stdout]                                at /rustc/a178d0322ce20e33eac124758e837cbd80a6f633/library/std/src/panicking.rs:365:19
[INFO] [stdout]   71:     0x55805441cdd8 - std::panic::catch_unwind::hb01a0b5e7c8cd43b
[INFO] [stdout]                                at /rustc/a178d0322ce20e33eac124758e837cbd80a6f633/library/std/src/panic.rs:434:14
[INFO] [stdout]   72:     0x55805441cdd8 - std::thread::Builder::spawn_unchecked::{{closure}}::h5bde48cc887e0d1e
[INFO] [stdout]                                at /rustc/a178d0322ce20e33eac124758e837cbd80a6f633/library/std/src/thread/mod.rs:480:30
[INFO] [stdout]   73:     0x55805441cdd8 - core::ops::function::FnOnce::call_once{{vtable.shim}}::h745ea30807a29e55
[INFO] [stdout]                                at /rustc/a178d0322ce20e33eac124758e837cbd80a6f633/library/core/src/ops/function.rs:227:5
[INFO] [stdout]   74:     0x558054bc2f07 - <alloc::boxed::Box<F,A> as core::ops::function::FnOnce<Args>>::call_once::h7ece6cfefaff1005
[INFO] [stdout]                                at /rustc/a178d0322ce20e33eac124758e837cbd80a6f633/library/alloc/src/boxed.rs:1575:9
[INFO] [stdout]   75:     0x558054bc2f07 - <alloc::boxed::Box<F,A> as core::ops::function::FnOnce<Args>>::call_once::hb8b48e55c21f193e
[INFO] [stdout]                                at /rustc/a178d0322ce20e33eac124758e837cbd80a6f633/library/alloc/src/boxed.rs:1575:9
[INFO] [stdout]   76:     0x558054bc2f07 - std::sys::unix::thread::Thread::new::thread_start::h8c7c4450dba62914
[INFO] [stdout]                                at /rustc/a178d0322ce20e33eac124758e837cbd80a6f633/library/std/src/sys/unix/thread.rs:71:17
[INFO] [stdout]   77:     0x7f767d73f609 - start_thread
[INFO] [stdout]   78:     0x7f767d50f293 - clone
[INFO] [stdout]   79:                0x0 - <unknown>
[INFO] [stdout] 
[INFO] [stdout] 
[INFO] [stdout] failures:
[INFO] [stdout]     test_derive_simple_write
[INFO] [stdout]     test_write_and_read_option
[INFO] [stdout] 
[INFO] [stdout] test result: FAILED. 1 passed; 2 failed; 0 ignored; 0 measured; 0 filtered out; finished in 0.55s
[INFO] [stdout] 
[INFO] [stderr] error: test failed, to rerun pass '-p influxdb --test derive_integration_tests'
[INFO] running `Command { std: "docker" "inspect" "0221bf7b7f3d3553e9725918bc982710f8548752ab08db776ed674a9ae01f96c", kill_on_drop: false }`
[INFO] running `Command { std: "docker" "rm" "-f" "0221bf7b7f3d3553e9725918bc982710f8548752ab08db776ed674a9ae01f96c", kill_on_drop: false }`
[INFO] [stdout] 0221bf7b7f3d3553e9725918bc982710f8548752ab08db776ed674a9ae01f96c
