[INFO] cloning repository https://github.com/EliseJane/ProjectBackside-WatermelonEdition
[INFO] running `Command { std: "git" "-c" "credential.helper=" "-c" "credential.helper=/workspace/cargo-home/bin/git-credential-null" "clone" "--bare" "https://github.com/EliseJane/ProjectBackside-WatermelonEdition" "/workspace/cache/git-repos/https%3A%2F%2Fgithub.com%2FEliseJane%2FProjectBackside-WatermelonEdition", kill_on_drop: false }`
[INFO] [stderr] Cloning into bare repository '/workspace/cache/git-repos/https%3A%2F%2Fgithub.com%2FEliseJane%2FProjectBackside-WatermelonEdition'...
[INFO] running `Command { std: "git" "rev-parse" "HEAD", kill_on_drop: false }`
[INFO] [stdout] 7f2d332dc266dde8dc6e02aace6a8a5b79f79c13
[INFO] testing EliseJane/ProjectBackside-WatermelonEdition against 1.54.0 for beta-1.55-1
[INFO] running `Command { std: "git" "clone" "/workspace/cache/git-repos/https%3A%2F%2Fgithub.com%2FEliseJane%2FProjectBackside-WatermelonEdition" "/workspace/builds/worker-4/source", kill_on_drop: false }`
[INFO] [stderr] Cloning into '/workspace/builds/worker-4/source'...
[INFO] [stderr] done.
[INFO] validating manifest of git repo https://github.com/EliseJane/ProjectBackside-WatermelonEdition on toolchain 1.54.0
[INFO] running `Command { std: "/workspace/cargo-home/bin/cargo" "+1.54.0" "metadata" "--manifest-path" "Cargo.toml" "--no-deps", kill_on_drop: false }`
[INFO] started tweaking git repo https://github.com/EliseJane/ProjectBackside-WatermelonEdition
[INFO] finished tweaking git repo https://github.com/EliseJane/ProjectBackside-WatermelonEdition
[INFO] tweaked toml for git repo https://github.com/EliseJane/ProjectBackside-WatermelonEdition written to /workspace/builds/worker-4/source/Cargo.toml
[INFO] crate git repo https://github.com/EliseJane/ProjectBackside-WatermelonEdition already has a lockfile, it will not be regenerated
[INFO] running `Command { std: "/workspace/cargo-home/bin/cargo" "+1.54.0" "fetch" "--manifest-path" "Cargo.toml", kill_on_drop: false }`
[INFO] [stderr]     Blocking waiting for file lock on package cache
[INFO] running `Command { std: "docker" "create" "-v" "/var/lib/crater-agent-workspace/builds/worker-4/target:/opt/rustwide/target:rw,Z" "-v" "/var/lib/crater-agent-workspace/builds/worker-4/source:/opt/rustwide/workdir:ro,Z" "-v" "/var/lib/crater-agent-workspace/cargo-home:/opt/rustwide/cargo-home:ro,Z" "-v" "/var/lib/crater-agent-workspace/rustup-home:/opt/rustwide/rustup-home:ro,Z" "-e" "SOURCE_DIR=/opt/rustwide/workdir" "-e" "CARGO_TARGET_DIR=/opt/rustwide/target" "-e" "CARGO_HOME=/opt/rustwide/cargo-home" "-e" "RUSTUP_HOME=/opt/rustwide/rustup-home" "-w" "/opt/rustwide/workdir" "-m" "1610612736" "--user" "0:0" "--network" "none" "ghcr.io/rust-lang/crates-build-env/linux@sha256:34b6a614d2c27851fe6cbf88fbd1137609cefab8b10d0615aaeb6fd47975d74e" "/opt/rustwide/cargo-home/bin/cargo" "+1.54.0" "metadata" "--no-deps" "--format-version=1", kill_on_drop: false }`
[INFO] [stdout] 332ce2cdc849dd3f778d2a1ff6a9a96650d6f09eecdf0ca54301419b7120f4af
[INFO] running `Command { std: "docker" "start" "-a" "332ce2cdc849dd3f778d2a1ff6a9a96650d6f09eecdf0ca54301419b7120f4af", kill_on_drop: false }`
[INFO] running `Command { std: "docker" "inspect" "332ce2cdc849dd3f778d2a1ff6a9a96650d6f09eecdf0ca54301419b7120f4af", kill_on_drop: false }`
[INFO] running `Command { std: "docker" "rm" "-f" "332ce2cdc849dd3f778d2a1ff6a9a96650d6f09eecdf0ca54301419b7120f4af", kill_on_drop: false }`
[INFO] [stdout] 332ce2cdc849dd3f778d2a1ff6a9a96650d6f09eecdf0ca54301419b7120f4af
[INFO] running `Command { std: "docker" "create" "-v" "/var/lib/crater-agent-workspace/builds/worker-4/target:/opt/rustwide/target:rw,Z" "-v" "/var/lib/crater-agent-workspace/builds/worker-4/source:/opt/rustwide/workdir:ro,Z" "-v" "/var/lib/crater-agent-workspace/cargo-home:/opt/rustwide/cargo-home:ro,Z" "-v" "/var/lib/crater-agent-workspace/rustup-home:/opt/rustwide/rustup-home:ro,Z" "-e" "SOURCE_DIR=/opt/rustwide/workdir" "-e" "CARGO_TARGET_DIR=/opt/rustwide/target" "-e" "CARGO_INCREMENTAL=0" "-e" "RUST_BACKTRACE=full" "-e" "RUSTFLAGS=--cap-lints=warn" "-e" "CARGO_HOME=/opt/rustwide/cargo-home" "-e" "RUSTUP_HOME=/opt/rustwide/rustup-home" "-w" "/opt/rustwide/workdir" "-m" "1610612736" "--user" "0:0" "--network" "none" "ghcr.io/rust-lang/crates-build-env/linux@sha256:34b6a614d2c27851fe6cbf88fbd1137609cefab8b10d0615aaeb6fd47975d74e" "/opt/rustwide/cargo-home/bin/cargo" "+1.54.0" "build" "--frozen" "--message-format=json", kill_on_drop: false }`
[INFO] [stdout] 6bea3c58778bc0c77c5febba236042155dee19826f573ddcf06c34d0213e246c
[INFO] running `Command { std: "docker" "start" "-a" "6bea3c58778bc0c77c5febba236042155dee19826f573ddcf06c34d0213e246c", kill_on_drop: false }`
[INFO] [stderr]     Blocking waiting for file lock on package cache
[INFO] [stderr]     Blocking waiting for file lock on package cache
[INFO] [stderr]    Compiling syn v1.0.40
[INFO] [stderr]    Compiling futures-core v0.3.5
[INFO] [stderr]    Compiling futures-sink v0.3.5
[INFO] [stderr]    Compiling pin-project-internal v0.4.23
[INFO] [stderr]    Compiling arc-swap v0.4.7
[INFO] [stderr]    Compiling once_cell v1.4.1
[INFO] [stderr]    Compiling proc-macro-hack v0.5.18
[INFO] [stderr]    Compiling futures-io v0.3.5
[INFO] [stderr]    Compiling smallvec v1.4.2
[INFO] [stderr]    Compiling instant v0.1.6
[INFO] [stderr]    Compiling serde v1.0.115
[INFO] [stderr]    Compiling tinyvec v0.3.4
[INFO] [stderr]    Compiling either v1.6.0
[INFO] [stderr]    Compiling ppv-lite86 v0.2.9
[INFO] [stderr]    Compiling cc v1.0.59
[INFO] [stderr]    Compiling encoding_rs v0.8.24
[INFO] [stderr]    Compiling hashbrown v0.9.0
[INFO] [stderr]    Compiling serde_json v1.0.57
[INFO] [stderr]    Compiling ucd-util v0.1.8
[INFO] [stderr]    Compiling regex v0.2.11
[INFO] [stderr]    Compiling utf8-ranges v1.0.4
[INFO] [stderr]    Compiling lock_api v0.4.1
[INFO] [stderr]    Compiling num-traits v0.2.12
[INFO] [stderr]    Compiling num-integer v0.1.43
[INFO] [stderr]    Compiling tracing-core v0.1.16
[INFO] [stderr]    Compiling syntex_fmt_macros v0.5.0
[INFO] [stderr]    Compiling bytestring v0.1.5
[INFO] [stderr]    Compiling net2 v0.2.35
[INFO] [stderr]    Compiling iovec v0.1.4
[INFO] [stderr]    Compiling getrandom v0.1.14
[INFO] [stderr]    Compiling socket2 v0.3.15
[INFO] [stderr]    Compiling hostname v0.3.1
[INFO] [stderr]    Compiling time v0.1.44
[INFO] [stderr]    Compiling rand v0.4.6
[INFO] [stderr]    Compiling atty v0.2.14
[INFO] [stderr]    Compiling listenfd v0.3.3
[INFO] [stderr]    Compiling aho-corasick v0.6.10
[INFO] [stderr]    Compiling flate2 v1.0.17
[INFO] [stderr]    Compiling threadpool v1.8.1
[INFO] [stderr]    Compiling error-chain v0.11.0
[INFO] [stderr]    Compiling resolv-conf v0.6.3
[INFO] [stderr]    Compiling unicode-normalization v0.1.13
[INFO] [stderr]    Compiling futures-channel v0.3.5
[INFO] [stderr]    Compiling regex-syntax v0.5.6
[INFO] [stderr]    Compiling rand_core v0.5.1
[INFO] [stderr]    Compiling parking_lot_core v0.8.0
[INFO] [stderr]    Compiling syn v0.14.9
[INFO] [stderr]    Compiling futures-task v0.3.5
[INFO] [stderr]    Compiling mio v0.6.22
[INFO] [stderr]    Compiling indexmap v1.6.0
[INFO] [stderr]    Compiling signal-hook-registry v1.2.1
[INFO] [stderr]    Compiling env_logger v0.6.2
[INFO] [stderr]    Compiling tracing v0.1.19
[INFO] [stderr]    Compiling rand_chacha v0.2.2
[INFO] [stderr]    Compiling parking_lot v0.11.0
[INFO] [stderr]    Compiling rand v0.7.3
[INFO] [stderr]    Compiling brotli-sys v0.3.2
[INFO] [stderr]    Compiling mio-uds v0.6.8
[INFO] [stderr]    Compiling idna v0.2.0
[INFO] [stderr]    Compiling tokio v0.2.22
[INFO] [stderr]    Compiling url v2.1.1
[INFO] [stderr]    Compiling tokio-util v0.2.0
[INFO] [stderr]    Compiling tokio-util v0.3.1
[INFO] [stderr]    Compiling actix-codec v0.2.0
[INFO] [stderr]    Compiling synstructure v0.12.4
[INFO] [stderr]    Compiling derive-error-chain v0.11.2
[INFO] [stderr]    Compiling brotli2 v0.3.2
[INFO] [stderr]    Compiling futures-macro v0.3.5
[INFO] [stderr]    Compiling derive_more v0.99.9
[INFO] [stderr]    Compiling serde_derive v1.0.115
[INFO] [stderr]    Compiling actix-macros v0.1.2
[INFO] [stderr]    Compiling failure_derive v0.1.8
[INFO] [stderr]    Compiling async-trait v0.1.40
[INFO] [stderr]    Compiling enum-as-inner v0.3.3
[INFO] [stderr]    Compiling diesel_derives v1.4.1
[INFO] [stderr]    Compiling actix-web-codegen v0.2.2
[INFO] [stderr]    Compiling failure v0.1.8
[INFO] [stderr]    Compiling pin-project v0.4.23
[INFO] [stderr]    Compiling futures-util v0.3.5
[INFO] [stderr]    Compiling dotenv v0.11.0
[INFO] [stderr]    Compiling actix-threadpool v0.3.3
[INFO] [stderr]    Compiling futures-executor v0.3.5
[INFO] [stderr]    Compiling actix-service v1.0.6
[INFO] [stderr]    Compiling actix-rt v1.1.1
[INFO] [stderr]    Compiling h2 v0.2.6
[INFO] [stderr]    Compiling futures v0.3.5
[INFO] [stderr]    Compiling trust-dns-proto v0.18.0-alpha.2
[INFO] [stderr]    Compiling actix-utils v1.0.6
[INFO] [stderr]    Compiling actix-server v1.0.3
[INFO] [stderr]    Compiling actix-tls v1.0.0
[INFO] [stderr]    Compiling trust-dns-resolver v0.18.0-alpha.2
[INFO] [stderr]    Compiling actix-testing v1.0.1
[INFO] [stderr]    Compiling chrono v0.4.15
[INFO] [stderr]    Compiling serde_urlencoded v0.6.1
[INFO] [stderr]    Compiling uuid v0.6.5
[INFO] [stderr]    Compiling actix-router v0.2.4
[INFO] [stderr]    Compiling actix-connect v1.0.2
[INFO] [stderr]    Compiling diesel v1.4.5
[INFO] [stderr]    Compiling actix-http v1.0.1
[INFO] [stderr]    Compiling awc v1.0.1
[INFO] [stderr]    Compiling actix-web v2.0.0
[INFO] [stderr]    Compiling project_backside v0.1.0 (/opt/rustwide/workdir)
[INFO] [stderr]     Finished dev [unoptimized + debuginfo] target(s) in 2m 11s
[INFO] running `Command { std: "docker" "inspect" "6bea3c58778bc0c77c5febba236042155dee19826f573ddcf06c34d0213e246c", kill_on_drop: false }`
[INFO] running `Command { std: "docker" "rm" "-f" "6bea3c58778bc0c77c5febba236042155dee19826f573ddcf06c34d0213e246c", kill_on_drop: false }`
[INFO] [stdout] 6bea3c58778bc0c77c5febba236042155dee19826f573ddcf06c34d0213e246c
[INFO] running `Command { std: "docker" "create" "-v" "/var/lib/crater-agent-workspace/builds/worker-4/target:/opt/rustwide/target:rw,Z" "-v" "/var/lib/crater-agent-workspace/builds/worker-4/source:/opt/rustwide/workdir:ro,Z" "-v" "/var/lib/crater-agent-workspace/cargo-home:/opt/rustwide/cargo-home:ro,Z" "-v" "/var/lib/crater-agent-workspace/rustup-home:/opt/rustwide/rustup-home:ro,Z" "-e" "SOURCE_DIR=/opt/rustwide/workdir" "-e" "CARGO_TARGET_DIR=/opt/rustwide/target" "-e" "CARGO_INCREMENTAL=0" "-e" "RUST_BACKTRACE=full" "-e" "RUSTFLAGS=--cap-lints=warn" "-e" "CARGO_HOME=/opt/rustwide/cargo-home" "-e" "RUSTUP_HOME=/opt/rustwide/rustup-home" "-w" "/opt/rustwide/workdir" "-m" "1610612736" "--user" "0:0" "--network" "none" "ghcr.io/rust-lang/crates-build-env/linux@sha256:34b6a614d2c27851fe6cbf88fbd1137609cefab8b10d0615aaeb6fd47975d74e" "/opt/rustwide/cargo-home/bin/cargo" "+1.54.0" "test" "--frozen" "--no-run" "--message-format=json", kill_on_drop: false }`
[INFO] [stdout] 12b6fbfbd2fb232df5baed7856fd12986b4474e0907d7029e3cc6483330218e0
[INFO] running `Command { std: "docker" "start" "-a" "12b6fbfbd2fb232df5baed7856fd12986b4474e0907d7029e3cc6483330218e0", kill_on_drop: false }`
[INFO] [stderr]    Compiling project_backside v0.1.0 (/opt/rustwide/workdir)
[INFO] [stderr]     Finished test [unoptimized + debuginfo] target(s) in 7.43s
[INFO] running `Command { std: "docker" "inspect" "12b6fbfbd2fb232df5baed7856fd12986b4474e0907d7029e3cc6483330218e0", kill_on_drop: false }`
[INFO] running `Command { std: "docker" "rm" "-f" "12b6fbfbd2fb232df5baed7856fd12986b4474e0907d7029e3cc6483330218e0", kill_on_drop: false }`
[INFO] [stdout] 12b6fbfbd2fb232df5baed7856fd12986b4474e0907d7029e3cc6483330218e0
[INFO] running `Command { std: "docker" "create" "-v" "/var/lib/crater-agent-workspace/builds/worker-4/target:/opt/rustwide/target:rw,Z" "-v" "/var/lib/crater-agent-workspace/builds/worker-4/source:/opt/rustwide/workdir:ro,Z" "-v" "/var/lib/crater-agent-workspace/cargo-home:/opt/rustwide/cargo-home:ro,Z" "-v" "/var/lib/crater-agent-workspace/rustup-home:/opt/rustwide/rustup-home:ro,Z" "-e" "SOURCE_DIR=/opt/rustwide/workdir" "-e" "CARGO_TARGET_DIR=/opt/rustwide/target" "-e" "CARGO_INCREMENTAL=0" "-e" "RUST_BACKTRACE=full" "-e" "RUSTFLAGS=--cap-lints=warn" "-e" "CARGO_HOME=/opt/rustwide/cargo-home" "-e" "RUSTUP_HOME=/opt/rustwide/rustup-home" "-w" "/opt/rustwide/workdir" "-m" "1610612736" "--user" "0:0" "--network" "none" "ghcr.io/rust-lang/crates-build-env/linux@sha256:34b6a614d2c27851fe6cbf88fbd1137609cefab8b10d0615aaeb6fd47975d74e" "/opt/rustwide/cargo-home/bin/cargo" "+1.54.0" "test" "--frozen", kill_on_drop: false }`
[INFO] [stdout] 8df36f4680607e50e5a24e99103e2f35e310e5b340cb4c2e2bf408ef4c025a58
[INFO] running `Command { std: "docker" "start" "-a" "8df36f4680607e50e5a24e99103e2f35e310e5b340cb4c2e2bf408ef4c025a58", kill_on_drop: false }`
[INFO] [stderr]     Finished test [unoptimized + debuginfo] target(s) in 0.13s
[INFO] [stderr]      Running unittests (/opt/rustwide/target/debug/deps/project_backside-a5607b3ad46ffcbf)
[INFO] [stdout] 
[INFO] [stdout] running 2 tests
[INFO] [stdout] test user::model::test_user_rest ... FAILED
[INFO] [stdout] test image::model::test_image_rest ... FAILED
[INFO] [stdout] 
[INFO] [stdout] failures:
[INFO] [stdout] 
[INFO] [stdout] ---- user::model::test_user_rest stdout ----
[INFO] [stdout] thread 'user::model::test_user_rest' panicked at 'Error connecting to postgres://eliseolivares:password@localhost/project_backside: BadConnection("could not connect to server: Connection refused\n\tIs the server running on host \"localhost\" (127.0.0.1) and accepting\n\tTCP/IP connections on port 5432?\ncould not connect to server: Cannot assign requested address\n\tIs the server running on host \"localhost\" (::1) and accepting\n\tTCP/IP connections on port 5432?\n")', src/db.rs:15:10
[INFO] [stdout] stack backtrace:
[INFO] [stdout]    0:     0x560692bbc8c0 - std::backtrace_rs::backtrace::libunwind::trace::h34055254b57d8e79
[INFO] [stdout]                                at /rustc/a178d0322ce20e33eac124758e837cbd80a6f633/library/std/src/../../backtrace/src/backtrace/libunwind.rs:90:5
[INFO] [stdout]    1:     0x560692bbc8c0 - std::backtrace_rs::backtrace::trace_unsynchronized::h8f1e3fbd9afff6ec
[INFO] [stdout]                                at /rustc/a178d0322ce20e33eac124758e837cbd80a6f633/library/std/src/../../backtrace/src/backtrace/mod.rs:66:5
[INFO] [stdout]    2:     0x560692bbc8c0 - std::sys_common::backtrace::_print_fmt::h3a99a796b770c360
[INFO] [stdout]                                at /rustc/a178d0322ce20e33eac124758e837cbd80a6f633/library/std/src/sys_common/backtrace.rs:67:5
[INFO] [stdout]    3:     0x560692bbc8c0 - <std::sys_common::backtrace::_print::DisplayBacktrace as core::fmt::Display>::fmt::h32d1f94a80615d18
[INFO] [stdout]                                at /rustc/a178d0322ce20e33eac124758e837cbd80a6f633/library/std/src/sys_common/backtrace.rs:46:22
[INFO] [stdout]    4:     0x560692bdf21c - core::fmt::write::h306731c068f7162c
[INFO] [stdout]                                at /rustc/a178d0322ce20e33eac124758e837cbd80a6f633/library/core/src/fmt/mod.rs:1110:17
[INFO] [stdout]    5:     0x560692bb9545 - std::io::Write::write_fmt::h87f19b0a2cd190bc
[INFO] [stdout]                                at /rustc/a178d0322ce20e33eac124758e837cbd80a6f633/library/std/src/io/mod.rs:1588:15
[INFO] [stdout]    6:     0x560692bbea4b - std::sys_common::backtrace::_print::h5abaa2601a852287
[INFO] [stdout]                                at /rustc/a178d0322ce20e33eac124758e837cbd80a6f633/library/std/src/sys_common/backtrace.rs:49:5
[INFO] [stdout]    7:     0x560692bbea4b - std::sys_common::backtrace::print::h8d81445442bb638f
[INFO] [stdout]                                at /rustc/a178d0322ce20e33eac124758e837cbd80a6f633/library/std/src/sys_common/backtrace.rs:36:9
[INFO] [stdout]    8:     0x560692bbea4b - std::panicking::default_hook::{{closure}}::hcfe804496a9fa747
[INFO] [stdout]                                at /rustc/a178d0322ce20e33eac124758e837cbd80a6f633/library/std/src/panicking.rs:208:50
[INFO] [stdout]    9:     0x560692bbe55c - std::panicking::default_hook::hbea8e3ccf2ba8901
[INFO] [stdout]                                at /rustc/a178d0322ce20e33eac124758e837cbd80a6f633/library/std/src/panicking.rs:222:9
[INFO] [stdout]   10:     0x560692bbf114 - std::panicking::rust_panic_with_hook::h7ee9e1a2d0f8975a
[INFO] [stdout]                                at /rustc/a178d0322ce20e33eac124758e837cbd80a6f633/library/std/src/panicking.rs:622:17
[INFO] [stdout]   11:     0x560692bbebf7 - std::panicking::begin_panic_handler::{{closure}}::h8ab3b4491718b2c7
[INFO] [stdout]                                at /rustc/a178d0322ce20e33eac124758e837cbd80a6f633/library/std/src/panicking.rs:519:13
[INFO] [stdout]   12:     0x560692bbcdbc - std::sys_common::backtrace::__rust_end_short_backtrace::hd489062ffa586a9f
[INFO] [stdout]                                at /rustc/a178d0322ce20e33eac124758e837cbd80a6f633/library/std/src/sys_common/backtrace.rs:141:18
[INFO] [stdout]   13:     0x560692bbeb59 - rust_begin_unwind
[INFO] [stdout]                                at /rustc/a178d0322ce20e33eac124758e837cbd80a6f633/library/std/src/panicking.rs:515:5
[INFO] [stdout]   14:     0x5606928fcb31 - core::panicking::panic_fmt::hca6330e3e14086b4
[INFO] [stdout]                                at /rustc/a178d0322ce20e33eac124758e837cbd80a6f633/library/core/src/panicking.rs:92:14
[INFO] [stdout]   15:     0x5606928fcc23 - core::result::unwrap_failed::h6160d2b4bfbb0e87
[INFO] [stdout]                                at /rustc/a178d0322ce20e33eac124758e837cbd80a6f633/library/core/src/result.rs:1355:5
[INFO] [stdout]   16:     0x560692907045 - core::result::Result<T,E>::expect::h20bdc3c1bf17a97e
[INFO] [stdout]                                at /rustc/a178d0322ce20e33eac124758e837cbd80a6f633/library/core/src/result.rs:997:23
[INFO] [stdout]   17:     0x5606929131cd - project_backside::db::establish_connection::hd8bba266b8d02c60
[INFO] [stdout]                                at /opt/rustwide/workdir/src/db.rs:14:5
[INFO] [stdout]   18:     0x560692914827 - project_backside::user::model::User::create::h242d78101a0b6f8a
[INFO] [stdout]                                at /opt/rustwide/workdir/src/user/model.rs:55:20
[INFO] [stdout]   19:     0x5606929169dc - project_backside::user::model::test_user_rest::h9cca891ea748febc
[INFO] [stdout]                                at /opt/rustwide/workdir/src/user/model.rs:116:16
[INFO] [stdout]   20:     0x5606929168ea - project_backside::user::model::test_user_rest::{{closure}}::h606f841bda5a9225
[INFO] [stdout]                                at /opt/rustwide/workdir/src/user/model.rs:114:1
[INFO] [stdout]   21:     0x5606929271de - core::ops::function::FnOnce::call_once::had9ee832b135acb2
[INFO] [stdout]                                at /rustc/a178d0322ce20e33eac124758e837cbd80a6f633/library/core/src/ops/function.rs:227:5
[INFO] [stdout]   22:     0x5606929524d3 - core::ops::function::FnOnce::call_once::h152e7e439ff59e19
[INFO] [stdout]                                at /rustc/a178d0322ce20e33eac124758e837cbd80a6f633/library/core/src/ops/function.rs:227:5
[INFO] [stdout]   23:     0x5606929524d3 - test::__rust_begin_short_backtrace::h0908f3b1fdbb72ab
[INFO] [stdout]                                at /rustc/a178d0322ce20e33eac124758e837cbd80a6f633/library/test/src/lib.rs:577:5
[INFO] [stdout]   24:     0x560692950f90 - <alloc::boxed::Box<F,A> as core::ops::function::FnOnce<Args>>::call_once::hf6d2a51e5587546c
[INFO] [stdout]                                at /rustc/a178d0322ce20e33eac124758e837cbd80a6f633/library/alloc/src/boxed.rs:1575:9
[INFO] [stdout]   25:     0x560692950f90 - <std::panic::AssertUnwindSafe<F> as core::ops::function::FnOnce<()>>::call_once::h8af660f3a89ef593
[INFO] [stdout]                                at /rustc/a178d0322ce20e33eac124758e837cbd80a6f633/library/std/src/panic.rs:347:9
[INFO] [stdout]   26:     0x560692950f90 - std::panicking::try::do_call::hd36aef60f84b6d36
[INFO] [stdout]                                at /rustc/a178d0322ce20e33eac124758e837cbd80a6f633/library/std/src/panicking.rs:401:40
[INFO] [stdout]   27:     0x560692950f90 - std::panicking::try::h9932b4480e69817c
[INFO] [stdout]                                at /rustc/a178d0322ce20e33eac124758e837cbd80a6f633/library/std/src/panicking.rs:365:19
[INFO] [stdout]   28:     0x560692950f90 - std::panic::catch_unwind::h6aa177099cfff5f8
[INFO] [stdout]                                at /rustc/a178d0322ce20e33eac124758e837cbd80a6f633/library/std/src/panic.rs:434:14
[INFO] [stdout]   29:     0x560692950f90 - test::run_test_in_process::h5884d6f2d99e20c3
[INFO] [stdout]                                at /rustc/a178d0322ce20e33eac124758e837cbd80a6f633/library/test/src/lib.rs:600:18
[INFO] [stdout]   30:     0x560692950f90 - test::run_test::run_test_inner::{{closure}}::h6fdc58c6d5f5b6e3
[INFO] [stdout]                                at /rustc/a178d0322ce20e33eac124758e837cbd80a6f633/library/test/src/lib.rs:492:39
[INFO] [stdout]   31:     0x56069292a642 - test::run_test::run_test_inner::{{closure}}::h408365d67a78ade8
[INFO] [stdout]                                at /rustc/a178d0322ce20e33eac124758e837cbd80a6f633/library/test/src/lib.rs:519:37
[INFO] [stdout]   32:     0x56069292a642 - std::sys_common::backtrace::__rust_begin_short_backtrace::hb560b77c4f701523
[INFO] [stdout]                                at /rustc/a178d0322ce20e33eac124758e837cbd80a6f633/library/std/src/sys_common/backtrace.rs:125:18
[INFO] [stdout]   33:     0x56069292e1f8 - std::thread::Builder::spawn_unchecked::{{closure}}::{{closure}}::hf2e7831dad93c597
[INFO] [stdout]                                at /rustc/a178d0322ce20e33eac124758e837cbd80a6f633/library/std/src/thread/mod.rs:481:17
[INFO] [stdout]   34:     0x56069292e1f8 - <std::panic::AssertUnwindSafe<F> as core::ops::function::FnOnce<()>>::call_once::hd2e08783d8be4d02
[INFO] [stdout]                                at /rustc/a178d0322ce20e33eac124758e837cbd80a6f633/library/std/src/panic.rs:347:9
[INFO] [stdout]   35:     0x56069292e1f8 - std::panicking::try::do_call::h062597b7acfd6b82
[INFO] [stdout]                                at /rustc/a178d0322ce20e33eac124758e837cbd80a6f633/library/std/src/panicking.rs:401:40
[INFO] [stdout]   36:     0x56069292e1f8 - std::panicking::try::h0d7b79db04c14552
[INFO] [stdout]                                at /rustc/a178d0322ce20e33eac124758e837cbd80a6f633/library/std/src/panicking.rs:365:19
[INFO] [stdout]   37:     0x56069292e1f8 - std::panic::catch_unwind::hb01a0b5e7c8cd43b
[INFO] [stdout]                                at /rustc/a178d0322ce20e33eac124758e837cbd80a6f633/library/std/src/panic.rs:434:14
[INFO] [stdout]   38:     0x56069292e1f8 - std::thread::Builder::spawn_unchecked::{{closure}}::h5bde48cc887e0d1e
[INFO] [stdout]                                at /rustc/a178d0322ce20e33eac124758e837cbd80a6f633/library/std/src/thread/mod.rs:480:30
[INFO] [stdout]   39:     0x56069292e1f8 - core::ops::function::FnOnce::call_once{{vtable.shim}}::h745ea30807a29e55
[INFO] [stdout]                                at /rustc/a178d0322ce20e33eac124758e837cbd80a6f633/library/core/src/ops/function.rs:227:5
[INFO] [stdout]   40:     0x560692bc3cf7 - <alloc::boxed::Box<F,A> as core::ops::function::FnOnce<Args>>::call_once::h7ece6cfefaff1005
[INFO] [stdout]                                at /rustc/a178d0322ce20e33eac124758e837cbd80a6f633/library/alloc/src/boxed.rs:1575:9
[INFO] [stdout]   41:     0x560692bc3cf7 - <alloc::boxed::Box<F,A> as core::ops::function::FnOnce<Args>>::call_once::hb8b48e55c21f193e
[INFO] [stdout]                                at /rustc/a178d0322ce20e33eac124758e837cbd80a6f633/library/alloc/src/boxed.rs:1575:9
[INFO] [stdout]   42:     0x560692bc3cf7 - std::sys::unix::thread::Thread::new::thread_start::h8c7c4450dba62914
[INFO] [stdout]                                at /rustc/a178d0322ce20e33eac124758e837cbd80a6f633/library/std/src/sys/unix/thread.rs:71:17
[INFO] [stdout]   43:     0x7f7033afe609 - start_thread
[INFO] [stdout]   44:     0x7f70338d4293 - clone
[INFO] [stdout]   45:                0x0 - <unknown>
[INFO] [stdout] 
[INFO] [stdout] ---- image::model::test_image_rest stdout ----
[INFO] [stdout] thread 'image::model::test_image_rest' panicked at 'Error connecting to postgres://eliseolivares:password@localhost/project_backside: BadConnection("could not connect to server: Connection refused\n\tIs the server running on host \"localhost\" (127.0.0.1) and accepting\n\tTCP/IP connections on port 5432?\ncould not connect to server: Cannot assign requested address\n\tIs the server running on host \"localhost\" (::1) and accepting\n\tTCP/IP connections on port 5432?\n")', src/db.rs:15:10
[INFO] [stdout] stack backtrace:
[INFO] [stdout]    0:     0x560692bbc8c0 - std::backtrace_rs::backtrace::libunwind::trace::h34055254b57d8e79
[INFO] [stdout]                                at /rustc/a178d0322ce20e33eac124758e837cbd80a6f633/library/std/src/../../backtrace/src/backtrace/libunwind.rs:90:5
[INFO] [stdout]    1:     0x560692bbc8c0 - std::backtrace_rs::backtrace::trace_unsynchronized::h8f1e3fbd9afff6ec
[INFO] [stdout]                                at /rustc/a178d0322ce20e33eac124758e837cbd80a6f633/library/std/src/../../backtrace/src/backtrace/mod.rs:66:5
[INFO] [stdout]    2:     0x560692bbc8c0 - std::sys_common::backtrace::_print_fmt::h3a99a796b770c360
[INFO] [stdout]                                at /rustc/a178d0322ce20e33eac124758e837cbd80a6f633/library/std/src/sys_common/backtrace.rs:67:5
[INFO] [stdout]    3:     0x560692bbc8c0 - <std::sys_common::backtrace::_print::DisplayBacktrace as core::fmt::Display>::fmt::h32d1f94a80615d18
[INFO] [stdout]                                at /rustc/a178d0322ce20e33eac124758e837cbd80a6f633/library/std/src/sys_common/backtrace.rs:46:22
[INFO] [stdout]    4:     0x560692bdf21c - core::fmt::write::h306731c068f7162c
[INFO] [stdout]                                at /rustc/a178d0322ce20e33eac124758e837cbd80a6f633/library/core/src/fmt/mod.rs:1110:17
[INFO] [stdout]    5:     0x560692bb9545 - std::io::Write::write_fmt::h87f19b0a2cd190bc
[INFO] [stdout]                                at /rustc/a178d0322ce20e33eac124758e837cbd80a6f633/library/std/src/io/mod.rs:1588:15
[INFO] [stdout]    6:     0x560692bbea4b - std::sys_common::backtrace::_print::h5abaa2601a852287
[INFO] [stdout]                                at /rustc/a178d0322ce20e33eac124758e837cbd80a6f633/library/std/src/sys_common/backtrace.rs:49:5
[INFO] [stdout]    7:     0x560692bbea4b - std::sys_common::backtrace::print::h8d81445442bb638f
[INFO] [stdout]                                at /rustc/a178d0322ce20e33eac124758e837cbd80a6f633/library/std/src/sys_common/backtrace.rs:36:9
[INFO] [stdout]    8:     0x560692bbea4b - std::panicking::default_hook::{{closure}}::hcfe804496a9fa747
[INFO] [stdout]                                at /rustc/a178d0322ce20e33eac124758e837cbd80a6f633/library/std/src/panicking.rs:208:50
[INFO] [stdout]    9:     0x560692bbe55c - std::panicking::default_hook::hbea8e3ccf2ba8901
[INFO] [stdout]                                at /rustc/a178d0322ce20e33eac124758e837cbd80a6f633/library/std/src/panicking.rs:222:9
[INFO] [stdout]   10:     0x560692bbf114 - std::panicking::rust_panic_with_hook::h7ee9e1a2d0f8975a
[INFO] [stdout]                                at /rustc/a178d0322ce20e33eac124758e837cbd80a6f633/library/std/src/panicking.rs:622:17
[INFO] [stdout]   11:     0x560692bbebf7 - std::panicking::begin_panic_handler::{{closure}}::h8ab3b4491718b2c7
[INFO] [stdout]                                at /rustc/a178d0322ce20e33eac124758e837cbd80a6f633/library/std/src/panicking.rs:519:13
[INFO] [stdout]   12:     0x560692bbcdbc - std::sys_common::backtrace::__rust_end_short_backtrace::hd489062ffa586a9f
[INFO] [stdout]                                at /rustc/a178d0322ce20e33eac124758e837cbd80a6f633/library/std/src/sys_common/backtrace.rs:141:18
[INFO] [stdout]   13:     0x560692bbeb59 - rust_begin_unwind
[INFO] [stdout]                                at /rustc/a178d0322ce20e33eac124758e837cbd80a6f633/library/std/src/panicking.rs:515:5
[INFO] [stdout]   14:     0x5606928fcb31 - core::panicking::panic_fmt::hca6330e3e14086b4
[INFO] [stdout]                                at /rustc/a178d0322ce20e33eac124758e837cbd80a6f633/library/core/src/panicking.rs:92:14
[INFO] [stdout]   15:     0x5606928fcc23 - core::result::unwrap_failed::h6160d2b4bfbb0e87
[INFO] [stdout]                                at /rustc/a178d0322ce20e33eac124758e837cbd80a6f633/library/core/src/result.rs:1355:5
[INFO] [stdout]   16:     0x560692907045 - core::result::Result<T,E>::expect::h20bdc3c1bf17a97e
[INFO] [stdout]                                at /rustc/a178d0322ce20e33eac124758e837cbd80a6f633/library/core/src/result.rs:997:23
[INFO] [stdout]   17:     0x5606929131cd - project_backside::db::establish_connection::hd8bba266b8d02c60
[INFO] [stdout]                                at /opt/rustwide/workdir/src/db.rs:14:5
[INFO] [stdout]   18:     0x56069291580b - project_backside::image::model::Image::find_all::hfcc5b65045dd254c
[INFO] [stdout]                                at /opt/rustwide/workdir/src/image/model.rs:41:20
[INFO] [stdout]   19:     0x56069291753e - project_backside::image::model::test_image_rest::h22a3b72e2eb31ec9
[INFO] [stdout]                                at /opt/rustwide/workdir/src/image/model.rs:130:18
[INFO] [stdout]   20:     0x56069291751a - project_backside::image::model::test_image_rest::{{closure}}::hd6c2f978756d7daf
[INFO] [stdout]                                at /opt/rustwide/workdir/src/image/model.rs:129:1
[INFO] [stdout]   21:     0x56069292721e - core::ops::function::FnOnce::call_once::hb648f90428e83888
[INFO] [stdout]                                at /rustc/a178d0322ce20e33eac124758e837cbd80a6f633/library/core/src/ops/function.rs:227:5
[INFO] [stdout]   22:     0x5606929524d3 - core::ops::function::FnOnce::call_once::h152e7e439ff59e19
[INFO] [stdout]                                at /rustc/a178d0322ce20e33eac124758e837cbd80a6f633/library/core/src/ops/function.rs:227:5
[INFO] [stdout]   23:     0x5606929524d3 - test::__rust_begin_short_backtrace::h0908f3b1fdbb72ab
[INFO] [stdout]                                at /rustc/a178d0322ce20e33eac124758e837cbd80a6f633/library/test/src/lib.rs:577:5
[INFO] [stdout]   24:     0x560692950f90 - <alloc::boxed::Box<F,A> as core::ops::function::FnOnce<Args>>::call_once::hf6d2a51e5587546c
[INFO] [stdout]                                at /rustc/a178d0322ce20e33eac124758e837cbd80a6f633/library/alloc/src/boxed.rs:1575:9
[INFO] [stdout]   25:     0x560692950f90 - <std::panic::AssertUnwindSafe<F> as core::ops::function::FnOnce<()>>::call_once::h8af660f3a89ef593
[INFO] [stdout]                                at /rustc/a178d0322ce20e33eac124758e837cbd80a6f633/library/std/src/panic.rs:347:9
[INFO] [stdout]   26:     0x560692950f90 - std::panicking::try::do_call::hd36aef60f84b6d36
[INFO] [stdout]                                at /rustc/a178d0322ce20e33eac124758e837cbd80a6f633/library/std/src/panicking.rs:401:40
[INFO] [stdout]   27:     0x560692950f90 - std::panicking::try::h9932b4480e69817c
[INFO] [stdout]                                at /rustc/a178d0322ce20e33eac124758e837cbd80a6f633/library/std/src/panicking.rs:365:19
[INFO] [stdout]   28:     0x560692950f90 - std::panic::catch_unwind::h6aa177099cfff5f8
[INFO] [stdout]                                at /rustc/a178d0322ce20e33eac124758e837cbd80a6f633/library/std/src/panic.rs:434:14
[INFO] [stdout]   29:     0x560692950f90 - test::run_test_in_process::h5884d6f2d99e20c3
[INFO] [stdout]                                at /rustc/a178d0322ce20e33eac124758e837cbd80a6f633/library/test/src/lib.rs:600:18
[INFO] [stdout]   30:     0x560692950f90 - test::run_test::run_test_inner::{{closure}}::h6fdc58c6d5f5b6e3
[INFO] [stdout]                                at /rustc/a178d0322ce20e33eac124758e837cbd80a6f633/library/test/src/lib.rs:492:39
[INFO] [stdout]   31:     0x56069292a642 - test::run_test::run_test_inner::{{closure}}::h408365d67a78ade8
[INFO] [stdout]                                at /rustc/a178d0322ce20e33eac124758e837cbd80a6f633/library/test/src/lib.rs:519:37
[INFO] [stdout]   32:     0x56069292a642 - std::sys_common::backtrace::__rust_begin_short_backtrace::hb560b77c4f701523
[INFO] [stdout]                                at /rustc/a178d0322ce20e33eac124758e837cbd80a6f633/library/std/src/sys_common/backtrace.rs:125:18
[INFO] [stdout]   33:     0x56069292e1f8 - std::thread::Builder::spawn_unchecked::{{closure}}::{{closure}}::hf2e7831dad93c597
[INFO] [stdout]                                at /rustc/a178d0322ce20e33eac124758e837cbd80a6f633/library/std/src/thread/mod.rs:481:17
[INFO] [stdout]   34:     0x56069292e1f8 - <std::panic::AssertUnwindSafe<F> as core::ops::function::FnOnce<()>>::call_once::hd2e08783d8be4d02
[INFO] [stdout]                                at /rustc/a178d0322ce20e33eac124758e837cbd80a6f633/library/std/src/panic.rs:347:9
[INFO] [stdout]   35:     0x56069292e1f8 - std::panicking::try::do_call::h062597b7acfd6b82
[INFO] [stdout]                                at /rustc/a178d0322ce20e33eac124758e837cbd80a6f633/library/std/src/panicking.rs:401:40
[INFO] [stdout]   36:     0x56069292e1f8 - std::panicking::try::h0d7b79db04c14552
[INFO] [stdout]                                at /rustc/a178d0322ce20e33eac124758e837cbd80a6f633/library/std/src/panicking.rs:365:19
[INFO] [stdout]   37:     0x56069292e1f8 - std::panic::catch_unwind::hb01a0b5e7c8cd43b
[INFO] [stdout]                                at /rustc/a178d0322ce20e33eac124758e837cbd80a6f633/library/std/src/panic.rs:434:14
[INFO] [stdout]   38:     0x56069292e1f8 - std::thread::Builder::spawn_unchecked::{{closure}}::h5bde48cc887e0d1e
[INFO] [stdout]                                at /rustc/a178d0322ce20e33eac124758e837cbd80a6f633/library/std/src/thread/mod.rs:480:30
[INFO] [stdout]   39:     0x56069292e1f8 - core::ops::function::FnOnce::call_once{{vtable.shim}}::h745ea30807a29e55
[INFO] [stdout]                                at /rustc/a178d0322ce20e33eac124758e837cbd80a6f633/library/core/src/ops/function.rs:227:5
[INFO] [stdout]   40:     0x560692bc3cf7 - <alloc::boxed::Box<F,A> as core::ops::function::FnOnce<Args>>::call_once::h7ece6cfefaff1005
[INFO] [stdout]                                at /rustc/a178d0322ce20e33eac124758e837cbd80a6f633/library/alloc/src/boxed.rs:1575:9
[INFO] [stdout]   41:     0x560692bc3cf7 - <alloc::boxed::Box<F,A> as core::ops::function::FnOnce<Args>>::call_once::hb8b48e55c21f193e
[INFO] [stdout]                                at /rustc/a178d0322ce20e33eac124758e837cbd80a6f633/library/alloc/src/boxed.rs:1575:9
[INFO] [stdout]   42:     0x560692bc3cf7 - std::sys::unix::thread::Thread::new::thread_start::h8c7c4450dba62914
[INFO] [stdout]                                at /rustc/a178d0322ce20e33eac124758e837cbd80a6f633/library/std/src/sys/unix/thread.rs:71:17
[INFO] [stdout]   43:     0x7f7033afe609 - start_thread
[INFO] [stdout]   44:     0x7f70338d4293 - clone
[INFO] [stdout]   45:                0x0 - <unknown>
[INFO] [stdout] 
[INFO] [stdout] 
[INFO] [stdout] failures:
[INFO] [stdout]     image::model::test_image_rest
[INFO] [stdout]     user::model::test_user_rest
[INFO] [stdout] 
[INFO] [stdout] test result: FAILED. 0 passed; 2 failed; 0 ignored; 0 measured; 0 filtered out; finished in 1.02s
[INFO] [stdout] 
[INFO] [stderr] error: test failed, to rerun pass '--bin project_backside'
[INFO] running `Command { std: "docker" "inspect" "8df36f4680607e50e5a24e99103e2f35e310e5b340cb4c2e2bf408ef4c025a58", kill_on_drop: false }`
[INFO] running `Command { std: "docker" "rm" "-f" "8df36f4680607e50e5a24e99103e2f35e310e5b340cb4c2e2bf408ef4c025a58", kill_on_drop: false }`
[INFO] [stdout] 8df36f4680607e50e5a24e99103e2f35e310e5b340cb4c2e2bf408ef4c025a58
