[INFO] cloning repository https://github.com/Dzejkop/crowley
[INFO] running `Command { std: "git" "-c" "credential.helper=" "-c" "credential.helper=/workspace/cargo-home/bin/git-credential-null" "clone" "--bare" "https://github.com/Dzejkop/crowley" "/workspace/cache/git-repos/https%3A%2F%2Fgithub.com%2FDzejkop%2Fcrowley", kill_on_drop: false }`
[INFO] [stderr] Cloning into bare repository '/workspace/cache/git-repos/https%3A%2F%2Fgithub.com%2FDzejkop%2Fcrowley'...
[INFO] running `Command { std: "git" "rev-parse" "HEAD", kill_on_drop: false }`
[INFO] [stdout] 009b5db288644f3a32d2a8e70cfb5bb7ded81456
[INFO] testing Dzejkop/crowley against 1.54.0 for beta-1.55-1
[INFO] running `Command { std: "git" "clone" "/workspace/cache/git-repos/https%3A%2F%2Fgithub.com%2FDzejkop%2Fcrowley" "/workspace/builds/worker-12/source", kill_on_drop: false }`
[INFO] [stderr] Cloning into '/workspace/builds/worker-12/source'...
[INFO] [stderr] done.
[INFO] validating manifest of git repo https://github.com/Dzejkop/crowley on toolchain 1.54.0
[INFO] running `Command { std: "/workspace/cargo-home/bin/cargo" "+1.54.0" "metadata" "--manifest-path" "Cargo.toml" "--no-deps", kill_on_drop: false }`
[INFO] started tweaking git repo https://github.com/Dzejkop/crowley
[INFO] finished tweaking git repo https://github.com/Dzejkop/crowley
[INFO] tweaked toml for git repo https://github.com/Dzejkop/crowley written to /workspace/builds/worker-12/source/Cargo.toml
[INFO] crate git repo https://github.com/Dzejkop/crowley already has a lockfile, it will not be regenerated
[INFO] running `Command { std: "/workspace/cargo-home/bin/cargo" "+1.54.0" "fetch" "--manifest-path" "Cargo.toml", kill_on_drop: false }`
[INFO] [stderr]     Blocking waiting for file lock on package cache
[INFO] running `Command { std: "docker" "create" "-v" "/var/lib/crater-agent-workspace/builds/worker-12/target:/opt/rustwide/target:rw,Z" "-v" "/var/lib/crater-agent-workspace/builds/worker-12/source:/opt/rustwide/workdir:ro,Z" "-v" "/var/lib/crater-agent-workspace/cargo-home:/opt/rustwide/cargo-home:ro,Z" "-v" "/var/lib/crater-agent-workspace/rustup-home:/opt/rustwide/rustup-home:ro,Z" "-e" "SOURCE_DIR=/opt/rustwide/workdir" "-e" "CARGO_TARGET_DIR=/opt/rustwide/target" "-e" "CARGO_HOME=/opt/rustwide/cargo-home" "-e" "RUSTUP_HOME=/opt/rustwide/rustup-home" "-w" "/opt/rustwide/workdir" "-m" "1610612736" "--user" "0:0" "--network" "none" "ghcr.io/rust-lang/crates-build-env/linux@sha256:34b6a614d2c27851fe6cbf88fbd1137609cefab8b10d0615aaeb6fd47975d74e" "/opt/rustwide/cargo-home/bin/cargo" "+1.54.0" "metadata" "--no-deps" "--format-version=1", kill_on_drop: false }`
[INFO] [stdout] e47b322e549a3c6c490f79fc474dee5284e3d42742310c9b67658fb1abf8af31
[INFO] running `Command { std: "docker" "start" "-a" "e47b322e549a3c6c490f79fc474dee5284e3d42742310c9b67658fb1abf8af31", kill_on_drop: false }`
[INFO] running `Command { std: "docker" "inspect" "e47b322e549a3c6c490f79fc474dee5284e3d42742310c9b67658fb1abf8af31", kill_on_drop: false }`
[INFO] running `Command { std: "docker" "rm" "-f" "e47b322e549a3c6c490f79fc474dee5284e3d42742310c9b67658fb1abf8af31", kill_on_drop: false }`
[INFO] [stdout] e47b322e549a3c6c490f79fc474dee5284e3d42742310c9b67658fb1abf8af31
[INFO] running `Command { std: "docker" "create" "-v" "/var/lib/crater-agent-workspace/builds/worker-12/target:/opt/rustwide/target:rw,Z" "-v" "/var/lib/crater-agent-workspace/builds/worker-12/source:/opt/rustwide/workdir:ro,Z" "-v" "/var/lib/crater-agent-workspace/cargo-home:/opt/rustwide/cargo-home:ro,Z" "-v" "/var/lib/crater-agent-workspace/rustup-home:/opt/rustwide/rustup-home:ro,Z" "-e" "SOURCE_DIR=/opt/rustwide/workdir" "-e" "CARGO_TARGET_DIR=/opt/rustwide/target" "-e" "CARGO_INCREMENTAL=0" "-e" "RUST_BACKTRACE=full" "-e" "RUSTFLAGS=--cap-lints=warn" "-e" "CARGO_HOME=/opt/rustwide/cargo-home" "-e" "RUSTUP_HOME=/opt/rustwide/rustup-home" "-w" "/opt/rustwide/workdir" "-m" "1610612736" "--user" "0:0" "--network" "none" "ghcr.io/rust-lang/crates-build-env/linux@sha256:34b6a614d2c27851fe6cbf88fbd1137609cefab8b10d0615aaeb6fd47975d74e" "/opt/rustwide/cargo-home/bin/cargo" "+1.54.0" "build" "--frozen" "--message-format=json", kill_on_drop: false }`
[INFO] [stdout] 6e06b55544af971b97892c8aff714f218662d4256e2d55f7e59747bf49e527de
[INFO] running `Command { std: "docker" "start" "-a" "6e06b55544af971b97892c8aff714f218662d4256e2d55f7e59747bf49e527de", kill_on_drop: false }`
[INFO] [stderr]    Compiling libc v0.2.88
[INFO] [stderr]    Compiling syn v1.0.61
[INFO] [stderr]    Compiling once_cell v1.7.2
[INFO] [stderr]    Compiling serde_derive v1.0.124
[INFO] [stderr]    Compiling serde v1.0.124
[INFO] [stderr]    Compiling serde_json v1.0.64
[INFO] [stderr]    Compiling radium v0.5.3
[INFO] [stderr]    Compiling lexical-core v0.7.5
[INFO] [stderr]    Compiling tap v1.0.1
[INFO] [stderr]    Compiling funty v1.1.0
[INFO] [stderr]    Compiling wyz v0.2.0
[INFO] [stderr]    Compiling new_debug_unreachable v1.0.4
[INFO] [stderr]    Compiling mac v0.1.1
[INFO] [stderr]    Compiling dtoa v0.4.7
[INFO] [stderr]    Compiling unicode_categories v0.1.1
[INFO] [stderr]    Compiling stable_deref_trait v1.2.0
[INFO] [stderr]    Compiling whoami v1.1.0
[INFO] [stderr]    Compiling thin-slice v0.1.1
[INFO] [stderr]    Compiling ego-tree v0.6.2
[INFO] [stderr]    Compiling urlencoding v1.1.1
[INFO] [stderr]    Compiling tokio v1.2.0
[INFO] [stderr]    Compiling futures-channel v0.3.13
[INFO] [stderr]    Compiling openssl-sys v0.9.60
[INFO] [stderr]    Compiling crossbeam-utils v0.8.3
[INFO] [stderr]    Compiling nom v6.1.2
[INFO] [stderr]    Compiling ahash v0.6.3
[INFO] [stderr]    Compiling libsqlite3-sys v0.20.1
[INFO] [stderr]    Compiling getopts v0.2.21
[INFO] [stderr]    Compiling hashlink v0.6.0
[INFO] [stderr]    Compiling headers-core v0.2.0
[INFO] [stderr]    Compiling tracing v0.1.25
[INFO] [stderr]    Compiling want v0.3.0
[INFO] [stderr]    Compiling indexmap v1.6.2
[INFO] [stderr]    Compiling stringprep v0.1.2
[INFO] [stderr]    Compiling servo_arc v0.1.1
[INFO] [stderr]    Compiling atoi v0.4.0
[INFO] [stderr]    Compiling futf v0.1.4
[INFO] [stderr]    Compiling sha-1 v0.9.4
[INFO] [stderr]    Compiling sha2 v0.9.3
[INFO] [stderr]    Compiling dtoa-short v0.3.3
[INFO] [stderr]    Compiling thread_local v1.1.3
[INFO] [stderr]    Compiling tendril v0.4.2
[INFO] [stderr]    Compiling regex v1.4.3
[INFO] [stderr]    Compiling bitvec v0.19.5
[INFO] [stderr]    Compiling openssl v0.10.32
[INFO] [stderr]    Compiling native-tls v0.2.7
[INFO] [stderr]    Compiling getrandom v0.1.16
[INFO] [stderr]    Compiling parking_lot_core v0.8.3
[INFO] [stderr]    Compiling num_cpus v1.13.0
[INFO] [stderr]    Compiling mio v0.7.9
[INFO] [stderr]    Compiling signal-hook-registry v1.3.0
[INFO] [stderr]    Compiling getrandom v0.2.2
[INFO] [stderr]    Compiling ring v0.16.20
[INFO] [stderr]    Compiling socket2 v0.3.19
[INFO] [stderr]    Compiling atty v0.2.14
[INFO] [stderr]    Compiling time v0.1.43
[INFO] [stderr]    Compiling crossbeam-channel v0.5.0
[INFO] [stderr]    Compiling crossbeam-queue v0.3.1
[INFO] [stderr]    Compiling parking_lot v0.11.1
[INFO] [stderr]    Compiling rand_core v0.5.1
[INFO] [stderr]    Compiling headers v0.3.4
[INFO] [stderr]    Compiling rand_core v0.6.2
[INFO] [stderr]    Compiling env_logger v0.7.1
[INFO] [stderr]    Compiling rand_chacha v0.2.2
[INFO] [stderr]    Compiling rand_pcg v0.2.1
[INFO] [stderr]    Compiling rand_chacha v0.3.0
[INFO] [stderr]    Compiling pretty_env_logger v0.4.0
[INFO] [stderr]    Compiling rand v0.8.3
[INFO] [stderr]    Compiling rand v0.7.3
[INFO] [stderr]    Compiling webpki v0.21.4
[INFO] [stderr]    Compiling sct v0.6.0
[INFO] [stderr]    Compiling rustls v0.19.0
[INFO] [stderr]    Compiling webpki-roots v0.21.0
[INFO] [stderr]    Compiling tempfile v3.2.0
[INFO] [stderr]    Compiling tungstenite v0.12.0
[INFO] [stderr]    Compiling phf_generator v0.8.0
[INFO] [stderr]    Compiling multipart v0.17.1
[INFO] [stderr]    Compiling phf_codegen v0.8.0
[INFO] [stderr]    Compiling string_cache_codegen v0.5.1
[INFO] [stderr]    Compiling selectors v0.22.0
[INFO] [stderr]    Compiling sqlformat v0.1.6
[INFO] [stderr]    Compiling tokio-macros v1.1.0
[INFO] [stderr]    Compiling futures-macro v0.3.13
[INFO] [stderr]    Compiling pin-project-internal v1.0.5
[INFO] [stderr]    Compiling phf_macros v0.8.0
[INFO] [stderr]    Compiling cssparser v0.27.2
[INFO] [stderr]    Compiling thiserror-impl v1.0.24
[INFO] [stderr]    Compiling cssparser-macros v0.6.0
[INFO] [stderr]    Compiling html5ever v0.25.1
[INFO] [stderr]    Compiling derive_more v0.99.11
[INFO] [stderr]    Compiling futures-util v0.3.13
[INFO] [stderr]    Compiling pin-project v1.0.5
[INFO] [stderr]    Compiling thiserror v1.0.24
[INFO] [stderr]    Compiling tracing-futures v0.2.5
[INFO] [stderr]    Compiling phf v0.8.0
[INFO] [stderr]    Compiling futures-executor v0.3.13
[INFO] [stderr]    Compiling futures v0.3.13
[INFO] [stderr]    Compiling tokio-util v0.6.3
[INFO] [stderr]    Compiling tokio-stream v0.1.3
[INFO] [stderr]    Compiling tokio-rustls v0.22.0
[INFO] [stderr]    Compiling tokio-native-tls v0.3.0
[INFO] [stderr]    Compiling tokio-tungstenite v0.13.0
[INFO] [stderr]    Compiling sqlx-rt v0.3.0
[INFO] [stderr]    Compiling sqlx-core v0.5.1
[INFO] [stderr]    Compiling h2 v0.3.1
[INFO] [stderr]    Compiling string_cache v0.8.1
[INFO] [stderr]    Compiling serde_urlencoded v0.7.0
[INFO] [stderr]    Compiling sqlx-macros v0.5.1
[INFO] [stderr]    Compiling markup5ever v0.10.0
[INFO] [stderr]    Compiling hyper v0.14.4
[INFO] [stderr]    Compiling scraper v0.12.0
[INFO] [stderr]    Compiling sqlx v0.5.1
[INFO] [stderr]    Compiling hyper-tls v0.5.0
[INFO] [stderr]    Compiling warp v0.3.0
[INFO] [stderr]    Compiling reqwest v0.11.1
[INFO] [stderr]    Compiling crowley v0.1.0 (/opt/rustwide/workdir)
[INFO] [stderr]     Finished dev [unoptimized + debuginfo] target(s) in 1m 50s
[INFO] running `Command { std: "docker" "inspect" "6e06b55544af971b97892c8aff714f218662d4256e2d55f7e59747bf49e527de", kill_on_drop: false }`
[INFO] running `Command { std: "docker" "rm" "-f" "6e06b55544af971b97892c8aff714f218662d4256e2d55f7e59747bf49e527de", kill_on_drop: false }`
[INFO] [stdout] 6e06b55544af971b97892c8aff714f218662d4256e2d55f7e59747bf49e527de
[INFO] running `Command { std: "docker" "create" "-v" "/var/lib/crater-agent-workspace/builds/worker-12/target:/opt/rustwide/target:rw,Z" "-v" "/var/lib/crater-agent-workspace/builds/worker-12/source:/opt/rustwide/workdir:ro,Z" "-v" "/var/lib/crater-agent-workspace/cargo-home:/opt/rustwide/cargo-home:ro,Z" "-v" "/var/lib/crater-agent-workspace/rustup-home:/opt/rustwide/rustup-home:ro,Z" "-e" "SOURCE_DIR=/opt/rustwide/workdir" "-e" "CARGO_TARGET_DIR=/opt/rustwide/target" "-e" "CARGO_INCREMENTAL=0" "-e" "RUST_BACKTRACE=full" "-e" "RUSTFLAGS=--cap-lints=warn" "-e" "CARGO_HOME=/opt/rustwide/cargo-home" "-e" "RUSTUP_HOME=/opt/rustwide/rustup-home" "-w" "/opt/rustwide/workdir" "-m" "1610612736" "--user" "0:0" "--network" "none" "ghcr.io/rust-lang/crates-build-env/linux@sha256:34b6a614d2c27851fe6cbf88fbd1137609cefab8b10d0615aaeb6fd47975d74e" "/opt/rustwide/cargo-home/bin/cargo" "+1.54.0" "test" "--frozen" "--no-run" "--message-format=json", kill_on_drop: false }`
[INFO] [stdout] 235aa98bc8f18baea4d7515453ebc37a6ab6008bbe8fb6940e6a2613233f3f60
[INFO] running `Command { std: "docker" "start" "-a" "235aa98bc8f18baea4d7515453ebc37a6ab6008bbe8fb6940e6a2613233f3f60", kill_on_drop: false }`
[INFO] [stderr]    Compiling unindent v0.1.7
[INFO] [stderr]    Compiling test-case v1.1.0
[INFO] [stderr]    Compiling cmd_lib_macros v0.11.6
[INFO] [stderr]    Compiling indoc v1.0.3
[INFO] [stderr]    Compiling cmd_lib v0.11.6
[INFO] [stderr]    Compiling crowley v0.1.0 (/opt/rustwide/workdir)
[INFO] [stderr]     Finished test [unoptimized + debuginfo] target(s) in 11.46s
[INFO] running `Command { std: "docker" "inspect" "235aa98bc8f18baea4d7515453ebc37a6ab6008bbe8fb6940e6a2613233f3f60", kill_on_drop: false }`
[INFO] running `Command { std: "docker" "rm" "-f" "235aa98bc8f18baea4d7515453ebc37a6ab6008bbe8fb6940e6a2613233f3f60", kill_on_drop: false }`
[INFO] [stdout] 235aa98bc8f18baea4d7515453ebc37a6ab6008bbe8fb6940e6a2613233f3f60
[INFO] running `Command { std: "docker" "create" "-v" "/var/lib/crater-agent-workspace/builds/worker-12/target:/opt/rustwide/target:rw,Z" "-v" "/var/lib/crater-agent-workspace/builds/worker-12/source:/opt/rustwide/workdir:ro,Z" "-v" "/var/lib/crater-agent-workspace/cargo-home:/opt/rustwide/cargo-home:ro,Z" "-v" "/var/lib/crater-agent-workspace/rustup-home:/opt/rustwide/rustup-home:ro,Z" "-e" "SOURCE_DIR=/opt/rustwide/workdir" "-e" "CARGO_TARGET_DIR=/opt/rustwide/target" "-e" "CARGO_INCREMENTAL=0" "-e" "RUST_BACKTRACE=full" "-e" "RUSTFLAGS=--cap-lints=warn" "-e" "CARGO_HOME=/opt/rustwide/cargo-home" "-e" "RUSTUP_HOME=/opt/rustwide/rustup-home" "-w" "/opt/rustwide/workdir" "-m" "1610612736" "--user" "0:0" "--network" "none" "ghcr.io/rust-lang/crates-build-env/linux@sha256:34b6a614d2c27851fe6cbf88fbd1137609cefab8b10d0615aaeb6fd47975d74e" "/opt/rustwide/cargo-home/bin/cargo" "+1.54.0" "test" "--frozen", kill_on_drop: false }`
[INFO] [stdout] 71399daf51232b6ee45e9b8be301fb7be0dea575790f14d3b8885a85a4fd9ca6
[INFO] running `Command { std: "docker" "start" "-a" "71399daf51232b6ee45e9b8be301fb7be0dea575790f14d3b8885a85a4fd9ca6", kill_on_drop: false }`
[INFO] [stderr]     Finished test [unoptimized + debuginfo] target(s) in 0.20s
[INFO] [stderr]      Running unittests (/opt/rustwide/target/debug/deps/crowley-6e0b91b64989bdf1)
[INFO] [stdout] 
[INFO] [stdout] running 10 tests
[INFO] [stdout] test scrape::tests::resolve_path_returns::_here_and_there_there_and_here_expects_here_and_there_there_and_here_ ... ok
[INFO] [stdout] test url_encoded::tests::url_encoded_parse::_https_3a_2f_2fgithub_com_2flaunchbadge_2fsqlx_2fissues_2f294_expects_https_github_com_launchbadge_sqlx_issues_294_ ... ok
[INFO] [stdout] test url_encoded::tests::url_encoded_parse::_http_3a_2f_2flocalhost_3a8080_2f_expects_http_localhost_8080_ ... ok
[INFO] [stdout] test scrape::tests::resolve_path_returns::_here_and_here_there_expects_here_and_here_there_ ... ok
[INFO] [stdout] test url_encoded::tests::url_encoded_parse::_string_20with_20spaces_expects_string_with_spaces_ ... ok
[INFO] [stdout] test scrape::tests::resolve_path_returns::_here_and_there_and_back_and_here_expects_here_and_back_and_here_ ... ok
[INFO] [stdout] test scrape::tests::resolve_path_returns::_here_there_expects_here_there_ ... ok
[INFO] [stdout] test scrape::tests::resolve_path_returns::_here_and_there_there_expects_here_and_there_there_ ... ok
[INFO] [stdout] test scrape::tests::resolve_path_returns::_here_and_there_and_back_and_other_here_expects_here_and_other_here_ ... ok
[INFO] [stdout] test scrape::tests::scrape_document_returns ... ok
[INFO] [stdout] 
[INFO] [stdout] test result: ok. 10 passed; 0 failed; 0 ignored; 0 measured; 0 filtered out; finished in 0.02s
[INFO] [stdout] 
[INFO] [stderr]      Running unittests (/opt/rustwide/target/debug/deps/crowley-deefc69fe7173e7d)
[INFO] [stdout] 
[INFO] [stderr]      Running tests/acceptance.rs (/opt/rustwide/target/debug/deps/acceptance-3ec63b46f412731b)
[INFO] [stdout] running 0 tests
[INFO] [stdout] 
[INFO] [stdout] test result: ok. 0 passed; 0 failed; 0 ignored; 0 measured; 0 filtered out; finished in 0.00s
[INFO] [stdout] 
[INFO] [stdout] 
[INFO] [stdout] running 1 test
[INFO] [stderr] rm: cannot remove 'database.db': No such file or directory
[INFO] [stderr] ./setup.sh: 4: sqlite3: not found
[INFO] [stdout] test acceptance ... FAILED
[INFO] [stdout] 
[INFO] [stdout] failures:
[INFO] [stdout] 
[INFO] [stdout] ---- acceptance stdout ----
[INFO] [stdout] Error: ./setup.sh exit with 127
[INFO] [stdout] thread 'acceptance' panicked at 'assertion failed: `(left == right)`
[INFO] [stdout]   left: `1`,
[INFO] [stdout]  right: `0`: the test returned a termination value with a non-zero status code (1) which indicates a failure', /rustc/a178d0322ce20e33eac124758e837cbd80a6f633/library/test/src/lib.rs:193:5
[INFO] [stdout] stack backtrace:
[INFO] [stdout]    0:     0x5625ebb77c40 - std::backtrace_rs::backtrace::libunwind::trace::h34055254b57d8e79
[INFO] [stdout]                                at /rustc/a178d0322ce20e33eac124758e837cbd80a6f633/library/std/src/../../backtrace/src/backtrace/libunwind.rs:90:5
[INFO] [stdout]    1:     0x5625ebb77c40 - std::backtrace_rs::backtrace::trace_unsynchronized::h8f1e3fbd9afff6ec
[INFO] [stdout]                                at /rustc/a178d0322ce20e33eac124758e837cbd80a6f633/library/std/src/../../backtrace/src/backtrace/mod.rs:66:5
[INFO] [stdout]    2:     0x5625ebb77c40 - std::sys_common::backtrace::_print_fmt::h3a99a796b770c360
[INFO] [stdout]                                at /rustc/a178d0322ce20e33eac124758e837cbd80a6f633/library/std/src/sys_common/backtrace.rs:67:5
[INFO] [stdout]    3:     0x5625ebb77c40 - <std::sys_common::backtrace::_print::DisplayBacktrace as core::fmt::Display>::fmt::h32d1f94a80615d18
[INFO] [stdout]                                at /rustc/a178d0322ce20e33eac124758e837cbd80a6f633/library/std/src/sys_common/backtrace.rs:46:22
[INFO] [stdout]    4:     0x5625ebb9a67c - core::fmt::write::h306731c068f7162c
[INFO] [stdout]                                at /rustc/a178d0322ce20e33eac124758e837cbd80a6f633/library/core/src/fmt/mod.rs:1110:17
[INFO] [stdout]    5:     0x5625ebb74905 - std::io::Write::write_fmt::h87f19b0a2cd190bc
[INFO] [stdout]                                at /rustc/a178d0322ce20e33eac124758e837cbd80a6f633/library/std/src/io/mod.rs:1588:15
[INFO] [stdout]    6:     0x5625ebb79dab - std::sys_common::backtrace::_print::h5abaa2601a852287
[INFO] [stdout]                                at /rustc/a178d0322ce20e33eac124758e837cbd80a6f633/library/std/src/sys_common/backtrace.rs:49:5
[INFO] [stdout]    7:     0x5625ebb79dab - std::sys_common::backtrace::print::h8d81445442bb638f
[INFO] [stdout]                                at /rustc/a178d0322ce20e33eac124758e837cbd80a6f633/library/std/src/sys_common/backtrace.rs:36:9
[INFO] [stdout]    8:     0x5625ebb79dab - std::panicking::default_hook::{{closure}}::hcfe804496a9fa747
[INFO] [stdout]                                at /rustc/a178d0322ce20e33eac124758e837cbd80a6f633/library/std/src/panicking.rs:208:50
[INFO] [stdout]    9:     0x5625ebb798bc - std::panicking::default_hook::hbea8e3ccf2ba8901
[INFO] [stdout]                                at /rustc/a178d0322ce20e33eac124758e837cbd80a6f633/library/std/src/panicking.rs:222:9
[INFO] [stdout]   10:     0x5625ebb7a474 - std::panicking::rust_panic_with_hook::h7ee9e1a2d0f8975a
[INFO] [stdout]                                at /rustc/a178d0322ce20e33eac124758e837cbd80a6f633/library/std/src/panicking.rs:622:17
[INFO] [stdout]   11:     0x5625ebb79f57 - std::panicking::begin_panic_handler::{{closure}}::h8ab3b4491718b2c7
[INFO] [stdout]                                at /rustc/a178d0322ce20e33eac124758e837cbd80a6f633/library/std/src/panicking.rs:519:13
[INFO] [stdout]   12:     0x5625ebb7813c - std::sys_common::backtrace::__rust_end_short_backtrace::hd489062ffa586a9f
[INFO] [stdout]                                at /rustc/a178d0322ce20e33eac124758e837cbd80a6f633/library/std/src/sys_common/backtrace.rs:141:18
[INFO] [stdout]   13:     0x5625ebb79eb9 - rust_begin_unwind
[INFO] [stdout]                                at /rustc/a178d0322ce20e33eac124758e837cbd80a6f633/library/std/src/panicking.rs:515:5
[INFO] [stdout]   14:     0x5625ebad8651 - core::panicking::panic_fmt::hca6330e3e14086b4
[INFO] [stdout]                                at /rustc/a178d0322ce20e33eac124758e837cbd80a6f633/library/core/src/panicking.rs:92:14
[INFO] [stdout]   15:     0x5625ebb9904e - core::panicking::assert_failed_inner::h33b45280069a80ed
[INFO] [stdout]   16:     0x5625ebaf698a - core::panicking::assert_failed::h38c7a95aacab4f01
[INFO] [stdout]                                at /rustc/a178d0322ce20e33eac124758e837cbd80a6f633/library/core/src/panicking.rs:117:5
[INFO] [stdout]   17:     0x5625ebaf1ebd - test::assert_test_result::h9aad34796c8902df
[INFO] [stdout]                                at /rustc/a178d0322ce20e33eac124758e837cbd80a6f633/library/test/src/lib.rs:193:5
[INFO] [stdout]   18:     0x5625ebad8eed - acceptance::acceptance::{{closure}}::h7c11c23aebab2351
[INFO] [stderr] error: test failed, to rerun pass '--test acceptance'
[INFO] [stdout]                                at /opt/rustwide/workdir/tests/acceptance.rs:8:1
[INFO] [stdout]   19:     0x5625ebaf656e - core::ops::function::FnOnce::call_once::hdd6270336237d2cf
[INFO] [stdout]                                at /rustc/a178d0322ce20e33eac124758e837cbd80a6f633/library/core/src/ops/function.rs:227:5
[INFO] [stdout]   20:     0x5625ebb23c33 - core::ops::function::FnOnce::call_once::h152e7e439ff59e19
[INFO] [stdout]                                at /rustc/a178d0322ce20e33eac124758e837cbd80a6f633/library/core/src/ops/function.rs:227:5
[INFO] [stdout]   21:     0x5625ebb23c33 - test::__rust_begin_short_backtrace::h0908f3b1fdbb72ab
[INFO] [stdout]                                at /rustc/a178d0322ce20e33eac124758e837cbd80a6f633/library/test/src/lib.rs:577:5
[INFO] [stdout]   22:     0x5625ebb226f0 - <alloc::boxed::Box<F,A> as core::ops::function::FnOnce<Args>>::call_once::hf6d2a51e5587546c
[INFO] [stdout]                                at /rustc/a178d0322ce20e33eac124758e837cbd80a6f633/library/alloc/src/boxed.rs:1575:9
[INFO] [stdout]   23:     0x5625ebb226f0 - <std::panic::AssertUnwindSafe<F> as core::ops::function::FnOnce<()>>::call_once::h8af660f3a89ef593
[INFO] [stdout]                                at /rustc/a178d0322ce20e33eac124758e837cbd80a6f633/library/std/src/panic.rs:347:9
[INFO] [stdout]   24:     0x5625ebb226f0 - std::panicking::try::do_call::hd36aef60f84b6d36
[INFO] [stdout]                                at /rustc/a178d0322ce20e33eac124758e837cbd80a6f633/library/std/src/panicking.rs:401:40
[INFO] [stdout]   25:     0x5625ebb226f0 - std::panicking::try::h9932b4480e69817c
[INFO] [stdout]                                at /rustc/a178d0322ce20e33eac124758e837cbd80a6f633/library/std/src/panicking.rs:365:19
[INFO] [stdout]   26:     0x5625ebb226f0 - std::panic::catch_unwind::h6aa177099cfff5f8
[INFO] [stdout]                                at /rustc/a178d0322ce20e33eac124758e837cbd80a6f633/library/std/src/panic.rs:434:14
[INFO] [stdout]   27:     0x5625ebb226f0 - test::run_test_in_process::h5884d6f2d99e20c3
[INFO] [stdout]                                at /rustc/a178d0322ce20e33eac124758e837cbd80a6f633/library/test/src/lib.rs:600:18
[INFO] [stdout]   28:     0x5625ebb226f0 - test::run_test::run_test_inner::{{closure}}::h6fdc58c6d5f5b6e3
[INFO] [stdout]                                at /rustc/a178d0322ce20e33eac124758e837cbd80a6f633/library/test/src/lib.rs:492:39
[INFO] [stdout]   29:     0x5625ebafbda2 - test::run_test::run_test_inner::{{closure}}::h408365d67a78ade8
[INFO] [stdout]                                at /rustc/a178d0322ce20e33eac124758e837cbd80a6f633/library/test/src/lib.rs:519:37
[INFO] [stdout]   30:     0x5625ebafbda2 - std::sys_common::backtrace::__rust_begin_short_backtrace::hb560b77c4f701523
[INFO] [stdout]                                at /rustc/a178d0322ce20e33eac124758e837cbd80a6f633/library/std/src/sys_common/backtrace.rs:125:18
[INFO] [stdout]   31:     0x5625ebaff958 - std::thread::Builder::spawn_unchecked::{{closure}}::{{closure}}::hf2e7831dad93c597
[INFO] [stdout]                                at /rustc/a178d0322ce20e33eac124758e837cbd80a6f633/library/std/src/thread/mod.rs:481:17
[INFO] [stdout]   32:     0x5625ebaff958 - <std::panic::AssertUnwindSafe<F> as core::ops::function::FnOnce<()>>::call_once::hd2e08783d8be4d02
[INFO] [stdout]                                at /rustc/a178d0322ce20e33eac124758e837cbd80a6f633/library/std/src/panic.rs:347:9
[INFO] [stdout]   33:     0x5625ebaff958 - std::panicking::try::do_call::h062597b7acfd6b82
[INFO] [stdout]                                at /rustc/a178d0322ce20e33eac124758e837cbd80a6f633/library/std/src/panicking.rs:401:40
[INFO] [stdout]   34:     0x5625ebaff958 - std::panicking::try::h0d7b79db04c14552
[INFO] [stdout]                                at /rustc/a178d0322ce20e33eac124758e837cbd80a6f633/library/std/src/panicking.rs:365:19
[INFO] [stdout]   35:     0x5625ebaff958 - std::panic::catch_unwind::hb01a0b5e7c8cd43b
[INFO] [stdout]                                at /rustc/a178d0322ce20e33eac124758e837cbd80a6f633/library/std/src/panic.rs:434:14
[INFO] [stdout]   36:     0x5625ebaff958 - std::thread::Builder::spawn_unchecked::{{closure}}::h5bde48cc887e0d1e
[INFO] [stdout]                                at /rustc/a178d0322ce20e33eac124758e837cbd80a6f633/library/std/src/thread/mod.rs:480:30
[INFO] [stdout]   37:     0x5625ebaff958 - core::ops::function::FnOnce::call_once{{vtable.shim}}::h745ea30807a29e55
[INFO] [stdout]                                at /rustc/a178d0322ce20e33eac124758e837cbd80a6f633/library/core/src/ops/function.rs:227:5
[INFO] [stdout]   38:     0x5625ebb7f137 - <alloc::boxed::Box<F,A> as core::ops::function::FnOnce<Args>>::call_once::h7ece6cfefaff1005
[INFO] [stdout]                                at /rustc/a178d0322ce20e33eac124758e837cbd80a6f633/library/alloc/src/boxed.rs:1575:9
[INFO] [stdout]   39:     0x5625ebb7f137 - <alloc::boxed::Box<F,A> as core::ops::function::FnOnce<Args>>::call_once::hb8b48e55c21f193e
[INFO] [stdout]                                at /rustc/a178d0322ce20e33eac124758e837cbd80a6f633/library/alloc/src/boxed.rs:1575:9
[INFO] [stdout]   40:     0x5625ebb7f137 - std::sys::unix::thread::Thread::new::thread_start::h8c7c4450dba62914
[INFO] [stdout]                                at /rustc/a178d0322ce20e33eac124758e837cbd80a6f633/library/std/src/sys/unix/thread.rs:71:17
[INFO] [stdout]   41:     0x7f128aebe609 - start_thread
[INFO] [stdout]   42:     0x7f128ac90293 - clone
[INFO] [stdout]   43:                0x0 - <unknown>
[INFO] [stdout] 
[INFO] [stdout] 
[INFO] [stdout] failures:
[INFO] [stdout]     acceptance
[INFO] [stdout] 
[INFO] [stdout] test result: FAILED. 0 passed; 1 failed; 0 ignored; 0 measured; 0 filtered out; finished in 0.03s
[INFO] [stdout] 
[INFO] running `Command { std: "docker" "inspect" "71399daf51232b6ee45e9b8be301fb7be0dea575790f14d3b8885a85a4fd9ca6", kill_on_drop: false }`
[INFO] running `Command { std: "docker" "rm" "-f" "71399daf51232b6ee45e9b8be301fb7be0dea575790f14d3b8885a85a4fd9ca6", kill_on_drop: false }`
[INFO] [stdout] 71399daf51232b6ee45e9b8be301fb7be0dea575790f14d3b8885a85a4fd9ca6
