[INFO] cloning repository https://github.com/DriesCruyskens/doomfire
[INFO] running `Command { std: "git" "-c" "credential.helper=" "-c" "credential.helper=/workspace/cargo-home/bin/git-credential-null" "clone" "--bare" "https://github.com/DriesCruyskens/doomfire" "/workspace/cache/git-repos/https%3A%2F%2Fgithub.com%2FDriesCruyskens%2Fdoomfire", kill_on_drop: false }`
[INFO] [stderr] Cloning into bare repository '/workspace/cache/git-repos/https%3A%2F%2Fgithub.com%2FDriesCruyskens%2Fdoomfire'...
[INFO] running `Command { std: "git" "rev-parse" "HEAD", kill_on_drop: false }`
[INFO] [stdout] 5e86338e330111f90a6fa6f2d477dadb7496e8e6
[INFO] testing DriesCruyskens/doomfire against beta-2021-08-01 for beta-1.55-1
[INFO] running `Command { std: "git" "clone" "/workspace/cache/git-repos/https%3A%2F%2Fgithub.com%2FDriesCruyskens%2Fdoomfire" "/workspace/builds/worker-14/source", kill_on_drop: false }`
[INFO] [stderr] Cloning into '/workspace/builds/worker-14/source'...
[INFO] [stderr] done.
[INFO] validating manifest of git repo https://github.com/DriesCruyskens/doomfire on toolchain beta-2021-08-01
[INFO] running `Command { std: "/workspace/cargo-home/bin/cargo" "+beta-2021-08-01" "metadata" "--manifest-path" "Cargo.toml" "--no-deps", kill_on_drop: false }`
[INFO] started tweaking git repo https://github.com/DriesCruyskens/doomfire
[INFO] finished tweaking git repo https://github.com/DriesCruyskens/doomfire
[INFO] tweaked toml for git repo https://github.com/DriesCruyskens/doomfire written to /workspace/builds/worker-14/source/Cargo.toml
[INFO] crate git repo https://github.com/DriesCruyskens/doomfire already has a lockfile, it will not be regenerated
[INFO] running `Command { std: "/workspace/cargo-home/bin/cargo" "+beta-2021-08-01" "fetch" "--manifest-path" "Cargo.toml", kill_on_drop: false }`
[INFO] [stderr]  Downloading crates ...
[INFO] [stderr]   Downloaded peek-poke v0.2.0
[INFO] [stderr]   Downloaded gfx-backend-empty v0.5.0
[INFO] [stderr]   Downloaded gfx-backend-dx12 v0.5.7
[INFO] [stderr]   Downloaded gfx-hal v0.5.2
[INFO] [stderr]   Downloaded wgpu-core v0.5.5
[INFO] [stderr]   Downloaded gfx-memory v0.1.3
[INFO] [stderr]   Downloaded wgpu-types v0.5.1
[INFO] [stderr]   Downloaded wgpu v0.5.0
[INFO] [stderr]   Downloaded gfx-backend-dx11 v0.5.1
[INFO] [stderr]   Downloaded gfx-backend-vulkan v0.5.8
[INFO] [stderr]   Downloaded gfx-descriptor v0.1.0
[INFO] [stderr]   Downloaded peek-poke-derive v0.2.1
[INFO] [stderr]   Downloaded pixels v0.0.4
[INFO] [stderr]   Downloaded wgpu-native v0.5.0
[INFO] [stderr]   Downloaded gfx-backend-metal v0.5.4
[INFO] running `Command { std: "docker" "create" "-v" "/var/lib/crater-agent-workspace/builds/worker-14/target:/opt/rustwide/target:rw,Z" "-v" "/var/lib/crater-agent-workspace/builds/worker-14/source:/opt/rustwide/workdir:ro,Z" "-v" "/var/lib/crater-agent-workspace/cargo-home:/opt/rustwide/cargo-home:ro,Z" "-v" "/var/lib/crater-agent-workspace/rustup-home:/opt/rustwide/rustup-home:ro,Z" "-e" "SOURCE_DIR=/opt/rustwide/workdir" "-e" "CARGO_TARGET_DIR=/opt/rustwide/target" "-e" "CARGO_HOME=/opt/rustwide/cargo-home" "-e" "RUSTUP_HOME=/opt/rustwide/rustup-home" "-w" "/opt/rustwide/workdir" "-m" "1610612736" "--user" "0:0" "--network" "none" "ghcr.io/rust-lang/crates-build-env/linux@sha256:34b6a614d2c27851fe6cbf88fbd1137609cefab8b10d0615aaeb6fd47975d74e" "/opt/rustwide/cargo-home/bin/cargo" "+beta-2021-08-01" "metadata" "--no-deps" "--format-version=1", kill_on_drop: false }`
[INFO] [stdout] 3305893a67a49837715441373bce75030577306b41a885929357a10d6c575b4f
[INFO] running `Command { std: "docker" "start" "-a" "3305893a67a49837715441373bce75030577306b41a885929357a10d6c575b4f", kill_on_drop: false }`
[INFO] running `Command { std: "docker" "inspect" "3305893a67a49837715441373bce75030577306b41a885929357a10d6c575b4f", kill_on_drop: false }`
[INFO] running `Command { std: "docker" "rm" "-f" "3305893a67a49837715441373bce75030577306b41a885929357a10d6c575b4f", kill_on_drop: false }`
[INFO] [stdout] 3305893a67a49837715441373bce75030577306b41a885929357a10d6c575b4f
[INFO] running `Command { std: "docker" "create" "-v" "/var/lib/crater-agent-workspace/builds/worker-14/target:/opt/rustwide/target:rw,Z" "-v" "/var/lib/crater-agent-workspace/builds/worker-14/source:/opt/rustwide/workdir:ro,Z" "-v" "/var/lib/crater-agent-workspace/cargo-home:/opt/rustwide/cargo-home:ro,Z" "-v" "/var/lib/crater-agent-workspace/rustup-home:/opt/rustwide/rustup-home:ro,Z" "-e" "SOURCE_DIR=/opt/rustwide/workdir" "-e" "CARGO_TARGET_DIR=/opt/rustwide/target" "-e" "CARGO_INCREMENTAL=0" "-e" "RUST_BACKTRACE=full" "-e" "RUSTFLAGS=--cap-lints=warn" "-e" "CARGO_HOME=/opt/rustwide/cargo-home" "-e" "RUSTUP_HOME=/opt/rustwide/rustup-home" "-w" "/opt/rustwide/workdir" "-m" "1610612736" "--user" "0:0" "--network" "none" "ghcr.io/rust-lang/crates-build-env/linux@sha256:34b6a614d2c27851fe6cbf88fbd1137609cefab8b10d0615aaeb6fd47975d74e" "/opt/rustwide/cargo-home/bin/cargo" "+beta-2021-08-01" "build" "--frozen" "--message-format=json", kill_on_drop: false }`
[INFO] [stdout] 7b05fad1404647e8ce82ff69b4714129fd0205affb7fb3c45d63faff09a3e672
[INFO] running `Command { std: "docker" "start" "-a" "7b05fad1404647e8ce82ff69b4714129fd0205affb7fb3c45d63faff09a3e672", kill_on_drop: false }`
[INFO] [stderr]    Compiling syn v1.0.31
[INFO] [stderr]    Compiling pin-project-internal v0.4.22
[INFO] [stderr]    Compiling futures-core v0.3.5
[INFO] [stderr]    Compiling bytemuck v1.2.0
[INFO] [stderr]    Compiling clamp v0.1.0
[INFO] [stderr]    Compiling yaml-rust v0.3.5
[INFO] [stderr]    Compiling instant v0.1.4
[INFO] [stderr]    Compiling x11 v2.18.2
[INFO] [stderr]    Compiling raw-window-handle v0.3.3
[INFO] [stderr]    Compiling nix v0.14.1
[INFO] [stderr]    Compiling memmap v0.7.0
[INFO] [stderr]    Compiling wayland-scanner v0.23.6
[INFO] [stderr]    Compiling approx v0.3.2
[INFO] [stderr]    Compiling ordered-float v1.0.2
[INFO] [stderr]    Compiling wayland-sys v0.23.6
[INFO] [stderr]    Compiling ash v0.30.0
[INFO] [stderr]    Compiling line_drawing v0.7.0
[INFO] [stderr]    Compiling x11-dl v2.18.5
[INFO] [stderr]    Compiling mio-extras v2.0.6
[INFO] [stderr]    Compiling doomfire v0.1.0 (/opt/rustwide/workdir/doomfire)
[INFO] [stderr]    Compiling gfx-hal v0.5.2
[INFO] [stderr]    Compiling wide v0.4.6
[INFO] [stderr]    Compiling rusttype v0.8.3
[INFO] [stderr]    Compiling rusttype v0.7.9
[INFO] [stderr]    Compiling clap v2.33.1
[INFO] [stderr]    Compiling ultraviolet v0.4.6
[INFO] [stderr]    Compiling andrew v0.2.1
[INFO] [stderr]    Compiling wayland-client v0.23.6
[INFO] [stderr]    Compiling wayland-protocols v0.23.6
[INFO] [stderr]    Compiling calloop v0.4.4
[INFO] [stderr]    Compiling wayland-commons v0.23.6
[INFO] [stderr]    Compiling gfx-descriptor v0.1.0
[INFO] [stderr]    Compiling gfx-memory v0.1.3
[INFO] [stderr]    Compiling gfx-backend-empty v0.5.0
[INFO] [stderr]    Compiling synstructure v0.12.4
[INFO] [stderr]    Compiling gfx-backend-vulkan v0.5.8
[INFO] [stderr]    Compiling peek-poke-derive v0.2.1
[INFO] [stderr]    Compiling thiserror-impl v1.0.20
[INFO] [stderr]    Compiling peek-poke v0.2.0
[INFO] [stderr]    Compiling wgpu-types v0.5.1
[INFO] [stderr]    Compiling thiserror v1.0.20
[INFO] [stderr]    Compiling wgpu-core v0.5.5
[INFO] [stderr]    Compiling pin-project v0.4.22
[INFO] [stderr]    Compiling futures-util v0.3.5
[INFO] [stderr]    Compiling wgpu-native v0.5.0
[INFO] [stderr]    Compiling futures-executor v0.3.5
[INFO] [stderr]    Compiling wgpu v0.5.0
[INFO] [stderr]    Compiling pixels v0.0.4
[INFO] [stderr]    Compiling smithay-client-toolkit v0.6.6
[INFO] [stderr]    Compiling winit v0.22.2
[INFO] [stderr]    Compiling doomfire-pixels v0.1.0 (/opt/rustwide/workdir/doomfire-pixels)
[INFO] [stderr]     Finished dev [unoptimized + debuginfo] target(s) in 1m 04s
[INFO] running `Command { std: "docker" "inspect" "7b05fad1404647e8ce82ff69b4714129fd0205affb7fb3c45d63faff09a3e672", kill_on_drop: false }`
[INFO] running `Command { std: "docker" "rm" "-f" "7b05fad1404647e8ce82ff69b4714129fd0205affb7fb3c45d63faff09a3e672", kill_on_drop: false }`
[INFO] [stdout] 7b05fad1404647e8ce82ff69b4714129fd0205affb7fb3c45d63faff09a3e672
[INFO] running `Command { std: "docker" "create" "-v" "/var/lib/crater-agent-workspace/builds/worker-14/target:/opt/rustwide/target:rw,Z" "-v" "/var/lib/crater-agent-workspace/builds/worker-14/source:/opt/rustwide/workdir:ro,Z" "-v" "/var/lib/crater-agent-workspace/cargo-home:/opt/rustwide/cargo-home:ro,Z" "-v" "/var/lib/crater-agent-workspace/rustup-home:/opt/rustwide/rustup-home:ro,Z" "-e" "SOURCE_DIR=/opt/rustwide/workdir" "-e" "CARGO_TARGET_DIR=/opt/rustwide/target" "-e" "CARGO_INCREMENTAL=0" "-e" "RUST_BACKTRACE=full" "-e" "RUSTFLAGS=--cap-lints=warn" "-e" "CARGO_HOME=/opt/rustwide/cargo-home" "-e" "RUSTUP_HOME=/opt/rustwide/rustup-home" "-w" "/opt/rustwide/workdir" "-m" "1610612736" "--user" "0:0" "--network" "none" "ghcr.io/rust-lang/crates-build-env/linux@sha256:34b6a614d2c27851fe6cbf88fbd1137609cefab8b10d0615aaeb6fd47975d74e" "/opt/rustwide/cargo-home/bin/cargo" "+beta-2021-08-01" "test" "--frozen" "--no-run" "--message-format=json", kill_on_drop: false }`
[INFO] [stdout] 5fe94c3759db7f7d3f8cca5b05f1ed0e0fd3031ecc2207da3f5b8485c7741a53
[INFO] running `Command { std: "docker" "start" "-a" "5fe94c3759db7f7d3f8cca5b05f1ed0e0fd3031ecc2207da3f5b8485c7741a53", kill_on_drop: false }`
[INFO] [stderr]     Blocking waiting for file lock on package cache
[INFO] [stderr]    Compiling doomfire v0.1.0 (/opt/rustwide/workdir/doomfire)
[INFO] [stderr]    Compiling doomfire-pixels v0.1.0 (/opt/rustwide/workdir/doomfire-pixels)
[INFO] [stderr]     Finished test [unoptimized + debuginfo] target(s) in 0.65s
[INFO] running `Command { std: "docker" "inspect" "5fe94c3759db7f7d3f8cca5b05f1ed0e0fd3031ecc2207da3f5b8485c7741a53", kill_on_drop: false }`
[INFO] running `Command { std: "docker" "rm" "-f" "5fe94c3759db7f7d3f8cca5b05f1ed0e0fd3031ecc2207da3f5b8485c7741a53", kill_on_drop: false }`
[INFO] [stdout] 5fe94c3759db7f7d3f8cca5b05f1ed0e0fd3031ecc2207da3f5b8485c7741a53
[INFO] running `Command { std: "docker" "create" "-v" "/var/lib/crater-agent-workspace/builds/worker-14/target:/opt/rustwide/target:rw,Z" "-v" "/var/lib/crater-agent-workspace/builds/worker-14/source:/opt/rustwide/workdir:ro,Z" "-v" "/var/lib/crater-agent-workspace/cargo-home:/opt/rustwide/cargo-home:ro,Z" "-v" "/var/lib/crater-agent-workspace/rustup-home:/opt/rustwide/rustup-home:ro,Z" "-e" "SOURCE_DIR=/opt/rustwide/workdir" "-e" "CARGO_TARGET_DIR=/opt/rustwide/target" "-e" "CARGO_INCREMENTAL=0" "-e" "RUST_BACKTRACE=full" "-e" "RUSTFLAGS=--cap-lints=warn" "-e" "CARGO_HOME=/opt/rustwide/cargo-home" "-e" "RUSTUP_HOME=/opt/rustwide/rustup-home" "-w" "/opt/rustwide/workdir" "-m" "1610612736" "--user" "0:0" "--network" "none" "ghcr.io/rust-lang/crates-build-env/linux@sha256:34b6a614d2c27851fe6cbf88fbd1137609cefab8b10d0615aaeb6fd47975d74e" "/opt/rustwide/cargo-home/bin/cargo" "+beta-2021-08-01" "test" "--frozen", kill_on_drop: false }`
[INFO] [stdout] 986d4934fc3d4660c3136045703ab1d043857e35c3b55360a7a5625c99639145
[INFO] running `Command { std: "docker" "start" "-a" "986d4934fc3d4660c3136045703ab1d043857e35c3b55360a7a5625c99639145", kill_on_drop: false }`
[INFO] [stderr]     Finished test [unoptimized + debuginfo] target(s) in 0.08s
[INFO] [stderr]      Running unittests (/opt/rustwide/target/debug/deps/doomfire-4b6f7b5dc381e145)
[INFO] [stdout] 
[INFO] [stdout] running 0 tests
[INFO] [stdout] 
[INFO] [stdout] test result: ok. 0 passed; 0 failed; 0 ignored; 0 measured; 0 filtered out; finished in 0.00s
[INFO] [stdout] 
[INFO] [stderr]      Running unittests (/opt/rustwide/target/debug/deps/doomfire_pixels-aeb81367683c5c95)
[INFO] [stdout] 
[INFO] [stdout] running 0 tests
[INFO] [stdout] 
[INFO] [stdout] test result: ok. 0 passed; 0 failed; 0 ignored; 0 measured; 0 filtered out; finished in 0.00s
[INFO] [stdout] 
[INFO] [stderr]    Doc-tests doomfire
[INFO] [stdout] 
[INFO] [stdout] running 4 tests
[INFO] [stdout] test src/lib.rs - Doomfire::new (line 79) ... FAILED
[INFO] [stdout] test src/lib.rs - (line 9) ... FAILED
[INFO] [stdout] test src/lib.rs - Doomfire::update (line 100) ... FAILED
[INFO] [stdout] test src/lib.rs - Doomfire::draw (line 142) ... FAILED
[INFO] [stdout] 
[INFO] [stdout] failures:
[INFO] [stdout] 
[INFO] [stdout] ---- src/lib.rs - Doomfire::new (line 79) stdout ----
[INFO] [stdout] error[E0433]: failed to resolve: use of undeclared type `Doomfire`
[INFO] [stdout]  --> src/lib.rs:80:20
[INFO] [stdout]   |
[INFO] [stdout] 4 | let mut doomfire = Doomfire::new(600, 400);
[INFO] [stdout]   |                    ^^^^^^^^ not found in this scope
[INFO] [stdout]   |
[INFO] [stdout] help: consider importing this struct
[INFO] [stdout]   |
[INFO] [stdout] 3 | use doomfire::Doomfire;
[INFO] [stdout]   |
[INFO] [stdout] 
[INFO] [stdout] error: aborting due to previous error
[INFO] [stdout] 
[INFO] [stdout] For more information about this error, try `rustc --explain E0433`.
[INFO] [stdout] Couldn't compile the test.
[INFO] [stdout] ---- src/lib.rs - (line 9) stdout ----
[INFO] [stdout] error[E0433]: failed to resolve: use of undeclared type `Doomfire`
[INFO] [stdout]  --> src/lib.rs:11:20
[INFO] [stdout]   |
[INFO] [stdout] 5 | let mut doomfire = Doomfire::new(600, 400);
[INFO] [stdout]   |                    ^^^^^^^^ not found in this scope
[INFO] [stdout]   |
[INFO] [stdout] help: consider importing this struct
[INFO] [stdout]   |
[INFO] [stdout] 4 | use doomfire::Doomfire;
[INFO] [stdout]   |
[INFO] [stdout] 
[INFO] [stdout] error[E0425]: cannot find value `pixel_buffer` in this scope
[INFO] [stdout]   --> src/lib.rs:16:20
[INFO] [stdout]    |
[INFO] [stdout] 10 | doomfire.draw(&mut pixel_buffer);
[INFO] [stdout]    |                    ^^^^^^^^^^^^ not found in this scope
[INFO] [stdout] 
[INFO] [stdout] error: aborting due to 2 previous errors
[INFO] [stdout] 
[INFO] [stdout] Some errors have detailed explanations: E0425, E0433.
[INFO] [stdout] For more information about an error, try `rustc --explain E0425`.
[INFO] [stdout] Couldn't compile the test.
[INFO] [stdout] ---- src/lib.rs - Doomfire::update (line 100) stdout ----
[INFO] [stdout] error[E0433]: failed to resolve: use of undeclared type `Doomfire`
[INFO] [stdout]  --> src/lib.rs:101:20
[INFO] [stdout]   |
[INFO] [stdout] 4 | let mut doomfire = Doomfire::new(600, 400);
[INFO] [stdout]   |                    ^^^^^^^^ not found in this scope
[INFO] [stdout]   |
[INFO] [stdout] help: consider importing this struct
[INFO] [stdout]   |
[INFO] [stdout] 3 | use doomfire::Doomfire;
[INFO] [stdout]   |
[INFO] [stdout] 
[INFO] [stdout] error: aborting due to previous error
[INFO] [stdout] 
[INFO] [stdout] For more information about this error, try `rustc --explain E0433`.
[INFO] [stdout] Couldn't compile the test.
[INFO] [stdout] ---- src/lib.rs - Doomfire::draw (line 142) stdout ----
[INFO] [stdout] error[E0433]: failed to resolve: use of undeclared type `Doomfire`
[INFO] [stdout]  --> src/lib.rs:143:20
[INFO] [stdout]   |
[INFO] [stdout] 4 | let mut doomfire = Doomfire::new(600, 400);
[INFO] [stdout]   |                    ^^^^^^^^ not found in this scope
[INFO] [stdout]   |
[INFO] [stdout] help: consider importing this struct
[INFO] [stdout]   |
[INFO] [stdout] 3 | use doomfire::Doomfire;
[INFO] [stdout]   |
[INFO] [stdout] 
[INFO] [stdout] error[E0425]: cannot find function `some_pixel_buffer_generator` in this scope
[INFO] [stdout]  --> src/lib.rs:144:31
[INFO] [stdout]   |
[INFO] [stdout] 5 | let pixel_buffer: &mut [u8] = some_pixel_buffer_generator(600, 400) ;
[INFO] [stdout]   |                               ^^^^^^^^^^^^^^^^^^^^^^^^^^^ not found in this scope
[INFO] [stdout] 
[INFO] [stdout] error: aborting due to 2 previous errors
[INFO] [stdout] 
[INFO] [stdout] Some errors have detailed explanations: E0425, E0433.
[INFO] [stdout] For more information about an error, try `rustc --explain E0425`.
[INFO] [stdout] Couldn't compile the test.
[INFO] [stdout] 
[INFO] [stdout] failures:
[INFO] [stdout]     src/lib.rs - (line 9)
[INFO] [stdout]     src/lib.rs - Doomfire::draw (line 142)
[INFO] [stdout]     src/lib.rs - Doomfire::new (line 79)
[INFO] [stdout]     src/lib.rs - Doomfire::update (line 100)
[INFO] [stdout] 
[INFO] [stdout] test result: FAILED. 0 passed; 4 failed; 0 ignored; 0 measured; 0 filtered out; finished in 0.12s
[INFO] [stdout] 
[INFO] [stderr] error: test failed, to rerun pass '--doc'
[INFO] running `Command { std: "docker" "inspect" "986d4934fc3d4660c3136045703ab1d043857e35c3b55360a7a5625c99639145", kill_on_drop: false }`
[INFO] running `Command { std: "docker" "rm" "-f" "986d4934fc3d4660c3136045703ab1d043857e35c3b55360a7a5625c99639145", kill_on_drop: false }`
[INFO] [stdout] 986d4934fc3d4660c3136045703ab1d043857e35c3b55360a7a5625c99639145
