[INFO] cloning repository https://github.com/DevinR528/magit
[INFO] running `Command { std: "git" "-c" "credential.helper=" "-c" "credential.helper=/workspace/cargo-home/bin/git-credential-null" "clone" "--bare" "https://github.com/DevinR528/magit" "/workspace/cache/git-repos/https%3A%2F%2Fgithub.com%2FDevinR528%2Fmagit", kill_on_drop: false }`
[INFO] [stderr] Cloning into bare repository '/workspace/cache/git-repos/https%3A%2F%2Fgithub.com%2FDevinR528%2Fmagit'...
[INFO] running `Command { std: "git" "rev-parse" "HEAD", kill_on_drop: false }`
[INFO] [stdout] 6b0c93429934279ddce7f27743e828800a0c6396
[INFO] testing DevinR528/magit against beta-2021-08-01 for beta-1.55-1
[INFO] running `Command { std: "git" "clone" "/workspace/cache/git-repos/https%3A%2F%2Fgithub.com%2FDevinR528%2Fmagit" "/workspace/builds/worker-10/source", kill_on_drop: false }`
[INFO] [stderr] Cloning into '/workspace/builds/worker-10/source'...
[INFO] [stderr] done.
[INFO] validating manifest of git repo https://github.com/DevinR528/magit on toolchain beta-2021-08-01
[INFO] running `Command { std: "/workspace/cargo-home/bin/cargo" "+beta-2021-08-01" "metadata" "--manifest-path" "Cargo.toml" "--no-deps", kill_on_drop: false }`
[INFO] started tweaking git repo https://github.com/DevinR528/magit
[INFO] finished tweaking git repo https://github.com/DevinR528/magit
[INFO] tweaked toml for git repo https://github.com/DevinR528/magit written to /workspace/builds/worker-10/source/Cargo.toml
[INFO] crate git repo https://github.com/DevinR528/magit already has a lockfile, it will not be regenerated
[INFO] running `Command { std: "/workspace/cargo-home/bin/cargo" "+beta-2021-08-01" "fetch" "--manifest-path" "Cargo.toml", kill_on_drop: false }`
[INFO] [stderr]     Updating git repository `https://github.com/matrix-org/matrix-rust-sdk`
[INFO] [stderr]     Updating git repository `https://github.com/SergioBenitez/Rocket`
[INFO] [stderr]     Updating git repository `https://github.com/SergioBenitez/async-stream.git`
[INFO] [stderr]     Updating git repository `https://github.com/rousan/multer-rs.git`
[INFO] [stderr]     Updating git repository `https://github.com/SergioBenitez/state.git`
[INFO] [stderr]     Updating git repository `https://github.com/SergioBenitez/Devise.git`
[INFO] [stderr]     Blocking waiting for file lock on package cache
[INFO] [stderr]  Downloading crates ...
[INFO] [stderr]   Downloaded ruma-serde v0.4.0
[INFO] [stderr]   Downloaded chacha20 v0.6.0
[INFO] [stderr]   Downloaded aes-ctr v0.6.0
[INFO] [stderr]   Downloaded backoff v0.3.0
[INFO] [stderr]   Downloaded hmac v0.11.0
[INFO] [stderr]   Downloaded uncased v0.9.6
[INFO] [stderr]   Downloaded snafu v0.6.10
[INFO] [stderr]   Downloaded hyperx v1.3.0
[INFO] [stderr]   Downloaded crypto-mac v0.11.0
[INFO] [stderr]   Downloaded unchecked-index v0.2.2
[INFO] [stderr]   Downloaded futures-locks v0.6.0
[INFO] [stderr]   Downloaded async-stream v0.3.1
[INFO] [stderr]   Downloaded sled v0.34.6
[INFO] [stderr]   Downloaded snafu-derive v0.6.10
[INFO] [stderr]   Downloaded ruma-client v0.5.0
[INFO] [stderr]   Downloaded serde_path_to_error v0.1.4
[INFO] [stderr]   Downloaded ruma-api v0.17.0
[INFO] [stderr]   Downloaded olm-sys v1.1.1
[INFO] [stderr]   Downloaded pbkdf2 v0.6.0
[INFO] [stderr]   Downloaded cookie v0.15.0
[INFO] [stderr]   Downloaded ruma-api-macros v0.17.0
[INFO] [stderr]   Downloaded assign v1.1.1
[INFO] [stderr]   Downloaded ubyte v0.10.1
[INFO] [stderr]   Downloaded js_int v0.2.0
[INFO] [stderr]   Downloaded stable-pattern v0.1.0
[INFO] [stderr]   Downloaded binascii v0.1.4
[INFO] [stderr]   Downloaded indoc v1.0.3
[INFO] [stderr]   Downloaded arc-swap v1.2.0
[INFO] [stderr]   Downloaded figment v0.10.5
[INFO] [stderr]   Downloaded proc-macro2-diagnostics v0.9.1
[INFO] [stderr]   Downloaded pear_codegen v0.2.2
[INFO] [stderr]   Downloaded pear v0.2.2
[INFO] [stderr]   Downloaded twoway v0.2.1
[INFO] [stderr]   Downloaded inlinable_string v0.1.14
[INFO] [stderr]   Downloaded generator v0.6.25
[INFO] [stderr]   Downloaded async-stream-impl v0.3.1
[INFO] [stderr]   Downloaded loom v0.3.6
[INFO] [stderr]   Downloaded hyper v0.14.5
[INFO] [stderr]   Downloaded wildmatch v2.1.0
[INFO] [stderr]   Downloaded ruma-serde-macros v0.4.0
[INFO] [stderr]   Downloaded olm-rs v1.0.1
[INFO] [stderr]   Downloaded chacha20poly1305 v0.7.1
[INFO] [stderr]   Downloaded ruma-identifiers-macros v0.19.1
[INFO] [stderr]   Downloaded ruma-identifiers-validation v0.3.0
[INFO] [stderr]   Downloaded ruma-events-macros v0.22.1
[INFO] [stderr]   Downloaded ruma-common v0.5.1
[INFO] [stderr]   Downloaded ruma-identifiers v0.19.1
[INFO] [stderr]   Downloaded ruma v0.1.0
[INFO] [stderr]   Downloaded ruma-client-api v0.10.0
[INFO] [stderr]   Downloaded ruma-events v0.22.1
[INFO] [stderr]   Downloaded octocrab v0.9.0
[INFO] [stderr]   Downloaded ruma-federation-api v0.1.0
[INFO] running `Command { std: "docker" "create" "-v" "/var/lib/crater-agent-workspace/builds/worker-10/target:/opt/rustwide/target:rw,Z" "-v" "/var/lib/crater-agent-workspace/builds/worker-10/source:/opt/rustwide/workdir:ro,Z" "-v" "/var/lib/crater-agent-workspace/cargo-home:/opt/rustwide/cargo-home:ro,Z" "-v" "/var/lib/crater-agent-workspace/rustup-home:/opt/rustwide/rustup-home:ro,Z" "-e" "SOURCE_DIR=/opt/rustwide/workdir" "-e" "CARGO_TARGET_DIR=/opt/rustwide/target" "-e" "CARGO_HOME=/opt/rustwide/cargo-home" "-e" "RUSTUP_HOME=/opt/rustwide/rustup-home" "-w" "/opt/rustwide/workdir" "-m" "1610612736" "--user" "0:0" "--network" "none" "ghcr.io/rust-lang/crates-build-env/linux@sha256:34b6a614d2c27851fe6cbf88fbd1137609cefab8b10d0615aaeb6fd47975d74e" "/opt/rustwide/cargo-home/bin/cargo" "+beta-2021-08-01" "metadata" "--no-deps" "--format-version=1", kill_on_drop: false }`
[INFO] [stdout] 0fa4e359bcce90a27c6d91989d75302e868dc8173aee11cd659062eceb0b2ba7
[INFO] [stderr] WARNING: Your kernel does not support swap limit capabilities or the cgroup is not mounted. Memory limited without swap.
[INFO] running `Command { std: "docker" "start" "-a" "0fa4e359bcce90a27c6d91989d75302e868dc8173aee11cd659062eceb0b2ba7", kill_on_drop: false }`
[INFO] running `Command { std: "docker" "inspect" "0fa4e359bcce90a27c6d91989d75302e868dc8173aee11cd659062eceb0b2ba7", kill_on_drop: false }`
[INFO] running `Command { std: "docker" "rm" "-f" "0fa4e359bcce90a27c6d91989d75302e868dc8173aee11cd659062eceb0b2ba7", kill_on_drop: false }`
[INFO] [stdout] 0fa4e359bcce90a27c6d91989d75302e868dc8173aee11cd659062eceb0b2ba7
[INFO] running `Command { std: "docker" "create" "-v" "/var/lib/crater-agent-workspace/builds/worker-10/target:/opt/rustwide/target:rw,Z" "-v" "/var/lib/crater-agent-workspace/builds/worker-10/source:/opt/rustwide/workdir:ro,Z" "-v" "/var/lib/crater-agent-workspace/cargo-home:/opt/rustwide/cargo-home:ro,Z" "-v" "/var/lib/crater-agent-workspace/rustup-home:/opt/rustwide/rustup-home:ro,Z" "-e" "SOURCE_DIR=/opt/rustwide/workdir" "-e" "CARGO_TARGET_DIR=/opt/rustwide/target" "-e" "CARGO_INCREMENTAL=0" "-e" "RUST_BACKTRACE=full" "-e" "RUSTFLAGS=--cap-lints=warn" "-e" "CARGO_HOME=/opt/rustwide/cargo-home" "-e" "RUSTUP_HOME=/opt/rustwide/rustup-home" "-w" "/opt/rustwide/workdir" "-m" "1610612736" "--user" "0:0" "--network" "none" "ghcr.io/rust-lang/crates-build-env/linux@sha256:34b6a614d2c27851fe6cbf88fbd1137609cefab8b10d0615aaeb6fd47975d74e" "/opt/rustwide/cargo-home/bin/cargo" "+beta-2021-08-01" "build" "--frozen" "--message-format=json", kill_on_drop: false }`
[INFO] [stdout] 10ce5cfec52d24f0333db0249ea78633a44a2d55cf285b423379fdb541b3c781
[INFO] [stderr] WARNING: Your kernel does not support swap limit capabilities or the cgroup is not mounted. Memory limited without swap.
[INFO] running `Command { std: "docker" "start" "-a" "10ce5cfec52d24f0333db0249ea78633a44a2d55cf285b423379fdb541b3c781", kill_on_drop: false }`
[INFO] [stderr]     Blocking waiting for file lock on package cache
[INFO] [stderr]     Blocking waiting for file lock on package cache
[INFO] [stderr]    Compiling serde v1.0.126
[INFO] [stderr]    Compiling serde_json v1.0.64
[INFO] [stderr]    Compiling httparse v1.3.6
[INFO] [stderr]    Compiling const_fn v0.4.7
[INFO] [stderr]    Compiling getrandom v0.2.2
[INFO] [stderr]    Compiling ruma-identifiers-validation v0.3.0
[INFO] [stderr]    Compiling yansi v0.5.0
[INFO] [stderr]    Compiling wasm-bindgen-shared v0.2.74
[INFO] [stderr]    Compiling wildmatch v2.1.0
[INFO] [stderr]    Compiling unindent v0.1.7
[INFO] [stderr]    Compiling bumpalo v3.6.1
[INFO] [stderr]    Compiling ruma-client v0.5.0
[INFO] [stderr]    Compiling wasm-bindgen v0.2.74
[INFO] [stderr]    Compiling assign v1.1.1
[INFO] [stderr]    Compiling cpufeatures v0.1.4
[INFO] [stderr]    Compiling inlinable_string v0.1.14
[INFO] [stderr]    Compiling hyperx v1.3.0
[INFO] [stderr]    Compiling unchecked-index v0.2.2
[INFO] [stderr]    Compiling state v0.4.2 (https://github.com/SergioBenitez/state.git?rev=8f94dc#8f94dce6)
[INFO] [stderr]    Compiling binascii v0.1.4
[INFO] [stderr]    Compiling indexmap v1.6.2
[INFO] [stderr]    Compiling tokio v1.6.0
[INFO] [stderr]    Compiling futures-util v0.3.15
[INFO] [stderr]    Compiling time v0.2.26
[INFO] [stderr]    Compiling proc-macro2-diagnostics v0.9.1
[INFO] [stderr]    Compiling crossbeam-utils v0.8.4
[INFO] [stderr]    Compiling uncased v0.9.6
[INFO] [stderr]    Compiling cookie v0.15.0
[INFO] [stderr]    Compiling multer v1.2.2 (https://github.com/rousan/multer-rs.git?rev=7e4f0c5f#7e4f0c5f)
[INFO] [stderr]    Compiling figment v0.10.5
[INFO] [stderr]    Compiling indoc v1.0.3
[INFO] [stderr]    Compiling olm-sys v1.1.1
[INFO] [stderr]    Compiling rocket v0.5.0-dev (https://github.com/SergioBenitez/Rocket#f6568aca)
[INFO] [stderr]    Compiling http-body v0.4.2
[INFO] [stderr]    Compiling num_cpus v1.13.0
[INFO] [stderr]    Compiling signal-hook-registry v1.3.0
[INFO] [stderr]    Compiling socket2 v0.4.0
[INFO] [stderr]    Compiling fs2 v0.4.3
[INFO] [stderr]    Compiling time v0.1.43
[INFO] [stderr]    Compiling dirs-sys v0.3.6
[INFO] [stderr]    Compiling mio v0.7.11
[INFO] [stderr]    Compiling stable-pattern v0.1.0
[INFO] [stderr]    Compiling twoway v0.2.1
[INFO] [stderr]    Compiling native-tls v0.2.7
[INFO] [stderr]    Compiling crypto-mac v0.11.0
[INFO] [stderr]    Compiling tracing-attributes v0.1.15
[INFO] [stderr]    Compiling futures-macro v0.3.15
[INFO] [stderr]    Compiling thiserror-impl v1.0.24
[INFO] [stderr]    Compiling pin-project-internal v1.0.7
[INFO] [stderr]    Compiling time-macros-impl v0.1.1
[INFO] [stderr]    Compiling ruma-identifiers-macros v0.19.1
[INFO] [stderr]    Compiling async-stream-impl v0.3.1
[INFO] [stderr]    Compiling ref-cast-impl v1.0.6
[INFO] [stderr]    Compiling snafu-derive v0.6.10
[INFO] [stderr]    Compiling async-stream-impl v0.3.0 (https://github.com/SergioBenitez/async-stream.git?rev=c46ada9#c46ada94)
[INFO] [stderr]    Compiling dirs v3.0.2
[INFO] [stderr]    Compiling dashmap v4.0.2
[INFO] [stderr]    Compiling rand_core v0.6.2
[INFO] [stderr]    Compiling poly1305 v0.6.2
[INFO] [stderr]    Compiling pbkdf2 v0.6.0
[INFO] [stderr]    Compiling sha2 v0.9.5
[INFO] [stderr]    Compiling sha-1 v0.9.6
[INFO] [stderr]    Compiling wasm-bindgen-backend v0.2.74
[INFO] [stderr]    Compiling hmac v0.11.0
[INFO] [stderr]    Compiling zeroize_derive v1.1.0
[INFO] [stderr]    Compiling devise_core v0.3.0 (https://github.com/SergioBenitez/Devise.git?rev=df00b5#df00b516)
[INFO] [stderr]    Compiling aes-ctr v0.6.0
[INFO] [stderr]    Compiling pear_codegen v0.2.2
[INFO] [stderr]    Compiling rand_chacha v0.3.0
[INFO] [stderr]    Compiling ref-cast v1.0.6
[INFO] [stderr]    Compiling time-macros v0.1.1
[INFO] [stderr]    Compiling async-stream v0.3.1
[INFO] [stderr]    Compiling wasm-bindgen-macro-support v0.2.74
[INFO] [stderr]    Compiling async-stream v0.3.0 (https://github.com/SergioBenitez/async-stream.git?rev=c46ada9#c46ada94)
[INFO] [stderr]    Compiling crossbeam-epoch v0.9.4
[INFO] [stderr]    Compiling rand v0.8.3
[INFO] [stderr]    Compiling thiserror v1.0.24
[INFO] [stderr]    Compiling tracing v0.1.26
[INFO] [stderr]    Compiling zeroize v1.3.0
[INFO] [stderr]    Compiling instant v0.1.9
[INFO] [stderr]    Compiling pin-project v1.0.7
[INFO] [stderr]    Compiling chacha20 v0.6.0
[INFO] [stderr]    Compiling tracing-futures v0.2.5
[INFO] [stderr]    Compiling parking_lot_core v0.8.3
[INFO] [stderr]    Compiling devise_codegen v0.3.0 (https://github.com/SergioBenitez/Devise.git?rev=df00b5#df00b516)
[INFO] [stderr]    Compiling snafu v0.6.10
[INFO] [stderr]    Compiling chacha20poly1305 v0.7.1
[INFO] [stderr]    Compiling tempfile v3.2.0
[INFO] [stderr]    Compiling parking_lot v0.11.1
[INFO] [stderr]    Compiling toml v0.5.8
[INFO] [stderr]    Compiling js_int v0.2.0
[INFO] [stderr]    Compiling url v2.2.2
[INFO] [stderr]    Compiling serde_urlencoded v0.7.0
[INFO] [stderr]    Compiling uuid v0.8.2
[INFO] [stderr]    Compiling serde_path_to_error v0.1.4
[INFO] [stderr]    Compiling ubyte v0.10.1
[INFO] [stderr]    Compiling chrono v0.4.19
[INFO] [stderr]    Compiling pear v0.2.2
[INFO] [stderr]    Compiling wasm-bindgen-macro v0.2.74
[INFO] [stderr]    Compiling sled v0.34.6
[INFO] [stderr]    Compiling tokio-util v0.6.7
[INFO] [stderr]    Compiling tokio-native-tls v0.3.0
[INFO] [stderr]    Compiling backoff v0.3.0
[INFO] [stderr]    Compiling futures-executor v0.3.15
[INFO] [stderr]    Compiling devise v0.3.0 (https://github.com/SergioBenitez/Devise.git?rev=df00b5#df00b516)
[INFO] [stderr]    Compiling proc-macro-crate v1.0.0
[INFO] [stderr]    Compiling futures v0.3.15
[INFO] [stderr]    Compiling h2 v0.3.3
[INFO] [stderr]    Compiling olm-rs v1.0.1
[INFO] [stderr]    Compiling ruma-serde-macros v0.4.0
[INFO] [stderr]    Compiling ruma-events-macros v0.22.1
[INFO] [stderr]    Compiling ruma-api-macros v0.17.0
[INFO] [stderr]    Compiling js-sys v0.3.51
[INFO] [stderr]    Compiling ruma-serde v0.4.0
[INFO] [stderr]    Compiling ruma-identifiers v0.19.1
[INFO] [stderr]    Compiling web-sys v0.3.51
[INFO] [stderr]    Compiling hyper v0.14.5
[INFO] [stderr]    Compiling ruma-common v0.5.1
[INFO] [stderr]    Compiling ruma-api v0.17.0
[INFO] [stderr]    Compiling ruma-events v0.22.1
[INFO] [stderr]    Compiling gloo-timers v0.2.1
[INFO] [stderr]    Compiling futures-timer v3.0.2
[INFO] [stderr]    Compiling hyper-tls v0.5.0
[INFO] [stderr]    Compiling rocket_http v0.5.0-dev (https://github.com/SergioBenitez/Rocket#f6568aca)
[INFO] [stderr]    Compiling reqwest v0.11.3
[INFO] [stderr]    Compiling octocrab v0.9.0
[INFO] [stderr]    Compiling rocket_codegen v0.5.0-dev (https://github.com/SergioBenitez/Rocket#f6568aca)
[INFO] [stderr]    Compiling ruma-federation-api v0.1.0
[INFO] [stderr]    Compiling ruma-client-api v0.10.0
[INFO] [stderr]    Compiling ruma v0.1.0
[INFO] [stderr]    Compiling matrix-sdk-common v0.2.0 (https://github.com/matrix-org/matrix-rust-sdk#fe17dce8)
[INFO] [stderr]    Compiling matrix-sdk-crypto v0.2.0 (https://github.com/matrix-org/matrix-rust-sdk#fe17dce8)
[INFO] [stderr]    Compiling matrix-sdk-base v0.2.0 (https://github.com/matrix-org/matrix-rust-sdk#fe17dce8)
[INFO] [stderr]    Compiling matrix-sdk v0.2.0 (https://github.com/matrix-org/matrix-rust-sdk#fe17dce8)
[INFO] [stderr]    Compiling magit v0.1.0 (/opt/rustwide/workdir)
[INFO] [stdout] warning: unused variable: `from_gh`
[INFO] [stdout]    --> src/main.rs:149:21
[INFO] [stdout]     |
[INFO] [stdout] 149 |     let (to_matrix, from_gh) = channel(1024);
[INFO] [stdout]     |                     ^^^^^^^ help: if this is intentional, prefix it with an underscore: `_from_gh`
[INFO] [stdout]     |
[INFO] [stdout]     = note: `#[warn(unused_variables)]` on by default
[INFO] [stdout] 
[INFO] [stdout] 
[INFO] [stdout] warning: unused variable: `to_matrix`
[INFO] [stdout]  --> src/routes.rs:6:34
[INFO] [stdout]   |
[INFO] [stdout] 6 | pub fn index(event: GitHubEvent, to_matrix: &State<Store>) -> Result<(), ()> {
[INFO] [stdout]   |                                  ^^^^^^^^^ help: if this is intentional, prefix it with an underscore: `_to_matrix`
[INFO] [stdout] 
[INFO] [stdout] 
[INFO] [stdout] warning: field is never read: `config`
[INFO] [stdout]   --> src/main.rs:34:5
[INFO] [stdout]    |
[INFO] [stdout] 34 |     config: Config,
[INFO] [stdout]    |     ^^^^^^^^^^^^^^
[INFO] [stdout]    |
[INFO] [stdout]    = note: `#[warn(dead_code)]` on by default
[INFO] [stdout] 
[INFO] [stdout] 
[INFO] [stdout] warning: field is never read: `to_matrix`
[INFO] [stdout]   --> src/main.rs:35:5
[INFO] [stdout]    |
[INFO] [stdout] 35 |     to_matrix: Sender<String>,
[INFO] [stdout]    |     ^^^^^^^^^^^^^^^^^^^^^^^^^
[INFO] [stdout] 
[INFO] [stdout] 
[INFO] [stdout] warning: field is never read: `listener`
[INFO] [stdout]   --> src/main.rs:62:5
[INFO] [stdout]    |
[INFO] [stdout] 62 |     listener: Receiver<String>,
[INFO] [stdout]    |     ^^^^^^^^^^^^^^^^^^^^^^^^^^
[INFO] [stdout] 
[INFO] [stdout] 
[INFO] [stdout] warning: field is never read: `sender`
[INFO] [stdout]   --> src/main.rs:63:5
[INFO] [stdout]    |
[INFO] [stdout] 63 |     sender: Sender<String>,
[INFO] [stdout]    |     ^^^^^^^^^^^^^^^^^^^^^^
[INFO] [stdout] 
[INFO] [stdout] 
[INFO] [stdout] warning: associated function is never used: `new`
[INFO] [stdout]   --> src/main.rs:67:12
[INFO] [stdout]    |
[INFO] [stdout] 67 |     pub fn new(listener: Receiver<String>, sender: Sender<String>) -> Self {
[INFO] [stdout]    |            ^^^
[INFO] [stdout] 
[INFO] [stdout] 
[INFO] [stdout] warning: function is never used: `login_and_sync`
[INFO] [stdout]    --> src/main.rs:114:10
[INFO] [stdout]     |
[INFO] [stdout] 114 | async fn login_and_sync(
[INFO] [stdout]     |          ^^^^^^^^^^^^^^
[INFO] [stdout] 
[INFO] [stdout] 
[INFO] [stdout] warning: 8 warnings emitted
[INFO] [stdout] 
[INFO] [stdout] 
[INFO] [stderr]     Finished dev [unoptimized + debuginfo] target(s) in 6m 42s
[INFO] running `Command { std: "docker" "inspect" "10ce5cfec52d24f0333db0249ea78633a44a2d55cf285b423379fdb541b3c781", kill_on_drop: false }`
[INFO] running `Command { std: "docker" "rm" "-f" "10ce5cfec52d24f0333db0249ea78633a44a2d55cf285b423379fdb541b3c781", kill_on_drop: false }`
[INFO] [stdout] 10ce5cfec52d24f0333db0249ea78633a44a2d55cf285b423379fdb541b3c781
[INFO] running `Command { std: "docker" "create" "-v" "/var/lib/crater-agent-workspace/builds/worker-10/target:/opt/rustwide/target:rw,Z" "-v" "/var/lib/crater-agent-workspace/builds/worker-10/source:/opt/rustwide/workdir:ro,Z" "-v" "/var/lib/crater-agent-workspace/cargo-home:/opt/rustwide/cargo-home:ro,Z" "-v" "/var/lib/crater-agent-workspace/rustup-home:/opt/rustwide/rustup-home:ro,Z" "-e" "SOURCE_DIR=/opt/rustwide/workdir" "-e" "CARGO_TARGET_DIR=/opt/rustwide/target" "-e" "CARGO_INCREMENTAL=0" "-e" "RUST_BACKTRACE=full" "-e" "RUSTFLAGS=--cap-lints=warn" "-e" "CARGO_HOME=/opt/rustwide/cargo-home" "-e" "RUSTUP_HOME=/opt/rustwide/rustup-home" "-w" "/opt/rustwide/workdir" "-m" "1610612736" "--user" "0:0" "--network" "none" "ghcr.io/rust-lang/crates-build-env/linux@sha256:34b6a614d2c27851fe6cbf88fbd1137609cefab8b10d0615aaeb6fd47975d74e" "/opt/rustwide/cargo-home/bin/cargo" "+beta-2021-08-01" "test" "--frozen" "--no-run" "--message-format=json", kill_on_drop: false }`
[INFO] [stderr] WARNING: Your kernel does not support swap limit capabilities or the cgroup is not mounted. Memory limited without swap.
[INFO] [stdout] 86a7c09ad833ddee08a42961e5f1cfc6bcc752d78a46415214bf1e3fbaa3cbd0
[INFO] running `Command { std: "docker" "start" "-a" "86a7c09ad833ddee08a42961e5f1cfc6bcc752d78a46415214bf1e3fbaa3cbd0", kill_on_drop: false }`
[INFO] [stderr]    Compiling magit v0.1.0 (/opt/rustwide/workdir)
[INFO] [stdout] warning: unused imports: `Receiver`, `Sender`
[INFO] [stdout]  --> src/tests.rs:5:34
[INFO] [stdout]   |
[INFO] [stdout] 5 | use tokio::sync::mpsc::{channel, Receiver, Sender};
[INFO] [stdout]   |                                  ^^^^^^^^  ^^^^^^
[INFO] [stdout]   |
[INFO] [stdout]   = note: `#[warn(unused_imports)]` on by default
[INFO] [stdout] 
[INFO] [stdout] 
[INFO] [stdout] warning: unused variable: `from_gh`
[INFO] [stdout]    --> src/main.rs:149:21
[INFO] [stdout]     |
[INFO] [stdout] 149 |     let (to_matrix, from_gh) = channel(1024);
[INFO] [stdout]     |                     ^^^^^^^ help: if this is intentional, prefix it with an underscore: `_from_gh`
[INFO] [stdout]     |
[INFO] [stdout]     = note: `#[warn(unused_variables)]` on by default
[INFO] [stdout] 
[INFO] [stdout] 
[INFO] [stdout] warning: unused variable: `to_matrix`
[INFO] [stdout]  --> src/routes.rs:6:34
[INFO] [stdout]   |
[INFO] [stdout] 6 | pub fn index(event: GitHubEvent, to_matrix: &State<Store>) -> Result<(), ()> {
[INFO] [stdout]   |                                  ^^^^^^^^^ help: if this is intentional, prefix it with an underscore: `_to_matrix`
[INFO] [stdout] 
[INFO] [stdout] 
[INFO] [stdout] warning: unused variable: `from_gh`
[INFO] [stdout]   --> src/tests.rs:31:21
[INFO] [stdout]    |
[INFO] [stdout] 31 |     let (to_matrix, from_gh) = channel(1024);
[INFO] [stdout]    |                     ^^^^^^^ help: if this is intentional, prefix it with an underscore: `_from_gh`
[INFO] [stdout] 
[INFO] [stdout] 
[INFO] [stdout] warning: field is never read: `config`
[INFO] [stdout]   --> src/main.rs:34:5
[INFO] [stdout]    |
[INFO] [stdout] 34 |     config: Config,
[INFO] [stdout]    |     ^^^^^^^^^^^^^^
[INFO] [stdout]    |
[INFO] [stdout]    = note: `#[warn(dead_code)]` on by default
[INFO] [stdout] 
[INFO] [stdout] 
[INFO] [stdout] warning: field is never read: `to_matrix`
[INFO] [stdout]   --> src/main.rs:35:5
[INFO] [stdout]    |
[INFO] [stdout] 35 |     to_matrix: Sender<String>,
[INFO] [stdout]    |     ^^^^^^^^^^^^^^^^^^^^^^^^^
[INFO] [stdout] 
[INFO] [stdout] 
[INFO] [stdout] warning: field is never read: `listener`
[INFO] [stdout]   --> src/main.rs:62:5
[INFO] [stdout]    |
[INFO] [stdout] 62 |     listener: Receiver<String>,
[INFO] [stdout]    |     ^^^^^^^^^^^^^^^^^^^^^^^^^^
[INFO] [stdout] 
[INFO] [stdout] 
[INFO] [stdout] warning: field is never read: `sender`
[INFO] [stdout]   --> src/main.rs:63:5
[INFO] [stdout]    |
[INFO] [stdout] 63 |     sender: Sender<String>,
[INFO] [stdout]    |     ^^^^^^^^^^^^^^^^^^^^^^
[INFO] [stdout] 
[INFO] [stdout] 
[INFO] [stdout] warning: associated function is never used: `new`
[INFO] [stdout]   --> src/main.rs:67:12
[INFO] [stdout]    |
[INFO] [stdout] 67 |     pub fn new(listener: Receiver<String>, sender: Sender<String>) -> Self {
[INFO] [stdout]    |            ^^^
[INFO] [stdout] 
[INFO] [stdout] 
[INFO] [stdout] warning: function is never used: `login_and_sync`
[INFO] [stdout]    --> src/main.rs:114:10
[INFO] [stdout]     |
[INFO] [stdout] 114 | async fn login_and_sync(
[INFO] [stdout]     |          ^^^^^^^^^^^^^^
[INFO] [stdout] 
[INFO] [stdout] 
[INFO] [stdout] warning: 10 warnings emitted
[INFO] [stdout] 
[INFO] [stdout] 
[INFO] [stderr]     Finished test [unoptimized + debuginfo] target(s) in 23.10s
[INFO] running `Command { std: "docker" "inspect" "86a7c09ad833ddee08a42961e5f1cfc6bcc752d78a46415214bf1e3fbaa3cbd0", kill_on_drop: false }`
[INFO] running `Command { std: "docker" "rm" "-f" "86a7c09ad833ddee08a42961e5f1cfc6bcc752d78a46415214bf1e3fbaa3cbd0", kill_on_drop: false }`
[INFO] [stdout] 86a7c09ad833ddee08a42961e5f1cfc6bcc752d78a46415214bf1e3fbaa3cbd0
[INFO] running `Command { std: "docker" "create" "-v" "/var/lib/crater-agent-workspace/builds/worker-10/target:/opt/rustwide/target:rw,Z" "-v" "/var/lib/crater-agent-workspace/builds/worker-10/source:/opt/rustwide/workdir:ro,Z" "-v" "/var/lib/crater-agent-workspace/cargo-home:/opt/rustwide/cargo-home:ro,Z" "-v" "/var/lib/crater-agent-workspace/rustup-home:/opt/rustwide/rustup-home:ro,Z" "-e" "SOURCE_DIR=/opt/rustwide/workdir" "-e" "CARGO_TARGET_DIR=/opt/rustwide/target" "-e" "CARGO_INCREMENTAL=0" "-e" "RUST_BACKTRACE=full" "-e" "RUSTFLAGS=--cap-lints=warn" "-e" "CARGO_HOME=/opt/rustwide/cargo-home" "-e" "RUSTUP_HOME=/opt/rustwide/rustup-home" "-w" "/opt/rustwide/workdir" "-m" "1610612736" "--user" "0:0" "--network" "none" "ghcr.io/rust-lang/crates-build-env/linux@sha256:34b6a614d2c27851fe6cbf88fbd1137609cefab8b10d0615aaeb6fd47975d74e" "/opt/rustwide/cargo-home/bin/cargo" "+beta-2021-08-01" "test" "--frozen", kill_on_drop: false }`
[INFO] [stderr] WARNING: Your kernel does not support swap limit capabilities or the cgroup is not mounted. Memory limited without swap.
[INFO] [stdout] 2bb78f2e3d34b817b6f3f0b95c75e86bbf64bf7dfceaea579f6575c106d1cb33
[INFO] running `Command { std: "docker" "start" "-a" "2bb78f2e3d34b817b6f3f0b95c75e86bbf64bf7dfceaea579f6575c106d1cb33", kill_on_drop: false }`
[INFO] [stderr]     Blocking waiting for file lock on package cache
[INFO] [stderr] warning: unused imports: `Receiver`, `Sender`
[INFO] [stderr]  --> src/tests.rs:5:34
[INFO] [stderr]   |
[INFO] [stderr] 5 | use tokio::sync::mpsc::{channel, Receiver, Sender};
[INFO] [stderr]   |                                  ^^^^^^^^  ^^^^^^
[INFO] [stderr]   |
[INFO] [stderr]   = note: `#[warn(unused_imports)]` on by default
[INFO] [stderr] 
[INFO] [stderr] warning: unused variable: `from_gh`
[INFO] [stderr]    --> src/main.rs:149:21
[INFO] [stderr]     |
[INFO] [stderr] 149 |     let (to_matrix, from_gh) = channel(1024);
[INFO] [stderr]     |                     ^^^^^^^ help: if this is intentional, prefix it with an underscore: `_from_gh`
[INFO] [stderr]     |
[INFO] [stderr]     = note: `#[warn(unused_variables)]` on by default
[INFO] [stderr] 
[INFO] [stderr] warning: unused variable: `to_matrix`
[INFO] [stderr]  --> src/routes.rs:6:34
[INFO] [stderr]   |
[INFO] [stderr] 6 | pub fn index(event: GitHubEvent, to_matrix: &State<Store>) -> Result<(), ()> {
[INFO] [stderr]   |                                  ^^^^^^^^^ help: if this is intentional, prefix it with an underscore: `_to_matrix`
[INFO] [stderr] 
[INFO] [stderr] warning: unused variable: `from_gh`
[INFO] [stderr]   --> src/tests.rs:31:21
[INFO] [stderr]    |
[INFO] [stderr] 31 |     let (to_matrix, from_gh) = channel(1024);
[INFO] [stderr]    |                     ^^^^^^^ help: if this is intentional, prefix it with an underscore: `_from_gh`
[INFO] [stderr] 
[INFO] [stderr] warning: field is never read: `config`
[INFO] [stderr]   --> src/main.rs:34:5
[INFO] [stderr]    |
[INFO] [stderr] 34 |     config: Config,
[INFO] [stderr]    |     ^^^^^^^^^^^^^^
[INFO] [stderr]    |
[INFO] [stderr]    = note: `#[warn(dead_code)]` on by default
[INFO] [stderr] 
[INFO] [stderr] warning: field is never read: `to_matrix`
[INFO] [stderr]   --> src/main.rs:35:5
[INFO] [stderr]    |
[INFO] [stderr] 35 |     to_matrix: Sender<String>,
[INFO] [stderr]    |     ^^^^^^^^^^^^^^^^^^^^^^^^^
[INFO] [stderr] 
[INFO] [stderr] warning: field is never read: `listener`
[INFO] [stderr]   --> src/main.rs:62:5
[INFO] [stderr]    |
[INFO] [stderr] 62 |     listener: Receiver<String>,
[INFO] [stderr]    |     ^^^^^^^^^^^^^^^^^^^^^^^^^^
[INFO] [stderr] 
[INFO] [stderr] warning: field is never read: `sender`
[INFO] [stderr]   --> src/main.rs:63:5
[INFO] [stderr]    |
[INFO] [stderr] 63 |     sender: Sender<String>,
[INFO] [stderr]    |     ^^^^^^^^^^^^^^^^^^^^^^
[INFO] [stderr] 
[INFO] [stderr] warning: associated function is never used: `new`
[INFO] [stderr]   --> src/main.rs:67:12
[INFO] [stderr]    |
[INFO] [stderr] 67 |     pub fn new(listener: Receiver<String>, sender: Sender<String>) -> Self {
[INFO] [stderr]    |            ^^^
[INFO] [stderr] 
[INFO] [stderr] warning: function is never used: `login_and_sync`
[INFO] [stderr]    --> src/main.rs:114:10
[INFO] [stderr]     |
[INFO] [stderr] 114 | async fn login_and_sync(
[INFO] [stderr]     |          ^^^^^^^^^^^^^^
[INFO] [stderr] 
[INFO] [stderr] warning: `magit` (bin "magit" test) generated 10 warnings
[INFO] [stderr]     Finished test [unoptimized + debuginfo] target(s) in 0.69s
[INFO] [stderr]      Running unittests (/opt/rustwide/target/debug/deps/magit-8546a1b07c52f56c)
[INFO] [stdout] 
[INFO] [stdout] running 4 tests
[INFO] [stdout] test api::test::stared ... ok
[INFO] [stdout] test api::test::status ... ok
[INFO] [stdout] test api::test::pull ... ok
[INFO] [stdout] test tests::stars ... FAILED
[INFO] [stdout] 
[INFO] [stdout] failures:
[INFO] [stdout] 
[INFO] [stdout] ---- tests::stars stdout ----
[INFO] [stdout] thread 'tests::stars' panicked at 'It looks like your config is invalid. Please take a look at the error: Error { tag: Tag::Default, profile: Some(Profile(Uncased { string: "default" })), metadata: None, path: [], kind: MissingField("secret_key"), prev: None }', src/main.rs:52:10
[INFO] [stdout] stack backtrace:
[INFO] [stdout]    0:     0x55a986cf4600 - std::backtrace_rs::backtrace::libunwind::trace::hff4d1766e93f64f1
[INFO] [stdout]                                at /rustc/53fd98ca776cb875bc9e5514f56b52eb74f9e7a9/library/std/src/../../backtrace/src/backtrace/libunwind.rs:90:5
[INFO] [stdout]    1:     0x55a986cf4600 - std::backtrace_rs::backtrace::trace_unsynchronized::h56bbc8eb78770bcb
[INFO] [stdout]                                at /rustc/53fd98ca776cb875bc9e5514f56b52eb74f9e7a9/library/std/src/../../backtrace/src/backtrace/mod.rs:66:5
[INFO] [stdout]    2:     0x55a986cf4600 - std::sys_common::backtrace::_print_fmt::h5c8e75464faca780
[INFO] [stdout]                                at /rustc/53fd98ca776cb875bc9e5514f56b52eb74f9e7a9/library/std/src/sys_common/backtrace.rs:67:5
[INFO] [stdout]    3:     0x55a986cf4600 - <std::sys_common::backtrace::_print::DisplayBacktrace as core::fmt::Display>::fmt::h48b88277def8b362
[INFO] [stdout]                                at /rustc/53fd98ca776cb875bc9e5514f56b52eb74f9e7a9/library/std/src/sys_common/backtrace.rs:46:22
[INFO] [stdout]    4:     0x55a986d18f2c - core::fmt::write::h3381b3176fe2b3d3
[INFO] [stdout]                                at /rustc/53fd98ca776cb875bc9e5514f56b52eb74f9e7a9/library/core/src/fmt/mod.rs:1115:17
[INFO] [stdout]    5:     0x55a986cee575 - std::io::Write::write_fmt::h5f34a676f60246b5
[INFO] [stdout]                                at /rustc/53fd98ca776cb875bc9e5514f56b52eb74f9e7a9/library/std/src/io/mod.rs:1665:15
[INFO] [stdout]    6:     0x55a986cf684b - std::sys_common::backtrace::_print::ha537687d6c17dd0d
[INFO] [stdout]                                at /rustc/53fd98ca776cb875bc9e5514f56b52eb74f9e7a9/library/std/src/sys_common/backtrace.rs:49:5
[INFO] [stdout]    7:     0x55a986cf684b - std::sys_common::backtrace::print::h61376ae57d131d72
[INFO] [stdout]                                at /rustc/53fd98ca776cb875bc9e5514f56b52eb74f9e7a9/library/std/src/sys_common/backtrace.rs:36:9
[INFO] [stdout]    8:     0x55a986cf684b - std::panicking::default_hook::{{closure}}::h0f7208c0b9644a54
[INFO] [stdout]                                at /rustc/53fd98ca776cb875bc9e5514f56b52eb74f9e7a9/library/std/src/panicking.rs:208:50
[INFO] [stdout]    9:     0x55a986cf635c - std::panicking::default_hook::hdac7fc06578c14ce
[INFO] [stdout]                                at /rustc/53fd98ca776cb875bc9e5514f56b52eb74f9e7a9/library/std/src/panicking.rs:222:9
[INFO] [stdout]   10:     0x55a986cf6f14 - std::panicking::rust_panic_with_hook::h72b21c283da3d1ef
[INFO] [stdout]                                at /rustc/53fd98ca776cb875bc9e5514f56b52eb74f9e7a9/library/std/src/panicking.rs:622:17
[INFO] [stdout]   11:     0x55a986cf69f7 - std::panicking::begin_panic_handler::{{closure}}::he5778f1729cff84a
[INFO] [stdout]                                at /rustc/53fd98ca776cb875bc9e5514f56b52eb74f9e7a9/library/std/src/panicking.rs:519:13
[INFO] [stdout]   12:     0x55a986cf4adc - std::sys_common::backtrace::__rust_end_short_backtrace::h2d11ca8b453b4b1d
[INFO] [stdout]                                at /rustc/53fd98ca776cb875bc9e5514f56b52eb74f9e7a9/library/std/src/sys_common/backtrace.rs:141:18
[INFO] [stdout]   13:     0x55a986cf6959 - rust_begin_unwind
[INFO] [stdout]                                at /rustc/53fd98ca776cb875bc9e5514f56b52eb74f9e7a9/library/std/src/panicking.rs:515:5
[INFO] [stdout]   14:     0x55a9866d79e1 - core::panicking::panic_fmt::hf9de31d4acbce4db
[INFO] [stdout]                                at /rustc/53fd98ca776cb875bc9e5514f56b52eb74f9e7a9/library/core/src/panicking.rs:92:14
[INFO] [stdout]   15:     0x55a9866d7ad3 - core::result::unwrap_failed::ha0c84e81219e5878
[INFO] [stdout]                                at /rustc/53fd98ca776cb875bc9e5514f56b52eb74f9e7a9/library/core/src/result.rs:1599:5
[INFO] [stdout]   16:     0x55a986777187 - core::result::Result<T,E>::expect::haafcf019e2aa18d1
[INFO] [stdout]                                at /rustc/53fd98ca776cb875bc9e5514f56b52eb74f9e7a9/library/core/src/result.rs:1241:23
[INFO] [stdout]   17:     0x55a986797d58 - magit::app::h44f07339eff95669
[INFO] [stdout]                                at /opt/rustwide/workdir/src/main.rs:50:26
[INFO] [stdout]   18:     0x55a98673c637 - magit::tests::stars::{{closure}}::hde0e7617feae5d42
[INFO] [stdout]                                at /opt/rustwide/workdir/src/tests.rs:34:34
[INFO] [stdout]   19:     0x55a98677485b - <core::future::from_generator::GenFuture<T> as core::future::future::Future>::poll::h44592ce242e396d8
[INFO] [stdout]                                at /rustc/53fd98ca776cb875bc9e5514f56b52eb74f9e7a9/library/core/src/future/mod.rs:80:19
[INFO] [stdout]   20:     0x55a98679699f - <core::pin::Pin<P> as core::future::future::Future>::poll::h2337556be7909f22
[INFO] [stdout]                                at /rustc/53fd98ca776cb875bc9e5514f56b52eb74f9e7a9/library/core/src/future/future.rs:119:9
[INFO] [stdout]   21:     0x55a986786520 - tokio::runtime::basic_scheduler::Inner<P>::block_on::{{closure}}::{{closure}}::h0ac7cdd9bfcef3fc
[INFO] [stdout]                                at /opt/rustwide/cargo-home/registry/src/github.com-1ecc6299db9ec823/tokio-1.6.0/src/runtime/basic_scheduler.rs:213:62
[INFO] [stdout]   22:     0x55a98677299c - tokio::coop::with_budget::{{closure}}::h13fab73e07d6e9b1
[INFO] [stdout]                                at /opt/rustwide/cargo-home/registry/src/github.com-1ecc6299db9ec823/tokio-1.6.0/src/coop.rs:106:9
[INFO] [stdout]   23:     0x55a986747891 - std::thread::local::LocalKey<T>::try_with::hf1c40810f93becd1
[INFO] [stdout]                                at /rustc/53fd98ca776cb875bc9e5514f56b52eb74f9e7a9/library/std/src/thread/local.rs:399:16
[INFO] [stdout]   24:     0x55a98674727d - std::thread::local::LocalKey<T>::with::h6955f2db623f2bce
[INFO] [stdout]                                at /rustc/53fd98ca776cb875bc9e5514f56b52eb74f9e7a9/library/std/src/thread/local.rs:375:9
[INFO] [stdout]   25:     0x55a986785d3c - tokio::coop::with_budget::h0c452f374e3bc7b8
[INFO] [stdout]                                at /opt/rustwide/cargo-home/registry/src/github.com-1ecc6299db9ec823/tokio-1.6.0/src/coop.rs:99:5
[INFO] [stdout]   26:     0x55a986785d3c - tokio::coop::budget::hc3cdf266dde4d3aa
[INFO] [stdout]                                at /opt/rustwide/cargo-home/registry/src/github.com-1ecc6299db9ec823/tokio-1.6.0/src/coop.rs:76:5
[INFO] [stdout]   27:     0x55a986785d3c - tokio::runtime::basic_scheduler::Inner<P>::block_on::{{closure}}::ha3d9d59a59b8167d
[INFO] [stdout]                                at /opt/rustwide/cargo-home/registry/src/github.com-1ecc6299db9ec823/tokio-1.6.0/src/runtime/basic_scheduler.rs:213:39
[INFO] [stdout]   28:     0x55a986786f41 - tokio::runtime::basic_scheduler::enter::{{closure}}::hf69a42309d245eb9
[INFO] [stdout]                                at /opt/rustwide/cargo-home/registry/src/github.com-1ecc6299db9ec823/tokio-1.6.0/src/runtime/basic_scheduler.rs:323:29
[INFO] [stdout]   29:     0x55a986739f0d - tokio::macros::scoped_tls::ScopedKey<T>::set::hfcce53d98ea6f404
[INFO] [stdout]                                at /opt/rustwide/cargo-home/registry/src/github.com-1ecc6299db9ec823/tokio-1.6.0/src/macros/scoped_tls.rs:61:9
[INFO] [stdout]   30:     0x55a986786ebc - tokio::runtime::basic_scheduler::enter::hf1ab30667b524c7e
[INFO] [stdout]                                at /opt/rustwide/cargo-home/registry/src/github.com-1ecc6299db9ec823/tokio-1.6.0/src/runtime/basic_scheduler.rs:323:5
[INFO] [stdout]   31:     0x55a986785a1b - tokio::runtime::basic_scheduler::Inner<P>::block_on::h326471529256ebe0
[INFO] [stdout]                                at /opt/rustwide/cargo-home/registry/src/github.com-1ecc6299db9ec823/tokio-1.6.0/src/runtime/basic_scheduler.rs:202:9
[INFO] [stdout]   32:     0x55a9867866cc - tokio::runtime::basic_scheduler::InnerGuard<P>::block_on::he68cdaaa46294964
[INFO] [stdout]                                at /opt/rustwide/cargo-home/registry/src/github.com-1ecc6299db9ec823/tokio-1.6.0/src/runtime/basic_scheduler.rs:481:9
[INFO] [stdout]   33:     0x55a9867867d2 - tokio::runtime::basic_scheduler::BasicScheduler<P>::block_on::hd8551facbb8b0ae4
[INFO] [stdout]                                at /opt/rustwide/cargo-home/registry/src/github.com-1ecc6299db9ec823/tokio-1.6.0/src/runtime/basic_scheduler.rs:162:24
[INFO] [stdout]   34:     0x55a98673e1c6 - tokio::runtime::Runtime::block_on::h4f1630dd7ecebd63
[INFO] [stdout]                                at /opt/rustwide/cargo-home/registry/src/github.com-1ecc6299db9ec823/tokio-1.6.0/src/runtime/mod.rs:450:46
[INFO] [stdout]   35:     0x55a98673c401 - magit::tests::stars::h829b4c9dbd3f3ccc
[INFO] [stdout]                                at /opt/rustwide/workdir/src/tests.rs:44:5
[INFO] [stdout]   36:     0x55a98673c32a - magit::tests::stars::{{closure}}::hc0c4973a2a4a9fc8
[INFO] [stdout]                                at /opt/rustwide/workdir/src/tests.rs:30:7
[INFO] [stdout]   37:     0x55a98678ab8e - core::ops::function::FnOnce::call_once::h03750451d4365808
[INFO] [stdout]                                at /rustc/53fd98ca776cb875bc9e5514f56b52eb74f9e7a9/library/core/src/ops/function.rs:227:5
[INFO] [stdout]   38:     0x55a9867ce7c3 - core::ops::function::FnOnce::call_once::hbb52c4519d3137b0
[INFO] [stdout]                                at /rustc/53fd98ca776cb875bc9e5514f56b52eb74f9e7a9/library/core/src/ops/function.rs:227:5
[INFO] [stdout]   39:     0x55a9867ce7c3 - test::__rust_begin_short_backtrace::h86fe3a2a5a5121af
[INFO] [stdout]                                at /rustc/53fd98ca776cb875bc9e5514f56b52eb74f9e7a9/library/test/src/lib.rs:578:5
[INFO] [stdout]   40:     0x55a9867cd278 - <alloc::boxed::Box<F,A> as core::ops::function::FnOnce<Args>>::call_once::hfd956bc3d57399be
[INFO] [stdout]                                at /rustc/53fd98ca776cb875bc9e5514f56b52eb74f9e7a9/library/alloc/src/boxed.rs:1572:9
[INFO] [stdout]   41:     0x55a9867cd278 - <std::panic::AssertUnwindSafe<F> as core::ops::function::FnOnce<()>>::call_once::h40dc93e0ddb5938a
[INFO] [stdout]                                at /rustc/53fd98ca776cb875bc9e5514f56b52eb74f9e7a9/library/std/src/panic.rs:347:9
[INFO] [stdout]   42:     0x55a9867cd278 - std::panicking::try::do_call::h90d07750cb47c562
[INFO] [stdout]                                at /rustc/53fd98ca776cb875bc9e5514f56b52eb74f9e7a9/library/std/src/panicking.rs:401:40
[INFO] [stdout]   43:     0x55a9867cd278 - std::panicking::try::h063c84733ad2a629
[INFO] [stdout]                                at /rustc/53fd98ca776cb875bc9e5514f56b52eb74f9e7a9/library/std/src/panicking.rs:365:19
[INFO] [stdout]   44:     0x55a9867cd278 - std::panic::catch_unwind::h0c464836a84e7c08
[INFO] [stdout]                                at /rustc/53fd98ca776cb875bc9e5514f56b52eb74f9e7a9/library/std/src/panic.rs:434:14
[INFO] [stdout]   45:     0x55a9867cd278 - test::run_test_in_process::h5cb06ef620b157fc
[INFO] [stdout]                                at /rustc/53fd98ca776cb875bc9e5514f56b52eb74f9e7a9/library/test/src/lib.rs:601:18
[INFO] [stdout]   46:     0x55a9867cd278 - test::run_test::run_test_inner::{{closure}}::h76f677f4b93f9828
[INFO] [stdout]                                at /rustc/53fd98ca776cb875bc9e5514f56b52eb74f9e7a9/library/test/src/lib.rs:493:39
[INFO] [stdout]   47:     0x55a98679ba0d - test::run_test::run_test_inner::{{closure}}::h366d01fe04f4d67a
[INFO] [stdout]                                at /rustc/53fd98ca776cb875bc9e5514f56b52eb74f9e7a9/library/test/src/lib.rs:520:37
[INFO] [stdout]   48:     0x55a98679ba0d - std::sys_common::backtrace::__rust_begin_short_backtrace::h7dfa0de4eb395af2
[INFO] [stdout]                                at /rustc/53fd98ca776cb875bc9e5514f56b52eb74f9e7a9/library/std/src/sys_common/backtrace.rs:125:18
[INFO] [stdout]   49:     0x55a9867a01d8 - std::thread::Builder::spawn_unchecked::{{closure}}::{{closure}}::hf0a74bb58798037f
[INFO] [stdout]                                at /rustc/53fd98ca776cb875bc9e5514f56b52eb74f9e7a9/library/std/src/thread/mod.rs:476:17
[INFO] [stdout]   50:     0x55a9867a01d8 - <std::panic::AssertUnwindSafe<F> as core::ops::function::FnOnce<()>>::call_once::hb024e854818586ac
[INFO] [stdout]                                at /rustc/53fd98ca776cb875bc9e5514f56b52eb74f9e7a9/library/std/src/panic.rs:347:9
[INFO] [stdout]   51:     0x55a9867a01d8 - std::panicking::try::do_call::hb2dd9f1d0d48e41d
[INFO] [stdout]                                at /rustc/53fd98ca776cb875bc9e5514f56b52eb74f9e7a9/library/std/src/panicking.rs:401:40
[INFO] [stdout]   52:     0x55a9867a01d8 - std::panicking::try::h4717ae7bac8b2bf3
[INFO] [stdout]                                at /rustc/53fd98ca776cb875bc9e5514f56b52eb74f9e7a9/library/std/src/panicking.rs:365:19
[INFO] [stdout]   53:     0x55a9867a01d8 - std::panic::catch_unwind::h0dc8a061326ce8d8
[INFO] [stdout]                                at /rustc/53fd98ca776cb875bc9e5514f56b52eb74f9e7a9/library/std/src/panic.rs:434:14
[INFO] [stdout]   54:     0x55a9867a01d8 - std::thread::Builder::spawn_unchecked::{{closure}}::haa369e2d6fd00aa1
[INFO] [stdout]                                at /rustc/53fd98ca776cb875bc9e5514f56b52eb74f9e7a9/library/std/src/thread/mod.rs:475:30
[INFO] [stdout]   55:     0x55a9867a01d8 - core::ops::function::FnOnce::call_once{{vtable.shim}}::h36dcf3de8b056f17
[INFO] [stdout]                                at /rustc/53fd98ca776cb875bc9e5514f56b52eb74f9e7a9/library/core/src/ops/function.rs:227:5
[INFO] [stdout]   56:     0x55a986cfbcc7 - <alloc::boxed::Box<F,A> as core::ops::function::FnOnce<Args>>::call_once::h65c29e4642be2358
[INFO] [stdout]                                at /rustc/53fd98ca776cb875bc9e5514f56b52eb74f9e7a9/library/alloc/src/boxed.rs:1572:9
[INFO] [stdout]   57:     0x55a986cfbcc7 - <alloc::boxed::Box<F,A> as core::ops::function::FnOnce<Args>>::call_once::hd0f8f7fbbd9fffbf
[INFO] [stdout]                                at /rustc/53fd98ca776cb875bc9e5514f56b52eb74f9e7a9/library/alloc/src/boxed.rs:1572:9
[INFO] [stdout]   58:     0x55a986cfbcc7 - std::sys::unix::thread::Thread::new::thread_start::h2fd22fee3ca77b65
[INFO] [stdout]                                at /rustc/53fd98ca776cb875bc9e5514f56b52eb74f9e7a9/library/std/src/sys/unix/thread.rs:74:17
[INFO] [stdout]   59:     0x7fd2bb9c2609 - start_thread
[INFO] [stdout]   60:     0x7fd2bb792293 - clone
[INFO] [stdout]   61:                0x0 - <unknown>
[INFO] [stdout] 
[INFO] [stdout] 
[INFO] [stdout] failures:
[INFO] [stdout]     tests::stars
[INFO] [stdout] 
[INFO] [stdout] test result: FAILED. 3 passed; 1 failed; 0 ignored; 0 measured; 0 filtered out; finished in 0.10s
[INFO] [stdout] 
[INFO] [stderr] error: test failed, to rerun pass '--bin magit'
[INFO] running `Command { std: "docker" "inspect" "2bb78f2e3d34b817b6f3f0b95c75e86bbf64bf7dfceaea579f6575c106d1cb33", kill_on_drop: false }`
[INFO] running `Command { std: "docker" "rm" "-f" "2bb78f2e3d34b817b6f3f0b95c75e86bbf64bf7dfceaea579f6575c106d1cb33", kill_on_drop: false }`
[INFO] [stdout] 2bb78f2e3d34b817b6f3f0b95c75e86bbf64bf7dfceaea579f6575c106d1cb33
