[INFO] cloning repository https://github.com/DevNulPavel/slack_client_lib
[INFO] running `Command { std: "git" "-c" "credential.helper=" "-c" "credential.helper=/workspace/cargo-home/bin/git-credential-null" "clone" "--bare" "https://github.com/DevNulPavel/slack_client_lib" "/workspace/cache/git-repos/https%3A%2F%2Fgithub.com%2FDevNulPavel%2Fslack_client_lib", kill_on_drop: false }`
[INFO] [stderr] Cloning into bare repository '/workspace/cache/git-repos/https%3A%2F%2Fgithub.com%2FDevNulPavel%2Fslack_client_lib'...
[INFO] running `Command { std: "git" "rev-parse" "HEAD", kill_on_drop: false }`
[INFO] [stdout] a9dcf3846db18f3279f1214808021e80858d2e06
[INFO] testing DevNulPavel/slack_client_lib against 1.54.0 for beta-1.55-1
[INFO] running `Command { std: "git" "clone" "/workspace/cache/git-repos/https%3A%2F%2Fgithub.com%2FDevNulPavel%2Fslack_client_lib" "/workspace/builds/worker-2/source", kill_on_drop: false }`
[INFO] [stderr] Cloning into '/workspace/builds/worker-2/source'...
[INFO] [stderr] done.
[INFO] validating manifest of git repo https://github.com/DevNulPavel/slack_client_lib on toolchain 1.54.0
[INFO] running `Command { std: "/workspace/cargo-home/bin/cargo" "+1.54.0" "metadata" "--manifest-path" "Cargo.toml" "--no-deps", kill_on_drop: false }`
[INFO] started tweaking git repo https://github.com/DevNulPavel/slack_client_lib
[INFO] finished tweaking git repo https://github.com/DevNulPavel/slack_client_lib
[INFO] tweaked toml for git repo https://github.com/DevNulPavel/slack_client_lib written to /workspace/builds/worker-2/source/Cargo.toml
[INFO] running `Command { std: "/workspace/cargo-home/bin/cargo" "+1.54.0" "generate-lockfile" "--manifest-path" "Cargo.toml" "-Zno-index-update", kill_on_drop: false }`
[INFO] running `Command { std: "/workspace/cargo-home/bin/cargo" "+1.54.0" "fetch" "--manifest-path" "Cargo.toml", kill_on_drop: false }`
[INFO] [stderr]     Blocking waiting for file lock on package cache
[INFO] running `Command { std: "docker" "create" "-v" "/var/lib/crater-agent-workspace/builds/worker-2/target:/opt/rustwide/target:rw,Z" "-v" "/var/lib/crater-agent-workspace/builds/worker-2/source:/opt/rustwide/workdir:ro,Z" "-v" "/var/lib/crater-agent-workspace/cargo-home:/opt/rustwide/cargo-home:ro,Z" "-v" "/var/lib/crater-agent-workspace/rustup-home:/opt/rustwide/rustup-home:ro,Z" "-e" "SOURCE_DIR=/opt/rustwide/workdir" "-e" "CARGO_TARGET_DIR=/opt/rustwide/target" "-e" "CARGO_HOME=/opt/rustwide/cargo-home" "-e" "RUSTUP_HOME=/opt/rustwide/rustup-home" "-w" "/opt/rustwide/workdir" "-m" "1610612736" "--user" "0:0" "--network" "none" "ghcr.io/rust-lang/crates-build-env/linux@sha256:34b6a614d2c27851fe6cbf88fbd1137609cefab8b10d0615aaeb6fd47975d74e" "/opt/rustwide/cargo-home/bin/cargo" "+1.54.0" "metadata" "--no-deps" "--format-version=1", kill_on_drop: false }`
[INFO] [stdout] c0d9333cb3a3ce6f7b65afa26f253ffb18a4a6656c28cc5526a886c49ca170e2
[INFO] [stderr] WARNING: Your kernel does not support swap limit capabilities or the cgroup is not mounted. Memory limited without swap.
[INFO] running `Command { std: "docker" "start" "-a" "c0d9333cb3a3ce6f7b65afa26f253ffb18a4a6656c28cc5526a886c49ca170e2", kill_on_drop: false }`
[INFO] running `Command { std: "docker" "inspect" "c0d9333cb3a3ce6f7b65afa26f253ffb18a4a6656c28cc5526a886c49ca170e2", kill_on_drop: false }`
[INFO] running `Command { std: "docker" "rm" "-f" "c0d9333cb3a3ce6f7b65afa26f253ffb18a4a6656c28cc5526a886c49ca170e2", kill_on_drop: false }`
[INFO] [stdout] c0d9333cb3a3ce6f7b65afa26f253ffb18a4a6656c28cc5526a886c49ca170e2
[INFO] running `Command { std: "docker" "create" "-v" "/var/lib/crater-agent-workspace/builds/worker-2/target:/opt/rustwide/target:rw,Z" "-v" "/var/lib/crater-agent-workspace/builds/worker-2/source:/opt/rustwide/workdir:ro,Z" "-v" "/var/lib/crater-agent-workspace/cargo-home:/opt/rustwide/cargo-home:ro,Z" "-v" "/var/lib/crater-agent-workspace/rustup-home:/opt/rustwide/rustup-home:ro,Z" "-e" "SOURCE_DIR=/opt/rustwide/workdir" "-e" "CARGO_TARGET_DIR=/opt/rustwide/target" "-e" "CARGO_INCREMENTAL=0" "-e" "RUST_BACKTRACE=full" "-e" "RUSTFLAGS=--cap-lints=warn" "-e" "CARGO_HOME=/opt/rustwide/cargo-home" "-e" "RUSTUP_HOME=/opt/rustwide/rustup-home" "-w" "/opt/rustwide/workdir" "-m" "1610612736" "--user" "0:0" "--network" "none" "ghcr.io/rust-lang/crates-build-env/linux@sha256:34b6a614d2c27851fe6cbf88fbd1137609cefab8b10d0615aaeb6fd47975d74e" "/opt/rustwide/cargo-home/bin/cargo" "+1.54.0" "build" "--frozen" "--message-format=json", kill_on_drop: false }`
[INFO] [stdout] 08f8feded37cc106e914e06fd45be4fc3f48b02bbd4440b5fc1b27488eb87a84
[INFO] [stderr] WARNING: Your kernel does not support swap limit capabilities or the cgroup is not mounted. Memory limited without swap.
[INFO] running `Command { std: "docker" "start" "-a" "08f8feded37cc106e914e06fd45be4fc3f48b02bbd4440b5fc1b27488eb87a84", kill_on_drop: false }`
[INFO] [stderr]    Compiling once_cell v1.8.0
[INFO] [stderr]    Compiling serde v1.0.127
[INFO] [stderr]    Compiling serde_json v1.0.66
[INFO] [stderr]    Compiling whoami v1.1.2
[INFO] [stderr]    Compiling unicode_categories v0.1.1
[INFO] [stderr]    Compiling libsqlite3-sys v0.20.1
[INFO] [stderr]    Compiling hashlink v0.6.0
[INFO] [stderr]    Compiling crossbeam-queue v0.3.2
[INFO] [stderr]    Compiling stringprep v0.1.2
[INFO] [stderr]    Compiling mio v0.6.23
[INFO] [stderr]    Compiling uuid v0.8.2
[INFO] [stderr]    Compiling nom v6.1.2
[INFO] [stderr]    Compiling atoi v0.4.0
[INFO] [stderr]    Compiling futures-util v0.3.16
[INFO] [stderr]    Compiling tracing v0.1.26
[INFO] [stderr]    Compiling ring v0.16.20
[INFO] [stderr]    Compiling ahash v0.6.3
[INFO] [stderr]    Compiling tracing-futures v0.2.5
[INFO] [stderr]    Compiling mio-uds v0.6.8
[INFO] [stderr]    Compiling tokio v0.2.25
[INFO] [stderr]    Compiling webpki v0.21.4
[INFO] [stderr]    Compiling sct v0.6.1
[INFO] [stderr]    Compiling rustls v0.18.1
[INFO] [stderr]    Compiling webpki-roots v0.21.1
[INFO] [stderr]    Compiling webpki-roots v0.20.0
[INFO] [stderr]    Compiling sqlformat v0.1.6
[INFO] [stderr]    Compiling futures-executor v0.3.16
[INFO] [stderr]    Compiling futures v0.3.16
[INFO] [stderr]    Compiling semver v0.11.0
[INFO] [stderr]    Compiling cargo-platform v0.1.2
[INFO] [stderr]    Compiling serde_urlencoded v0.7.0
[INFO] [stderr]    Compiling tokio-rustls v0.14.1
[INFO] [stderr]    Compiling tokio-util v0.3.1
[INFO] [stderr]    Compiling sqlx-rt v0.2.0
[INFO] [stderr]    Compiling h2 v0.2.7
[INFO] [stderr]    Compiling cargo_metadata v0.12.3
[INFO] [stderr]    Compiling sqlx-core v0.4.2
[INFO] [stderr]    Compiling hyper v0.13.10
[INFO] [stderr]    Compiling sqlx-macros v0.4.2
[INFO] [stderr]    Compiling hyper-rustls v0.21.0
[INFO] [stderr]    Compiling reqwest v0.10.10
[INFO] [stderr]    Compiling sqlx v0.4.2
[INFO] [stderr]    Compiling slack_client_lib v1.1.0 (/opt/rustwide/workdir)
[INFO] [stderr]     Finished dev [unoptimized + debuginfo] target(s) in 2m 08s
[INFO] running `Command { std: "docker" "inspect" "08f8feded37cc106e914e06fd45be4fc3f48b02bbd4440b5fc1b27488eb87a84", kill_on_drop: false }`
[INFO] running `Command { std: "docker" "rm" "-f" "08f8feded37cc106e914e06fd45be4fc3f48b02bbd4440b5fc1b27488eb87a84", kill_on_drop: false }`
[INFO] [stdout] 08f8feded37cc106e914e06fd45be4fc3f48b02bbd4440b5fc1b27488eb87a84
[INFO] running `Command { std: "docker" "create" "-v" "/var/lib/crater-agent-workspace/builds/worker-2/target:/opt/rustwide/target:rw,Z" "-v" "/var/lib/crater-agent-workspace/builds/worker-2/source:/opt/rustwide/workdir:ro,Z" "-v" "/var/lib/crater-agent-workspace/cargo-home:/opt/rustwide/cargo-home:ro,Z" "-v" "/var/lib/crater-agent-workspace/rustup-home:/opt/rustwide/rustup-home:ro,Z" "-e" "SOURCE_DIR=/opt/rustwide/workdir" "-e" "CARGO_TARGET_DIR=/opt/rustwide/target" "-e" "CARGO_INCREMENTAL=0" "-e" "RUST_BACKTRACE=full" "-e" "RUSTFLAGS=--cap-lints=warn" "-e" "CARGO_HOME=/opt/rustwide/cargo-home" "-e" "RUSTUP_HOME=/opt/rustwide/rustup-home" "-w" "/opt/rustwide/workdir" "-m" "1610612736" "--user" "0:0" "--network" "none" "ghcr.io/rust-lang/crates-build-env/linux@sha256:34b6a614d2c27851fe6cbf88fbd1137609cefab8b10d0615aaeb6fd47975d74e" "/opt/rustwide/cargo-home/bin/cargo" "+1.54.0" "test" "--frozen" "--no-run" "--message-format=json", kill_on_drop: false }`
[INFO] [stdout] fdcacb0ec08477f16dbd13201370efdbfc5ac65794ff51df2986656058da384d
[INFO] [stderr] WARNING: Your kernel does not support swap limit capabilities or the cgroup is not mounted. Memory limited without swap.
[INFO] running `Command { std: "docker" "start" "-a" "fdcacb0ec08477f16dbd13201370efdbfc5ac65794ff51df2986656058da384d", kill_on_drop: false }`
[INFO] [stderr]    Compiling checked_int_cast v1.0.0
[INFO] [stderr]    Compiling dirs-sys v0.3.6
[INFO] [stderr]    Compiling rayon-core v1.9.1
[INFO] [stderr]    Compiling env_logger v0.8.4
[INFO] [stderr]    Compiling dirs v3.0.2
[INFO] [stderr]    Compiling rayon v1.5.1
[INFO] [stderr]    Compiling jpeg-decoder v0.1.22
[INFO] [stderr]    Compiling tiff v0.6.1
[INFO] [stderr]    Compiling image v0.23.14
[INFO] [stderr]    Compiling qrcode v0.12.0
[INFO] [stderr]    Compiling slack_client_lib v1.1.0 (/opt/rustwide/workdir)
[INFO] [stderr]     Finished test [unoptimized + debuginfo] target(s) in 59.39s
[INFO] running `Command { std: "docker" "inspect" "fdcacb0ec08477f16dbd13201370efdbfc5ac65794ff51df2986656058da384d", kill_on_drop: false }`
[INFO] running `Command { std: "docker" "rm" "-f" "fdcacb0ec08477f16dbd13201370efdbfc5ac65794ff51df2986656058da384d", kill_on_drop: false }`
[INFO] [stdout] fdcacb0ec08477f16dbd13201370efdbfc5ac65794ff51df2986656058da384d
[INFO] running `Command { std: "docker" "create" "-v" "/var/lib/crater-agent-workspace/builds/worker-2/target:/opt/rustwide/target:rw,Z" "-v" "/var/lib/crater-agent-workspace/builds/worker-2/source:/opt/rustwide/workdir:ro,Z" "-v" "/var/lib/crater-agent-workspace/cargo-home:/opt/rustwide/cargo-home:ro,Z" "-v" "/var/lib/crater-agent-workspace/rustup-home:/opt/rustwide/rustup-home:ro,Z" "-e" "SOURCE_DIR=/opt/rustwide/workdir" "-e" "CARGO_TARGET_DIR=/opt/rustwide/target" "-e" "CARGO_INCREMENTAL=0" "-e" "RUST_BACKTRACE=full" "-e" "RUSTFLAGS=--cap-lints=warn" "-e" "CARGO_HOME=/opt/rustwide/cargo-home" "-e" "RUSTUP_HOME=/opt/rustwide/rustup-home" "-w" "/opt/rustwide/workdir" "-m" "1610612736" "--user" "0:0" "--network" "none" "ghcr.io/rust-lang/crates-build-env/linux@sha256:34b6a614d2c27851fe6cbf88fbd1137609cefab8b10d0615aaeb6fd47975d74e" "/opt/rustwide/cargo-home/bin/cargo" "+1.54.0" "test" "--frozen", kill_on_drop: false }`
[INFO] [stdout] 5ca006bd927d24bdf408655fe872a5c50bd61b941d201fa0b506a82d3d71fcc6
[INFO] [stderr] WARNING: Your kernel does not support swap limit capabilities or the cgroup is not mounted. Memory limited without swap.
[INFO] running `Command { std: "docker" "start" "-a" "5ca006bd927d24bdf408655fe872a5c50bd61b941d201fa0b506a82d3d71fcc6", kill_on_drop: false }`
[INFO] [stderr]     Finished test [unoptimized + debuginfo] target(s) in 0.21s
[INFO] [stderr]      Running unittests (/opt/rustwide/target/debug/deps/slack_client_lib-1837626fb7aa1f8c)
[INFO] [stdout] 
[INFO] [stdout] running 3 tests
[INFO] [stdout] test search_by_name::full_name_search::tests::test_full_name_serach ... FAILED
[INFO] [stdout] test users_cache::users_json_cache::tests::test_json_cache ... FAILED
[INFO] [stdout] test users_cache::users_sqlite_cache::tests::test_sqlite_cache ... FAILED
[INFO] [stdout] 
[INFO] [stdout] failures:
[INFO] [stdout] 
[INFO] [stdout] ---- search_by_name::full_name_search::tests::test_full_name_serach stdout ----
[INFO] [stdout] thread 'search_by_name::full_name_search::tests::test_full_name_serach' panicked at 'assertion failed: `(left == right)`
[INFO] [stdout]   left: `Some("ggggg")`,
[INFO] [stdout]  right: `Some("asdasd")`', src/search_by_name/full_name_search.rs:106:9
[INFO] [stdout] stack backtrace:
[INFO] [stdout]    0:     0x5609e18692c0 - std::backtrace_rs::backtrace::libunwind::trace::h34055254b57d8e79
[INFO] [stdout]                                at /rustc/a178d0322ce20e33eac124758e837cbd80a6f633/library/std/src/../../backtrace/src/backtrace/libunwind.rs:90:5
[INFO] [stdout]    1:     0x5609e18692c0 - std::backtrace_rs::backtrace::trace_unsynchronized::h8f1e3fbd9afff6ec
[INFO] [stdout]                                at /rustc/a178d0322ce20e33eac124758e837cbd80a6f633/library/std/src/../../backtrace/src/backtrace/mod.rs:66:5
[INFO] [stdout]    2:     0x5609e18692c0 - std::sys_common::backtrace::_print_fmt::h3a99a796b770c360
[INFO] [stdout]                                at /rustc/a178d0322ce20e33eac124758e837cbd80a6f633/library/std/src/sys_common/backtrace.rs:67:5
[INFO] [stdout]    3:     0x5609e18692c0 - <std::sys_common::backtrace::_print::DisplayBacktrace as core::fmt::Display>::fmt::h32d1f94a80615d18
[INFO] [stdout]                                at /rustc/a178d0322ce20e33eac124758e837cbd80a6f633/library/std/src/sys_common/backtrace.rs:46:22
[INFO] [stdout]    4:     0x5609e188caac - core::fmt::write::h306731c068f7162c
[INFO] [stdout]                                at /rustc/a178d0322ce20e33eac124758e837cbd80a6f633/library/core/src/fmt/mod.rs:1110:17
[INFO] [stdout]    5:     0x5609e1865c15 - std::io::Write::write_fmt::h87f19b0a2cd190bc
[INFO] [stdout]                                at /rustc/a178d0322ce20e33eac124758e837cbd80a6f633/library/std/src/io/mod.rs:1588:15
[INFO] [stdout]    6:     0x5609e186b49b - std::sys_common::backtrace::_print::h5abaa2601a852287
[INFO] [stdout]                                at /rustc/a178d0322ce20e33eac124758e837cbd80a6f633/library/std/src/sys_common/backtrace.rs:49:5
[INFO] [stdout]    7:     0x5609e186b49b - std::sys_common::backtrace::print::h8d81445442bb638f
[INFO] [stdout]                                at /rustc/a178d0322ce20e33eac124758e837cbd80a6f633/library/std/src/sys_common/backtrace.rs:36:9
[INFO] [stdout]    8:     0x5609e186b49b - std::panicking::default_hook::{{closure}}::hcfe804496a9fa747
[INFO] [stdout]                                at /rustc/a178d0322ce20e33eac124758e837cbd80a6f633/library/std/src/panicking.rs:208:50
[INFO] [stdout]    9:     0x5609e186afac - std::panicking::default_hook::hbea8e3ccf2ba8901
[INFO] [stdout]                                at /rustc/a178d0322ce20e33eac124758e837cbd80a6f633/library/std/src/panicking.rs:222:9
[INFO] [stdout]   10:     0x5609e186bb64 - std::panicking::rust_panic_with_hook::h7ee9e1a2d0f8975a
[INFO] [stdout]                                at /rustc/a178d0322ce20e33eac124758e837cbd80a6f633/library/std/src/panicking.rs:622:17
[INFO] [stdout]   11:     0x5609e186b647 - std::panicking::begin_panic_handler::{{closure}}::h8ab3b4491718b2c7
[INFO] [stdout]                                at /rustc/a178d0322ce20e33eac124758e837cbd80a6f633/library/std/src/panicking.rs:519:13
[INFO] [stdout]   12:     0x5609e18697bc - std::sys_common::backtrace::__rust_end_short_backtrace::hd489062ffa586a9f
[INFO] [stdout]                                at /rustc/a178d0322ce20e33eac124758e837cbd80a6f633/library/std/src/sys_common/backtrace.rs:141:18
[INFO] [stdout]   13:     0x5609e186b5a9 - rust_begin_unwind
[INFO] [stdout]                                at /rustc/a178d0322ce20e33eac124758e837cbd80a6f633/library/std/src/panicking.rs:515:5
[INFO] [stderr] error: test failed, to rerun pass '--lib'
[INFO] [stdout]   14:     0x5609e12c6d71 - core::panicking::panic_fmt::hca6330e3e14086b4
[INFO] [stdout]                                at /rustc/a178d0322ce20e33eac124758e837cbd80a6f633/library/core/src/panicking.rs:92:14
[INFO] [stdout]   15:     0x5609e188b388 - core::panicking::assert_failed_inner::h33b45280069a80ed
[INFO] [stdout]   16:     0x5609e12f0a6a - core::panicking::assert_failed::hf1e4dbf08c723a1a
[INFO] [stdout]                                at /rustc/a178d0322ce20e33eac124758e837cbd80a6f633/library/core/src/panicking.rs:117:5
[INFO] [stdout]   17:     0x5609e130a947 - slack_client_lib::search_by_name::full_name_search::tests::test_full_name_serach::h37b0582086e05fbd
[INFO] [stdout]                                at /opt/rustwide/workdir/src/search_by_name/full_name_search.rs:106:9
[INFO] [stdout]   18:     0x5609e130a51a - slack_client_lib::search_by_name::full_name_search::tests::test_full_name_serach::{{closure}}::h6f415ebcced6c5cd
[INFO] [stdout]                                at /opt/rustwide/workdir/src/search_by_name/full_name_search.rs:94:5
[INFO] [stdout]   19:     0x5609e12c88ce - core::ops::function::FnOnce::call_once::h86645f42dceea516
[INFO] [stdout]                                at /rustc/a178d0322ce20e33eac124758e837cbd80a6f633/library/core/src/ops/function.rs:227:5
[INFO] [stdout]   20:     0x5609e13799c3 - core::ops::function::FnOnce::call_once::h152e7e439ff59e19
[INFO] [stdout]                                at /rustc/a178d0322ce20e33eac124758e837cbd80a6f633/library/core/src/ops/function.rs:227:5
[INFO] [stdout]   21:     0x5609e13799c3 - test::__rust_begin_short_backtrace::h0908f3b1fdbb72ab
[INFO] [stdout]                                at /rustc/a178d0322ce20e33eac124758e837cbd80a6f633/library/test/src/lib.rs:577:5
[INFO] [stdout]   22:     0x5609e1378480 - <alloc::boxed::Box<F,A> as core::ops::function::FnOnce<Args>>::call_once::hf6d2a51e5587546c
[INFO] [stdout]                                at /rustc/a178d0322ce20e33eac124758e837cbd80a6f633/library/alloc/src/boxed.rs:1575:9
[INFO] [stdout]   23:     0x5609e1378480 - <std::panic::AssertUnwindSafe<F> as core::ops::function::FnOnce<()>>::call_once::h8af660f3a89ef593
[INFO] [stdout]                                at /rustc/a178d0322ce20e33eac124758e837cbd80a6f633/library/std/src/panic.rs:347:9
[INFO] [stdout]   24:     0x5609e1378480 - std::panicking::try::do_call::hd36aef60f84b6d36
[INFO] [stdout]                                at /rustc/a178d0322ce20e33eac124758e837cbd80a6f633/library/std/src/panicking.rs:401:40
[INFO] [stdout]   25:     0x5609e1378480 - std::panicking::try::h9932b4480e69817c
[INFO] [stdout]                                at /rustc/a178d0322ce20e33eac124758e837cbd80a6f633/library/std/src/panicking.rs:365:19
[INFO] [stdout]   26:     0x5609e1378480 - std::panic::catch_unwind::h6aa177099cfff5f8
[INFO] [stdout]                                at /rustc/a178d0322ce20e33eac124758e837cbd80a6f633/library/std/src/panic.rs:434:14
[INFO] [stdout]   27:     0x5609e1378480 - test::run_test_in_process::h5884d6f2d99e20c3
[INFO] [stdout]                                at /rustc/a178d0322ce20e33eac124758e837cbd80a6f633/library/test/src/lib.rs:600:18
[INFO] [stdout]   28:     0x5609e1378480 - test::run_test::run_test_inner::{{closure}}::h6fdc58c6d5f5b6e3
[INFO] [stdout]                                at /rustc/a178d0322ce20e33eac124758e837cbd80a6f633/library/test/src/lib.rs:492:39
[INFO] [stdout]   29:     0x5609e1351b32 - test::run_test::run_test_inner::{{closure}}::h408365d67a78ade8
[INFO] [stdout]                                at /rustc/a178d0322ce20e33eac124758e837cbd80a6f633/library/test/src/lib.rs:519:37
[INFO] [stdout]   30:     0x5609e1351b32 - std::sys_common::backtrace::__rust_begin_short_backtrace::hb560b77c4f701523
[INFO] [stdout]                                at /rustc/a178d0322ce20e33eac124758e837cbd80a6f633/library/std/src/sys_common/backtrace.rs:125:18
[INFO] [stdout]   31:     0x5609e13556e8 - std::thread::Builder::spawn_unchecked::{{closure}}::{{closure}}::hf2e7831dad93c597
[INFO] [stdout]                                at /rustc/a178d0322ce20e33eac124758e837cbd80a6f633/library/std/src/thread/mod.rs:481:17
[INFO] [stdout]   32:     0x5609e13556e8 - <std::panic::AssertUnwindSafe<F> as core::ops::function::FnOnce<()>>::call_once::hd2e08783d8be4d02
[INFO] [stdout]                                at /rustc/a178d0322ce20e33eac124758e837cbd80a6f633/library/std/src/panic.rs:347:9
[INFO] [stdout]   33:     0x5609e13556e8 - std::panicking::try::do_call::h062597b7acfd6b82
[INFO] [stdout]                                at /rustc/a178d0322ce20e33eac124758e837cbd80a6f633/library/std/src/panicking.rs:401:40
[INFO] [stdout]   34:     0x5609e13556e8 - std::panicking::try::h0d7b79db04c14552
[INFO] [stdout]                                at /rustc/a178d0322ce20e33eac124758e837cbd80a6f633/library/std/src/panicking.rs:365:19
[INFO] [stdout]   35:     0x5609e13556e8 - std::panic::catch_unwind::hb01a0b5e7c8cd43b
[INFO] [stdout]                                at /rustc/a178d0322ce20e33eac124758e837cbd80a6f633/library/std/src/panic.rs:434:14
[INFO] [stdout]   36:     0x5609e13556e8 - std::thread::Builder::spawn_unchecked::{{closure}}::h5bde48cc887e0d1e
[INFO] [stdout]                                at /rustc/a178d0322ce20e33eac124758e837cbd80a6f633/library/std/src/thread/mod.rs:480:30
[INFO] [stdout]   37:     0x5609e13556e8 - core::ops::function::FnOnce::call_once{{vtable.shim}}::h745ea30807a29e55
[INFO] [stdout]                                at /rustc/a178d0322ce20e33eac124758e837cbd80a6f633/library/core/src/ops/function.rs:227:5
[INFO] [stdout]   38:     0x5609e1870bc7 - <alloc::boxed::Box<F,A> as core::ops::function::FnOnce<Args>>::call_once::h7ece6cfefaff1005
[INFO] [stdout]                                at /rustc/a178d0322ce20e33eac124758e837cbd80a6f633/library/alloc/src/boxed.rs:1575:9
[INFO] [stdout]   39:     0x5609e1870bc7 - <alloc::boxed::Box<F,A> as core::ops::function::FnOnce<Args>>::call_once::hb8b48e55c21f193e
[INFO] [stdout]                                at /rustc/a178d0322ce20e33eac124758e837cbd80a6f633/library/alloc/src/boxed.rs:1575:9
[INFO] [stdout]   40:     0x5609e1870bc7 - std::sys::unix::thread::Thread::new::thread_start::h8c7c4450dba62914
[INFO] [stdout]                                at /rustc/a178d0322ce20e33eac124758e837cbd80a6f633/library/std/src/sys/unix/thread.rs:71:17
[INFO] [stdout]   41:     0x7fdf5fe5a609 - start_thread
[INFO] [stdout]   42:     0x7fdf5fc2c293 - clone
[INFO] [stdout]   43:                0x0 - <unknown>
[INFO] [stdout] 
[INFO] [stdout] ---- users_cache::users_json_cache::tests::test_json_cache stdout ----
[INFO] [stdout] thread 'users_cache::users_json_cache::tests::test_json_cache' panicked at 'Cache write failed: FileError(Os { code: 30, kind: Other, message: "Read-only file system" })', src/users_cache/users_json_cache.rs:229:18
[INFO] [stdout] stack backtrace:
[INFO] [stdout]    0:     0x5609e18692c0 - std::backtrace_rs::backtrace::libunwind::trace::h34055254b57d8e79
[INFO] [stdout]                                at /rustc/a178d0322ce20e33eac124758e837cbd80a6f633/library/std/src/../../backtrace/src/backtrace/libunwind.rs:90:5
[INFO] [stdout]    1:     0x5609e18692c0 - std::backtrace_rs::backtrace::trace_unsynchronized::h8f1e3fbd9afff6ec
[INFO] [stdout]                                at /rustc/a178d0322ce20e33eac124758e837cbd80a6f633/library/std/src/../../backtrace/src/backtrace/mod.rs:66:5
[INFO] [stdout]    2:     0x5609e18692c0 - std::sys_common::backtrace::_print_fmt::h3a99a796b770c360
[INFO] [stdout]                                at /rustc/a178d0322ce20e33eac124758e837cbd80a6f633/library/std/src/sys_common/backtrace.rs:67:5
[INFO] [stdout]    3:     0x5609e18692c0 - <std::sys_common::backtrace::_print::DisplayBacktrace as core::fmt::Display>::fmt::h32d1f94a80615d18
[INFO] [stdout]                                at /rustc/a178d0322ce20e33eac124758e837cbd80a6f633/library/std/src/sys_common/backtrace.rs:46:22
[INFO] [stdout]    4:     0x5609e188caac - core::fmt::write::h306731c068f7162c
[INFO] [stdout]                                at /rustc/a178d0322ce20e33eac124758e837cbd80a6f633/library/core/src/fmt/mod.rs:1110:17
[INFO] [stdout]    5:     0x5609e1865c15 - std::io::Write::write_fmt::h87f19b0a2cd190bc
[INFO] [stdout]                                at /rustc/a178d0322ce20e33eac124758e837cbd80a6f633/library/std/src/io/mod.rs:1588:15
[INFO] [stdout]    6:     0x5609e186b49b - std::sys_common::backtrace::_print::h5abaa2601a852287
[INFO] [stdout]                                at /rustc/a178d0322ce20e33eac124758e837cbd80a6f633/library/std/src/sys_common/backtrace.rs:49:5
[INFO] [stdout]    7:     0x5609e186b49b - std::sys_common::backtrace::print::h8d81445442bb638f
[INFO] [stdout]                                at /rustc/a178d0322ce20e33eac124758e837cbd80a6f633/library/std/src/sys_common/backtrace.rs:36:9
[INFO] [stdout]    8:     0x5609e186b49b - std::panicking::default_hook::{{closure}}::hcfe804496a9fa747
[INFO] [stdout]                                at /rustc/a178d0322ce20e33eac124758e837cbd80a6f633/library/std/src/panicking.rs:208:50
[INFO] [stdout]    9:     0x5609e186afac - std::panicking::default_hook::hbea8e3ccf2ba8901
[INFO] [stdout]                                at /rustc/a178d0322ce20e33eac124758e837cbd80a6f633/library/std/src/panicking.rs:222:9
[INFO] [stdout]   10:     0x5609e186bb64 - std::panicking::rust_panic_with_hook::h7ee9e1a2d0f8975a
[INFO] [stdout]                                at /rustc/a178d0322ce20e33eac124758e837cbd80a6f633/library/std/src/panicking.rs:622:17
[INFO] [stdout]   11:     0x5609e186b647 - std::panicking::begin_panic_handler::{{closure}}::h8ab3b4491718b2c7
[INFO] [stdout]                                at /rustc/a178d0322ce20e33eac124758e837cbd80a6f633/library/std/src/panicking.rs:519:13
[INFO] [stdout]   12:     0x5609e18697bc - std::sys_common::backtrace::__rust_end_short_backtrace::hd489062ffa586a9f
[INFO] [stdout]                                at /rustc/a178d0322ce20e33eac124758e837cbd80a6f633/library/std/src/sys_common/backtrace.rs:141:18
[INFO] [stdout]   13:     0x5609e186b5a9 - rust_begin_unwind
[INFO] [stdout]                                at /rustc/a178d0322ce20e33eac124758e837cbd80a6f633/library/std/src/panicking.rs:515:5
[INFO] [stdout]   14:     0x5609e12c6d71 - core::panicking::panic_fmt::hca6330e3e14086b4
[INFO] [stdout]                                at /rustc/a178d0322ce20e33eac124758e837cbd80a6f633/library/core/src/panicking.rs:92:14
[INFO] [stdout]   15:     0x5609e12c6e63 - core::result::unwrap_failed::h6160d2b4bfbb0e87
[INFO] [stdout]                                at /rustc/a178d0322ce20e33eac124758e837cbd80a6f633/library/core/src/result.rs:1355:5
[INFO] [stdout]   16:     0x5609e1307e5b - core::result::Result<T,E>::expect::h649384171773930b
[INFO] [stdout]                                at /rustc/a178d0322ce20e33eac124758e837cbd80a6f633/library/core/src/result.rs:997:23
[INFO] [stdout]   17:     0x5609e12fbd9c - slack_client_lib::users_cache::users_json_cache::tests::test_json_cache::{{closure}}::h15bfd2ac9227c80e
[INFO] [stdout]                                at /opt/rustwide/workdir/src/users_cache/users_json_cache.rs:226:13
[INFO] [stdout]   18:     0x5609e12d13bb - <core::future::from_generator::GenFuture<T> as core::future::future::Future>::poll::h374edd621a3766fb
[INFO] [stdout]                                at /rustc/a178d0322ce20e33eac124758e837cbd80a6f633/library/core/src/future/mod.rs:80:19
[INFO] [stdout]   19:     0x5609e1319ca0 - tokio::runtime::basic_scheduler::BasicScheduler<P>::block_on::{{closure}}::{{closure}}::h354404253fa4c1b9
[INFO] [stdout]                                at /opt/rustwide/cargo-home/registry/src/github.com-1ecc6299db9ec823/tokio-0.2.25/src/runtime/basic_scheduler.rs:131:58
[INFO] [stdout]   20:     0x5609e131319c - tokio::coop::with_budget::{{closure}}::h27edb7e88634fa42
[INFO] [stdout]                                at /opt/rustwide/cargo-home/registry/src/github.com-1ecc6299db9ec823/tokio-0.2.25/src/coop.rs:127:9
[INFO] [stdout]   21:     0x5609e131c001 - std::thread::local::LocalKey<T>::try_with::hb9f2676b62021950
[INFO] [stdout]                                at /rustc/a178d0322ce20e33eac124758e837cbd80a6f633/library/std/src/thread/local.rs:400:16
[INFO] [stdout]   22:     0x5609e131b52d - std::thread::local::LocalKey<T>::with::h4e30e6cbf8c3d948
[INFO] [stdout]                                at /rustc/a178d0322ce20e33eac124758e837cbd80a6f633/library/std/src/thread/local.rs:376:9
[INFO] [stdout]   23:     0x5609e13196d7 - tokio::coop::with_budget::hdd6f75230bc5368b
[INFO] [stdout]                                at /opt/rustwide/cargo-home/registry/src/github.com-1ecc6299db9ec823/tokio-0.2.25/src/coop.rs:120:5
[INFO] [stdout]   24:     0x5609e13196d7 - tokio::coop::budget::h3e06906e81eebdbb
[INFO] [stdout]                                at /opt/rustwide/cargo-home/registry/src/github.com-1ecc6299db9ec823/tokio-0.2.25/src/coop.rs:96:5
[INFO] [stdout]   25:     0x5609e13196d7 - tokio::runtime::basic_scheduler::BasicScheduler<P>::block_on::{{closure}}::hd3e8f8e4b26f4d1c
[INFO] [stdout]                                at /opt/rustwide/cargo-home/registry/src/github.com-1ecc6299db9ec823/tokio-0.2.25/src/runtime/basic_scheduler.rs:131:35
[INFO] [stdout]   26:     0x5609e131a6af - tokio::runtime::basic_scheduler::enter::{{closure}}::h785733f67aef3d93
[INFO] [stdout]                                at /opt/rustwide/cargo-home/registry/src/github.com-1ecc6299db9ec823/tokio-0.2.25/src/runtime/basic_scheduler.rs:213:29
[INFO] [stdout]   27:     0x5609e130166e - tokio::macros::scoped_tls::ScopedKey<T>::set::hae13976e886640b5
[INFO] [stdout]                                at /opt/rustwide/cargo-home/registry/src/github.com-1ecc6299db9ec823/tokio-0.2.25/src/macros/scoped_tls.rs:63:9
[INFO] [stdout]   28:     0x5609e131a20e - tokio::runtime::basic_scheduler::enter::h8962082ade640c9c
[INFO] [stdout]                                at /opt/rustwide/cargo-home/registry/src/github.com-1ecc6299db9ec823/tokio-0.2.25/src/runtime/basic_scheduler.rs:213:5
[INFO] [stdout]   29:     0x5609e1318b72 - tokio::runtime::basic_scheduler::BasicScheduler<P>::block_on::h4606ebbd878a6761
[INFO] [stdout]                                at /opt/rustwide/cargo-home/registry/src/github.com-1ecc6299db9ec823/tokio-0.2.25/src/runtime/basic_scheduler.rs:123:9
[INFO] [stdout]   30:     0x5609e13027ac - tokio::runtime::Runtime::block_on::{{closure}}::h82f7ee15a9bdd11a
[INFO] [stdout]                                at /opt/rustwide/cargo-home/registry/src/github.com-1ecc6299db9ec823/tokio-0.2.25/src/runtime/mod.rs:444:34
[INFO] [stdout]   31:     0x5609e12f851b - tokio::runtime::context::enter::hf344cd081e4d19a2
[INFO] [stdout]                                at /opt/rustwide/cargo-home/registry/src/github.com-1ecc6299db9ec823/tokio-0.2.25/src/runtime/context.rs:72:5
[INFO] [stdout]   32:     0x5609e13025e8 - tokio::runtime::handle::Handle::enter::hf08a08d544d26b5c
[INFO] [stdout]                                at /opt/rustwide/cargo-home/registry/src/github.com-1ecc6299db9ec823/tokio-0.2.25/src/runtime/handle.rs:76:9
[INFO] [stdout]   33:     0x5609e130267f - tokio::runtime::Runtime::block_on::h0a7539feb7c29060
[INFO] [stdout]                                at /opt/rustwide/cargo-home/registry/src/github.com-1ecc6299db9ec823/tokio-0.2.25/src/runtime/mod.rs:441:9
[INFO] [stdout]   34:     0x5609e12fb605 - slack_client_lib::users_cache::users_json_cache::tests::test_json_cache::h75f38beab97ebfec
[INFO] [stdout]                                at /opt/rustwide/workdir/src/users_cache/users_json_cache.rs:191:5
[INFO] [stdout]   35:     0x5609e12fb51a - slack_client_lib::users_cache::users_json_cache::tests::test_json_cache::{{closure}}::hf276c2cff9e773bb
[INFO] [stdout]                                at /opt/rustwide/workdir/src/users_cache/users_json_cache.rs:191:5
[INFO] [stdout]   36:     0x5609e12c873e - core::ops::function::FnOnce::call_once::h53fd2021ccf80c4c
[INFO] [stdout]                                at /rustc/a178d0322ce20e33eac124758e837cbd80a6f633/library/core/src/ops/function.rs:227:5
[INFO] [stdout]   37:     0x5609e13799c3 - core::ops::function::FnOnce::call_once::h152e7e439ff59e19
[INFO] [stdout]                                at /rustc/a178d0322ce20e33eac124758e837cbd80a6f633/library/core/src/ops/function.rs:227:5
[INFO] [stdout]   38:     0x5609e13799c3 - test::__rust_begin_short_backtrace::h0908f3b1fdbb72ab
[INFO] [stdout]                                at /rustc/a178d0322ce20e33eac124758e837cbd80a6f633/library/test/src/lib.rs:577:5
[INFO] [stdout]   39:     0x5609e1378480 - <alloc::boxed::Box<F,A> as core::ops::function::FnOnce<Args>>::call_once::hf6d2a51e5587546c
[INFO] [stdout]                                at /rustc/a178d0322ce20e33eac124758e837cbd80a6f633/library/alloc/src/boxed.rs:1575:9
[INFO] [stdout]   40:     0x5609e1378480 - <std::panic::AssertUnwindSafe<F> as core::ops::function::FnOnce<()>>::call_once::h8af660f3a89ef593
[INFO] [stdout]                                at /rustc/a178d0322ce20e33eac124758e837cbd80a6f633/library/std/src/panic.rs:347:9
[INFO] [stdout]   41:     0x5609e1378480 - std::panicking::try::do_call::hd36aef60f84b6d36
[INFO] [stdout]                                at /rustc/a178d0322ce20e33eac124758e837cbd80a6f633/library/std/src/panicking.rs:401:40
[INFO] [stdout]   42:     0x5609e1378480 - std::panicking::try::h9932b4480e69817c
[INFO] [stdout]                                at /rustc/a178d0322ce20e33eac124758e837cbd80a6f633/library/std/src/panicking.rs:365:19
[INFO] [stdout]   43:     0x5609e1378480 - std::panic::catch_unwind::h6aa177099cfff5f8
[INFO] [stdout]                                at /rustc/a178d0322ce20e33eac124758e837cbd80a6f633/library/std/src/panic.rs:434:14
[INFO] [stdout]   44:     0x5609e1378480 - test::run_test_in_process::h5884d6f2d99e20c3
[INFO] [stdout]                                at /rustc/a178d0322ce20e33eac124758e837cbd80a6f633/library/test/src/lib.rs:600:18
[INFO] [stdout]   45:     0x5609e1378480 - test::run_test::run_test_inner::{{closure}}::h6fdc58c6d5f5b6e3
[INFO] [stdout]                                at /rustc/a178d0322ce20e33eac124758e837cbd80a6f633/library/test/src/lib.rs:492:39
[INFO] [stdout]   46:     0x5609e1351b32 - test::run_test::run_test_inner::{{closure}}::h408365d67a78ade8
[INFO] [stdout]                                at /rustc/a178d0322ce20e33eac124758e837cbd80a6f633/library/test/src/lib.rs:519:37
[INFO] [stdout]   47:     0x5609e1351b32 - std::sys_common::backtrace::__rust_begin_short_backtrace::hb560b77c4f701523
[INFO] [stdout]                                at /rustc/a178d0322ce20e33eac124758e837cbd80a6f633/library/std/src/sys_common/backtrace.rs:125:18
[INFO] [stdout]   48:     0x5609e13556e8 - std::thread::Builder::spawn_unchecked::{{closure}}::{{closure}}::hf2e7831dad93c597
[INFO] [stdout]                                at /rustc/a178d0322ce20e33eac124758e837cbd80a6f633/library/std/src/thread/mod.rs:481:17
[INFO] [stdout]   49:     0x5609e13556e8 - <std::panic::AssertUnwindSafe<F> as core::ops::function::FnOnce<()>>::call_once::hd2e08783d8be4d02
[INFO] [stdout]                                at /rustc/a178d0322ce20e33eac124758e837cbd80a6f633/library/std/src/panic.rs:347:9
[INFO] [stdout]   50:     0x5609e13556e8 - std::panicking::try::do_call::h062597b7acfd6b82
[INFO] [stdout]                                at /rustc/a178d0322ce20e33eac124758e837cbd80a6f633/library/std/src/panicking.rs:401:40
[INFO] [stdout]   51:     0x5609e13556e8 - std::panicking::try::h0d7b79db04c14552
[INFO] [stdout]                                at /rustc/a178d0322ce20e33eac124758e837cbd80a6f633/library/std/src/panicking.rs:365:19
[INFO] [stdout]   52:     0x5609e13556e8 - std::panic::catch_unwind::hb01a0b5e7c8cd43b
[INFO] [stdout]                                at /rustc/a178d0322ce20e33eac124758e837cbd80a6f633/library/std/src/panic.rs:434:14
[INFO] [stdout]   53:     0x5609e13556e8 - std::thread::Builder::spawn_unchecked::{{closure}}::h5bde48cc887e0d1e
[INFO] [stdout]                                at /rustc/a178d0322ce20e33eac124758e837cbd80a6f633/library/std/src/thread/mod.rs:480:30
[INFO] [stdout]   54:     0x5609e13556e8 - core::ops::function::FnOnce::call_once{{vtable.shim}}::h745ea30807a29e55
[INFO] [stdout]                                at /rustc/a178d0322ce20e33eac124758e837cbd80a6f633/library/core/src/ops/function.rs:227:5
[INFO] [stdout]   55:     0x5609e1870bc7 - <alloc::boxed::Box<F,A> as core::ops::function::FnOnce<Args>>::call_once::h7ece6cfefaff1005
[INFO] [stdout]                                at /rustc/a178d0322ce20e33eac124758e837cbd80a6f633/library/alloc/src/boxed.rs:1575:9
[INFO] [stdout]   56:     0x5609e1870bc7 - <alloc::boxed::Box<F,A> as core::ops::function::FnOnce<Args>>::call_once::hb8b48e55c21f193e
[INFO] [stdout]                                at /rustc/a178d0322ce20e33eac124758e837cbd80a6f633/library/alloc/src/boxed.rs:1575:9
[INFO] [stdout]   57:     0x5609e1870bc7 - std::sys::unix::thread::Thread::new::thread_start::h8c7c4450dba62914
[INFO] [stdout]                                at /rustc/a178d0322ce20e33eac124758e837cbd80a6f633/library/std/src/sys/unix/thread.rs:71:17
[INFO] [stdout]   58:     0x7fdf5fe5a609 - start_thread
[INFO] [stdout]   59:     0x7fdf5fc2c293 - clone
[INFO] [stdout]   60:                0x0 - <unknown>
[INFO] [stdout] 
[INFO] [stdout] ---- users_cache::users_sqlite_cache::tests::test_sqlite_cache stdout ----
[INFO] [stdout] thread 'users_cache::users_sqlite_cache::tests::test_sqlite_cache' panicked at 'Sqlite cache create failed: IOError(Os { code: 30, kind: Other, message: "Read-only file system" })', src/users_cache/users_sqlite_cache.rs:234:14
[INFO] [stdout] stack backtrace:
[INFO] [stdout]    0:     0x5609e18692c0 - std::backtrace_rs::backtrace::libunwind::trace::h34055254b57d8e79
[INFO] [stdout]                                at /rustc/a178d0322ce20e33eac124758e837cbd80a6f633/library/std/src/../../backtrace/src/backtrace/libunwind.rs:90:5
[INFO] [stdout]    1:     0x5609e18692c0 - std::backtrace_rs::backtrace::trace_unsynchronized::h8f1e3fbd9afff6ec
[INFO] [stdout]                                at /rustc/a178d0322ce20e33eac124758e837cbd80a6f633/library/std/src/../../backtrace/src/backtrace/mod.rs:66:5
[INFO] [stdout]    2:     0x5609e18692c0 - std::sys_common::backtrace::_print_fmt::h3a99a796b770c360
[INFO] [stdout]                                at /rustc/a178d0322ce20e33eac124758e837cbd80a6f633/library/std/src/sys_common/backtrace.rs:67:5
[INFO] [stdout]    3:     0x5609e18692c0 - <std::sys_common::backtrace::_print::DisplayBacktrace as core::fmt::Display>::fmt::h32d1f94a80615d18
[INFO] [stdout]                                at /rustc/a178d0322ce20e33eac124758e837cbd80a6f633/library/std/src/sys_common/backtrace.rs:46:22
[INFO] [stdout]    4:     0x5609e188caac - core::fmt::write::h306731c068f7162c
[INFO] [stdout]                                at /rustc/a178d0322ce20e33eac124758e837cbd80a6f633/library/core/src/fmt/mod.rs:1110:17
[INFO] [stdout]    5:     0x5609e1865c15 - std::io::Write::write_fmt::h87f19b0a2cd190bc
[INFO] [stdout]                                at /rustc/a178d0322ce20e33eac124758e837cbd80a6f633/library/std/src/io/mod.rs:1588:15
[INFO] [stdout]    6:     0x5609e186b49b - std::sys_common::backtrace::_print::h5abaa2601a852287
[INFO] [stdout]                                at /rustc/a178d0322ce20e33eac124758e837cbd80a6f633/library/std/src/sys_common/backtrace.rs:49:5
[INFO] [stdout]    7:     0x5609e186b49b - std::sys_common::backtrace::print::h8d81445442bb638f
[INFO] [stdout]                                at /rustc/a178d0322ce20e33eac124758e837cbd80a6f633/library/std/src/sys_common/backtrace.rs:36:9
[INFO] [stdout]    8:     0x5609e186b49b - std::panicking::default_hook::{{closure}}::hcfe804496a9fa747
[INFO] [stdout]                                at /rustc/a178d0322ce20e33eac124758e837cbd80a6f633/library/std/src/panicking.rs:208:50
[INFO] [stdout]    9:     0x5609e186afac - std::panicking::default_hook::hbea8e3ccf2ba8901
[INFO] [stdout]                                at /rustc/a178d0322ce20e33eac124758e837cbd80a6f633/library/std/src/panicking.rs:222:9
[INFO] [stdout]   10:     0x5609e186bb64 - std::panicking::rust_panic_with_hook::h7ee9e1a2d0f8975a
[INFO] [stdout]                                at /rustc/a178d0322ce20e33eac124758e837cbd80a6f633/library/std/src/panicking.rs:622:17
[INFO] [stdout]   11:     0x5609e186b647 - std::panicking::begin_panic_handler::{{closure}}::h8ab3b4491718b2c7
[INFO] [stdout]                                at /rustc/a178d0322ce20e33eac124758e837cbd80a6f633/library/std/src/panicking.rs:519:13
[INFO] [stdout]   12:     0x5609e18697bc - std::sys_common::backtrace::__rust_end_short_backtrace::hd489062ffa586a9f
[INFO] [stdout]                                at /rustc/a178d0322ce20e33eac124758e837cbd80a6f633/library/std/src/sys_common/backtrace.rs:141:18
[INFO] [stdout]   13:     0x5609e186b5a9 - rust_begin_unwind
[INFO] [stdout]                                at /rustc/a178d0322ce20e33eac124758e837cbd80a6f633/library/std/src/panicking.rs:515:5
[INFO] [stdout]   14:     0x5609e12c6d71 - core::panicking::panic_fmt::hca6330e3e14086b4
[INFO] [stdout]                                at /rustc/a178d0322ce20e33eac124758e837cbd80a6f633/library/core/src/panicking.rs:92:14
[INFO] [stdout]   15:     0x5609e12c6e63 - core::result::unwrap_failed::h6160d2b4bfbb0e87
[INFO] [stdout]                                at /rustc/a178d0322ce20e33eac124758e837cbd80a6f633/library/core/src/result.rs:1355:5
[INFO] [stdout]   16:     0x5609e1308097 - core::result::Result<T,E>::expect::he975731622d48576
[INFO] [stdout]                                at /rustc/a178d0322ce20e33eac124758e837cbd80a6f633/library/core/src/result.rs:997:23
[INFO] [stdout]   17:     0x5609e12d599c - slack_client_lib::users_cache::users_sqlite_cache::tests::test_sqlite_cache::{{closure}}::hc7264f48f60253ea
[INFO] [stdout]                                at /opt/rustwide/workdir/src/users_cache/users_sqlite_cache.rs:232:21
[INFO] [stdout]   18:     0x5609e12d1d8b - <core::future::from_generator::GenFuture<T> as core::future::future::Future>::poll::h90af74c7f34b24fd
[INFO] [stdout]                                at /rustc/a178d0322ce20e33eac124758e837cbd80a6f633/library/core/src/future/mod.rs:80:19
[INFO] [stdout]   19:     0x5609e1302450 - tokio::runtime::enter::Enter::block_on::{{closure}}::he770433c477090d1
[INFO] [stdout]                                at /opt/rustwide/cargo-home/registry/src/github.com-1ecc6299db9ec823/tokio-0.2.25/src/runtime/enter.rs:160:58
[INFO] [stdout]   20:     0x5609e131352c - tokio::coop::with_budget::{{closure}}::h72d4fa2d8536396f
[INFO] [stdout]                                at /opt/rustwide/cargo-home/registry/src/github.com-1ecc6299db9ec823/tokio-0.2.25/src/coop.rs:127:9
[INFO] [stdout]   21:     0x5609e131c4f1 - std::thread::local::LocalKey<T>::try_with::he833fd00804fc4f9
[INFO] [stdout]                                at /rustc/a178d0322ce20e33eac124758e837cbd80a6f633/library/std/src/thread/local.rs:400:16
[INFO] [stdout]   22:     0x5609e131b7bd - std::thread::local::LocalKey<T>::with::he0c58071ba6db230
[INFO] [stdout]                                at /rustc/a178d0322ce20e33eac124758e837cbd80a6f633/library/std/src/thread/local.rs:376:9
[INFO] [stdout]   23:     0x5609e1301e78 - tokio::coop::with_budget::hf5b91625f0dd2507
[INFO] [stdout]                                at /opt/rustwide/cargo-home/registry/src/github.com-1ecc6299db9ec823/tokio-0.2.25/src/coop.rs:120:5
[INFO] [stdout]   24:     0x5609e1301e78 - tokio::coop::budget::h2417ab92af5dbe7e
[INFO] [stdout]                                at /opt/rustwide/cargo-home/registry/src/github.com-1ecc6299db9ec823/tokio-0.2.25/src/coop.rs:96:5
[INFO] [stdout]   25:     0x5609e1301e78 - tokio::runtime::enter::Enter::block_on::h0c426b80f235ab3f
[INFO] [stdout]                                at /opt/rustwide/cargo-home/registry/src/github.com-1ecc6299db9ec823/tokio-0.2.25/src/runtime/enter.rs:160:35
[INFO] [stdout]   26:     0x5609e12f52a8 - tokio::runtime::thread_pool::ThreadPool::block_on::h4c79c77cb4778cbc
[INFO] [stdout]                                at /opt/rustwide/cargo-home/registry/src/github.com-1ecc6299db9ec823/tokio-0.2.25/src/runtime/thread_pool/mod.rs:82:9
[INFO] [stdout]   27:     0x5609e1302900 - tokio::runtime::Runtime::block_on::{{closure}}::hdcc558bf664d3050
[INFO] [stdout]                                at /opt/rustwide/cargo-home/registry/src/github.com-1ecc6299db9ec823/tokio-0.2.25/src/runtime/mod.rs:446:39
[INFO] [stdout]   28:     0x5609e12f841b - tokio::runtime::context::enter::h2bfd6911875ebf7e
[INFO] [stdout]                                at /opt/rustwide/cargo-home/registry/src/github.com-1ecc6299db9ec823/tokio-0.2.25/src/runtime/context.rs:72:5
[INFO] [stdout]   29:     0x5609e1302538 - tokio::runtime::handle::Handle::enter::h0c703a48cb5c07d0
[INFO] [stdout]                                at /opt/rustwide/cargo-home/registry/src/github.com-1ecc6299db9ec823/tokio-0.2.25/src/runtime/handle.rs:76:9
[INFO] [stdout]   30:     0x5609e13026df - tokio::runtime::Runtime::block_on::h2908cb0517e0106b
[INFO] [stdout]                                at /opt/rustwide/cargo-home/registry/src/github.com-1ecc6299db9ec823/tokio-0.2.25/src/runtime/mod.rs:441:9
[INFO] [stdout]   31:     0x5609e12d54db - slack_client_lib::users_cache::users_sqlite_cache::tests::test_sqlite_cache::h81df8c0174409e39
[INFO] [stdout]                                at /opt/rustwide/workdir/src/users_cache/users_sqlite_cache.rs:222:5
[INFO] [stdout]   32:     0x5609e12d53da - slack_client_lib::users_cache::users_sqlite_cache::tests::test_sqlite_cache::{{closure}}::he75a28e66e6495c0
[INFO] [stdout]                                at /opt/rustwide/workdir/src/users_cache/users_sqlite_cache.rs:222:5
[INFO] [stdout]   33:     0x5609e12c87ee - core::ops::function::FnOnce::call_once::h7607d0b0a6a4c169
[INFO] [stdout]                                at /rustc/a178d0322ce20e33eac124758e837cbd80a6f633/library/core/src/ops/function.rs:227:5
[INFO] [stdout]   34:     0x5609e13799c3 - core::ops::function::FnOnce::call_once::h152e7e439ff59e19
[INFO] [stdout]                                at /rustc/a178d0322ce20e33eac124758e837cbd80a6f633/library/core/src/ops/function.rs:227:5
[INFO] [stdout]   35:     0x5609e13799c3 - test::__rust_begin_short_backtrace::h0908f3b1fdbb72ab
[INFO] [stdout]                                at /rustc/a178d0322ce20e33eac124758e837cbd80a6f633/library/test/src/lib.rs:577:5
[INFO] [stdout]   36:     0x5609e1378480 - <alloc::boxed::Box<F,A> as core::ops::function::FnOnce<Args>>::call_once::hf6d2a51e5587546c
[INFO] [stdout]                                at /rustc/a178d0322ce20e33eac124758e837cbd80a6f633/library/alloc/src/boxed.rs:1575:9
[INFO] [stdout]   37:     0x5609e1378480 - <std::panic::AssertUnwindSafe<F> as core::ops::function::FnOnce<()>>::call_once::h8af660f3a89ef593
[INFO] [stdout]                                at /rustc/a178d0322ce20e33eac124758e837cbd80a6f633/library/std/src/panic.rs:347:9
[INFO] [stdout]   38:     0x5609e1378480 - std::panicking::try::do_call::hd36aef60f84b6d36
[INFO] [stdout]                                at /rustc/a178d0322ce20e33eac124758e837cbd80a6f633/library/std/src/panicking.rs:401:40
[INFO] [stdout]   39:     0x5609e1378480 - std::panicking::try::h9932b4480e69817c
[INFO] [stdout]                                at /rustc/a178d0322ce20e33eac124758e837cbd80a6f633/library/std/src/panicking.rs:365:19
[INFO] [stdout]   40:     0x5609e1378480 - std::panic::catch_unwind::h6aa177099cfff5f8
[INFO] [stdout]                                at /rustc/a178d0322ce20e33eac124758e837cbd80a6f633/library/std/src/panic.rs:434:14
[INFO] [stdout]   41:     0x5609e1378480 - test::run_test_in_process::h5884d6f2d99e20c3
[INFO] [stdout]                                at /rustc/a178d0322ce20e33eac124758e837cbd80a6f633/library/test/src/lib.rs:600:18
[INFO] [stdout]   42:     0x5609e1378480 - test::run_test::run_test_inner::{{closure}}::h6fdc58c6d5f5b6e3
[INFO] [stdout]                                at /rustc/a178d0322ce20e33eac124758e837cbd80a6f633/library/test/src/lib.rs:492:39
[INFO] [stdout]   43:     0x5609e1351b32 - test::run_test::run_test_inner::{{closure}}::h408365d67a78ade8
[INFO] [stdout]                                at /rustc/a178d0322ce20e33eac124758e837cbd80a6f633/library/test/src/lib.rs:519:37
[INFO] [stdout]   44:     0x5609e1351b32 - std::sys_common::backtrace::__rust_begin_short_backtrace::hb560b77c4f701523
[INFO] [stdout]                                at /rustc/a178d0322ce20e33eac124758e837cbd80a6f633/library/std/src/sys_common/backtrace.rs:125:18
[INFO] [stdout]   45:     0x5609e13556e8 - std::thread::Builder::spawn_unchecked::{{closure}}::{{closure}}::hf2e7831dad93c597
[INFO] [stdout]                                at /rustc/a178d0322ce20e33eac124758e837cbd80a6f633/library/std/src/thread/mod.rs:481:17
[INFO] [stdout]   46:     0x5609e13556e8 - <std::panic::AssertUnwindSafe<F> as core::ops::function::FnOnce<()>>::call_once::hd2e08783d8be4d02
[INFO] [stdout]                                at /rustc/a178d0322ce20e33eac124758e837cbd80a6f633/library/std/src/panic.rs:347:9
[INFO] [stdout]   47:     0x5609e13556e8 - std::panicking::try::do_call::h062597b7acfd6b82
[INFO] [stdout]                                at /rustc/a178d0322ce20e33eac124758e837cbd80a6f633/library/std/src/panicking.rs:401:40
[INFO] [stdout]   48:     0x5609e13556e8 - std::panicking::try::h0d7b79db04c14552
[INFO] [stdout]                                at /rustc/a178d0322ce20e33eac124758e837cbd80a6f633/library/std/src/panicking.rs:365:19
[INFO] [stdout]   49:     0x5609e13556e8 - std::panic::catch_unwind::hb01a0b5e7c8cd43b
[INFO] [stdout]                                at /rustc/a178d0322ce20e33eac124758e837cbd80a6f633/library/std/src/panic.rs:434:14
[INFO] [stdout]   50:     0x5609e13556e8 - std::thread::Builder::spawn_unchecked::{{closure}}::h5bde48cc887e0d1e
[INFO] [stdout]                                at /rustc/a178d0322ce20e33eac124758e837cbd80a6f633/library/std/src/thread/mod.rs:480:30
[INFO] [stdout]   51:     0x5609e13556e8 - core::ops::function::FnOnce::call_once{{vtable.shim}}::h745ea30807a29e55
[INFO] [stdout]                                at /rustc/a178d0322ce20e33eac124758e837cbd80a6f633/library/core/src/ops/function.rs:227:5
[INFO] [stdout]   52:     0x5609e1870bc7 - <alloc::boxed::Box<F,A> as core::ops::function::FnOnce<Args>>::call_once::h7ece6cfefaff1005
[INFO] [stdout]                                at /rustc/a178d0322ce20e33eac124758e837cbd80a6f633/library/alloc/src/boxed.rs:1575:9
[INFO] [stdout]   53:     0x5609e1870bc7 - <alloc::boxed::Box<F,A> as core::ops::function::FnOnce<Args>>::call_once::hb8b48e55c21f193e
[INFO] [stdout]                                at /rustc/a178d0322ce20e33eac124758e837cbd80a6f633/library/alloc/src/boxed.rs:1575:9
[INFO] [stdout]   54:     0x5609e1870bc7 - std::sys::unix::thread::Thread::new::thread_start::h8c7c4450dba62914
[INFO] [stdout]                                at /rustc/a178d0322ce20e33eac124758e837cbd80a6f633/library/std/src/sys/unix/thread.rs:71:17
[INFO] [stdout]   55:     0x7fdf5fe5a609 - start_thread
[INFO] [stdout]   56:     0x7fdf5fc2c293 - clone
[INFO] [stdout]   57:                0x0 - <unknown>
[INFO] [stdout] 
[INFO] [stdout] 
[INFO] [stdout] failures:
[INFO] [stdout]     search_by_name::full_name_search::tests::test_full_name_serach
[INFO] [stdout]     users_cache::users_json_cache::tests::test_json_cache
[INFO] [stdout]     users_cache::users_sqlite_cache::tests::test_sqlite_cache
[INFO] [stdout] 
[INFO] [stdout] test result: FAILED. 0 passed; 3 failed; 0 ignored; 0 measured; 0 filtered out; finished in 0.14s
[INFO] [stdout] 
[INFO] running `Command { std: "docker" "inspect" "5ca006bd927d24bdf408655fe872a5c50bd61b941d201fa0b506a82d3d71fcc6", kill_on_drop: false }`
[INFO] running `Command { std: "docker" "rm" "-f" "5ca006bd927d24bdf408655fe872a5c50bd61b941d201fa0b506a82d3d71fcc6", kill_on_drop: false }`
[INFO] [stdout] 5ca006bd927d24bdf408655fe872a5c50bd61b941d201fa0b506a82d3d71fcc6
