[INFO] cloning repository https://github.com/Deskbot/Advent-of-Code-2020
[INFO] running `Command { std: "git" "-c" "credential.helper=" "-c" "credential.helper=/workspace/cargo-home/bin/git-credential-null" "clone" "--bare" "https://github.com/Deskbot/Advent-of-Code-2020" "/workspace/cache/git-repos/https%3A%2F%2Fgithub.com%2FDeskbot%2FAdvent-of-Code-2020", kill_on_drop: false }`
[INFO] [stderr] Cloning into bare repository '/workspace/cache/git-repos/https%3A%2F%2Fgithub.com%2FDeskbot%2FAdvent-of-Code-2020'...
[INFO] running `Command { std: "git" "rev-parse" "HEAD", kill_on_drop: false }`
[INFO] [stdout] 97d5a7e7e7f2a57ec64a5591688d1c2f5e90617d
[INFO] testing Deskbot/Advent-of-Code-2020 against beta-2021-08-01 for beta-1.55-1
[INFO] running `Command { std: "git" "clone" "/workspace/cache/git-repos/https%3A%2F%2Fgithub.com%2FDeskbot%2FAdvent-of-Code-2020" "/workspace/builds/worker-1/source", kill_on_drop: false }`
[INFO] [stderr] Cloning into '/workspace/builds/worker-1/source'...
[INFO] [stderr] done.
[INFO] validating manifest of git repo https://github.com/Deskbot/Advent-of-Code-2020 on toolchain beta-2021-08-01
[INFO] running `Command { std: "/workspace/cargo-home/bin/cargo" "+beta-2021-08-01" "metadata" "--manifest-path" "Cargo.toml" "--no-deps", kill_on_drop: false }`
[INFO] started tweaking git repo https://github.com/Deskbot/Advent-of-Code-2020
[INFO] finished tweaking git repo https://github.com/Deskbot/Advent-of-Code-2020
[INFO] tweaked toml for git repo https://github.com/Deskbot/Advent-of-Code-2020 written to /workspace/builds/worker-1/source/Cargo.toml
[INFO] crate git repo https://github.com/Deskbot/Advent-of-Code-2020 already has a lockfile, it will not be regenerated
[INFO] running `Command { std: "/workspace/cargo-home/bin/cargo" "+beta-2021-08-01" "fetch" "--manifest-path" "Cargo.toml", kill_on_drop: false }`
[INFO] [stderr]  Downloading crates ...
[INFO] [stderr]   Downloaded substring v1.4.0
[INFO] running `Command { std: "docker" "create" "-v" "/var/lib/crater-agent-workspace/builds/worker-1/target:/opt/rustwide/target:rw,Z" "-v" "/var/lib/crater-agent-workspace/builds/worker-1/source:/opt/rustwide/workdir:ro,Z" "-v" "/var/lib/crater-agent-workspace/cargo-home:/opt/rustwide/cargo-home:ro,Z" "-v" "/var/lib/crater-agent-workspace/rustup-home:/opt/rustwide/rustup-home:ro,Z" "-e" "SOURCE_DIR=/opt/rustwide/workdir" "-e" "CARGO_TARGET_DIR=/opt/rustwide/target" "-e" "CARGO_HOME=/opt/rustwide/cargo-home" "-e" "RUSTUP_HOME=/opt/rustwide/rustup-home" "-w" "/opt/rustwide/workdir" "-m" "1610612736" "--user" "0:0" "--network" "none" "ghcr.io/rust-lang/crates-build-env/linux@sha256:34b6a614d2c27851fe6cbf88fbd1137609cefab8b10d0615aaeb6fd47975d74e" "/opt/rustwide/cargo-home/bin/cargo" "+beta-2021-08-01" "metadata" "--no-deps" "--format-version=1", kill_on_drop: false }`
[INFO] [stdout] 87ccf5116e70e9a5c06fc4da2ebd3590095309d0edec1d1b646ae6a5837a85a4
[INFO] [stderr] WARNING: Your kernel does not support swap limit capabilities or the cgroup is not mounted. Memory limited without swap.
[INFO] running `Command { std: "docker" "start" "-a" "87ccf5116e70e9a5c06fc4da2ebd3590095309d0edec1d1b646ae6a5837a85a4", kill_on_drop: false }`
[INFO] running `Command { std: "docker" "inspect" "87ccf5116e70e9a5c06fc4da2ebd3590095309d0edec1d1b646ae6a5837a85a4", kill_on_drop: false }`
[INFO] running `Command { std: "docker" "rm" "-f" "87ccf5116e70e9a5c06fc4da2ebd3590095309d0edec1d1b646ae6a5837a85a4", kill_on_drop: false }`
[INFO] [stdout] 87ccf5116e70e9a5c06fc4da2ebd3590095309d0edec1d1b646ae6a5837a85a4
[INFO] running `Command { std: "docker" "create" "-v" "/var/lib/crater-agent-workspace/builds/worker-1/target:/opt/rustwide/target:rw,Z" "-v" "/var/lib/crater-agent-workspace/builds/worker-1/source:/opt/rustwide/workdir:ro,Z" "-v" "/var/lib/crater-agent-workspace/cargo-home:/opt/rustwide/cargo-home:ro,Z" "-v" "/var/lib/crater-agent-workspace/rustup-home:/opt/rustwide/rustup-home:ro,Z" "-e" "SOURCE_DIR=/opt/rustwide/workdir" "-e" "CARGO_TARGET_DIR=/opt/rustwide/target" "-e" "CARGO_INCREMENTAL=0" "-e" "RUST_BACKTRACE=full" "-e" "RUSTFLAGS=--cap-lints=warn" "-e" "CARGO_HOME=/opt/rustwide/cargo-home" "-e" "RUSTUP_HOME=/opt/rustwide/rustup-home" "-w" "/opt/rustwide/workdir" "-m" "1610612736" "--user" "0:0" "--network" "none" "ghcr.io/rust-lang/crates-build-env/linux@sha256:34b6a614d2c27851fe6cbf88fbd1137609cefab8b10d0615aaeb6fd47975d74e" "/opt/rustwide/cargo-home/bin/cargo" "+beta-2021-08-01" "build" "--frozen" "--message-format=json", kill_on_drop: false }`
[INFO] [stderr] WARNING: Your kernel does not support swap limit capabilities or the cgroup is not mounted. Memory limited without swap.
[INFO] [stdout] 81f8598a524155e8b54e2ccc9002644e3dd19a8709ce030c77eecbe0d35afcee
[INFO] running `Command { std: "docker" "start" "-a" "81f8598a524155e8b54e2ccc9002644e3dd19a8709ce030c77eecbe0d35afcee", kill_on_drop: false }`
[INFO] [stderr]    Compiling substring v1.4.0
[INFO] [stderr]    Compiling advent_of_code_2020 v0.1.0 (/opt/rustwide/workdir)
[INFO] [stdout] warning: unused import: `std::fs`
[INFO] [stdout]  --> src/day/day23.rs:1:5
[INFO] [stdout]   |
[INFO] [stdout] 1 | use std::fs;
[INFO] [stdout]   |     ^^^^^^^
[INFO] [stdout]   |
[INFO] [stdout]   = note: `#[warn(unused_imports)]` on by default
[INFO] [stdout] 
[INFO] [stdout] 
[INFO] [stdout] warning: unused variable: `p1`
[INFO] [stdout]   --> src/day/day22.rs:45:10
[INFO] [stdout]    |
[INFO] [stdout] 45 | fn part2(p1: Deck, p2: Deck) -> i64 {
[INFO] [stdout]    |          ^^ help: if this is intentional, prefix it with an underscore: `_p1`
[INFO] [stdout]    |
[INFO] [stdout]    = note: `#[warn(unused_variables)]` on by default
[INFO] [stdout] 
[INFO] [stdout] 
[INFO] [stdout] warning: unused variable: `p2`
[INFO] [stdout]   --> src/day/day22.rs:45:20
[INFO] [stdout]    |
[INFO] [stdout] 45 | fn part2(p1: Deck, p2: Deck) -> i64 {
[INFO] [stdout]    |                    ^^ help: if this is intentional, prefix it with an underscore: `_p2`
[INFO] [stdout] 
[INFO] [stdout] 
[INFO] [stdout] warning: unused variable: `cups`
[INFO] [stdout]  --> src/day/day23.rs:8:13
[INFO] [stdout]   |
[INFO] [stdout] 8 |     let mut cups = Cups::parse(input);
[INFO] [stdout]   |             ^^^^ help: if this is intentional, prefix it with an underscore: `_cups`
[INFO] [stdout] 
[INFO] [stdout] 
[INFO] [stdout] warning: variable does not need to be mutable
[INFO] [stdout]  --> src/day/day23.rs:8:9
[INFO] [stdout]   |
[INFO] [stdout] 8 |     let mut cups = Cups::parse(input);
[INFO] [stdout]   |         ----^^^^
[INFO] [stdout]   |         |
[INFO] [stdout]   |         help: remove this `mut`
[INFO] [stdout]   |
[INFO] [stdout]   = note: `#[warn(unused_mut)]` on by default
[INFO] [stdout] 
[INFO] [stdout] 
[INFO] [stdout] warning: field is never read: `current_cup`
[INFO] [stdout]   --> src/day/day23.rs:14:5
[INFO] [stdout]    |
[INFO] [stdout] 14 |     current_cup: usize,
[INFO] [stdout]    |     ^^^^^^^^^^^^^^^^^^
[INFO] [stdout]    |
[INFO] [stdout]    = note: `#[warn(dead_code)]` on by default
[INFO] [stdout] 
[INFO] [stdout] 
[INFO] [stdout] warning: field is never read: `list`
[INFO] [stdout]   --> src/day/day23.rs:15:5
[INFO] [stdout]    |
[INFO] [stdout] 15 |     list: Vec<i64>
[INFO] [stdout]    |     ^^^^^^^^^^^^^^
[INFO] [stdout] 
[INFO] [stdout] 
[INFO] [stdout] warning: associated function is never used: `step`
[INFO] [stdout]   --> src/day/day23.rs:30:12
[INFO] [stdout]    |
[INFO] [stdout] 30 |     pub fn step(&mut self)  {
[INFO] [stdout]    |            ^^^^
[INFO] [stdout] 
[INFO] [stdout] 
[INFO] [stdout] warning: 8 warnings emitted
[INFO] [stdout] 
[INFO] [stdout] 
[INFO] [stderr]     Finished dev [unoptimized + debuginfo] target(s) in 10.26s
[INFO] running `Command { std: "docker" "inspect" "81f8598a524155e8b54e2ccc9002644e3dd19a8709ce030c77eecbe0d35afcee", kill_on_drop: false }`
[INFO] running `Command { std: "docker" "rm" "-f" "81f8598a524155e8b54e2ccc9002644e3dd19a8709ce030c77eecbe0d35afcee", kill_on_drop: false }`
[INFO] [stdout] 81f8598a524155e8b54e2ccc9002644e3dd19a8709ce030c77eecbe0d35afcee
[INFO] running `Command { std: "docker" "create" "-v" "/var/lib/crater-agent-workspace/builds/worker-1/target:/opt/rustwide/target:rw,Z" "-v" "/var/lib/crater-agent-workspace/builds/worker-1/source:/opt/rustwide/workdir:ro,Z" "-v" "/var/lib/crater-agent-workspace/cargo-home:/opt/rustwide/cargo-home:ro,Z" "-v" "/var/lib/crater-agent-workspace/rustup-home:/opt/rustwide/rustup-home:ro,Z" "-e" "SOURCE_DIR=/opt/rustwide/workdir" "-e" "CARGO_TARGET_DIR=/opt/rustwide/target" "-e" "CARGO_INCREMENTAL=0" "-e" "RUST_BACKTRACE=full" "-e" "RUSTFLAGS=--cap-lints=warn" "-e" "CARGO_HOME=/opt/rustwide/cargo-home" "-e" "RUSTUP_HOME=/opt/rustwide/rustup-home" "-w" "/opt/rustwide/workdir" "-m" "1610612736" "--user" "0:0" "--network" "none" "ghcr.io/rust-lang/crates-build-env/linux@sha256:34b6a614d2c27851fe6cbf88fbd1137609cefab8b10d0615aaeb6fd47975d74e" "/opt/rustwide/cargo-home/bin/cargo" "+beta-2021-08-01" "test" "--frozen" "--no-run" "--message-format=json", kill_on_drop: false }`
[INFO] [stdout] 8e6178c086e0876517a7bb9a6406e75cbff98ea990906042b74d556289a94c23
[INFO] [stderr] WARNING: Your kernel does not support swap limit capabilities or the cgroup is not mounted. Memory limited without swap.
[INFO] running `Command { std: "docker" "start" "-a" "8e6178c086e0876517a7bb9a6406e75cbff98ea990906042b74d556289a94c23", kill_on_drop: false }`
[INFO] [stderr]    Compiling advent_of_code_2020 v0.1.0 (/opt/rustwide/workdir)
[INFO] [stdout] warning: unused import: `std::fs`
[INFO] [stdout]  --> src/day/day23.rs:1:5
[INFO] [stdout]   |
[INFO] [stdout] 1 | use std::fs;
[INFO] [stdout]   |     ^^^^^^^
[INFO] [stdout]   |
[INFO] [stdout]   = note: `#[warn(unused_imports)]` on by default
[INFO] [stdout] 
[INFO] [stdout] 
[INFO] [stdout] warning: unused variable: `p1`
[INFO] [stdout]   --> src/day/day22.rs:45:10
[INFO] [stdout]    |
[INFO] [stdout] 45 | fn part2(p1: Deck, p2: Deck) -> i64 {
[INFO] [stdout]    |          ^^ help: if this is intentional, prefix it with an underscore: `_p1`
[INFO] [stdout]    |
[INFO] [stdout]    = note: `#[warn(unused_variables)]` on by default
[INFO] [stdout] 
[INFO] [stdout] 
[INFO] [stdout] warning: unused variable: `p2`
[INFO] [stdout]   --> src/day/day22.rs:45:20
[INFO] [stdout]    |
[INFO] [stdout] 45 | fn part2(p1: Deck, p2: Deck) -> i64 {
[INFO] [stdout]    |                    ^^ help: if this is intentional, prefix it with an underscore: `_p2`
[INFO] [stdout] 
[INFO] [stdout] 
[INFO] [stdout] warning: unused variable: `cups`
[INFO] [stdout]  --> src/day/day23.rs:8:13
[INFO] [stdout]   |
[INFO] [stdout] 8 |     let mut cups = Cups::parse(input);
[INFO] [stdout]   |             ^^^^ help: if this is intentional, prefix it with an underscore: `_cups`
[INFO] [stdout] 
[INFO] [stdout] 
[INFO] [stdout] warning: variable does not need to be mutable
[INFO] [stdout]  --> src/day/day23.rs:8:9
[INFO] [stdout]   |
[INFO] [stdout] 8 |     let mut cups = Cups::parse(input);
[INFO] [stdout]   |         ----^^^^
[INFO] [stdout]   |         |
[INFO] [stdout]   |         help: remove this `mut`
[INFO] [stdout]   |
[INFO] [stdout]   = note: `#[warn(unused_mut)]` on by default
[INFO] [stdout] 
[INFO] [stdout] 
[INFO] [stdout] warning: field is never read: `current_cup`
[INFO] [stdout]   --> src/day/day23.rs:14:5
[INFO] [stdout]    |
[INFO] [stdout] 14 |     current_cup: usize,
[INFO] [stdout]    |     ^^^^^^^^^^^^^^^^^^
[INFO] [stdout]    |
[INFO] [stdout]    = note: `#[warn(dead_code)]` on by default
[INFO] [stdout] 
[INFO] [stdout] 
[INFO] [stdout] warning: field is never read: `list`
[INFO] [stdout]   --> src/day/day23.rs:15:5
[INFO] [stdout]    |
[INFO] [stdout] 15 |     list: Vec<i64>
[INFO] [stdout]    |     ^^^^^^^^^^^^^^
[INFO] [stdout] 
[INFO] [stdout] 
[INFO] [stdout] warning: associated function is never used: `step`
[INFO] [stdout]   --> src/day/day23.rs:30:12
[INFO] [stdout]    |
[INFO] [stdout] 30 |     pub fn step(&mut self)  {
[INFO] [stdout]    |            ^^^^
[INFO] [stdout] 
[INFO] [stdout] 
[INFO] [stdout] warning: 8 warnings emitted
[INFO] [stdout] 
[INFO] [stdout] 
[INFO] [stderr]     Finished test [unoptimized + debuginfo] target(s) in 5.55s
[INFO] running `Command { std: "docker" "inspect" "8e6178c086e0876517a7bb9a6406e75cbff98ea990906042b74d556289a94c23", kill_on_drop: false }`
[INFO] running `Command { std: "docker" "rm" "-f" "8e6178c086e0876517a7bb9a6406e75cbff98ea990906042b74d556289a94c23", kill_on_drop: false }`
[INFO] [stdout] 8e6178c086e0876517a7bb9a6406e75cbff98ea990906042b74d556289a94c23
[INFO] running `Command { std: "docker" "create" "-v" "/var/lib/crater-agent-workspace/builds/worker-1/target:/opt/rustwide/target:rw,Z" "-v" "/var/lib/crater-agent-workspace/builds/worker-1/source:/opt/rustwide/workdir:ro,Z" "-v" "/var/lib/crater-agent-workspace/cargo-home:/opt/rustwide/cargo-home:ro,Z" "-v" "/var/lib/crater-agent-workspace/rustup-home:/opt/rustwide/rustup-home:ro,Z" "-e" "SOURCE_DIR=/opt/rustwide/workdir" "-e" "CARGO_TARGET_DIR=/opt/rustwide/target" "-e" "CARGO_INCREMENTAL=0" "-e" "RUST_BACKTRACE=full" "-e" "RUSTFLAGS=--cap-lints=warn" "-e" "CARGO_HOME=/opt/rustwide/cargo-home" "-e" "RUSTUP_HOME=/opt/rustwide/rustup-home" "-w" "/opt/rustwide/workdir" "-m" "1610612736" "--user" "0:0" "--network" "none" "ghcr.io/rust-lang/crates-build-env/linux@sha256:34b6a614d2c27851fe6cbf88fbd1137609cefab8b10d0615aaeb6fd47975d74e" "/opt/rustwide/cargo-home/bin/cargo" "+beta-2021-08-01" "test" "--frozen", kill_on_drop: false }`
[INFO] [stdout] 0e50e441f3782311f53491435246f15243ab1ec26b70c6287e9df1308690b163
[INFO] [stderr] WARNING: Your kernel does not support swap limit capabilities or the cgroup is not mounted. Memory limited without swap.
[INFO] running `Command { std: "docker" "start" "-a" "0e50e441f3782311f53491435246f15243ab1ec26b70c6287e9df1308690b163", kill_on_drop: false }`
[INFO] [stdout] 
[INFO] [stderr] warning: unused import: `std::fs`
[INFO] [stdout] running 74 tests
[INFO] [stderr]  --> src/day/day23.rs:1:5
[INFO] [stderr]   |
[INFO] [stderr] 1 | use std::fs;
[INFO] [stderr]   |     ^^^^^^^
[INFO] [stderr]   |
[INFO] [stderr]   = note: `#[warn(unused_imports)]` on by default
[INFO] [stderr] 
[INFO] [stderr] warning: unused variable: `p1`
[INFO] [stderr]   --> src/day/day22.rs:45:10
[INFO] [stderr]    |
[INFO] [stderr] 45 | fn part2(p1: Deck, p2: Deck) -> i64 {
[INFO] [stderr]    |          ^^ help: if this is intentional, prefix it with an underscore: `_p1`
[INFO] [stderr]    |
[INFO] [stderr]    = note: `#[warn(unused_variables)]` on by default
[INFO] [stderr] 
[INFO] [stderr] warning: unused variable: `p2`
[INFO] [stderr]   --> src/day/day22.rs:45:20
[INFO] [stderr]    |
[INFO] [stderr] 45 | fn part2(p1: Deck, p2: Deck) -> i64 {
[INFO] [stderr]    |                    ^^ help: if this is intentional, prefix it with an underscore: `_p2`
[INFO] [stderr] 
[INFO] [stderr] warning: unused variable: `cups`
[INFO] [stderr]  --> src/day/day23.rs:8:13
[INFO] [stderr]   |
[INFO] [stderr] 8 |     let mut cups = Cups::parse(input);
[INFO] [stderr]   |             ^^^^ help: if this is intentional, prefix it with an underscore: `_cups`
[INFO] [stderr] 
[INFO] [stderr] warning: variable does not need to be mutable
[INFO] [stderr]  --> src/day/day23.rs:8:9
[INFO] [stderr]   |
[INFO] [stderr] 8 |     let mut cups = Cups::parse(input);
[INFO] [stderr]   |         ----^^^^
[INFO] [stderr]   |         |
[INFO] [stderr]   |         help: remove this `mut`
[INFO] [stderr]   |
[INFO] [stderr]   = note: `#[warn(unused_mut)]` on by default
[INFO] [stderr] 
[INFO] [stderr] warning: field is never read: `current_cup`
[INFO] [stderr]   --> src/day/day23.rs:14:5
[INFO] [stderr]    |
[INFO] [stderr] 14 |     current_cup: usize,
[INFO] [stderr]    |     ^^^^^^^^^^^^^^^^^^
[INFO] [stderr]    |
[INFO] [stderr]    = note: `#[warn(dead_code)]` on by default
[INFO] [stderr] 
[INFO] [stderr] warning: field is never read: `list`
[INFO] [stderr]   --> src/day/day23.rs:15:5
[INFO] [stderr]    |
[INFO] [stderr] 15 |     list: Vec<i64>
[INFO] [stderr]    |     ^^^^^^^^^^^^^^
[INFO] [stderr] 
[INFO] [stderr] warning: associated function is never used: `step`
[INFO] [stderr]   --> src/day/day23.rs:30:12
[INFO] [stderr]    |
[INFO] [stderr] 30 |     pub fn step(&mut self)  {
[INFO] [stderr]    |            ^^^^
[INFO] [stderr] 
[INFO] [stderr] warning: `advent_of_code_2020` (bin "advent_of_code_2020" test) generated 8 warnings
[INFO] [stderr]     Finished test [unoptimized + debuginfo] target(s) in 0.02s
[INFO] [stderr]      Running unittests (/opt/rustwide/target/debug/deps/advent_of_code_2020-10114be25e78d68c)
[INFO] [stdout] test day::day02part1::tests::test1 ... ok
[INFO] [stdout] test day::day03::tests::part1_example ... ok
[INFO] [stdout] test day::day02part2::tests::test1 ... ok
[INFO] [stdout] test day::day03::tests::part2_example ... ok
[INFO] [stdout] test day::day05::tests::part1_examples ... ok
[INFO] [stdout] test day::day07::tests::part2_example_2 ... ok
[INFO] [stdout] test day::day07::tests::test ... ok
[INFO] [stdout] test day::day07::tests::part2_example_1 ... ok
[INFO] [stdout] test day::day04::tests::part1_example ... ok
[INFO] [stdout] test day::day04::tests::part1_4 ... ok
[INFO] [stdout] test day::day04::tests::part1_3 ... ok
[INFO] [stdout] test day::day10::tests::part2_example_1 ... ok
[INFO] [stdout] test day::day10::tests::part1_example_2 ... ok
[INFO] [stdout] test day::day09::tests::part2_example ... ok
[INFO] [stdout] test day::day10::tests::part1_example_1 ... ok
[INFO] [stdout] test day::day07::tests::part1_example ... ok
[INFO] [stdout] test day::day10::tests::part1_answer ... ok
[INFO] [stdout] test day::day09::tests::part1_example ... ok
[INFO] [stdout] test day::day12::tests::part2_example ... ok
[INFO] [stdout] test day::day08::tests::part1_example ... ok
[INFO] [stdout] test day::day07::tests::test2 ... ok
[INFO] [stdout] test day::day13::tests::part2_example5 ... ok
[INFO] [stdout] test day::day13::tests::part2_example4 ... ok
[INFO] [stdout] test day::day13::tests::part1_example ... ok
[INFO] [stdout] test day::day13::tests::part2_example6 ... ok
[INFO] [stdout] test day::day13::tests::part2_example ... ok
[INFO] [stdout] test day::day10::tests::part2_example_2 ... ok
[INFO] [stdout] test day::day13::tests::part2_example2 ... ok
[INFO] [stdout] test day::day04::tests::part1_2 ... ok
[INFO] [stdout] test day::day13::tests::part2_example3 ... ok
[INFO] [stdout] test day::day11::tests::part2_example ... ok
[INFO] [stdout] test day::day12::tests::part1_answer ... ok
[INFO] [stdout] test day::day09::tests::contains_sum_to_1 ... ok
[INFO] [stdout] test day::day04::tests::part1_1 ... ok
[INFO] [stdout] test day::day09::tests::part1 ... ok
[INFO] [stdout] test day::day04::tests::field_validation ... ok
[INFO] [stdout] test day::day13::tests::part2_example7 ... ok
[INFO] [stdout] test day::day15::tests::part1_example ... ok
[INFO] [stdout] test day::day18::tests::part2_example_2 ... ok
[INFO] [stdout] test day::day18::tests::part2_example_1 ... ok
[INFO] [stdout] test day::day18::tests::bug_2 ... ok
[INFO] [stdout] test day::day18::tests::part2_example_5 ... ok
[INFO] [stdout] test day::day18::tests::part2_example_4 ... ok
[INFO] [stdout] test day::day19::tests::basic_2 ... ok
[INFO] [stdout] test day::day19::tests::basic_1 ... ok
[INFO] [stdout] test day::day16::tests::rule_1 ... ok
[INFO] [stdout] test day::day14::tests::part2_example ... ok
[INFO] [stdout] test day::day18::tests::bug ... ok
[INFO] [stdout] test day::day16::tests::part1_example ... ok
[INFO] [stdout] test day::day19::tests::part2_example_4 ... ok
[INFO] [stdout] test day::day19::tests::part2_example_11 ... ok
[INFO] [stdout] test day::day19::tests::part2_example_13 ... ok
[INFO] [stdout] test day::day19::tests::part2_example_5 ... ok
[INFO] [stdout] test day::day19::tests::part2_example_1 ... ok
[INFO] [stdout] test day::day19::tests::part2_example_2 ... ok
[INFO] [stdout] test day::day19::tests::part2_example_12 ... ok
[INFO] [stdout] test day::day19::tests::part2_example_6 ... ok
[INFO] [stdout] test day::day19::tests::part2_example_10 ... ok
[INFO] [stdout] test day::day19::tests::part2_example_3 ... ok
[INFO] [stdout] test day::day22::tests::part1_actual ... ok
[INFO] [stdout] test day::day21::tests::part2_example ... ok
[INFO] [stdout] test day::day18::tests::part2_example_3 ... ok
[INFO] [stdout] test day::day19::tests::basic_3 ... ok
[INFO] [stdout] test day::day19::tests::part1_example ... ok
[INFO] [stdout] test day::day19::tests::part2_example_7 ... ok
[INFO] [stdout] test day::day19::tests::part2_example_9 ... ok
[INFO] [stdout] test day::day19::tests::part2_example_8 ... ok
[INFO] [stdout] test day::day21::tests::part1_example ... ok
[INFO] [stdout] test day::day22::tests::part1_example ... ok
[INFO] [stdout] test day::day19::tests::part2_example ... ok
[INFO] [stdout] test day::day08::tests::part2_example ... ok
[INFO] [stdout] test day::day17::tests::part1_example ... FAILED
[INFO] [stdout] test day::day04::tests::part1 ... ok
[INFO] [stdout] test day::day20::tests::part1_example ... ok
[INFO] [stdout] 
[INFO] [stdout] failures:
[INFO] [stdout] 
[INFO] [stdout] ---- day::day17::tests::part1_example stdout ----
[INFO] [stdout] ---
[INFO] [stdout] x=1
[INFO] [stdout] Dead
[INFO] [stdout] Dead
[INFO] [stdout] Alive
[INFO] [stdout] x=2
[INFO] [stdout] Alive
[INFO] [stdout] Alive
[INFO] [stdout] Alive
[INFO] [stdout] x=0
[INFO] [stdout] Alive
[INFO] [stdout] Dead
[INFO] [stdout] Dead
[INFO] [stdout] ---
[INFO] [stdout] x=3
[INFO] [stdout] DeadDeadDead
[INFO] [stdout] DeadDeadDead
[INFO] [stdout] AliveAliveAlive
[INFO] [stdout] x=0
[INFO] [stdout] DeadDeadDead
[INFO] [stdout] DeadDeadDead
[INFO] [stdout] DeadDeadDead
[INFO] [stdout] x=2
[INFO] [stdout] DeadDeadDead
[INFO] [stdout] DeadDeadDead
[INFO] [stdout] AliveDeadDead
[INFO] [stdout] x=1
[INFO] [stdout] DeadDeadDead
[INFO] [stdout] DeadDeadDead
[INFO] [stdout] AliveAliveAlive
[INFO] [stdout] x=-1
[INFO] [stdout] DeadDeadDead
[INFO] [stdout] DeadDeadDead
[INFO] [stdout] DeadDeadDead
[INFO] [stdout] ---
[INFO] [stdout] x=-2
[INFO] [stdout] DeadDeadDead
[INFO] [stdout] DeadDeadDead
[INFO] [stdout] DeadDeadDead
[INFO] [stdout] x=-1
[INFO] [stdout] DeadDeadDead
[INFO] [stdout] DeadDeadDead
[INFO] [stdout] DeadDeadDead
[INFO] [stdout] x=1
[INFO] [stdout] DeadDeadDead
[INFO] [stdout] AliveDeadDead
[INFO] [stdout] DeadAliveAlive
[INFO] [stdout] x=2
[INFO] [stdout] DeadDeadDead
[INFO] [stdout] DeadAliveDead
[INFO] [stdout] DeadDeadDead
[INFO] [stdout] x=3
[INFO] [stdout] DeadDeadDead
[INFO] [stdout] DeadDeadDead
[INFO] [stdout] DeadDeadAlive
[INFO] [stdout] x=4
[INFO] [stdout] DeadDeadDead
[INFO] [stdout] DeadDeadAlive
[INFO] [stdout] DeadDeadDead
[INFO] [stdout] x=0
[INFO] [stdout] DeadDeadAlive
[INFO] [stdout] DeadDeadDead
[INFO] [stdout] AliveDeadDead
[INFO] [stdout] ---
[INFO] [stdout] x=-2
[INFO] [stdout] DeadDeadDead
[INFO] [stdout] DeadDeadDead
[INFO] [stdout] DeadDeadDead
[INFO] [stdout] x=0
[INFO] [stdout] DeadDeadDead
[INFO] [stdout] DeadDeadDead
[INFO] [stdout] DeadDeadDead
[INFO] [stdout] x=1
[INFO] [stdout] DeadDeadDead
[INFO] [stdout] DeadDeadDead
[INFO] [stdout] DeadDeadAlive
[INFO] [stdout] x=4
[INFO] [stdout] DeadDeadDead
[INFO] [stdout] DeadDeadDead
[INFO] [stdout] DeadDeadDead
[INFO] [stdout] x=3
[INFO] [stdout] DeadDeadDead
[INFO] [stdout] AliveDeadDead
[INFO] [stdout] DeadDeadDead
[INFO] [stdout] x=-3
[INFO] [stdout] DeadDeadDead
[INFO] [stdout] DeadDeadDead
[INFO] [stdout] DeadDeadDead
[INFO] [stdout] x=5
[INFO] [stdout] DeadDeadDead
[INFO] [stdout] DeadDeadDead
[INFO] [stdout] DeadDeadDead
[INFO] [stdout] x=-1
[INFO] [stdout] DeadDeadDead
[INFO] [stdout] DeadDeadDead
[INFO] [stdout] DeadDeadDead
[INFO] [stdout] x=2
[INFO] [stdout] DeadDeadDead
[INFO] [stdout] DeadDeadDead
[INFO] [stdout] DeadDeadDead
[INFO] [stdout] ---
[INFO] [stdout] x=3
[INFO] [stdout] DeadDeadDead
[INFO] [stdout] DeadDeadDead
[INFO] [stdout] DeadDeadDead
[INFO] [stdout] x=0
[INFO] [stdout] DeadDeadDead
[INFO] [stdout] DeadDeadDead
[INFO] [stdout] DeadDeadDead
[INFO] [stdout] x=6
[INFO] [stdout] DeadDeadDead
[INFO] [stdout] DeadDeadDead
[INFO] [stdout] DeadDeadDead
[INFO] [stdout] x=5
[INFO] [stdout] DeadDeadDead
[INFO] [stdout] DeadDeadDead
[INFO] [stdout] DeadDeadDead
[INFO] [stdout] x=-2
[INFO] [stdout] DeadDeadDead
[INFO] [stdout] DeadDeadDead
[INFO] [stdout] DeadDeadDead
[INFO] [stdout] x=4
[INFO] [stdout] DeadDeadDead
[INFO] [stdout] DeadDeadDead
[INFO] [stdout] DeadDeadDead
[INFO] [stdout] x=-4
[INFO] [stdout] DeadDeadDead
[INFO] [stdout] DeadDeadDead
[INFO] [stdout] DeadDeadDead
[INFO] [stdout] x=-3
[INFO] [stdout] DeadDeadDead
[INFO] [stdout] DeadDeadDead
[INFO] [stdout] DeadDeadDead
[INFO] [stdout] x=-1
[INFO] [stdout] DeadDeadDead
[INFO] [stdout] DeadDeadDead
[INFO] [stdout] DeadDeadDead
[INFO] [stdout] x=2
[INFO] [stdout] DeadDeadDead
[INFO] [stdout] DeadDeadDead
[INFO] [stdout] DeadDeadDead
[INFO] [stdout] x=1
[INFO] [stdout] DeadDeadDead
[INFO] [stdout] DeadDeadDead
[INFO] [stdout] DeadDeadDead
[INFO] [stdout] ---
[INFO] [stdout] x=7
[INFO] [stdout] DeadDeadDead
[INFO] [stdout] DeadDeadDead
[INFO] [stdout] DeadDeadDead
[INFO] [stdout] x=3
[INFO] [stdout] DeadDeadDead
[INFO] [stdout] DeadDeadDead
[INFO] [stdout] DeadDeadDead
[INFO] [stdout] x=1
[INFO] [stdout] DeadDeadDead
[INFO] [stdout] DeadDeadDead
[INFO] [stdout] DeadDeadDead
[INFO] [stdout] x=-3
[INFO] [stdout] DeadDeadDead
[INFO] [stdout] DeadDeadDead
[INFO] [stdout] DeadDeadDead
[INFO] [stdout] x=6
[INFO] [stdout] DeadDeadDead
[INFO] [stdout] DeadDeadDead
[INFO] [stdout] DeadDeadDead
[INFO] [stdout] x=4
[INFO] [stdout] DeadDeadDead
[INFO] [stdout] DeadDeadDead
[INFO] [stdout] DeadDeadDead
[INFO] [stdout] x=-4
[INFO] [stdout] DeadDeadDead
[INFO] [stdout] DeadDeadDead
[INFO] [stdout] DeadDeadDead
[INFO] [stdout] x=2
[INFO] [stdout] DeadDeadDead
[INFO] [stdout] DeadDeadDead
[INFO] [stdout] DeadDeadDead
[INFO] [stdout] x=0
[INFO] [stdout] DeadDeadDead
[INFO] [stdout] DeadDeadDead
[INFO] [stdout] DeadDeadDead
[INFO] [stdout] x=-1
[INFO] [stdout] DeadDeadDead
[INFO] [stdout] DeadDeadDead
[INFO] [stdout] DeadDeadDead
[INFO] [stdout] x=-5
[INFO] [stdout] DeadDeadDead
[INFO] [stdout] DeadDeadDead
[INFO] [stdout] DeadDeadDead
[INFO] [stdout] x=5
[INFO] [stdout] DeadDeadDead
[INFO] [stdout] DeadDeadDead
[INFO] [stdout] DeadDeadDead
[INFO] [stdout] x=-2
[INFO] [stdout] DeadDeadDead
[INFO] [stdout] DeadDeadDead
[INFO] [stdout] DeadDeadDead
[INFO] [stdout] ---
[INFO] [stdout] x=-4
[INFO] [stdout] DeadDeadDead
[INFO] [stdout] DeadDeadDead
[INFO] [stdout] DeadDeadDead
[INFO] [stdout] x=3
[INFO] [stdout] DeadDeadDead
[INFO] [stdout] DeadDeadDead
[INFO] [stdout] DeadDeadDead
[INFO] [stdout] x=-6
[INFO] [stdout] DeadDeadDead
[INFO] [stdout] DeadDeadDead
[INFO] [stdout] DeadDeadDead
[INFO] [stdout] x=7
[INFO] [stdout] DeadDeadDead
[INFO] [stdout] DeadDeadDead
[INFO] [stdout] DeadDeadDead
[INFO] [stdout] x=-3
[INFO] [stdout] DeadDeadDead
[INFO] [stdout] DeadDeadDead
[INFO] [stdout] DeadDeadDead
[INFO] [stdout] x=1
[INFO] [stdout] DeadDeadDead
[INFO] [stdout] DeadDeadDead
[INFO] [stdout] DeadDeadDead
[INFO] [stdout] x=4
[INFO] [stdout] DeadDeadDead
[INFO] [stdout] DeadDeadDead
[INFO] [stdout] DeadDeadDead
[INFO] [stdout] x=8
[INFO] [stdout] DeadDeadDead
[INFO] [stdout] DeadDeadDead
[INFO] [stdout] DeadDeadDead
[INFO] [stdout] x=2
[INFO] [stdout] DeadDeadDead
[INFO] [stdout] DeadDeadDead
[INFO] [stdout] DeadDeadDead
[INFO] [stdout] x=-1
[INFO] [stdout] DeadDeadDead
[INFO] [stdout] DeadDeadDead
[INFO] [stdout] DeadDeadDead
[INFO] [stdout] x=-2
[INFO] [stdout] DeadDeadDead
[INFO] [stdout] DeadDeadDead
[INFO] [stdout] DeadDeadDead
[INFO] [stdout] x=0
[INFO] [stdout] DeadDeadDead
[INFO] [stdout] DeadDeadDead
[INFO] [stdout] DeadDeadDead
[INFO] [stdout] x=5
[INFO] [stdout] DeadDeadDead
[INFO] [stdout] DeadDeadDead
[INFO] [stdout] DeadDeadDead
[INFO] [stdout] x=6
[INFO] [stdout] DeadDeadDead
[INFO] [stdout] DeadDeadDead
[INFO] [stdout] DeadDeadDead
[INFO] [stdout] x=-5
[INFO] [stdout] DeadDeadDead
[INFO] [stdout] DeadDeadDead
[INFO] [stdout] DeadDeadDead
[INFO] [stdout] thread 'day::day17::tests::part1_example' panicked at 'assertion failed: `(left == right)`
[INFO] [stdout]   left: `0`,
[INFO] [stdout]  right: `112`', src/day/day17.rs:241:9
[INFO] [stdout] stack backtrace:
[INFO] [stdout]    0:     0x564029acaa30 - std::backtrace_rs::backtrace::libunwind::trace::hff4d1766e93f64f1
[INFO] [stdout]                                at /rustc/53fd98ca776cb875bc9e5514f56b52eb74f9e7a9/library/std/src/../../backtrace/src/backtrace/libunwind.rs:90:5
[INFO] [stdout]    1:     0x564029acaa30 - std::backtrace_rs::backtrace::trace_unsynchronized::h56bbc8eb78770bcb
[INFO] [stdout]                                at /rustc/53fd98ca776cb875bc9e5514f56b52eb74f9e7a9/library/std/src/../../backtrace/src/backtrace/mod.rs:66:5
[INFO] [stdout]    2:     0x564029acaa30 - std::sys_common::backtrace::_print_fmt::h5c8e75464faca780
[INFO] [stdout]                                at /rustc/53fd98ca776cb875bc9e5514f56b52eb74f9e7a9/library/std/src/sys_common/backtrace.rs:67:5
[INFO] [stdout]    3:     0x564029acaa30 - <std::sys_common::backtrace::_print::DisplayBacktrace as core::fmt::Display>::fmt::h48b88277def8b362
[INFO] [stdout]                                at /rustc/53fd98ca776cb875bc9e5514f56b52eb74f9e7a9/library/std/src/sys_common/backtrace.rs:46:22
[INFO] [stdout]    4:     0x564029aed3ac - core::fmt::write::h3381b3176fe2b3d3
[INFO] [stdout]                                at /rustc/53fd98ca776cb875bc9e5514f56b52eb74f9e7a9/library/core/src/fmt/mod.rs:1115:17
[INFO] [stdout]    5:     0x564029ac7995 - std::io::Write::write_fmt::h5f34a676f60246b5
[INFO] [stdout]                                at /rustc/53fd98ca776cb875bc9e5514f56b52eb74f9e7a9/library/std/src/io/mod.rs:1665:15
[INFO] [stdout]    6:     0x564029accbab - std::sys_common::backtrace::_print::ha537687d6c17dd0d
[INFO] [stdout]                                at /rustc/53fd98ca776cb875bc9e5514f56b52eb74f9e7a9/library/std/src/sys_common/backtrace.rs:49:5
[INFO] [stdout]    7:     0x564029accbab - std::sys_common::backtrace::print::h61376ae57d131d72
[INFO] [stdout]                                at /rustc/53fd98ca776cb875bc9e5514f56b52eb74f9e7a9/library/std/src/sys_common/backtrace.rs:36:9
[INFO] [stdout]    8:     0x564029accbab - std::panicking::default_hook::{{closure}}::h0f7208c0b9644a54
[INFO] [stdout]                                at /rustc/53fd98ca776cb875bc9e5514f56b52eb74f9e7a9/library/std/src/panicking.rs:208:50
[INFO] [stdout]    9:     0x564029acc6bc - std::panicking::default_hook::hdac7fc06578c14ce
[INFO] [stdout]                                at /rustc/53fd98ca776cb875bc9e5514f56b52eb74f9e7a9/library/std/src/panicking.rs:222:9
[INFO] [stdout]   10:     0x564029acd274 - std::panicking::rust_panic_with_hook::h72b21c283da3d1ef
[INFO] [stdout]                                at /rustc/53fd98ca776cb875bc9e5514f56b52eb74f9e7a9/library/std/src/panicking.rs:622:17
[INFO] [stdout]   11:     0x564029accd57 - std::panicking::begin_panic_handler::{{closure}}::he5778f1729cff84a
[INFO] [stdout]                                at /rustc/53fd98ca776cb875bc9e5514f56b52eb74f9e7a9/library/std/src/panicking.rs:519:13
[INFO] [stdout]   12:     0x564029acaf0c - std::sys_common::backtrace::__rust_end_short_backtrace::h2d11ca8b453b4b1d
[INFO] [stdout]                                at /rustc/53fd98ca776cb875bc9e5514f56b52eb74f9e7a9/library/std/src/sys_common/backtrace.rs:141:18
[INFO] [stdout]   13:     0x564029acccb9 - rust_begin_unwind
[INFO] [stdout]                                at /rustc/53fd98ca776cb875bc9e5514f56b52eb74f9e7a9/library/std/src/panicking.rs:515:5
[INFO] [stdout]   14:     0x5640298148c1 - core::panicking::panic_fmt::hf9de31d4acbce4db
[INFO] [stdout]                                at /rustc/53fd98ca776cb875bc9e5514f56b52eb74f9e7a9/library/core/src/panicking.rs:92:14
[INFO] [stdout]   15:     0x564029aebcc8 - core::panicking::assert_failed_inner::h62e8cb2847a6e7ec
[INFO] [stdout]   16:     0x56402985c7fa - core::panicking::assert_failed::h5a74f25ecca34380
[INFO] [stdout]                                at /rustc/53fd98ca776cb875bc9e5514f56b52eb74f9e7a9/library/core/src/panicking.rs:117:5
[INFO] [stdout]   17:     0x564029861eeb - advent_of_code_2020::day::day17::tests::part1_example::h37e85e73ff7eb0f9
[INFO] [stdout]                                at /opt/rustwide/workdir/src/day/day17.rs:241:9
[INFO] [stdout]   18:     0x564029861e4a - advent_of_code_2020::day::day17::tests::part1_example::{{closure}}::h5725a5b30b86df8a
[INFO] [stdout]                                at /opt/rustwide/workdir/src/day/day17.rs:240:5
[INFO] [stdout]   19:     0x5640298a5ece - core::ops::function::FnOnce::call_once::h866205b8e2a0e617
[INFO] [stdout]                                at /rustc/53fd98ca776cb875bc9e5514f56b52eb74f9e7a9/library/core/src/ops/function.rs:227:5
[INFO] [stdout]   20:     0x5640298e4c53 - core::ops::function::FnOnce::call_once::hbb52c4519d3137b0
[INFO] [stdout]                                at /rustc/53fd98ca776cb875bc9e5514f56b52eb74f9e7a9/library/core/src/ops/function.rs:227:5
[INFO] [stdout]   21:     0x5640298e4c53 - test::__rust_begin_short_backtrace::h86fe3a2a5a5121af
[INFO] [stdout]                                at /rustc/53fd98ca776cb875bc9e5514f56b52eb74f9e7a9/library/test/src/lib.rs:578:5
[INFO] [stdout]   22:     0x5640298e3708 - <alloc::boxed::Box<F,A> as core::ops::function::FnOnce<Args>>::call_once::hfd956bc3d57399be
[INFO] [stdout]                                at /rustc/53fd98ca776cb875bc9e5514f56b52eb74f9e7a9/library/alloc/src/boxed.rs:1572:9
[INFO] [stdout]   23:     0x5640298e3708 - <std::panic::AssertUnwindSafe<F> as core::ops::function::FnOnce<()>>::call_once::h40dc93e0ddb5938a
[INFO] [stdout]                                at /rustc/53fd98ca776cb875bc9e5514f56b52eb74f9e7a9/library/std/src/panic.rs:347:9
[INFO] [stdout]   24:     0x5640298e3708 - std::panicking::try::do_call::h90d07750cb47c562
[INFO] [stdout]                                at /rustc/53fd98ca776cb875bc9e5514f56b52eb74f9e7a9/library/std/src/panicking.rs:401:40
[INFO] [stdout]   25:     0x5640298e3708 - std::panicking::try::h063c84733ad2a629
[INFO] [stdout]                                at /rustc/53fd98ca776cb875bc9e5514f56b52eb74f9e7a9/library/std/src/panicking.rs:365:19
[INFO] [stdout]   26:     0x5640298e3708 - std::panic::catch_unwind::h0c464836a84e7c08
[INFO] [stdout]                                at /rustc/53fd98ca776cb875bc9e5514f56b52eb74f9e7a9/library/std/src/panic.rs:434:14
[INFO] [stdout]   27:     0x5640298e3708 - test::run_test_in_process::h5cb06ef620b157fc
[INFO] [stdout]                                at /rustc/53fd98ca776cb875bc9e5514f56b52eb74f9e7a9/library/test/src/lib.rs:601:18
[INFO] [stdout]   28:     0x5640298e3708 - test::run_test::run_test_inner::{{closure}}::h76f677f4b93f9828
[INFO] [stdout]                                at /rustc/53fd98ca776cb875bc9e5514f56b52eb74f9e7a9/library/test/src/lib.rs:493:39
[INFO] [stdout]   29:     0x5640298b1e9d - test::run_test::run_test_inner::{{closure}}::h366d01fe04f4d67a
[INFO] [stdout]                                at /rustc/53fd98ca776cb875bc9e5514f56b52eb74f9e7a9/library/test/src/lib.rs:520:37
[INFO] [stdout]   30:     0x5640298b1e9d - std::sys_common::backtrace::__rust_begin_short_backtrace::h7dfa0de4eb395af2
[INFO] [stdout]                                at /rustc/53fd98ca776cb875bc9e5514f56b52eb74f9e7a9/library/std/src/sys_common/backtrace.rs:125:18
[INFO] [stdout]   31:     0x5640298b6668 - std::thread::Builder::spawn_unchecked::{{closure}}::{{closure}}::hf0a74bb58798037f
[INFO] [stdout]                                at /rustc/53fd98ca776cb875bc9e5514f56b52eb74f9e7a9/library/std/src/thread/mod.rs:476:17
[INFO] [stdout]   32:     0x5640298b6668 - <std::panic::AssertUnwindSafe<F> as core::ops::function::FnOnce<()>>::call_once::hb024e854818586ac
[INFO] [stdout]                                at /rustc/53fd98ca776cb875bc9e5514f56b52eb74f9e7a9/library/std/src/panic.rs:347:9
[INFO] [stdout]   33:     0x5640298b6668 - std::panicking::try::do_call::hb2dd9f1d0d48e41d
[INFO] [stdout]                                at /rustc/53fd98ca776cb875bc9e5514f56b52eb74f9e7a9/library/std/src/panicking.rs:401:40
[INFO] [stdout]   34:     0x5640298b6668 - std::panicking::try::h4717ae7bac8b2bf3
[INFO] [stdout]                                at /rustc/53fd98ca776cb875bc9e5514f56b52eb74f9e7a9/library/std/src/panicking.rs:365:19
[INFO] [stdout]   35:     0x5640298b6668 - std::panic::catch_unwind::h0dc8a061326ce8d8
[INFO] [stdout]                                at /rustc/53fd98ca776cb875bc9e5514f56b52eb74f9e7a9/library/std/src/panic.rs:434:14
[INFO] [stdout]   36:     0x5640298b6668 - std::thread::Builder::spawn_unchecked::{{closure}}::haa369e2d6fd00aa1
[INFO] [stdout]                                at /rustc/53fd98ca776cb875bc9e5514f56b52eb74f9e7a9/library/std/src/thread/mod.rs:475:30
[INFO] [stdout]   37:     0x5640298b6668 - core::ops::function::FnOnce::call_once{{vtable.shim}}::h36dcf3de8b056f17
[INFO] [stdout]                                at /rustc/53fd98ca776cb875bc9e5514f56b52eb74f9e7a9/library/core/src/ops/function.rs:227:5
[INFO] [stdout]   38:     0x564029ad1de7 - <alloc::boxed::Box<F,A> as core::ops::function::FnOnce<Args>>::call_once::h65c29e4642be2358
[INFO] [stdout]                                at /rustc/53fd98ca776cb875bc9e5514f56b52eb74f9e7a9/library/alloc/src/boxed.rs:1572:9
[INFO] [stdout]   39:     0x564029ad1de7 - <alloc::boxed::Box<F,A> as core::ops::function::FnOnce<Args>>::call_once::hd0f8f7fbbd9fffbf
[INFO] [stdout]                                at /rustc/53fd98ca776cb875bc9e5514f56b52eb74f9e7a9/library/alloc/src/boxed.rs:1572:9
[INFO] [stdout]   40:     0x564029ad1de7 - std::sys::unix::thread::Thread::new::thread_start::h2fd22fee3ca77b65
[INFO] [stdout]                                at /rustc/53fd98ca776cb875bc9e5514f56b52eb74f9e7a9/library/std/src/sys/unix/thread.rs:74:17
[INFO] [stdout]   41:     0x7f5345c39609 - start_thread
[INFO] [stdout]   42:     0x7f5345a0b293 - clone
[INFO] [stdout]   43:                0x0 - <unknown>
[INFO] [stdout] 
[INFO] [stdout] 
[INFO] [stdout] failures:
[INFO] [stdout]     day::day17::tests::part1_example
[INFO] [stdout] 
[INFO] [stdout] test result: FAILED. 73 passed; 1 failed; 0 ignored; 0 measured; 0 filtered out; finished in 0.69s
[INFO] [stdout] 
[INFO] [stderr] error: test failed, to rerun pass '--bin advent_of_code_2020'
[INFO] running `Command { std: "docker" "inspect" "0e50e441f3782311f53491435246f15243ab1ec26b70c6287e9df1308690b163", kill_on_drop: false }`
[INFO] running `Command { std: "docker" "rm" "-f" "0e50e441f3782311f53491435246f15243ab1ec26b70c6287e9df1308690b163", kill_on_drop: false }`
[INFO] [stdout] 0e50e441f3782311f53491435246f15243ab1ec26b70c6287e9df1308690b163
