[INFO] cloning repository https://github.com/DemonusPC/ray-tracing-demo
[INFO] running `Command { std: "git" "-c" "credential.helper=" "-c" "credential.helper=/workspace/cargo-home/bin/git-credential-null" "clone" "--bare" "https://github.com/DemonusPC/ray-tracing-demo" "/workspace/cache/git-repos/https%3A%2F%2Fgithub.com%2FDemonusPC%2Fray-tracing-demo", kill_on_drop: false }`
[INFO] [stderr] Cloning into bare repository '/workspace/cache/git-repos/https%3A%2F%2Fgithub.com%2FDemonusPC%2Fray-tracing-demo'...
[INFO] running `Command { std: "git" "rev-parse" "HEAD", kill_on_drop: false }`
[INFO] [stdout] 4600421555e84fd4cf208244254d44c4f4b90dc1
[INFO] testing DemonusPC/ray-tracing-demo against 1.54.0 for beta-1.55-1
[INFO] running `Command { std: "git" "clone" "/workspace/cache/git-repos/https%3A%2F%2Fgithub.com%2FDemonusPC%2Fray-tracing-demo" "/workspace/builds/worker-3/source", kill_on_drop: false }`
[INFO] [stderr] Cloning into '/workspace/builds/worker-3/source'...
[INFO] [stderr] done.
[INFO] validating manifest of git repo https://github.com/DemonusPC/ray-tracing-demo on toolchain 1.54.0
[INFO] running `Command { std: "/workspace/cargo-home/bin/cargo" "+1.54.0" "metadata" "--manifest-path" "Cargo.toml" "--no-deps", kill_on_drop: false }`
[INFO] started tweaking git repo https://github.com/DemonusPC/ray-tracing-demo
[INFO] finished tweaking git repo https://github.com/DemonusPC/ray-tracing-demo
[INFO] tweaked toml for git repo https://github.com/DemonusPC/ray-tracing-demo written to /workspace/builds/worker-3/source/Cargo.toml
[INFO] crate git repo https://github.com/DemonusPC/ray-tracing-demo already has a lockfile, it will not be regenerated
[INFO] running `Command { std: "/workspace/cargo-home/bin/cargo" "+1.54.0" "fetch" "--manifest-path" "Cargo.toml", kill_on_drop: false }`
[INFO] running `Command { std: "docker" "create" "-v" "/var/lib/crater-agent-workspace/builds/worker-3/target:/opt/rustwide/target:rw,Z" "-v" "/var/lib/crater-agent-workspace/builds/worker-3/source:/opt/rustwide/workdir:ro,Z" "-v" "/var/lib/crater-agent-workspace/cargo-home:/opt/rustwide/cargo-home:ro,Z" "-v" "/var/lib/crater-agent-workspace/rustup-home:/opt/rustwide/rustup-home:ro,Z" "-e" "SOURCE_DIR=/opt/rustwide/workdir" "-e" "CARGO_TARGET_DIR=/opt/rustwide/target" "-e" "CARGO_HOME=/opt/rustwide/cargo-home" "-e" "RUSTUP_HOME=/opt/rustwide/rustup-home" "-w" "/opt/rustwide/workdir" "-m" "1610612736" "--user" "0:0" "--network" "none" "ghcr.io/rust-lang/crates-build-env/linux@sha256:34b6a614d2c27851fe6cbf88fbd1137609cefab8b10d0615aaeb6fd47975d74e" "/opt/rustwide/cargo-home/bin/cargo" "+1.54.0" "metadata" "--no-deps" "--format-version=1", kill_on_drop: false }`
[INFO] [stdout] 5fa020fa9768600fdd07fa3e1d33e2f255099b468b649389f5516ecd3cf66f07
[INFO] [stderr] WARNING: Your kernel does not support swap limit capabilities or the cgroup is not mounted. Memory limited without swap.
[INFO] running `Command { std: "docker" "start" "-a" "5fa020fa9768600fdd07fa3e1d33e2f255099b468b649389f5516ecd3cf66f07", kill_on_drop: false }`
[INFO] running `Command { std: "docker" "inspect" "5fa020fa9768600fdd07fa3e1d33e2f255099b468b649389f5516ecd3cf66f07", kill_on_drop: false }`
[INFO] running `Command { std: "docker" "rm" "-f" "5fa020fa9768600fdd07fa3e1d33e2f255099b468b649389f5516ecd3cf66f07", kill_on_drop: false }`
[INFO] [stdout] 5fa020fa9768600fdd07fa3e1d33e2f255099b468b649389f5516ecd3cf66f07
[INFO] running `Command { std: "docker" "create" "-v" "/var/lib/crater-agent-workspace/builds/worker-3/target:/opt/rustwide/target:rw,Z" "-v" "/var/lib/crater-agent-workspace/builds/worker-3/source:/opt/rustwide/workdir:ro,Z" "-v" "/var/lib/crater-agent-workspace/cargo-home:/opt/rustwide/cargo-home:ro,Z" "-v" "/var/lib/crater-agent-workspace/rustup-home:/opt/rustwide/rustup-home:ro,Z" "-e" "SOURCE_DIR=/opt/rustwide/workdir" "-e" "CARGO_TARGET_DIR=/opt/rustwide/target" "-e" "CARGO_INCREMENTAL=0" "-e" "RUST_BACKTRACE=full" "-e" "RUSTFLAGS=--cap-lints=warn" "-e" "CARGO_HOME=/opt/rustwide/cargo-home" "-e" "RUSTUP_HOME=/opt/rustwide/rustup-home" "-w" "/opt/rustwide/workdir" "-m" "1610612736" "--user" "0:0" "--network" "none" "ghcr.io/rust-lang/crates-build-env/linux@sha256:34b6a614d2c27851fe6cbf88fbd1137609cefab8b10d0615aaeb6fd47975d74e" "/opt/rustwide/cargo-home/bin/cargo" "+1.54.0" "build" "--frozen" "--message-format=json", kill_on_drop: false }`
[INFO] [stderr] WARNING: Your kernel does not support swap limit capabilities or the cgroup is not mounted. Memory limited without swap.
[INFO] [stdout] 6df3e962f89f0d956890e030a7fb6d4103f0285f7368958bc177c8fc56caf7db
[INFO] running `Command { std: "docker" "start" "-a" "6df3e962f89f0d956890e030a7fb6d4103f0285f7368958bc177c8fc56caf7db", kill_on_drop: false }`
[INFO] [stderr]    Compiling ray-trace v0.1.0 (/opt/rustwide/workdir)
[INFO] [stdout] warning: unused import: `crate::models::Metal`
[INFO] [stdout]  --> src/hit.rs:3:5
[INFO] [stdout]   |
[INFO] [stdout] 3 | use crate::models::Metal;
[INFO] [stdout]   |     ^^^^^^^^^^^^^^^^^^^^
[INFO] [stdout]   |
[INFO] [stdout]   = note: `#[warn(unused_imports)]` on by default
[INFO] [stdout] 
[INFO] [stdout] 
[INFO] [stdout] warning: unused variable: `ray_in`
[INFO] [stdout]   --> src/models.rs:92:9
[INFO] [stdout]    |
[INFO] [stdout] 92 |         ray_in: &Ray,
[INFO] [stdout]    |         ^^^^^^ help: if this is intentional, prefix it with an underscore: `_ray_in`
[INFO] [stdout]    |
[INFO] [stdout]    = note: `#[warn(unused_variables)]` on by default
[INFO] [stdout] 
[INFO] [stdout] 
[INFO] [stdout] warning: field is never read: `w`
[INFO] [stdout]   --> src/camera.rs:16:5
[INFO] [stdout]    |
[INFO] [stdout] 16 |     w: Vec3,
[INFO] [stdout]    |     ^^^^^^^
[INFO] [stdout]    |
[INFO] [stdout]    = note: `#[warn(dead_code)]` on by default
[INFO] [stdout] 
[INFO] [stdout] 
[INFO] [stdout] warning: associated function is never used: `set_normal`
[INFO] [stdout]   --> src/hit.rs:63:12
[INFO] [stdout]    |
[INFO] [stdout] 63 |     pub fn set_normal(&mut self, v: Vec3) {
[INFO] [stdout]    |            ^^^^^^^^^^
[INFO] [stdout] 
[INFO] [stdout] 
[INFO] [stdout] warning: associated function is never used: `clear`
[INFO] [stdout]   --> src/hittable_list.rs:18:12
[INFO] [stdout]    |
[INFO] [stdout] 18 |     pub fn clear(&mut self) {
[INFO] [stdout]    |            ^^^^^
[INFO] [stdout] 
[INFO] [stdout] 
[INFO] [stdout] warning: associated function is never used: `center`
[INFO] [stdout]   --> src/models.rs:32:12
[INFO] [stdout]    |
[INFO] [stdout] 32 |     pub fn center(&self) -> Vec3 {
[INFO] [stdout]    |            ^^^^^^
[INFO] [stdout] 
[INFO] [stdout] 
[INFO] [stdout] warning: associated function is never used: `radius`
[INFO] [stdout]   --> src/models.rs:36:12
[INFO] [stdout]    |
[INFO] [stdout] 36 |     pub fn radius(&self) -> f64 {
[INFO] [stdout]    |            ^^^^^^
[INFO] [stdout] 
[INFO] [stdout] 
[INFO] [stdout] warning: function is never used: `ffmin`
[INFO] [stdout]  --> src/utility.rs:3:8
[INFO] [stdout]   |
[INFO] [stdout] 3 | pub fn ffmin(a: f64, b: f64) -> f64 {
[INFO] [stdout]   |        ^^^^^
[INFO] [stdout] 
[INFO] [stdout] 
[INFO] [stdout] warning: function is never used: `ffmax`
[INFO] [stdout]   --> src/utility.rs:11:8
[INFO] [stdout]    |
[INFO] [stdout] 11 | pub fn ffmax(a: f64, b: f64) -> f64 {
[INFO] [stdout]    |        ^^^^^
[INFO] [stdout] 
[INFO] [stdout] 
[INFO] [stdout] warning: 9 warnings emitted
[INFO] [stdout] 
[INFO] [stdout] 
[INFO] [stderr]     Finished dev [unoptimized + debuginfo] target(s) in 1.55s
[INFO] running `Command { std: "docker" "inspect" "6df3e962f89f0d956890e030a7fb6d4103f0285f7368958bc177c8fc56caf7db", kill_on_drop: false }`
[INFO] running `Command { std: "docker" "rm" "-f" "6df3e962f89f0d956890e030a7fb6d4103f0285f7368958bc177c8fc56caf7db", kill_on_drop: false }`
[INFO] [stdout] 6df3e962f89f0d956890e030a7fb6d4103f0285f7368958bc177c8fc56caf7db
[INFO] running `Command { std: "docker" "create" "-v" "/var/lib/crater-agent-workspace/builds/worker-3/target:/opt/rustwide/target:rw,Z" "-v" "/var/lib/crater-agent-workspace/builds/worker-3/source:/opt/rustwide/workdir:ro,Z" "-v" "/var/lib/crater-agent-workspace/cargo-home:/opt/rustwide/cargo-home:ro,Z" "-v" "/var/lib/crater-agent-workspace/rustup-home:/opt/rustwide/rustup-home:ro,Z" "-e" "SOURCE_DIR=/opt/rustwide/workdir" "-e" "CARGO_TARGET_DIR=/opt/rustwide/target" "-e" "CARGO_INCREMENTAL=0" "-e" "RUST_BACKTRACE=full" "-e" "RUSTFLAGS=--cap-lints=warn" "-e" "CARGO_HOME=/opt/rustwide/cargo-home" "-e" "RUSTUP_HOME=/opt/rustwide/rustup-home" "-w" "/opt/rustwide/workdir" "-m" "1610612736" "--user" "0:0" "--network" "none" "ghcr.io/rust-lang/crates-build-env/linux@sha256:34b6a614d2c27851fe6cbf88fbd1137609cefab8b10d0615aaeb6fd47975d74e" "/opt/rustwide/cargo-home/bin/cargo" "+1.54.0" "test" "--frozen" "--no-run" "--message-format=json", kill_on_drop: false }`
[INFO] [stderr] WARNING: Your kernel does not support swap limit capabilities or the cgroup is not mounted. Memory limited without swap.
[INFO] [stdout] d805d61c842188a9994dec64a9e39348e07b8300ab038ab2546acc53e4678af4
[INFO] running `Command { std: "docker" "start" "-a" "d805d61c842188a9994dec64a9e39348e07b8300ab038ab2546acc53e4678af4", kill_on_drop: false }`
[INFO] [stderr]    Compiling ray-trace v0.1.0 (/opt/rustwide/workdir)
[INFO] [stdout] warning: unused import: `crate::models::Metal`
[INFO] [stdout]  --> src/hit.rs:3:5
[INFO] [stdout]   |
[INFO] [stdout] 3 | use crate::models::Metal;
[INFO] [stdout]   |     ^^^^^^^^^^^^^^^^^^^^
[INFO] [stdout]   |
[INFO] [stdout]   = note: `#[warn(unused_imports)]` on by default
[INFO] [stdout] 
[INFO] [stdout] 
[INFO] [stdout] warning: unused variable: `ray_in`
[INFO] [stdout]   --> src/models.rs:92:9
[INFO] [stdout]    |
[INFO] [stdout] 92 |         ray_in: &Ray,
[INFO] [stdout]    |         ^^^^^^ help: if this is intentional, prefix it with an underscore: `_ray_in`
[INFO] [stdout]    |
[INFO] [stdout]    = note: `#[warn(unused_variables)]` on by default
[INFO] [stdout] 
[INFO] [stdout] 
[INFO] [stdout] warning: field is never read: `w`
[INFO] [stdout]   --> src/camera.rs:16:5
[INFO] [stdout]    |
[INFO] [stdout] 16 |     w: Vec3,
[INFO] [stdout]    |     ^^^^^^^
[INFO] [stdout]    |
[INFO] [stdout]    = note: `#[warn(dead_code)]` on by default
[INFO] [stdout] 
[INFO] [stdout] 
[INFO] [stdout] warning: associated function is never used: `clear`
[INFO] [stdout]   --> src/hittable_list.rs:18:12
[INFO] [stdout]    |
[INFO] [stdout] 18 |     pub fn clear(&mut self) {
[INFO] [stdout]    |            ^^^^^
[INFO] [stdout] 
[INFO] [stdout] 
[INFO] [stdout] warning: associated function is never used: `center`
[INFO] [stdout]   --> src/models.rs:32:12
[INFO] [stdout]    |
[INFO] [stdout] 32 |     pub fn center(&self) -> Vec3 {
[INFO] [stdout]    |            ^^^^^^
[INFO] [stdout] 
[INFO] [stdout] 
[INFO] [stdout] warning: associated function is never used: `radius`
[INFO] [stdout]   --> src/models.rs:36:12
[INFO] [stdout]    |
[INFO] [stdout] 36 |     pub fn radius(&self) -> f64 {
[INFO] [stdout]    |            ^^^^^^
[INFO] [stdout] 
[INFO] [stdout] 
[INFO] [stdout] warning: function is never used: `ffmin`
[INFO] [stdout]  --> src/utility.rs:3:8
[INFO] [stdout]   |
[INFO] [stdout] 3 | pub fn ffmin(a: f64, b: f64) -> f64 {
[INFO] [stdout]   |        ^^^^^
[INFO] [stdout] 
[INFO] [stdout] 
[INFO] [stdout] warning: function is never used: `ffmax`
[INFO] [stdout]   --> src/utility.rs:11:8
[INFO] [stdout]    |
[INFO] [stdout] 11 | pub fn ffmax(a: f64, b: f64) -> f64 {
[INFO] [stdout]    |        ^^^^^
[INFO] [stdout] 
[INFO] [stdout] 
[INFO] [stdout] warning: 8 warnings emitted
[INFO] [stdout] 
[INFO] [stdout] 
[INFO] [stderr]     Finished test [unoptimized + debuginfo] target(s) in 1.57s
[INFO] running `Command { std: "docker" "inspect" "d805d61c842188a9994dec64a9e39348e07b8300ab038ab2546acc53e4678af4", kill_on_drop: false }`
[INFO] running `Command { std: "docker" "rm" "-f" "d805d61c842188a9994dec64a9e39348e07b8300ab038ab2546acc53e4678af4", kill_on_drop: false }`
[INFO] [stdout] d805d61c842188a9994dec64a9e39348e07b8300ab038ab2546acc53e4678af4
[INFO] running `Command { std: "docker" "create" "-v" "/var/lib/crater-agent-workspace/builds/worker-3/target:/opt/rustwide/target:rw,Z" "-v" "/var/lib/crater-agent-workspace/builds/worker-3/source:/opt/rustwide/workdir:ro,Z" "-v" "/var/lib/crater-agent-workspace/cargo-home:/opt/rustwide/cargo-home:ro,Z" "-v" "/var/lib/crater-agent-workspace/rustup-home:/opt/rustwide/rustup-home:ro,Z" "-e" "SOURCE_DIR=/opt/rustwide/workdir" "-e" "CARGO_TARGET_DIR=/opt/rustwide/target" "-e" "CARGO_INCREMENTAL=0" "-e" "RUST_BACKTRACE=full" "-e" "RUSTFLAGS=--cap-lints=warn" "-e" "CARGO_HOME=/opt/rustwide/cargo-home" "-e" "RUSTUP_HOME=/opt/rustwide/rustup-home" "-w" "/opt/rustwide/workdir" "-m" "1610612736" "--user" "0:0" "--network" "none" "ghcr.io/rust-lang/crates-build-env/linux@sha256:34b6a614d2c27851fe6cbf88fbd1137609cefab8b10d0615aaeb6fd47975d74e" "/opt/rustwide/cargo-home/bin/cargo" "+1.54.0" "test" "--frozen", kill_on_drop: false }`
[INFO] [stdout] fbebffda6b716fc92bfa8ab07b358f7b5d12cb41a86d91e8f796ace0d0727e2f
[INFO] [stderr] WARNING: Your kernel does not support swap limit capabilities or the cgroup is not mounted. Memory limited without swap.
[INFO] running `Command { std: "docker" "start" "-a" "fbebffda6b716fc92bfa8ab07b358f7b5d12cb41a86d91e8f796ace0d0727e2f", kill_on_drop: false }`
[INFO] [stderr] warning: unused import: `crate::models::Metal`
[INFO] [stderr]  --> src/hit.rs:3:5
[INFO] [stderr]   |
[INFO] [stderr] 3 | use crate::models::Metal;
[INFO] [stderr]   |     ^^^^^^^^^^^^^^^^^^^^
[INFO] [stderr]   |
[INFO] [stderr]   = note: `#[warn(unused_imports)]` on by default
[INFO] [stderr] 
[INFO] [stderr] warning: unused variable: `ray_in`
[INFO] [stderr]   --> src/models.rs:92:9
[INFO] [stderr]    |
[INFO] [stderr] 92 |         ray_in: &Ray,
[INFO] [stderr]    |         ^^^^^^ help: if this is intentional, prefix it with an underscore: `_ray_in`
[INFO] [stderr]    |
[INFO] [stderr]    = note: `#[warn(unused_variables)]` on by default
[INFO] [stderr] 
[INFO] [stderr] warning: field is never read: `w`
[INFO] [stderr]   --> src/camera.rs:16:5
[INFO] [stderr]    |
[INFO] [stderr] 16 |     w: Vec3,
[INFO] [stderr]    |     ^^^^^^^
[INFO] [stderr]    |
[INFO] [stderr]    = note: `#[warn(dead_code)]` on by default
[INFO] [stderr] 
[INFO] [stderr] warning: associated function is never used: `clear`
[INFO] [stderr]   --> src/hittable_list.rs:18:12
[INFO] [stderr]    |
[INFO] [stderr] 18 |     pub fn clear(&mut self) {
[INFO] [stderr]    |            ^^^^^
[INFO] [stderr] 
[INFO] [stderr] warning: associated function is never used: `center`
[INFO] [stderr]   --> src/models.rs:32:12
[INFO] [stderr]    |
[INFO] [stderr] 32 |     pub fn center(&self) -> Vec3 {
[INFO] [stderr]    |            ^^^^^^
[INFO] [stderr] 
[INFO] [stderr] warning: associated function is never used: `radius`
[INFO] [stderr]   --> src/models.rs:36:12
[INFO] [stderr]    |
[INFO] [stderr] 36 |     pub fn radius(&self) -> f64 {
[INFO] [stderr]    |            ^^^^^^
[INFO] [stderr] 
[INFO] [stderr] warning: function is never used: `ffmin`
[INFO] [stderr]  --> src/utility.rs:3:8
[INFO] [stderr]   |
[INFO] [stderr] 3 | pub fn ffmin(a: f64, b: f64) -> f64 {
[INFO] [stderr]   |        ^^^^^
[INFO] [stderr] 
[INFO] [stderr] warning: function is never used: `ffmax`
[INFO] [stderr]   --> src/utility.rs:11:8
[INFO] [stderr]    |
[INFO] [stderr] 11 | pub fn ffmax(a: f64, b: f64) -> f64 {
[INFO] [stderr]    |        ^^^^^
[INFO] [stderr] 
[INFO] [stderr] warning: 8 warnings emitted
[INFO] [stderr] 
[INFO] [stderr]     Finished test [unoptimized + debuginfo] target(s) in 0.02s
[INFO] [stderr]      Running unittests (/opt/rustwide/target/debug/deps/ray_trace-665291663171533b)
[INFO] [stdout] 
[INFO] [stdout] running 23 tests
[INFO] [stdout] test hit::tests::test_new ... ok
[INFO] [stdout] test hit::tests::test_set_p ... ok
[INFO] [stdout] test vec3::tests::test_add ... ok
[INFO] [stdout] test hit::tests::test_set_normal ... ok
[INFO] [stdout] test vec3::tests::test_cross_product ... ok
[INFO] [stdout] test vec3::tests::test_mul_scalar ... ok
[INFO] [stdout] test vec3::tests::test_new ... ok
[INFO] [stdout] test vec3::tests::test_dot_product ... ok
[INFO] [stdout] test vec3::tests::test_mul_assign ... ok
[INFO] [stdout] test vec3::tests::test_add_assign ... ok
[INFO] [stdout] test ray::tests::test_new ... ok
[INFO] [stdout] test vec3::tests::test_indexing ... ok
[INFO] [stdout] test ray::tests::test_at ... ok
[INFO] [stdout] test vec3::tests::test_invert ... ok
[INFO] [stdout] test vec3::tests::test_div_assign ... ok
[INFO] [stdout] test vec3::tests::test_length_squared ... ok
[INFO] [stdout] test vec3::tests::test_mul ... ok
[INFO] [stdout] test vec3::tests::test_div_scalar ... ok
[INFO] [stdout] test vec3::tests::test_length ... ok
[INFO] [stdout] test vec3::tests::test_empty ... ok
[INFO] [stdout] test vec3::tests::test_sub ... ok
[INFO] [stdout] test vec3::tests::test_unit_vector ... ok
[INFO] [stdout] test vec3::tests::test_refract ... FAILED
[INFO] [stdout] 
[INFO] [stdout] failures:
[INFO] [stdout] 
[INFO] [stdout] ---- vec3::tests::test_refract stdout ----
[INFO] [stdout] thread 'vec3::tests::test_refract' panicked at 'assertion failed: `(left == right)`
[INFO] [stdout]   left: `NaN`,
[INFO] [stdout]  right: `12.576888838089431`', src/vec3.rs:256:9
[INFO] [stdout] stack backtrace:
[INFO] [stdout]    0:     0x5580749fa610 - std::backtrace_rs::backtrace::libunwind::trace::h34055254b57d8e79
[INFO] [stdout]                                at /rustc/a178d0322ce20e33eac124758e837cbd80a6f633/library/std/src/../../backtrace/src/backtrace/libunwind.rs:90:5
[INFO] [stdout]    1:     0x5580749fa610 - std::backtrace_rs::backtrace::trace_unsynchronized::h8f1e3fbd9afff6ec
[INFO] [stdout]                                at /rustc/a178d0322ce20e33eac124758e837cbd80a6f633/library/std/src/../../backtrace/src/backtrace/mod.rs:66:5
[INFO] [stdout]    2:     0x5580749fa610 - std::sys_common::backtrace::_print_fmt::h3a99a796b770c360
[INFO] [stdout]                                at /rustc/a178d0322ce20e33eac124758e837cbd80a6f633/library/std/src/sys_common/backtrace.rs:67:5
[INFO] [stdout]    3:     0x5580749fa610 - <std::sys_common::backtrace::_print::DisplayBacktrace as core::fmt::Display>::fmt::h32d1f94a80615d18
[INFO] [stdout]                                at /rustc/a178d0322ce20e33eac124758e837cbd80a6f633/library/std/src/sys_common/backtrace.rs:46:22
[INFO] [stdout]    4:     0x558074a1ce1c - core::fmt::write::h306731c068f7162c
[INFO] [stdout]                                at /rustc/a178d0322ce20e33eac124758e837cbd80a6f633/library/core/src/fmt/mod.rs:1110:17
[INFO] [stdout]    5:     0x5580749f7535 - std::io::Write::write_fmt::h87f19b0a2cd190bc
[INFO] [stdout]                                at /rustc/a178d0322ce20e33eac124758e837cbd80a6f633/library/std/src/io/mod.rs:1588:15
[INFO] [stdout]    6:     0x5580749fc77b - std::sys_common::backtrace::_print::h5abaa2601a852287
[INFO] [stdout]                                at /rustc/a178d0322ce20e33eac124758e837cbd80a6f633/library/std/src/sys_common/backtrace.rs:49:5
[INFO] [stdout]    7:     0x5580749fc77b - std::sys_common::backtrace::print::h8d81445442bb638f
[INFO] [stdout]                                at /rustc/a178d0322ce20e33eac124758e837cbd80a6f633/library/std/src/sys_common/backtrace.rs:36:9
[INFO] [stdout]    8:     0x5580749fc77b - std::panicking::default_hook::{{closure}}::hcfe804496a9fa747
[INFO] [stdout]                                at /rustc/a178d0322ce20e33eac124758e837cbd80a6f633/library/std/src/panicking.rs:208:50
[INFO] [stdout]    9:     0x5580749fc28c - std::panicking::default_hook::hbea8e3ccf2ba8901
[INFO] [stdout]                                at /rustc/a178d0322ce20e33eac124758e837cbd80a6f633/library/std/src/panicking.rs:222:9
[INFO] [stdout]   10:     0x5580749fce44 - std::panicking::rust_panic_with_hook::h7ee9e1a2d0f8975a
[INFO] [stdout]                                at /rustc/a178d0322ce20e33eac124758e837cbd80a6f633/library/std/src/panicking.rs:622:17
[INFO] [stdout]   11:     0x5580749fc927 - std::panicking::begin_panic_handler::{{closure}}::h8ab3b4491718b2c7
[INFO] [stdout]                                at /rustc/a178d0322ce20e33eac124758e837cbd80a6f633/library/std/src/panicking.rs:519:13
[INFO] [stdout]   12:     0x5580749fab0c - std::sys_common::backtrace::__rust_end_short_backtrace::hd489062ffa586a9f
[INFO] [stdout]                                at /rustc/a178d0322ce20e33eac124758e837cbd80a6f633/library/std/src/sys_common/backtrace.rs:141:18
[INFO] [stdout]   13:     0x5580749fc889 - rust_begin_unwind
[INFO] [stdout]                                at /rustc/a178d0322ce20e33eac124758e837cbd80a6f633/library/std/src/panicking.rs:515:5
[INFO] [stdout]   14:     0x558074966a31 - core::panicking::panic_fmt::hca6330e3e14086b4
[INFO] [stdout]                                at /rustc/a178d0322ce20e33eac124758e837cbd80a6f633/library/core/src/panicking.rs:92:14
[INFO] [stdout]   15:     0x558074a1b738 - core::panicking::assert_failed_inner::h33b45280069a80ed
[INFO] [stdout]   16:     0x55807496b8ea - core::panicking::assert_failed::h5263f12e1e4ea6fb
[INFO] [stdout]                                at /rustc/a178d0322ce20e33eac124758e837cbd80a6f633/library/core/src/panicking.rs:117:5
[INFO] [stdout]   17:     0x558074967f6f - ray_trace::vec3::tests::equality::h40ce948e422f3d17
[INFO] [stdout]                                at /opt/rustwide/workdir/src/vec3.rs:256:9
[INFO] [stdout]   18:     0x558074968d44 - ray_trace::vec3::tests::test_refract::h833a7b64e53a2c05
[INFO] [stdout]                                at /opt/rustwide/workdir/src/vec3.rs:400:9
[INFO] [stdout]   19:     0x558074968c9a - ray_trace::vec3::tests::test_refract::{{closure}}::h8145d0fb8eb2d9a4
[INFO] [stdout]                                at /opt/rustwide/workdir/src/vec3.rs:393:5
[INFO] [stdout]   20:     0x55807496912e - core::ops::function::FnOnce::call_once::h80d4601840ff247b
[INFO] [stdout]                                at /rustc/a178d0322ce20e33eac124758e837cbd80a6f633/library/core/src/ops/function.rs:227:5
[INFO] [stdout]   21:     0x558074994353 - core::ops::function::FnOnce::call_once::h152e7e439ff59e19
[INFO] [stdout]                                at /rustc/a178d0322ce20e33eac124758e837cbd80a6f633/library/core/src/ops/function.rs:227:5
[INFO] [stdout]   22:     0x558074994353 - test::__rust_begin_short_backtrace::h0908f3b1fdbb72ab
[INFO] [stdout]                                at /rustc/a178d0322ce20e33eac124758e837cbd80a6f633/library/test/src/lib.rs:577:5
[INFO] [stdout]   23:     0x558074992e10 - <alloc::boxed::Box<F,A> as core::ops::function::FnOnce<Args>>::call_once::hf6d2a51e5587546c
[INFO] [stdout]                                at /rustc/a178d0322ce20e33eac124758e837cbd80a6f633/library/alloc/src/boxed.rs:1575:9
[INFO] [stdout]   24:     0x558074992e10 - <std::panic::AssertUnwindSafe<F> as core::ops::function::FnOnce<()>>::call_once::h8af660f3a89ef593
[INFO] [stdout]                                at /rustc/a178d0322ce20e33eac124758e837cbd80a6f633/library/std/src/panic.rs:347:9
[INFO] [stdout]   25:     0x558074992e10 - std::panicking::try::do_call::hd36aef60f84b6d36
[INFO] [stdout]                                at /rustc/a178d0322ce20e33eac124758e837cbd80a6f633/library/std/src/panicking.rs:401:40
[INFO] [stdout]   26:     0x558074992e10 - std::panicking::try::h9932b4480e69817c
[INFO] [stdout]                                at /rustc/a178d0322ce20e33eac124758e837cbd80a6f633/library/std/src/panicking.rs:365:19
[INFO] [stdout]   27:     0x558074992e10 - std::panic::catch_unwind::h6aa177099cfff5f8
[INFO] [stdout]                                at /rustc/a178d0322ce20e33eac124758e837cbd80a6f633/library/std/src/panic.rs:434:14
[INFO] [stdout]   28:     0x558074992e10 - test::run_test_in_process::h5884d6f2d99e20c3
[INFO] [stdout]                                at /rustc/a178d0322ce20e33eac124758e837cbd80a6f633/library/test/src/lib.rs:600:18
[INFO] [stdout]   29:     0x558074992e10 - test::run_test::run_test_inner::{{closure}}::h6fdc58c6d5f5b6e3
[INFO] [stdout]                                at /rustc/a178d0322ce20e33eac124758e837cbd80a6f633/library/test/src/lib.rs:492:39
[INFO] [stdout]   30:     0x55807496c4c2 - test::run_test::run_test_inner::{{closure}}::h408365d67a78ade8
[INFO] [stdout]                                at /rustc/a178d0322ce20e33eac124758e837cbd80a6f633/library/test/src/lib.rs:519:37
[INFO] [stdout]   31:     0x55807496c4c2 - std::sys_common::backtrace::__rust_begin_short_backtrace::hb560b77c4f701523
[INFO] [stdout]                                at /rustc/a178d0322ce20e33eac124758e837cbd80a6f633/library/std/src/sys_common/backtrace.rs:125:18
[INFO] [stdout]   32:     0x558074970078 - std::thread::Builder::spawn_unchecked::{{closure}}::{{closure}}::hf2e7831dad93c597
[INFO] [stdout]                                at /rustc/a178d0322ce20e33eac124758e837cbd80a6f633/library/std/src/thread/mod.rs:481:17
[INFO] [stdout]   33:     0x558074970078 - <std::panic::AssertUnwindSafe<F> as core::ops::function::FnOnce<()>>::call_once::hd2e08783d8be4d02
[INFO] [stdout]                                at /rustc/a178d0322ce20e33eac124758e837cbd80a6f633/library/std/src/panic.rs:347:9
[INFO] [stdout]   34:     0x558074970078 - std::panicking::try::do_call::h062597b7acfd6b82
[INFO] [stdout]                                at /rustc/a178d0322ce20e33eac124758e837cbd80a6f633/library/std/src/panicking.rs:401:40
[INFO] [stdout]   35:     0x558074970078 - std::panicking::try::h0d7b79db04c14552
[INFO] [stdout]                                at /rustc/a178d0322ce20e33eac124758e837cbd80a6f633/library/std/src/panicking.rs:365:19
[INFO] [stdout]   36:     0x558074970078 - std::panic::catch_unwind::hb01a0b5e7c8cd43b
[INFO] [stdout]                                at /rustc/a178d0322ce20e33eac124758e837cbd80a6f633/library/std/src/panic.rs:434:14
[INFO] [stdout]   37:     0x558074970078 - std::thread::Builder::spawn_unchecked::{{closure}}::h5bde48cc887e0d1e
[INFO] [stdout]                                at /rustc/a178d0322ce20e33eac124758e837cbd80a6f633/library/std/src/thread/mod.rs:480:30
[INFO] [stdout]   38:     0x558074970078 - core::ops::function::FnOnce::call_once{{vtable.shim}}::h745ea30807a29e55
[INFO] [stdout]                                at /rustc/a178d0322ce20e33eac124758e837cbd80a6f633/library/core/src/ops/function.rs:227:5
[INFO] [stdout]   39:     0x558074a01907 - <alloc::boxed::Box<F,A> as core::ops::function::FnOnce<Args>>::call_once::h7ece6cfefaff1005
[INFO] [stdout]                                at /rustc/a178d0322ce20e33eac124758e837cbd80a6f633/library/alloc/src/boxed.rs:1575:9
[INFO] [stdout]   40:     0x558074a01907 - <alloc::boxed::Box<F,A> as core::ops::function::FnOnce<Args>>::call_once::hb8b48e55c21f193e
[INFO] [stdout]                                at /rustc/a178d0322ce20e33eac124758e837cbd80a6f633/library/alloc/src/boxed.rs:1575:9
[INFO] [stdout]   41:     0x558074a01907 - std::sys::unix::thread::Thread::new::thread_start::h8c7c4450dba62914
[INFO] [stdout]                                at /rustc/a178d0322ce20e33eac124758e837cbd80a6f633/library/std/src/sys/unix/thread.rs:71:17
[INFO] [stdout]   42:     0x7f2aa4c12609 - start_thread
[INFO] [stdout]   43:     0x7f2aa4e9d293 - clone
[INFO] [stdout]   44:                0x0 - <unknown>
[INFO] [stdout] 
[INFO] [stdout] 
[INFO] [stdout] failures:
[INFO] [stdout]     vec3::tests::test_refract
[INFO] [stdout] 
[INFO] [stdout] test result: FAILED. 22 passed; 1 failed; 0 ignored; 0 measured; 0 filtered out; finished in 0.05s
[INFO] [stdout] 
[INFO] [stderr] error: test failed, to rerun pass '--bin ray-trace'
[INFO] running `Command { std: "docker" "inspect" "fbebffda6b716fc92bfa8ab07b358f7b5d12cb41a86d91e8f796ace0d0727e2f", kill_on_drop: false }`
[INFO] running `Command { std: "docker" "rm" "-f" "fbebffda6b716fc92bfa8ab07b358f7b5d12cb41a86d91e8f796ace0d0727e2f", kill_on_drop: false }`
[INFO] [stdout] fbebffda6b716fc92bfa8ab07b358f7b5d12cb41a86d91e8f796ace0d0727e2f
