[INFO] cloning repository https://github.com/David-OConnor/pypackages
[INFO] running `Command { std: "git" "-c" "credential.helper=" "-c" "credential.helper=/workspace/cargo-home/bin/git-credential-null" "clone" "--bare" "https://github.com/David-OConnor/pypackages" "/workspace/cache/git-repos/https%3A%2F%2Fgithub.com%2FDavid-OConnor%2Fpypackages", kill_on_drop: false }`
[INFO] [stderr] Cloning into bare repository '/workspace/cache/git-repos/https%3A%2F%2Fgithub.com%2FDavid-OConnor%2Fpypackages'...
[INFO] running `Command { std: "git" "rev-parse" "HEAD", kill_on_drop: false }`
[INFO] [stdout] b0b604d58703cbfa1112dea6ac84403bc49340f0
[INFO] testing David-OConnor/pypackages against beta-2021-08-01 for beta-1.55-1
[INFO] running `Command { std: "git" "clone" "/workspace/cache/git-repos/https%3A%2F%2Fgithub.com%2FDavid-OConnor%2Fpypackages" "/workspace/builds/worker-8/source", kill_on_drop: false }`
[INFO] [stderr] Cloning into '/workspace/builds/worker-8/source'...
[INFO] [stderr] done.
[INFO] validating manifest of git repo https://github.com/David-OConnor/pypackages on toolchain beta-2021-08-01
[INFO] running `Command { std: "/workspace/cargo-home/bin/cargo" "+beta-2021-08-01" "metadata" "--manifest-path" "Cargo.toml" "--no-deps", kill_on_drop: false }`
[INFO] started tweaking git repo https://github.com/David-OConnor/pypackages
[INFO] finished tweaking git repo https://github.com/David-OConnor/pypackages
[INFO] tweaked toml for git repo https://github.com/David-OConnor/pypackages written to /workspace/builds/worker-8/source/Cargo.toml
[INFO] crate git repo https://github.com/David-OConnor/pypackages already has a lockfile, it will not be regenerated
[INFO] running `Command { std: "/workspace/cargo-home/bin/cargo" "+beta-2021-08-01" "fetch" "--manifest-path" "Cargo.toml", kill_on_drop: false }`
[INFO] [stderr]  Downloading crates ...
[INFO] [stderr]   Downloaded downcast v0.10.0
[INFO] [stderr]   Downloaded mockall_derive v0.9.1
[INFO] [stderr]   Downloaded predicates v1.0.8
[INFO] [stderr]   Downloaded mockall v0.9.1
[INFO] [stderr]   Downloaded tokio-rustls v0.10.3
[INFO] [stderr]   Downloaded mockall_double v0.2.0
[INFO] [stderr]   Downloaded fragile v1.0.0
[INFO] [stderr]   Downloaded rstest v0.10.0
[INFO] running `Command { std: "docker" "create" "-v" "/var/lib/crater-agent-workspace/builds/worker-8/target:/opt/rustwide/target:rw,Z" "-v" "/var/lib/crater-agent-workspace/builds/worker-8/source:/opt/rustwide/workdir:ro,Z" "-v" "/var/lib/crater-agent-workspace/cargo-home:/opt/rustwide/cargo-home:ro,Z" "-v" "/var/lib/crater-agent-workspace/rustup-home:/opt/rustwide/rustup-home:ro,Z" "-e" "SOURCE_DIR=/opt/rustwide/workdir" "-e" "CARGO_TARGET_DIR=/opt/rustwide/target" "-e" "CARGO_HOME=/opt/rustwide/cargo-home" "-e" "RUSTUP_HOME=/opt/rustwide/rustup-home" "-w" "/opt/rustwide/workdir" "-m" "1610612736" "--user" "0:0" "--network" "none" "ghcr.io/rust-lang/crates-build-env/linux@sha256:34b6a614d2c27851fe6cbf88fbd1137609cefab8b10d0615aaeb6fd47975d74e" "/opt/rustwide/cargo-home/bin/cargo" "+beta-2021-08-01" "metadata" "--no-deps" "--format-version=1", kill_on_drop: false }`
[INFO] [stdout] d884fc2c030ec8e9ae7ff18ca46130d21dbd6553432d4f9111baca2ea3f6bf37
[INFO] [stderr] WARNING: Your kernel does not support swap limit capabilities or the cgroup is not mounted. Memory limited without swap.
[INFO] running `Command { std: "docker" "start" "-a" "d884fc2c030ec8e9ae7ff18ca46130d21dbd6553432d4f9111baca2ea3f6bf37", kill_on_drop: false }`
[INFO] running `Command { std: "docker" "inspect" "d884fc2c030ec8e9ae7ff18ca46130d21dbd6553432d4f9111baca2ea3f6bf37", kill_on_drop: false }`
[INFO] running `Command { std: "docker" "rm" "-f" "d884fc2c030ec8e9ae7ff18ca46130d21dbd6553432d4f9111baca2ea3f6bf37", kill_on_drop: false }`
[INFO] [stdout] d884fc2c030ec8e9ae7ff18ca46130d21dbd6553432d4f9111baca2ea3f6bf37
[INFO] running `Command { std: "docker" "create" "-v" "/var/lib/crater-agent-workspace/builds/worker-8/target:/opt/rustwide/target:rw,Z" "-v" "/var/lib/crater-agent-workspace/builds/worker-8/source:/opt/rustwide/workdir:ro,Z" "-v" "/var/lib/crater-agent-workspace/cargo-home:/opt/rustwide/cargo-home:ro,Z" "-v" "/var/lib/crater-agent-workspace/rustup-home:/opt/rustwide/rustup-home:ro,Z" "-e" "SOURCE_DIR=/opt/rustwide/workdir" "-e" "CARGO_TARGET_DIR=/opt/rustwide/target" "-e" "CARGO_INCREMENTAL=0" "-e" "RUST_BACKTRACE=full" "-e" "RUSTFLAGS=--cap-lints=warn" "-e" "CARGO_HOME=/opt/rustwide/cargo-home" "-e" "RUSTUP_HOME=/opt/rustwide/rustup-home" "-w" "/opt/rustwide/workdir" "-m" "1610612736" "--user" "0:0" "--network" "none" "ghcr.io/rust-lang/crates-build-env/linux@sha256:34b6a614d2c27851fe6cbf88fbd1137609cefab8b10d0615aaeb6fd47975d74e" "/opt/rustwide/cargo-home/bin/cargo" "+beta-2021-08-01" "build" "--frozen" "--message-format=json", kill_on_drop: false }`
[INFO] [stdout] 82a154ed43cf467a075c40dd66f1adddd1d6ec28577b887d9ba2bb4a5e8aaca9
[INFO] [stderr] WARNING: Your kernel does not support swap limit capabilities or the cgroup is not mounted. Memory limited without swap.
[INFO] running `Command { std: "docker" "start" "-a" "82a154ed43cf467a075c40dd66f1adddd1d6ec28577b887d9ba2bb4a5e8aaca9", kill_on_drop: false }`
[INFO] [stderr]     Blocking waiting for file lock on package cache
[INFO] [stderr]    Compiling once_cell v1.7.2
[INFO] [stderr]    Compiling object v0.24.0
[INFO] [stderr]    Compiling fs_extra v1.2.0
[INFO] [stderr]    Compiling rust-ini v0.13.0
[INFO] [stderr]    Compiling ring v0.16.20
[INFO] [stderr]    Compiling backtrace v0.3.59
[INFO] [stderr]    Compiling nom v5.1.2
[INFO] [stderr]    Compiling bzip2-sys v0.1.10+1.0.8
[INFO] [stderr]    Compiling lzma-sys v0.1.17
[INFO] [stderr]    Compiling addr2line v0.15.1
[INFO] [stderr]    Compiling unicode-normalization v0.1.18
[INFO] [stderr]    Compiling iovec v0.1.4
[INFO] [stderr]    Compiling net2 v0.2.37
[INFO] [stderr]    Compiling time v0.1.44
[INFO] [stderr]    Compiling rand_os v0.1.3
[INFO] [stderr]    Compiling term_size v0.3.2
[INFO] [stderr]    Compiling xattr v0.2.2
[INFO] [stderr]    Compiling dirs-sys v0.3.6
[INFO] [stderr]    Compiling filetime v0.2.14
[INFO] [stderr]    Compiling futures-cpupool v0.1.8
[INFO] [stderr]    Compiling textwrap v0.11.0
[INFO] [stderr]    Compiling bytes v0.4.12
[INFO] [stderr]    Compiling mio v0.6.23
[INFO] [stderr]    Compiling flate2 v1.0.20
[INFO] [stderr]    Compiling rand v0.6.5
[INFO] [stderr]    Compiling synstructure v0.12.4
[INFO] [stderr]    Compiling mockall_double v0.2.0
[INFO] [stderr]    Compiling proc-macro-error v1.0.4
[INFO] [stderr]    Compiling tar v0.4.35
[INFO] [stderr]    Compiling directories v2.0.2
[INFO] [stderr]    Compiling tokio-timer v0.2.13
[INFO] [stderr]    Compiling parking_lot_core v0.6.2
[INFO] [stderr]    Compiling clap v2.33.3
[INFO] [stderr]    Compiling tokio-io v0.1.13
[INFO] [stderr]    Compiling http v0.1.21
[INFO] [stderr]    Compiling string v0.2.1
[INFO] [stderr]    Compiling tokio-buf v0.1.1
[INFO] [stderr]    Compiling tokio-threadpool v0.1.18
[INFO] [stderr]    Compiling toml v0.5.8
[INFO] [stderr]    Compiling parking_lot v0.9.0
[INFO] [stderr]    Compiling idna v0.1.5
[INFO] [stderr]    Compiling idna v0.2.3
[INFO] [stderr]    Compiling structopt-derive v0.4.14
[INFO] [stderr]    Compiling uuid v0.7.4
[INFO] [stderr]    Compiling xz2 v0.1.6
[INFO] [stderr]    Compiling tokio-reactor v0.1.12
[INFO] [stderr]    Compiling bzip2 v0.3.3
[INFO] [stderr]    Compiling failure_derive v0.1.8
[INFO] [stderr]    Compiling url v1.7.2
[INFO] [stderr]    Compiling zip v0.5.12
[INFO] [stderr]    Compiling url v2.2.2
[INFO] [stderr]    Compiling tokio-tcp v0.1.4
[INFO] [stderr]    Compiling tokio v0.1.22
[INFO] [stderr]    Compiling cookie v0.12.0
[INFO] [stderr]    Compiling serde_urlencoded v0.5.5
[INFO] [stderr]    Compiling http-body v0.1.0
[INFO] [stderr]    Compiling h2 v0.1.26
[INFO] [stderr]    Compiling publicsuffix v1.5.6
[INFO] [stderr]    Compiling sct v0.6.1
[INFO] [stderr]    Compiling webpki v0.21.4
[INFO] [stderr]    Compiling ct-logs v0.6.0
[INFO] [stderr]    Compiling rustls v0.16.0
[INFO] [stderr]    Compiling webpki-roots v0.17.0
[INFO] [stderr]    Compiling structopt v0.3.21
[INFO] [stderr]    Compiling failure v0.1.8
[INFO] [stderr]    Compiling cookie_store v0.7.0
[INFO] [stderr]    Compiling hyper v0.12.36
[INFO] [stderr]    Compiling tokio-rustls v0.10.3
[INFO] [stderr]    Compiling hyper-rustls v0.17.1
[INFO] [stderr]    Compiling reqwest v0.9.24
[INFO] [stderr]    Compiling pyflow v0.3.1 (/opt/rustwide/workdir)
[INFO] [stderr]     Finished dev [unoptimized + debuginfo] target(s) in 2m 05s
[INFO] running `Command { std: "docker" "inspect" "82a154ed43cf467a075c40dd66f1adddd1d6ec28577b887d9ba2bb4a5e8aaca9", kill_on_drop: false }`
[INFO] running `Command { std: "docker" "rm" "-f" "82a154ed43cf467a075c40dd66f1adddd1d6ec28577b887d9ba2bb4a5e8aaca9", kill_on_drop: false }`
[INFO] [stdout] 82a154ed43cf467a075c40dd66f1adddd1d6ec28577b887d9ba2bb4a5e8aaca9
[INFO] running `Command { std: "docker" "create" "-v" "/var/lib/crater-agent-workspace/builds/worker-8/target:/opt/rustwide/target:rw,Z" "-v" "/var/lib/crater-agent-workspace/builds/worker-8/source:/opt/rustwide/workdir:ro,Z" "-v" "/var/lib/crater-agent-workspace/cargo-home:/opt/rustwide/cargo-home:ro,Z" "-v" "/var/lib/crater-agent-workspace/rustup-home:/opt/rustwide/rustup-home:ro,Z" "-e" "SOURCE_DIR=/opt/rustwide/workdir" "-e" "CARGO_TARGET_DIR=/opt/rustwide/target" "-e" "CARGO_INCREMENTAL=0" "-e" "RUST_BACKTRACE=full" "-e" "RUSTFLAGS=--cap-lints=warn" "-e" "CARGO_HOME=/opt/rustwide/cargo-home" "-e" "RUSTUP_HOME=/opt/rustwide/rustup-home" "-w" "/opt/rustwide/workdir" "-m" "1610612736" "--user" "0:0" "--network" "none" "ghcr.io/rust-lang/crates-build-env/linux@sha256:34b6a614d2c27851fe6cbf88fbd1137609cefab8b10d0615aaeb6fd47975d74e" "/opt/rustwide/cargo-home/bin/cargo" "+beta-2021-08-01" "test" "--frozen" "--no-run" "--message-format=json", kill_on_drop: false }`
[INFO] [stderr] WARNING: Your kernel does not support swap limit capabilities or the cgroup is not mounted. Memory limited without swap.
[INFO] [stdout] bda71c166f38d847ea9390e3e0a9f895a88a5158a8224424e422d24e25c0d8c7
[INFO] running `Command { std: "docker" "start" "-a" "bda71c166f38d847ea9390e3e0a9f895a88a5158a8224424e422d24e25c0d8c7", kill_on_drop: false }`
[INFO] [stderr]    Compiling downcast v0.10.0
[INFO] [stderr]    Compiling fragile v1.0.0
[INFO] [stderr]    Compiling float-cmp v0.8.0
[INFO] [stderr]    Compiling mockall_derive v0.9.1
[INFO] [stderr]    Compiling rstest v0.10.0
[INFO] [stderr]    Compiling predicates v1.0.8
[INFO] [stderr]    Compiling mockall v0.9.1
[INFO] [stderr]    Compiling pyflow v0.3.1 (/opt/rustwide/workdir)
[INFO] [stdout] warning: unused variable: `py_ver`
[INFO] [stdout]     --> src/dep_types.rs:1794:39
[INFO] [stdout]      |
[INFO] [stdout] 1794 |         ctx.expect().returning(|name, py_ver| {
[INFO] [stdout]      |                                       ^^^^^^ help: if this is intentional, prefix it with an underscore: `_py_ver`
[INFO] [stdout]      |
[INFO] [stdout]      = note: `#[warn(unused_variables)]` on by default
[INFO] [stdout] 
[INFO] [stdout] 
[INFO] [stdout] warning: associated function is never used: `reqs`
[INFO] [stdout]   --> src/dep_resolution.rs:62:8
[INFO] [stdout]    |
[INFO] [stdout] 62 |     fn reqs(&self) -> Vec<Req> {
[INFO] [stdout]    |        ^^^^
[INFO] [stdout]    |
[INFO] [stdout]    = note: `#[warn(dead_code)]` on by default
[INFO] [stdout] 
[INFO] [stdout] 
[INFO] [stdout] warning: function is never used: `guess_graph`
[INFO] [stdout]   --> src/dep_resolution.rs:82:4
[INFO] [stdout]    |
[INFO] [stdout] 82 | fn guess_graph(
[INFO] [stdout]    |    ^^^^^^^^^^^
[INFO] [stdout] 
[INFO] [stdout] 
[INFO] [stdout] warning: function is never used: `format_name`
[INFO] [stdout]    --> src/dep_resolution.rs:297:8
[INFO] [stdout]     |
[INFO] [stdout] 297 |     fn format_name(name: &str, cache: &HashMap<String, (String, Version, Vec<Version>)>) -> String {
[INFO] [stdout]     |        ^^^^^^^^^^^
[INFO] [stdout] 
[INFO] [stdout] 
[INFO] [stdout] warning: function is never used: `get_warehouse_release`
[INFO] [stdout]    --> src/dep_resolution.rs:404:12
[INFO] [stdout]     |
[INFO] [stdout] 404 |     pub fn get_warehouse_release(
[INFO] [stdout]     |            ^^^^^^^^^^^^^^^^^^^^^
[INFO] [stdout] 
[INFO] [stdout] 
[INFO] [stdout] warning: function is never used: `get_req_cache_multiple`
[INFO] [stdout]    --> src/dep_resolution.rs:432:8
[INFO] [stdout]     |
[INFO] [stdout] 432 |     fn get_req_cache_multiple(
[INFO] [stdout]     |        ^^^^^^^^^^^^^^^^^^^^^^
[INFO] [stdout] 
[INFO] [stdout] 
[INFO] [stdout] warning: function is never used: `fetch_req_data`
[INFO] [stdout]    --> src/dep_resolution.rs:467:19
[INFO] [stdout]     |
[INFO] [stdout] 467 |     pub(super) fn fetch_req_data(
[INFO] [stdout]     |                   ^^^^^^^^^^^^^^
[INFO] [stdout] 
[INFO] [stdout] 
[INFO] [stdout] warning: function is never used: `find_constraints`
[INFO] [stdout]    --> src/dep_resolution.rs:533:8
[INFO] [stdout]     |
[INFO] [stdout] 533 |     fn find_constraints(
[INFO] [stdout]     |        ^^^^^^^^^^^^^^^^
[INFO] [stdout] 
[INFO] [stdout] 
[INFO] [stdout] warning: function is never used: `make_renamed_packs`
[INFO] [stdout]    --> src/dep_resolution.rs:566:8
[INFO] [stdout]     |
[INFO] [stdout] 566 |     fn make_renamed_packs(
[INFO] [stdout]     |        ^^^^^^^^^^^^^^^^^^
[INFO] [stdout] 
[INFO] [stdout] 
[INFO] [stdout] warning: function is never used: `assign_subdeps`
[INFO] [stdout]    --> src/dep_resolution.rs:617:8
[INFO] [stdout]     |
[INFO] [stdout] 617 |     fn assign_subdeps(packages: &mut Vec<Package>, updated_ids: &HashMap<u32, u32>) {
[INFO] [stdout]     |        ^^^^^^^^^^^^^^
[INFO] [stdout] 
[INFO] [stdout] 
[INFO] [stdout] warning: function is never used: `resolve`
[INFO] [stdout]    --> src/dep_resolution.rs:643:12
[INFO] [stdout]     |
[INFO] [stdout] 643 |     pub fn resolve(
[INFO] [stdout]     |            ^^^^^^^
[INFO] [stdout] 
[INFO] [stdout] 
[INFO] [stdout] warning: associated function is never used: `clone_or_default_py`
[INFO] [stdout]    --> src/dep_types.rs:920:12
[INFO] [stdout]     |
[INFO] [stdout] 920 |     pub fn clone_or_default_py(&self, python_version: &Version) -> Self {
[INFO] [stdout]     |            ^^^^^^^^^^^^^^^^^^^
[INFO] [stdout] 
[INFO] [stdout] 
[INFO] [stdout] warning: variant is never constructed: `Yes`
[INFO] [stdout]     --> src/dep_types.rs:1029:5
[INFO] [stdout]      |
[INFO] [stdout] 1029 |     Yes(u32, u32, String), // parent id, self id, name
[INFO] [stdout]      |     ^^^^^^^^^^^^^^^^^^^^^
[INFO] [stdout] 
[INFO] [stdout] 
[INFO] [stdout] warning: 13 warnings emitted
[INFO] [stdout] 
[INFO] [stdout] 
[INFO] [stderr]     Finished test [unoptimized + debuginfo] target(s) in 38.12s
[INFO] running `Command { std: "docker" "inspect" "bda71c166f38d847ea9390e3e0a9f895a88a5158a8224424e422d24e25c0d8c7", kill_on_drop: false }`
[INFO] running `Command { std: "docker" "rm" "-f" "bda71c166f38d847ea9390e3e0a9f895a88a5158a8224424e422d24e25c0d8c7", kill_on_drop: false }`
[INFO] [stdout] bda71c166f38d847ea9390e3e0a9f895a88a5158a8224424e422d24e25c0d8c7
[INFO] running `Command { std: "docker" "create" "-v" "/var/lib/crater-agent-workspace/builds/worker-8/target:/opt/rustwide/target:rw,Z" "-v" "/var/lib/crater-agent-workspace/builds/worker-8/source:/opt/rustwide/workdir:ro,Z" "-v" "/var/lib/crater-agent-workspace/cargo-home:/opt/rustwide/cargo-home:ro,Z" "-v" "/var/lib/crater-agent-workspace/rustup-home:/opt/rustwide/rustup-home:ro,Z" "-e" "SOURCE_DIR=/opt/rustwide/workdir" "-e" "CARGO_TARGET_DIR=/opt/rustwide/target" "-e" "CARGO_INCREMENTAL=0" "-e" "RUST_BACKTRACE=full" "-e" "RUSTFLAGS=--cap-lints=warn" "-e" "CARGO_HOME=/opt/rustwide/cargo-home" "-e" "RUSTUP_HOME=/opt/rustwide/rustup-home" "-w" "/opt/rustwide/workdir" "-m" "1610612736" "--user" "0:0" "--network" "none" "ghcr.io/rust-lang/crates-build-env/linux@sha256:34b6a614d2c27851fe6cbf88fbd1137609cefab8b10d0615aaeb6fd47975d74e" "/opt/rustwide/cargo-home/bin/cargo" "+beta-2021-08-01" "test" "--frozen", kill_on_drop: false }`
[INFO] [stderr] WARNING: Your kernel does not support swap limit capabilities or the cgroup is not mounted. Memory limited without swap.
[INFO] [stdout] cff8d35f650e1fcd586e414ffa2f01bd498a4a31f37e2cc592858bf87353f205
[INFO] running `Command { std: "docker" "start" "-a" "cff8d35f650e1fcd586e414ffa2f01bd498a4a31f37e2cc592858bf87353f205", kill_on_drop: false }`
[INFO] [stderr] warning: unused variable: `py_ver`
[INFO] [stderr]     --> src/dep_types.rs:1794:39
[INFO] [stderr]      |
[INFO] [stderr] 1794 |         ctx.expect().returning(|name, py_ver| {
[INFO] [stderr]      |                                       ^^^^^^ help: if this is intentional, prefix it with an underscore: `_py_ver`
[INFO] [stderr]      |
[INFO] [stderr]      = note: `#[warn(unused_variables)]` on by default
[INFO] [stderr] 
[INFO] [stderr] warning: associated function is never used: `reqs`
[INFO] [stderr]   --> src/dep_resolution.rs:62:8
[INFO] [stderr]    |
[INFO] [stderr] 62 |     fn reqs(&self) -> Vec<Req> {
[INFO] [stderr]    |        ^^^^
[INFO] [stderr]    |
[INFO] [stderr]    = note: `#[warn(dead_code)]` on by default
[INFO] [stderr] 
[INFO] [stderr] warning: function is never used: `guess_graph`
[INFO] [stderr]   --> src/dep_resolution.rs:82:4
[INFO] [stderr]    |
[INFO] [stderr] 82 | fn guess_graph(
[INFO] [stderr]    |    ^^^^^^^^^^^
[INFO] [stderr] 
[INFO] [stderr] warning: function is never used: `format_name`
[INFO] [stderr]    --> src/dep_resolution.rs:297:8
[INFO] [stderr]     |
[INFO] [stderr] 297 |     fn format_name(name: &str, cache: &HashMap<String, (String, Version, Vec<Version>)>) -> String {
[INFO] [stderr]     |        ^^^^^^^^^^^
[INFO] [stderr] 
[INFO] [stderr] warning: function is never used: `get_warehouse_release`
[INFO] [stderr]    --> src/dep_resolution.rs:404:12
[INFO] [stderr]     |
[INFO] [stderr] 404 |     pub fn get_warehouse_release(
[INFO] [stderr]     |            ^^^^^^^^^^^^^^^^^^^^^
[INFO] [stderr] 
[INFO] [stderr] warning: function is never used: `get_req_cache_multiple`
[INFO] [stderr]    --> src/dep_resolution.rs:432:8
[INFO] [stderr]     |
[INFO] [stderr] 432 |     fn get_req_cache_multiple(
[INFO] [stderr]     |        ^^^^^^^^^^^^^^^^^^^^^^
[INFO] [stderr] 
[INFO] [stderr] warning: function is never used: `fetch_req_data`
[INFO] [stderr]    --> src/dep_resolution.rs:467:19
[INFO] [stderr]     |
[INFO] [stderr] 467 |     pub(super) fn fetch_req_data(
[INFO] [stderr]     |                   ^^^^^^^^^^^^^^
[INFO] [stderr] 
[INFO] [stderr] warning: function is never used: `find_constraints`
[INFO] [stderr]    --> src/dep_resolution.rs:533:8
[INFO] [stderr]     |
[INFO] [stderr] 533 |     fn find_constraints(
[INFO] [stderr]     |        ^^^^^^^^^^^^^^^^
[INFO] [stderr] 
[INFO] [stderr] warning: function is never used: `make_renamed_packs`
[INFO] [stderr]    --> src/dep_resolution.rs:566:8
[INFO] [stderr]     |
[INFO] [stderr] 566 |     fn make_renamed_packs(
[INFO] [stderr]     |        ^^^^^^^^^^^^^^^^^^
[INFO] [stderr] 
[INFO] [stderr] warning: function is never used: `assign_subdeps`
[INFO] [stderr]    --> src/dep_resolution.rs:617:8
[INFO] [stderr]     |
[INFO] [stderr] 617 |     fn assign_subdeps(packages: &mut Vec<Package>, updated_ids: &HashMap<u32, u32>) {
[INFO] [stderr]     |        ^^^^^^^^^^^^^^
[INFO] [stderr] 
[INFO] [stderr] warning: function is never used: `resolve`
[INFO] [stderr]    --> src/dep_resolution.rs:643:12
[INFO] [stderr]     |
[INFO] [stderr] 643 |     pub fn resolve(
[INFO] [stderr]     |            ^^^^^^^
[INFO] [stderr] 
[INFO] [stderr] warning: associated function is never used: `clone_or_default_py`
[INFO] [stderr]    --> src/dep_types.rs:920:12
[INFO] [stderr]     |
[INFO] [stderr] 920 |     pub fn clone_or_default_py(&self, python_version: &Version) -> Self {
[INFO] [stderr]     |            ^^^^^^^^^^^^^^^^^^^
[INFO] [stderr] 
[INFO] [stderr] warning: variant is never constructed: `Yes`
[INFO] [stderr]     --> src/dep_types.rs:1029:5
[INFO] [stderr]      |
[INFO] [stderr] 1029 |     Yes(u32, u32, String), // parent id, self id, name
[INFO] [stderr]      |     ^^^^^^^^^^^^^^^^^^^^^
[INFO] [stderr] 
[INFO] [stderr] warning: `pyflow` (bin "pyflow" test) generated 13 warnings
[INFO] [stderr]     Finished test [unoptimized + debuginfo] target(s) in 0.20s
[INFO] [stdout] 
[INFO] [stderr]      Running unittests (/opt/rustwide/target/debug/deps/pyflow-e4709df819390f97)
[INFO] [stdout] running 158 tests
[INFO] [stdout] test build::test::py_list ... ok
[INFO] [stdout] test dep_parser::tests::dummy_test ... ok
[INFO] [stdout] test dep_parser::tests::test_parse_constraint::case_1 ... ok
[INFO] [stdout] test dep_parser::tests::test_parse_constraint::case_2 ... ok
[INFO] [stdout] test dep_parser::tests::test_parse_extras::case_1 ... ok
[INFO] [stdout] test dep_parser::tests::test_parse_extras::case_3 ... ok
[INFO] [stdout] test dep_parser::tests::test_parse_constraint::case_3 ... ok
[INFO] [stdout] test dep_parser::tests::test_parse_constraint::case_4 ... ok
[INFO] [stdout] test dep_parser::tests::test_parse_extras::case_4 ... ok
[INFO] [stdout] test dep_parser::tests::test_parse_extras::case_2 ... ok
[INFO] [stdout] test build::test::setup_creation ... ok
[INFO] [stdout] test dep_parser::tests::test_parse_extras::case_5 ... ok
[INFO] [stdout] test dep_parser::tests::test_parse_package_name::case_1 ... ok
[INFO] [stdout] test dep_parser::tests::test_parse_package_name::case_2 ... ok
[INFO] [stdout] test dep_parser::tests::test_parse_package_name::case_5 ... ok
[INFO] [stdout] test dep_parser::tests::test_parse_req::case_2_no_version ... ok
[INFO] [stdout] test dep_parser::tests::test_parse_req::case_3_star_patch ... ok
[INFO] [stdout] test dep_parser::tests::test_parse_req_pypi::case_1 ... ok
[INFO] [stdout] test dep_parser::tests::test_parse_version::case_02 ... ok
[INFO] [stdout] test dep_parser::tests::test_parse_version::case_01 ... ok
[INFO] [stdout] test dep_types::tests::compat_rng::case_2_gte ... ok
[INFO] [stdout] test dep_types::tests::compat_rng::case_1_gt ... ok
[INFO] [stdout] test dep_types::tests::compat_rng::case_3_ne ... ok
[INFO] [stdout] test dep_types::tests::compat_rng::case_4_lt ... ok
[INFO] [stdout] test dep_types::tests::compat_rng::case_5_lte ... ok
[INFO] [stdout] test dep_types::tests::compat_rng::case_6_caret ... ok
[INFO] [stdout] test dep_types::tests::compat_rng::case_7_tilde ... ok
[INFO] [stdout] test dep_types::tests::constraint_multiple ... ok
[INFO] [stdout] test dep_types::tests::constraint_to_string ... ok
[INFO] [stdout] test dep_parser::tests::test_parse_version::case_04 ... ok
[INFO] [stdout] test dep_parser::tests::test_parse_package_name::case_3 ... ok
[INFO] [stdout] test dep_parser::tests::test_parse_req::case_4_star_extra_num ... ok
[INFO] [stdout] test dep_parser::tests::test_parse_version::case_05 ... ok
[INFO] [stdout] test dep_parser::tests::test_parse_version::case_06 ... ok
[INFO] [stdout] test dep_parser::tests::test_parse_version::case_07 ... ok
[INFO] [stdout] test dep_parser::tests::test_parse_version::case_08 ... ok
[INFO] [stdout] test dep_parser::tests::test_parse_version::case_09 ... ok
[INFO] [stdout] test dep_parser::tests::test_parse_version::case_10 ... ok
[INFO] [stdout] test dep_types::tests::intersections_simple_many ... ok
[INFO] [stdout] test dep_types::tests::intersection_contained_many ... ok
[INFO] [stdout] test dep_types::tests::intersection_contained ... ok
[INFO] [stdout] test dep_types::tests::is_compatible::case_02_caret_minor_version ... ok
[INFO] [stdout] test dep_types::tests::constraint_w_modifier ... ok
[INFO] [stdout] test dep_types::tests::is_compatible::case_07_gte_misc ... ok
[INFO] [stdout] test dep_types::tests::is_compatible::case_09_gt_first ... ok
[INFO] [stdout] test dep_types::tests::is_compatible::case_11_exact_under ... ok
[INFO] [stdout] test dep_types::tests::is_compatible::case_12_ne_over ... ok
[INFO] [stdout] test dep_types::tests::is_compatible::case_13_ne_under ... ok
[INFO] [stdout] test dep_types::tests::is_compatible::case_14_lt_max ... ok
[INFO] [stdout] test dep_types::tests::is_compatible::case_15_lt_min ... ok
[INFO] [stdout] test dep_types::tests::is_compatible::case_16_lte_max ... ok
[INFO] [stdout] test dep_types::tests::is_compatible::case_17_lte_min ... ok
[INFO] [stdout] test dep_types::tests::is_compatible::case_18_tilde_full_version_max ... ok
[INFO] [stdout] test dep_types::tests::is_compatible::case_19_tilde_full_version_min ... ok
[INFO] [stdout] test dep_types::tests::is_compatible::case_20_tilde_minor_version_max ... ok
[INFO] [stdout] test dep_types::tests::is_compatible::case_21_tilde_minor_version_min ... ok
[INFO] [stdout] test dep_types::tests::is_compatible::case_22_tilde_major_version_max ... ok
[INFO] [stdout] test dep_types::tests::is_compatible::case_23_tilde_major_version_under ... ok
[INFO] [stdout] test dep_types::tests::is_compatible::case_24_tilde_eq_full_version_max ... ok
[INFO] [stdout] test dep_types::tests::is_compatible::case_25_tilde_eq_full_version_min ... ok
[INFO] [stdout] test dep_types::tests::is_compatible::case_26_tilde_eq_minor_version_max ... ok
[INFO] [stdout] test dep_types::tests::is_compatible::case_27_tilde_eq_minor_version_min ... ok
[INFO] [stdout] test dep_types::tests::is_compatible::case_08_gt_max ... ok
[INFO] [stdout] test dep_types::tests::is_compatible::case_10_exact_over ... ok
[INFO] [stdout] test dep_types::tests::is_compatible::case_01_caret_full_version ... ok
[INFO] [stdout] test dep_parser::tests::test_parse_package_name::case_4 ... ok
[INFO] [stdout] test dep_types::tests::intersections_simple ... ok
[INFO] [stdout] test dep_parser::tests::test_parse_version::case_03 ... ok
[INFO] [stdout] test dep_types::tests::intersections_empty ... ok
[INFO] [stdout] test dep_parser::tests::test_parse_req::case_1_gte ... ok
[INFO] [stdout] test dep_types::tests::is_compatible::case_33_star_patch_version_min ... ok
[INFO] [stdout] test dep_types::tests::is_compatible::case_34_star_minor_version_max ... ok
[INFO] [stdout] test dep_types::tests::is_compatible::case_35_star_extra_num_version_max ... ok
[INFO] [stdout] test dep_types::tests::is_compatible::case_32_star_minor_version_max ... ok
[INFO] [stdout] test dep_types::tests::parse_req_caret ... ok
[INFO] [stdout] test dep_types::tests::parse_req_novers ... ok
[INFO] [stdout] test dep_types::tests::is_compatible::case_03_caret_patch_version_is_exact_over ... ok
[INFO] [stdout] test dep_types::tests::is_compatible::case_04_caret_patch_version_is_exact_under ... ok
[INFO] [stdout] test dep_types::tests::parse_req_pip ... ok
[INFO] [stdout] test dep_types::tests::parse_req_pypi ... ok
[INFO] [stdout] test dep_types::tests::parse_req_pypi_dot ... ok
[INFO] [stdout] test dep_types::tests::parse_req_pypi_cplx ... ok
[INFO] [stdout] test dep_types::tests::parse_req_tilde_short ... ok
[INFO] [stdout] test dep_types::tests::pep440_bare::case_1_exact ... ok
[INFO] [stdout] test dep_types::tests::pep440_bare::case_2_zero_padded ... ok
[INFO] [stdout] test dep_types::tests::pep440_bare::case_3_dev_release ... ok
[INFO] [stdout] test dep_types::tests::pep440_bare::case_4_pre_release ... ok
[INFO] [stdout] test dep_types::tests::pep440_bare::case_5_post_release ... ok
[INFO] [stdout] test dep_types::tests::pep440_bare::case_6_star ... ok
[INFO] [stdout] test dep_types::tests::pep440_post::case_1_exact ... ok
[INFO] [stdout] test dep_types::tests::intersection_contained_many_w_ne ... ok
[INFO] [stdout] test dep_types::tests::parse_req_pypi_no_parens ... ok
[INFO] [stdout] test dep_types::tests::is_compatible::case_06_gte_eq ... ok
[INFO] [stdout] test dep_types::tests::parse_req_pypi_bracket ... ok
[INFO] [stdout] test dep_types::tests::pep440_post::case_2_bare ... ok
[INFO] [stdout] test dep_types::tests::python_version_from_warehouse::case_3_cp26 ... ok
[INFO] [stdout] test dep_types::tests::python_version_from_warehouse::case_4_py_chain ... ok
[INFO] [stdout] test dep_types::tests::python_version_from_warehouse::case_5_pp36 ... ok
[INFO] [stdout] test dep_types::tests::python_version_from_warehouse::case_6_any ... ok
[INFO] [stdout] test dep_types::tests::python_version_from_warehouse::case_7_semver ... ok
[INFO] [stdout] test dep_types::tests::python_version_from_warehouse::case_8_pp257 ... ok
[INFO] [stdout] test dep_types::tests::req_to_cfg_string::case_1_exact ... ok
[INFO] [stdout] test dep_types::tests::req_to_cfg_string::case_2_gte ... ok
[INFO] [stdout] test dep_types::tests::req_to_cfg_string::case_3_lte ... ok
[INFO] [stdout] test dep_types::tests::req_to_cfg_string::case_4_ne ... ok
[INFO] [stdout] test dep_types::tests::req_to_cfg_string::case_5_gt ... ok
[INFO] [stdout] test dep_types::tests::req_to_cfg_string::case_6_lt ... ok
[INFO] [stdout] test dep_types::tests::req_to_cfg_string::case_7_caret ... ok
[INFO] [stdout] test dep_types::tests::req_to_cfg_string::case_8_tilde ... ok
[INFO] [stdout] test dep_types::tests::req_to_cfg_string::case_9_multi_ne_gte ... ok
[INFO] [stdout] test dep_types::tests::req_to_cfg_string_empty_constraints ... ok
[INFO] [stdout] test dep_types::tests::version_ordering_modded ... ok
[INFO] [stdout] test dep_types::tests::version_ordering ... ok
[INFO] [stdout] test dep_types::tests::version_parse ... ok
[INFO] [stdout] test dep_types::tests::version_parse_w_modifiers ... ok
[INFO] [stdout] test dep_types::tests::version_parse_w_wildcard ... ok
[INFO] [stdout] test dep_types::tests::parse_req_pypi_tilde::case_2 ... ok
[INFO] [stdout] test files::tests::add_deps_baseline ... ok
[INFO] [stdout] test files::tests::add_deps_dev_deps_baseline_no_deps_dev_deps ... ok
[INFO] [stdout] test files::tests::add_deps_baseline_empty_deps ... ok
[INFO] [stdout] test files::tests::add_deps_no_dev_deps_sect ... ok
[INFO] [stdout] test dep_types::tests::python_version_from_warehouse::case_2_cp_chain ... ok
[INFO] [stdout] test dep_types::tests::python_version_from_warehouse::case_1_py3 ... ok
[INFO] [stdout] test dep_types::tests::pep440_post::case_3_star ... ok
[INFO] [stdout] test dep_types::tests::parse_req_pypi_tilde::case_1 ... ok
[INFO] [stdout] test util::tests::dummy_test ... ok
[INFO] [stdout] test script::tests::dunder_python_specified::case_1 ... ok
[INFO] [stdout] test util::tests::test_os_from_str::case_05 ... ok
[INFO] [stdout] test dep_types::tests::parse_req_withvers ... ok
[INFO] [stdout] test dep_types::tests::is_compatible::case_05_gte_max ... ok
[INFO] [stdout] test dep_types::tests::bad_version ... ok
[INFO] [stdout] test dep_types::tests::is_compatible::case_31_star_minor_version_min ... ok
[INFO] [stdout] test util::tests::test_os_from_str::case_03 ... ok
[INFO] [stdout] test script::tests::dunder_python_specified::case_2 ... ok
[INFO] [stdout] test dep_types::tests::parse_req_pypi_w_extras ... ok
[INFO] [stdout] test util::tests::test_os_from_str::case_02 ... ok
[INFO] [stdout] test util::tests::test_os_from_str::case_07 ... ok
[INFO] [stdout] test util::tests::test_os_from_str::case_04 ... ok
[INFO] [stdout] test util::tests::test_os_from_str::case_06 ... ok
[INFO] [stdout] test util::tests::test_os_from_str::case_01 ... ok
[INFO] [stdout] test util::tests::test_os_from_str::case_08 ... ok
[INFO] [stdout] test util::tests::test_os_from_str::case_12 ... ok
[INFO] [stdout] test util::tests::test_os_from_str::case_09 ... ok
[INFO] [stdout] test util::tests::test_os_from_str::case_14 ... ok
[INFO] [stdout] test util::tests::test_os_from_str::case_17 ... ok
[INFO] [stdout] test util::tests::test_os_from_str::case_15 ... ok
[INFO] [stdout] test util::tests::test_os_from_str::case_21 ... ok
[INFO] [stdout] test util::tests::test_os_from_str::case_13 ... ok
[INFO] [stdout] test util::tests::test_os_from_str::case_18 ... ok
[INFO] [stdout] test util::tests::test_os_from_str::case_20 ... ok
[INFO] [stdout] test util::tests::test_os_from_str::case_19 ... ok
[INFO] [stdout] test util::tests::test_os_from_str::case_16 ... ok
[INFO] [stdout] test util::tests::test_os_from_str::case_11 ... ok
[INFO] [stdout] test util::tests::test_os_from_str::case_10 ... ok
[INFO] [stdout] test dep_types::tests::is_compatible::case_28_tilde_eq_major_version_max - should panic ... ok
[INFO] [stdout] test dep_types::tests::is_compatible::case_29_tilde_eq_major_version_under - should panic ... ok
[INFO] [stdout] test dep_resolution::tests::warehouse_versions ... FAILED
[INFO] [stdout] test dep_types::tests::is_compatible::case_30_star_major_version - should panic ... ok
[INFO] [stdout] 
[INFO] [stdout] failures:
[INFO] [stdout] 
[INFO] [stdout] ---- dep_resolution::tests::warehouse_versions stdout ----
[INFO] [stdout] thread 'dep_resolution::tests::warehouse_versions' panicked at 'called `Result::unwrap()` on an `Err` value: DependencyError { details: "Network error" }', src/dep_resolution.rs:850:46
[INFO] [stdout] stack backtrace:
[INFO] [stdout]    0:     0x561e21b9f550 - std::backtrace_rs::backtrace::libunwind::trace::hff4d1766e93f64f1
[INFO] [stdout]                                at /rustc/53fd98ca776cb875bc9e5514f56b52eb74f9e7a9/library/std/src/../../backtrace/src/backtrace/libunwind.rs:90:5
[INFO] [stdout]    1:     0x561e21b9f550 - std::backtrace_rs::backtrace::trace_unsynchronized::h56bbc8eb78770bcb
[INFO] [stdout]                                at /rustc/53fd98ca776cb875bc9e5514f56b52eb74f9e7a9/library/std/src/../../backtrace/src/backtrace/mod.rs:66:5
[INFO] [stdout]    2:     0x561e21b9f550 - std::sys_common::backtrace::_print_fmt::h5c8e75464faca780
[INFO] [stdout]                                at /rustc/53fd98ca776cb875bc9e5514f56b52eb74f9e7a9/library/std/src/sys_common/backtrace.rs:67:5
[INFO] [stdout]    3:     0x561e21b9f550 - <std::sys_common::backtrace::_print::DisplayBacktrace as core::fmt::Display>::fmt::h48b88277def8b362
[INFO] [stdout]                                at /rustc/53fd98ca776cb875bc9e5514f56b52eb74f9e7a9/library/std/src/sys_common/backtrace.rs:46:22
[INFO] [stdout]    4:     0x561e21bc3c0c - core::fmt::write::h3381b3176fe2b3d3
[INFO] [stdout]                                at /rustc/53fd98ca776cb875bc9e5514f56b52eb74f9e7a9/library/core/src/fmt/mod.rs:1115:17
[INFO] [stdout]    5:     0x561e21b99095 - std::io::Write::write_fmt::h5f34a676f60246b5
[INFO] [stdout]                                at /rustc/53fd98ca776cb875bc9e5514f56b52eb74f9e7a9/library/std/src/io/mod.rs:1665:15
[INFO] [stdout]    6:     0x561e21ba178b - std::sys_common::backtrace::_print::ha537687d6c17dd0d
[INFO] [stdout]                                at /rustc/53fd98ca776cb875bc9e5514f56b52eb74f9e7a9/library/std/src/sys_common/backtrace.rs:49:5
[INFO] [stdout]    7:     0x561e21ba178b - std::sys_common::backtrace::print::h61376ae57d131d72
[INFO] [stdout]                                at /rustc/53fd98ca776cb875bc9e5514f56b52eb74f9e7a9/library/std/src/sys_common/backtrace.rs:36:9
[INFO] [stdout]    8:     0x561e21ba178b - std::panicking::default_hook::{{closure}}::h0f7208c0b9644a54
[INFO] [stdout]                                at /rustc/53fd98ca776cb875bc9e5514f56b52eb74f9e7a9/library/std/src/panicking.rs:208:50
[INFO] [stdout]    9:     0x561e21ba129c - std::panicking::default_hook::hdac7fc06578c14ce
[INFO] [stdout]                                at /rustc/53fd98ca776cb875bc9e5514f56b52eb74f9e7a9/library/std/src/panicking.rs:222:9
[INFO] [stdout]   10:     0x561e21ba1e54 - std::panicking::rust_panic_with_hook::h72b21c283da3d1ef
[INFO] [stdout]                                at /rustc/53fd98ca776cb875bc9e5514f56b52eb74f9e7a9/library/std/src/panicking.rs:622:17
[INFO] [stdout]   11:     0x561e21ba1937 - std::panicking::begin_panic_handler::{{closure}}::he5778f1729cff84a
[INFO] [stdout]                                at /rustc/53fd98ca776cb875bc9e5514f56b52eb74f9e7a9/library/std/src/panicking.rs:519:13
[INFO] [stdout]   12:     0x561e21b9fa2c - std::sys_common::backtrace::__rust_end_short_backtrace::h2d11ca8b453b4b1d
[INFO] [stdout]                                at /rustc/53fd98ca776cb875bc9e5514f56b52eb74f9e7a9/library/std/src/sys_common/backtrace.rs:141:18
[INFO] [stdout]   13:     0x561e21ba1899 - rust_begin_unwind
[INFO] [stdout]                                at /rustc/53fd98ca776cb875bc9e5514f56b52eb74f9e7a9/library/std/src/panicking.rs:515:5
[INFO] [stdout]   14:     0x561e2133bac1 - core::panicking::panic_fmt::hf9de31d4acbce4db
[INFO] [stdout]                                at /rustc/53fd98ca776cb875bc9e5514f56b52eb74f9e7a9/library/core/src/panicking.rs:92:14
[INFO] [stdout]   15:     0x561e2133bbb3 - core::result::unwrap_failed::ha0c84e81219e5878
[INFO] [stdout]                                at /rustc/53fd98ca776cb875bc9e5514f56b52eb74f9e7a9/library/core/src/result.rs:1599:5
[INFO] [stdout]   16:     0x561e2138fad4 - core::result::Result<T,E>::unwrap::h76e29c5bc24be1cc
[INFO] [stdout]                                at /rustc/53fd98ca776cb875bc9e5514f56b52eb74f9e7a9/library/core/src/result.rs:1281:23
[INFO] [stdout]   17:     0x561e21388c09 - pyflow::dep_resolution::tests::warehouse_versions::hc634369ad92f5ddd
[INFO] [stdout]                                at /opt/rustwide/workdir/src/dep_resolution.rs:850:13
[INFO] [stdout]   18:     0x561e21388baa - pyflow::dep_resolution::tests::warehouse_versions::{{closure}}::h4a8a806ef8f5821b
[INFO] [stdout]                                at /opt/rustwide/workdir/src/dep_resolution.rs:846:5
[INFO] [stdout]   19:     0x561e213accee - core::ops::function::FnOnce::call_once::h4ce15bdc58390ed8
[INFO] [stdout]                                at /rustc/53fd98ca776cb875bc9e5514f56b52eb74f9e7a9/library/core/src/ops/function.rs:227:5
[INFO] [stdout]   20:     0x561e218f7ef3 - core::ops::function::FnOnce::call_once::hbb52c4519d3137b0
[INFO] [stdout]                                at /rustc/53fd98ca776cb875bc9e5514f56b52eb74f9e7a9/library/core/src/ops/function.rs:227:5
[INFO] [stdout]   21:     0x561e218f7ef3 - test::__rust_begin_short_backtrace::h86fe3a2a5a5121af
[INFO] [stdout]                                at /rustc/53fd98ca776cb875bc9e5514f56b52eb74f9e7a9/library/test/src/lib.rs:578:5
[INFO] [stdout]   22:     0x561e218f69a8 - <alloc::boxed::Box<F,A> as core::ops::function::FnOnce<Args>>::call_once::hfd956bc3d57399be
[INFO] [stdout]                                at /rustc/53fd98ca776cb875bc9e5514f56b52eb74f9e7a9/library/alloc/src/boxed.rs:1572:9
[INFO] [stdout]   23:     0x561e218f69a8 - <std::panic::AssertUnwindSafe<F> as core::ops::function::FnOnce<()>>::call_once::h40dc93e0ddb5938a
[INFO] [stdout]                                at /rustc/53fd98ca776cb875bc9e5514f56b52eb74f9e7a9/library/std/src/panic.rs:347:9
[INFO] [stdout]   24:     0x561e218f69a8 - std::panicking::try::do_call::h90d07750cb47c562
[INFO] [stdout]                                at /rustc/53fd98ca776cb875bc9e5514f56b52eb74f9e7a9/library/std/src/panicking.rs:401:40
[INFO] [stdout]   25:     0x561e218f69a8 - std::panicking::try::h063c84733ad2a629
[INFO] [stdout]                                at /rustc/53fd98ca776cb875bc9e5514f56b52eb74f9e7a9/library/std/src/panicking.rs:365:19
[INFO] [stdout]   26:     0x561e218f69a8 - std::panic::catch_unwind::h0c464836a84e7c08
[INFO] [stdout]                                at /rustc/53fd98ca776cb875bc9e5514f56b52eb74f9e7a9/library/std/src/panic.rs:434:14
[INFO] [stdout]   27:     0x561e218f69a8 - test::run_test_in_process::h5cb06ef620b157fc
[INFO] [stdout]                                at /rustc/53fd98ca776cb875bc9e5514f56b52eb74f9e7a9/library/test/src/lib.rs:601:18
[INFO] [stdout]   28:     0x561e218f69a8 - test::run_test::run_test_inner::{{closure}}::h76f677f4b93f9828
[INFO] [stdout]                                at /rustc/53fd98ca776cb875bc9e5514f56b52eb74f9e7a9/library/test/src/lib.rs:493:39
[INFO] [stdout]   29:     0x561e218c513d - test::run_test::run_test_inner::{{closure}}::h366d01fe04f4d67a
[INFO] [stdout]                                at /rustc/53fd98ca776cb875bc9e5514f56b52eb74f9e7a9/library/test/src/lib.rs:520:37
[INFO] [stdout]   30:     0x561e218c513d - std::sys_common::backtrace::__rust_begin_short_backtrace::h7dfa0de4eb395af2
[INFO] [stdout]                                at /rustc/53fd98ca776cb875bc9e5514f56b52eb74f9e7a9/library/std/src/sys_common/backtrace.rs:125:18
[INFO] [stdout]   31:     0x561e218c9908 - std::thread::Builder::spawn_unchecked::{{closure}}::{{closure}}::hf0a74bb58798037f
[INFO] [stdout]                                at /rustc/53fd98ca776cb875bc9e5514f56b52eb74f9e7a9/library/std/src/thread/mod.rs:476:17
[INFO] [stdout]   32:     0x561e218c9908 - <std::panic::AssertUnwindSafe<F> as core::ops::function::FnOnce<()>>::call_once::hb024e854818586ac
[INFO] [stdout]                                at /rustc/53fd98ca776cb875bc9e5514f56b52eb74f9e7a9/library/std/src/panic.rs:347:9
[INFO] [stdout]   33:     0x561e218c9908 - std::panicking::try::do_call::hb2dd9f1d0d48e41d
[INFO] [stdout]                                at /rustc/53fd98ca776cb875bc9e5514f56b52eb74f9e7a9/library/std/src/panicking.rs:401:40
[INFO] [stdout]   34:     0x561e218c9908 - std::panicking::try::h4717ae7bac8b2bf3
[INFO] [stdout]                                at /rustc/53fd98ca776cb875bc9e5514f56b52eb74f9e7a9/library/std/src/panicking.rs:365:19
[INFO] [stdout]   35:     0x561e218c9908 - std::panic::catch_unwind::h0dc8a061326ce8d8
[INFO] [stdout]                                at /rustc/53fd98ca776cb875bc9e5514f56b52eb74f9e7a9/library/std/src/panic.rs:434:14
[INFO] [stdout]   36:     0x561e218c9908 - std::thread::Builder::spawn_unchecked::{{closure}}::haa369e2d6fd00aa1
[INFO] [stdout]                                at /rustc/53fd98ca776cb875bc9e5514f56b52eb74f9e7a9/library/std/src/thread/mod.rs:475:30
[INFO] [stdout]   37:     0x561e218c9908 - core::ops::function::FnOnce::call_once{{vtable.shim}}::h36dcf3de8b056f17
[INFO] [stdout]                                at /rustc/53fd98ca776cb875bc9e5514f56b52eb74f9e7a9/library/core/src/ops/function.rs:227:5
[INFO] [stdout]   38:     0x561e21ba71c7 - <alloc::boxed::Box<F,A> as core::ops::function::FnOnce<Args>>::call_once::h65c29e4642be2358
[INFO] [stdout]                                at /rustc/53fd98ca776cb875bc9e5514f56b52eb74f9e7a9/library/alloc/src/boxed.rs:1572:9
[INFO] [stdout]   39:     0x561e21ba71c7 - <alloc::boxed::Box<F,A> as core::ops::function::FnOnce<Args>>::call_once::hd0f8f7fbbd9fffbf
[INFO] [stdout]                                at /rustc/53fd98ca776cb875bc9e5514f56b52eb74f9e7a9/library/alloc/src/boxed.rs:1572:9
[INFO] [stdout]   40:     0x561e21ba71c7 - std::sys::unix::thread::Thread::new::thread_start::h2fd22fee3ca77b65
[INFO] [stdout]                                at /rustc/53fd98ca776cb875bc9e5514f56b52eb74f9e7a9/library/std/src/sys/unix/thread.rs:74:17
[INFO] [stdout]   41:     0x7ffaee669609 - start_thread
[INFO] [stdout]   42:     0x7ffaee43b293 - clone
[INFO] [stdout]   43:                0x0 - <unknown>
[INFO] [stdout] 
[INFO] [stdout] 
[INFO] [stdout] failures:
[INFO] [stdout]     dep_resolution::tests::warehouse_versions
[INFO] [stdout] 
[INFO] [stdout] test result: FAILED. 157 passed; 1 failed; 0 ignored; 0 measured; 0 filtered out; finished in 0.29s
[INFO] [stdout] 
[INFO] [stderr] error: test failed, to rerun pass '--bin pyflow'
[INFO] running `Command { std: "docker" "inspect" "cff8d35f650e1fcd586e414ffa2f01bd498a4a31f37e2cc592858bf87353f205", kill_on_drop: false }`
[INFO] running `Command { std: "docker" "rm" "-f" "cff8d35f650e1fcd586e414ffa2f01bd498a4a31f37e2cc592858bf87353f205", kill_on_drop: false }`
[INFO] [stdout] cff8d35f650e1fcd586e414ffa2f01bd498a4a31f37e2cc592858bf87353f205
