[INFO] cloning repository https://github.com/DNABigBoss/rustlings-solutions
[INFO] running `Command { std: "git" "-c" "credential.helper=" "-c" "credential.helper=/workspace/cargo-home/bin/git-credential-null" "clone" "--bare" "https://github.com/DNABigBoss/rustlings-solutions" "/workspace/cache/git-repos/https%3A%2F%2Fgithub.com%2FDNABigBoss%2Frustlings-solutions", kill_on_drop: false }`
[INFO] [stderr] Cloning into bare repository '/workspace/cache/git-repos/https%3A%2F%2Fgithub.com%2FDNABigBoss%2Frustlings-solutions'...
[INFO] running `Command { std: "git" "rev-parse" "HEAD", kill_on_drop: false }`
[INFO] [stdout] e7f2d6c3f5bea0ff0dbecf87f4e4c6d3282cebe1
[INFO] testing DNABigBoss/rustlings-solutions against beta-2021-08-01 for beta-1.55-1
[INFO] running `Command { std: "git" "clone" "/workspace/cache/git-repos/https%3A%2F%2Fgithub.com%2FDNABigBoss%2Frustlings-solutions" "/workspace/builds/worker-89/source", kill_on_drop: false }`
[INFO] [stderr] Cloning into '/workspace/builds/worker-89/source'...
[INFO] [stderr] done.
[INFO] validating manifest of git repo https://github.com/DNABigBoss/rustlings-solutions on toolchain beta-2021-08-01
[INFO] running `Command { std: "/workspace/cargo-home/bin/cargo" "+beta-2021-08-01" "metadata" "--manifest-path" "Cargo.toml" "--no-deps", kill_on_drop: false }`
[INFO] started tweaking git repo https://github.com/DNABigBoss/rustlings-solutions
[INFO] finished tweaking git repo https://github.com/DNABigBoss/rustlings-solutions
[INFO] tweaked toml for git repo https://github.com/DNABigBoss/rustlings-solutions written to /workspace/builds/worker-89/source/Cargo.toml
[INFO] crate git repo https://github.com/DNABigBoss/rustlings-solutions already has a lockfile, it will not be regenerated
[INFO] running `Command { std: "/workspace/cargo-home/bin/cargo" "+beta-2021-08-01" "fetch" "--manifest-path" "Cargo.toml", kill_on_drop: false }`
[INFO] [stderr]     Blocking waiting for file lock on package cache
[INFO] [stderr]     Blocking waiting for file lock on package cache
[INFO] running `Command { std: "docker" "create" "-v" "/var/lib/crater-agent-workspace/builds/worker-89/target:/opt/rustwide/target:rw,Z" "-v" "/var/lib/crater-agent-workspace/builds/worker-89/source:/opt/rustwide/workdir:ro,Z" "-v" "/var/lib/crater-agent-workspace/cargo-home:/opt/rustwide/cargo-home:ro,Z" "-v" "/var/lib/crater-agent-workspace/rustup-home:/opt/rustwide/rustup-home:ro,Z" "-e" "SOURCE_DIR=/opt/rustwide/workdir" "-e" "CARGO_TARGET_DIR=/opt/rustwide/target" "-e" "CARGO_HOME=/opt/rustwide/cargo-home" "-e" "RUSTUP_HOME=/opt/rustwide/rustup-home" "-w" "/opt/rustwide/workdir" "-m" "1610612736" "--user" "0:0" "--network" "none" "ghcr.io/rust-lang/crates-build-env/linux@sha256:34b6a614d2c27851fe6cbf88fbd1137609cefab8b10d0615aaeb6fd47975d74e" "/opt/rustwide/cargo-home/bin/cargo" "+beta-2021-08-01" "metadata" "--no-deps" "--format-version=1", kill_on_drop: false }`
[INFO] [stdout] 6dfd29b774bbfebafe65f9f559d0fdab36e09038003fd89d28fe3889c0b8589d
[INFO] running `Command { std: "docker" "start" "-a" "6dfd29b774bbfebafe65f9f559d0fdab36e09038003fd89d28fe3889c0b8589d", kill_on_drop: false }`
[INFO] running `Command { std: "docker" "inspect" "6dfd29b774bbfebafe65f9f559d0fdab36e09038003fd89d28fe3889c0b8589d", kill_on_drop: false }`
[INFO] running `Command { std: "docker" "rm" "-f" "6dfd29b774bbfebafe65f9f559d0fdab36e09038003fd89d28fe3889c0b8589d", kill_on_drop: false }`
[INFO] [stdout] 6dfd29b774bbfebafe65f9f559d0fdab36e09038003fd89d28fe3889c0b8589d
[INFO] running `Command { std: "docker" "create" "-v" "/var/lib/crater-agent-workspace/builds/worker-89/target:/opt/rustwide/target:rw,Z" "-v" "/var/lib/crater-agent-workspace/builds/worker-89/source:/opt/rustwide/workdir:ro,Z" "-v" "/var/lib/crater-agent-workspace/cargo-home:/opt/rustwide/cargo-home:ro,Z" "-v" "/var/lib/crater-agent-workspace/rustup-home:/opt/rustwide/rustup-home:ro,Z" "-e" "SOURCE_DIR=/opt/rustwide/workdir" "-e" "CARGO_TARGET_DIR=/opt/rustwide/target" "-e" "CARGO_INCREMENTAL=0" "-e" "RUST_BACKTRACE=full" "-e" "RUSTFLAGS=--cap-lints=warn" "-e" "CARGO_HOME=/opt/rustwide/cargo-home" "-e" "RUSTUP_HOME=/opt/rustwide/rustup-home" "-w" "/opt/rustwide/workdir" "-m" "1610612736" "--user" "0:0" "--network" "none" "ghcr.io/rust-lang/crates-build-env/linux@sha256:34b6a614d2c27851fe6cbf88fbd1137609cefab8b10d0615aaeb6fd47975d74e" "/opt/rustwide/cargo-home/bin/cargo" "+beta-2021-08-01" "build" "--frozen" "--message-format=json", kill_on_drop: false }`
[INFO] [stdout] ea920b3e59f58275eeb5a53de21e3156d08c8645098769c8662e8c546a42f5ee
[INFO] running `Command { std: "docker" "start" "-a" "ea920b3e59f58275eeb5a53de21e3156d08c8645098769c8662e8c546a42f5ee", kill_on_drop: false }`
[INFO] [stderr]    Compiling libc v0.2.51
[INFO] [stderr]    Compiling autocfg v0.1.2
[INFO] [stderr]    Compiling rand_core v0.4.0
[INFO] [stderr]    Compiling proc-macro2 v0.4.27
[INFO] [stderr]    Compiling cfg-if v0.1.7
[INFO] [stderr]    Compiling syn v0.15.30
[INFO] [stderr]    Compiling lazy_static v1.3.0
[INFO] [stderr]    Compiling cc v1.0.34
[INFO] [stderr]    Compiling memchr v2.2.0
[INFO] [stderr]    Compiling ucd-util v0.1.3
[INFO] [stderr]    Compiling serde v1.0.90
[INFO] [stderr]    Compiling byteorder v1.3.1
[INFO] [stderr]    Compiling regex v1.1.5
[INFO] [stderr]    Compiling utf8-ranges v1.0.2
[INFO] [stderr]    Compiling unicode-width v0.1.5
[INFO] [stderr]    Compiling smallvec v0.6.9
[INFO] [stderr]    Compiling ryu v0.2.7
[INFO] [stderr]    Compiling lazycell v1.2.1
[INFO] [stderr]    Compiling crc32fast v1.2.0
[INFO] [stderr]    Compiling quick-error v1.2.2
[INFO] [stderr]    Compiling same-file v1.0.4
[INFO] [stderr]    Compiling regex v0.2.11
[INFO] [stderr]    Compiling safemem v0.3.0
[INFO] [stderr]    Compiling slab v0.4.2
[INFO] [stderr]    Compiling itoa v0.4.3
[INFO] [stderr]    Compiling xml-rs v0.8.0
[INFO] [stderr]    Compiling linked-hash-map v0.5.2
[INFO] [stderr]    Compiling vec_map v0.8.1
[INFO] [stderr]    Compiling strsim v0.7.0
[INFO] [stderr]    Compiling ansi_term v0.11.0
[INFO] [stderr]    Compiling owning_ref v0.4.0
[INFO] [stderr]    Compiling rustc_version v0.2.3
[INFO] [stderr]    Compiling log v0.4.6
[INFO] [stderr]    Compiling textwrap v0.10.0
[INFO] [stderr]    Compiling regex-syntax v0.6.6
[INFO] [stderr]    Compiling lock_api v0.1.5
[INFO] [stderr]    Compiling regex-syntax v0.5.6
[INFO] [stderr]    Compiling rand_core v0.3.1
[INFO] [stderr]    Compiling rand_jitter v0.1.3
[INFO] [stderr]    Compiling humantime v1.2.0
[INFO] [stderr]    Compiling thread_local v0.3.6
[INFO] [stderr]    Compiling walkdir v2.2.7
[INFO] [stderr]    Compiling line-wrap v0.1.1
[INFO] [stderr]    Compiling yaml-rust v0.4.3
[INFO] [stderr]    Compiling parking_lot_core v0.4.0
[INFO] [stderr]    Compiling rand_pcg v0.1.2
[INFO] [stderr]    Compiling rand_chacha v0.1.1
[INFO] [stderr]    Compiling rand v0.6.5
[INFO] [stderr]    Compiling bincode v1.1.2
[INFO] [stderr]    Compiling onig_sys v69.1.0
[INFO] [stderr]    Compiling miniz-sys v0.1.11
[INFO] [stderr]    Compiling rand_hc v0.1.0
[INFO] [stderr]    Compiling rand_xorshift v0.1.1
[INFO] [stderr]    Compiling rand_isaac v0.1.1
[INFO] [stderr]    Compiling aho-corasick v0.7.3
[INFO] [stderr]    Compiling aho-corasick v0.6.10
[INFO] [stderr]    Compiling base64 v0.10.1
[INFO] [stderr]    Compiling quote v0.6.11
[INFO] [stderr]    Compiling rand_os v0.1.3
[INFO] [stderr]    Compiling atty v0.2.11
[INFO] [stderr]    Compiling iovec v0.1.2
[INFO] [stderr]    Compiling net2 v0.2.33
[INFO] [stderr]    Compiling termios v0.3.1
[INFO] [stderr]    Compiling inotify-sys v0.1.3
[INFO] [stderr]    Compiling clicolors-control v1.0.0
[INFO] [stderr]    Compiling clicolors-control v0.2.0
[INFO] [stderr]    Compiling filetime v0.2.4
[INFO] [stderr]    Compiling clap v2.32.0
[INFO] [stderr]    Compiling flate2 v1.0.7
[INFO] [stderr]    Compiling inotify v0.6.1
[INFO] [stderr]    Compiling mio v0.6.16
[INFO] [stderr]    Compiling mio-extras v2.0.5
[INFO] [stderr]    Compiling notify v4.0.10
[INFO] [stderr]    Compiling parking_lot v0.7.1
[INFO] [stderr]    Compiling console v0.7.5
[INFO] [stderr]    Compiling console v0.6.2
[INFO] [stderr]    Compiling indicatif v0.9.0
[INFO] [stderr]    Compiling serde_derive v1.0.90
[INFO] [stderr]    Compiling onig v4.3.2
[INFO] [stderr]    Compiling serde_json v1.0.39
[INFO] [stderr]    Compiling plist v0.4.1
[INFO] [stderr]    Compiling toml v0.4.10
[INFO] [stderr]    Compiling syntect v3.2.0
[INFO] [stderr]    Compiling rustlings v1.1.0 (/opt/rustwide/workdir)
[INFO] [stderr]     Finished dev [unoptimized + debuginfo] target(s) in 41.42s
[INFO] running `Command { std: "docker" "inspect" "ea920b3e59f58275eeb5a53de21e3156d08c8645098769c8662e8c546a42f5ee", kill_on_drop: false }`
[INFO] running `Command { std: "docker" "rm" "-f" "ea920b3e59f58275eeb5a53de21e3156d08c8645098769c8662e8c546a42f5ee", kill_on_drop: false }`
[INFO] [stdout] ea920b3e59f58275eeb5a53de21e3156d08c8645098769c8662e8c546a42f5ee
[INFO] running `Command { std: "docker" "create" "-v" "/var/lib/crater-agent-workspace/builds/worker-89/target:/opt/rustwide/target:rw,Z" "-v" "/var/lib/crater-agent-workspace/builds/worker-89/source:/opt/rustwide/workdir:ro,Z" "-v" "/var/lib/crater-agent-workspace/cargo-home:/opt/rustwide/cargo-home:ro,Z" "-v" "/var/lib/crater-agent-workspace/rustup-home:/opt/rustwide/rustup-home:ro,Z" "-e" "SOURCE_DIR=/opt/rustwide/workdir" "-e" "CARGO_TARGET_DIR=/opt/rustwide/target" "-e" "CARGO_INCREMENTAL=0" "-e" "RUST_BACKTRACE=full" "-e" "RUSTFLAGS=--cap-lints=warn" "-e" "CARGO_HOME=/opt/rustwide/cargo-home" "-e" "RUSTUP_HOME=/opt/rustwide/rustup-home" "-w" "/opt/rustwide/workdir" "-m" "1610612736" "--user" "0:0" "--network" "none" "ghcr.io/rust-lang/crates-build-env/linux@sha256:34b6a614d2c27851fe6cbf88fbd1137609cefab8b10d0615aaeb6fd47975d74e" "/opt/rustwide/cargo-home/bin/cargo" "+beta-2021-08-01" "test" "--frozen" "--no-run" "--message-format=json", kill_on_drop: false }`
[INFO] [stdout] 7cc807df83208dd48884270ee533b5f89749c714e1d0b7616364e5c235dcdcb3
[INFO] running `Command { std: "docker" "start" "-a" "7cc807df83208dd48884270ee533b5f89749c714e1d0b7616364e5c235dcdcb3", kill_on_drop: false }`
[INFO] [stderr]    Compiling escargot v0.4.0
[INFO] [stderr]    Compiling predicates-core v1.0.0
[INFO] [stderr]    Compiling difference v2.0.0
[INFO] [stderr]    Compiling treeline v0.1.0
[INFO] [stderr]    Compiling predicates-tree v1.0.0
[INFO] [stderr]    Compiling predicates v1.0.0
[INFO] [stderr]    Compiling assert_cmd v0.11.1
[INFO] [stderr]    Compiling rustlings v1.1.0 (/opt/rustwide/workdir)
[INFO] [stderr]     Finished test [unoptimized + debuginfo] target(s) in 3.44s
[INFO] running `Command { std: "docker" "inspect" "7cc807df83208dd48884270ee533b5f89749c714e1d0b7616364e5c235dcdcb3", kill_on_drop: false }`
[INFO] running `Command { std: "docker" "rm" "-f" "7cc807df83208dd48884270ee533b5f89749c714e1d0b7616364e5c235dcdcb3", kill_on_drop: false }`
[INFO] [stdout] 7cc807df83208dd48884270ee533b5f89749c714e1d0b7616364e5c235dcdcb3
[INFO] running `Command { std: "docker" "create" "-v" "/var/lib/crater-agent-workspace/builds/worker-89/target:/opt/rustwide/target:rw,Z" "-v" "/var/lib/crater-agent-workspace/builds/worker-89/source:/opt/rustwide/workdir:ro,Z" "-v" "/var/lib/crater-agent-workspace/cargo-home:/opt/rustwide/cargo-home:ro,Z" "-v" "/var/lib/crater-agent-workspace/rustup-home:/opt/rustwide/rustup-home:ro,Z" "-e" "SOURCE_DIR=/opt/rustwide/workdir" "-e" "CARGO_TARGET_DIR=/opt/rustwide/target" "-e" "CARGO_INCREMENTAL=0" "-e" "RUST_BACKTRACE=full" "-e" "RUSTFLAGS=--cap-lints=warn" "-e" "CARGO_HOME=/opt/rustwide/cargo-home" "-e" "RUSTUP_HOME=/opt/rustwide/rustup-home" "-w" "/opt/rustwide/workdir" "-m" "1610612736" "--user" "0:0" "--network" "none" "ghcr.io/rust-lang/crates-build-env/linux@sha256:34b6a614d2c27851fe6cbf88fbd1137609cefab8b10d0615aaeb6fd47975d74e" "/opt/rustwide/cargo-home/bin/cargo" "+beta-2021-08-01" "test" "--frozen", kill_on_drop: false }`
[INFO] [stdout] 35153307d99e0ac1da4dee03c6f468e28102999f891601baaff2bee9c58bcffa
[INFO] running `Command { std: "docker" "start" "-a" "35153307d99e0ac1da4dee03c6f468e28102999f891601baaff2bee9c58bcffa", kill_on_drop: false }`
[INFO] [stderr]     Finished test [unoptimized + debuginfo] target(s) in 0.11s
[INFO] [stderr]      Running unittests (/opt/rustwide/target/debug/deps/rustlings-7ab702dea8e53a2a)
[INFO] [stdout] 
[INFO] [stdout] running 1 test
[INFO] [stdout] test util::test_clean ... FAILED
[INFO] [stdout] 
[INFO] [stdout] failures:
[INFO] [stdout] 
[INFO] [stdout] ---- util::test_clean stdout ----
[INFO] [stdout] thread 'util::test_clean' panicked at 'called `Result::unwrap()` on an `Err` value: Os { code: 30, kind: ReadOnlyFilesystem, message: "Read-only file system" }', src/util.rs:9:35
[INFO] [stdout] stack backtrace:
[INFO] [stdout]    0:     0x563a2251b910 - std::backtrace_rs::backtrace::libunwind::trace::hff4d1766e93f64f1
[INFO] [stdout]                                at /rustc/53fd98ca776cb875bc9e5514f56b52eb74f9e7a9/library/std/src/../../backtrace/src/backtrace/libunwind.rs:90:5
[INFO] [stdout]    1:     0x563a2251b910 - std::backtrace_rs::backtrace::trace_unsynchronized::h56bbc8eb78770bcb
[INFO] [stdout]                                at /rustc/53fd98ca776cb875bc9e5514f56b52eb74f9e7a9/library/std/src/../../backtrace/src/backtrace/mod.rs:66:5
[INFO] [stdout]    2:     0x563a2251b910 - std::sys_common::backtrace::_print_fmt::h5c8e75464faca780
[INFO] [stdout]                                at /rustc/53fd98ca776cb875bc9e5514f56b52eb74f9e7a9/library/std/src/sys_common/backtrace.rs:67:5
[INFO] [stdout]    3:     0x563a2251b910 - <std::sys_common::backtrace::_print::DisplayBacktrace as core::fmt::Display>::fmt::h48b88277def8b362
[INFO] [stdout]                                at /rustc/53fd98ca776cb875bc9e5514f56b52eb74f9e7a9/library/std/src/sys_common/backtrace.rs:46:22
[INFO] [stdout]    4:     0x563a2253e28c - core::fmt::write::h3381b3176fe2b3d3
[INFO] [stdout]                                at /rustc/53fd98ca776cb875bc9e5514f56b52eb74f9e7a9/library/core/src/fmt/mod.rs:1115:17
[INFO] [stdout]    5:     0x563a22518875 - std::io::Write::write_fmt::h5f34a676f60246b5
[INFO] [stdout]                                at /rustc/53fd98ca776cb875bc9e5514f56b52eb74f9e7a9/library/std/src/io/mod.rs:1665:15
[INFO] [stdout]    6:     0x563a2251da8b - std::sys_common::backtrace::_print::ha537687d6c17dd0d
[INFO] [stdout]                                at /rustc/53fd98ca776cb875bc9e5514f56b52eb74f9e7a9/library/std/src/sys_common/backtrace.rs:49:5
[INFO] [stdout]    7:     0x563a2251da8b - std::sys_common::backtrace::print::h61376ae57d131d72
[INFO] [stdout]                                at /rustc/53fd98ca776cb875bc9e5514f56b52eb74f9e7a9/library/std/src/sys_common/backtrace.rs:36:9
[INFO] [stdout]    8:     0x563a2251da8b - std::panicking::default_hook::{{closure}}::h0f7208c0b9644a54
[INFO] [stdout]                                at /rustc/53fd98ca776cb875bc9e5514f56b52eb74f9e7a9/library/std/src/panicking.rs:208:50
[INFO] [stdout]    9:     0x563a2251d59c - std::panicking::default_hook::hdac7fc06578c14ce
[INFO] [stdout]                                at /rustc/53fd98ca776cb875bc9e5514f56b52eb74f9e7a9/library/std/src/panicking.rs:222:9
[INFO] [stdout]   10:     0x563a2251e154 - std::panicking::rust_panic_with_hook::h72b21c283da3d1ef
[INFO] [stdout]                                at /rustc/53fd98ca776cb875bc9e5514f56b52eb74f9e7a9/library/std/src/panicking.rs:622:17
[INFO] [stdout]   11:     0x563a2251dc37 - std::panicking::begin_panic_handler::{{closure}}::he5778f1729cff84a
[INFO] [stdout]                                at /rustc/53fd98ca776cb875bc9e5514f56b52eb74f9e7a9/library/std/src/panicking.rs:519:13
[INFO] [stdout]   12:     0x563a2251bdec - std::sys_common::backtrace::__rust_end_short_backtrace::h2d11ca8b453b4b1d
[INFO] [stdout]                                at /rustc/53fd98ca776cb875bc9e5514f56b52eb74f9e7a9/library/std/src/sys_common/backtrace.rs:141:18
[INFO] [stdout]   13:     0x563a2251db99 - rust_begin_unwind
[INFO] [stdout]                                at /rustc/53fd98ca776cb875bc9e5514f56b52eb74f9e7a9/library/std/src/panicking.rs:515:5
[INFO] [stdout]   14:     0x563a224ca3a1 - core::panicking::panic_fmt::hf9de31d4acbce4db
[INFO] [stdout]                                at /rustc/53fd98ca776cb875bc9e5514f56b52eb74f9e7a9/library/core/src/panicking.rs:92:14
[INFO] [stdout]   15:     0x563a224ca493 - core::result::unwrap_failed::ha0c84e81219e5878
[INFO] [stdout]                                at /rustc/53fd98ca776cb875bc9e5514f56b52eb74f9e7a9/library/core/src/result.rs:1599:5
[INFO] [stdout]   16:     0x563a224cad0e - core::result::Result<T,E>::unwrap::h5b97eee6746bdc8a
[INFO] [stdout]                                at /rustc/53fd98ca776cb875bc9e5514f56b52eb74f9e7a9/library/core/src/result.rs:1281:23
[INFO] [stdout]   17:     0x563a224cafcb - rustlings::util::test_clean::h95b46aa5f2f0cef7
[INFO] [stdout]                                at /opt/rustwide/workdir/src/util.rs:9:5
[INFO] [stdout]   18:     0x563a224caf8a - rustlings::util::test_clean::{{closure}}::he5c4d0e3378fc7b8
[INFO] [stdout]                                at /opt/rustwide/workdir/src/util.rs:8:1
[INFO] [stdout]   19:     0x563a224cb17e - core::ops::function::FnOnce::call_once::h5ff77e17cae244a5
[INFO] [stdout]                                at /rustc/53fd98ca776cb875bc9e5514f56b52eb74f9e7a9/library/core/src/ops/function.rs:227:5
[INFO] [stdout]   20:     0x563a224fe583 - core::ops::function::FnOnce::call_once::hbb52c4519d3137b0
[INFO] [stdout]                                at /rustc/53fd98ca776cb875bc9e5514f56b52eb74f9e7a9/library/core/src/ops/function.rs:227:5
[INFO] [stdout]   21:     0x563a224fe583 - test::__rust_begin_short_backtrace::h86fe3a2a5a5121af
[INFO] [stdout]                                at /rustc/53fd98ca776cb875bc9e5514f56b52eb74f9e7a9/library/test/src/lib.rs:578:5
[INFO] [stdout]   22:     0x563a224fd038 - <alloc::boxed::Box<F,A> as core::ops::function::FnOnce<Args>>::call_once::hfd956bc3d57399be
[INFO] [stdout]                                at /rustc/53fd98ca776cb875bc9e5514f56b52eb74f9e7a9/library/alloc/src/boxed.rs:1572:9
[INFO] [stdout]   23:     0x563a224fd038 - <std::panic::AssertUnwindSafe<F> as core::ops::function::FnOnce<()>>::call_once::h40dc93e0ddb5938a
[INFO] [stdout]                                at /rustc/53fd98ca776cb875bc9e5514f56b52eb74f9e7a9/library/std/src/panic.rs:347:9
[INFO] [stdout]   24:     0x563a224fd038 - std::panicking::try::do_call::h90d07750cb47c562
[INFO] [stdout]                                at /rustc/53fd98ca776cb875bc9e5514f56b52eb74f9e7a9/library/std/src/panicking.rs:401:40
[INFO] [stdout]   25:     0x563a224fd038 - std::panicking::try::h063c84733ad2a629
[INFO] [stdout]                                at /rustc/53fd98ca776cb875bc9e5514f56b52eb74f9e7a9/library/std/src/panicking.rs:365:19
[INFO] [stdout]   26:     0x563a224fd038 - std::panic::catch_unwind::h0c464836a84e7c08
[INFO] [stdout]                                at /rustc/53fd98ca776cb875bc9e5514f56b52eb74f9e7a9/library/std/src/panic.rs:434:14
[INFO] [stdout]   27:     0x563a224fd038 - test::run_test_in_process::h5cb06ef620b157fc
[INFO] [stdout]                                at /rustc/53fd98ca776cb875bc9e5514f56b52eb74f9e7a9/library/test/src/lib.rs:601:18
[INFO] [stdout]   28:     0x563a224fd038 - test::run_test::run_test_inner::{{closure}}::h76f677f4b93f9828
[INFO] [stdout]                                at /rustc/53fd98ca776cb875bc9e5514f56b52eb74f9e7a9/library/test/src/lib.rs:493:39
[INFO] [stdout]   29:     0x563a224cb7cd - test::run_test::run_test_inner::{{closure}}::h366d01fe04f4d67a
[INFO] [stdout]                                at /rustc/53fd98ca776cb875bc9e5514f56b52eb74f9e7a9/library/test/src/lib.rs:520:37
[INFO] [stdout]   30:     0x563a224cb7cd - std::sys_common::backtrace::__rust_begin_short_backtrace::h7dfa0de4eb395af2
[INFO] [stdout]                                at /rustc/53fd98ca776cb875bc9e5514f56b52eb74f9e7a9/library/std/src/sys_common/backtrace.rs:125:18
[INFO] [stdout]   31:     0x563a224cff98 - std::thread::Builder::spawn_unchecked::{{closure}}::{{closure}}::hf0a74bb58798037f
[INFO] [stdout]                                at /rustc/53fd98ca776cb875bc9e5514f56b52eb74f9e7a9/library/std/src/thread/mod.rs:476:17
[INFO] [stdout]   32:     0x563a224cff98 - <std::panic::AssertUnwindSafe<F> as core::ops::function::FnOnce<()>>::call_once::hb024e854818586ac
[INFO] [stdout]                                at /rustc/53fd98ca776cb875bc9e5514f56b52eb74f9e7a9/library/std/src/panic.rs:347:9
[INFO] [stdout]   33:     0x563a224cff98 - std::panicking::try::do_call::hb2dd9f1d0d48e41d
[INFO] [stdout]                                at /rustc/53fd98ca776cb875bc9e5514f56b52eb74f9e7a9/library/std/src/panicking.rs:401:40
[INFO] [stdout]   34:     0x563a224cff98 - std::panicking::try::h4717ae7bac8b2bf3
[INFO] [stdout]                                at /rustc/53fd98ca776cb875bc9e5514f56b52eb74f9e7a9/library/std/src/panicking.rs:365:19
[INFO] [stdout]   35:     0x563a224cff98 - std::panic::catch_unwind::h0dc8a061326ce8d8
[INFO] [stdout]                                at /rustc/53fd98ca776cb875bc9e5514f56b52eb74f9e7a9/library/std/src/panic.rs:434:14
[INFO] [stdout]   36:     0x563a224cff98 - std::thread::Builder::spawn_unchecked::{{closure}}::haa369e2d6fd00aa1
[INFO] [stdout]                                at /rustc/53fd98ca776cb875bc9e5514f56b52eb74f9e7a9/library/std/src/thread/mod.rs:475:30
[INFO] [stdout]   37:     0x563a224cff98 - core::ops::function::FnOnce::call_once{{vtable.shim}}::h36dcf3de8b056f17
[INFO] [stdout]                                at /rustc/53fd98ca776cb875bc9e5514f56b52eb74f9e7a9/library/core/src/ops/function.rs:227:5
[INFO] [stdout]   38:     0x563a22522e77 - <alloc::boxed::Box<F,A> as core::ops::function::FnOnce<Args>>::call_once::h65c29e4642be2358
[INFO] [stdout]                                at /rustc/53fd98ca776cb875bc9e5514f56b52eb74f9e7a9/library/alloc/src/boxed.rs:1572:9
[INFO] [stdout]   39:     0x563a22522e77 - <alloc::boxed::Box<F,A> as core::ops::function::FnOnce<Args>>::call_once::hd0f8f7fbbd9fffbf
[INFO] [stdout]                                at /rustc/53fd98ca776cb875bc9e5514f56b52eb74f9e7a9/library/alloc/src/boxed.rs:1572:9
[INFO] [stdout]   40:     0x563a22522e77 - std::sys::unix::thread::Thread::new::thread_start::h2fd22fee3ca77b65
[INFO] [stdout]                                at /rustc/53fd98ca776cb875bc9e5514f56b52eb74f9e7a9/library/std/src/sys/unix/thread.rs:74:17
[INFO] [stdout]   41:     0x7fc68cad4609 - start_thread
[INFO] [stdout]   42:     0x7fc68cc2b293 - clone
[INFO] [stdout]   43:                0x0 - <unknown>
[INFO] [stdout] 
[INFO] [stdout] 
[INFO] [stdout] failures:
[INFO] [stdout]     util::test_clean
[INFO] [stdout] 
[INFO] [stdout] test result: FAILED. 0 passed; 1 failed; 0 ignored; 0 measured; 0 filtered out; finished in 0.02s
[INFO] [stdout] 
[INFO] [stderr] error: test failed, to rerun pass '--bin rustlings'
[INFO] running `Command { std: "docker" "inspect" "35153307d99e0ac1da4dee03c6f468e28102999f891601baaff2bee9c58bcffa", kill_on_drop: false }`
[INFO] running `Command { std: "docker" "rm" "-f" "35153307d99e0ac1da4dee03c6f468e28102999f891601baaff2bee9c58bcffa", kill_on_drop: false }`
[INFO] [stdout] 35153307d99e0ac1da4dee03c6f468e28102999f891601baaff2bee9c58bcffa
