[INFO] cloning repository https://github.com/Cobrand/sprowl
[INFO] running `Command { std: "git" "-c" "credential.helper=" "-c" "credential.helper=/workspace/cargo-home/bin/git-credential-null" "clone" "--bare" "https://github.com/Cobrand/sprowl" "/workspace/cache/git-repos/https%3A%2F%2Fgithub.com%2FCobrand%2Fsprowl", kill_on_drop: false }`
[INFO] [stderr] Cloning into bare repository '/workspace/cache/git-repos/https%3A%2F%2Fgithub.com%2FCobrand%2Fsprowl'...
[INFO] running `Command { std: "git" "rev-parse" "HEAD", kill_on_drop: false }`
[INFO] [stdout] 50468a4f4fca873b264df8b535a08dbac67f0e47
[INFO] testing Cobrand/sprowl against 1.54.0 for beta-1.55-1
[INFO] running `Command { std: "git" "clone" "/workspace/cache/git-repos/https%3A%2F%2Fgithub.com%2FCobrand%2Fsprowl" "/workspace/builds/worker-4/source", kill_on_drop: false }`
[INFO] [stderr] Cloning into '/workspace/builds/worker-4/source'...
[INFO] [stderr] done.
[INFO] validating manifest of git repo https://github.com/Cobrand/sprowl on toolchain 1.54.0
[INFO] running `Command { std: "/workspace/cargo-home/bin/cargo" "+1.54.0" "metadata" "--manifest-path" "Cargo.toml" "--no-deps", kill_on_drop: false }`
[INFO] started tweaking git repo https://github.com/Cobrand/sprowl
[INFO] finished tweaking git repo https://github.com/Cobrand/sprowl
[INFO] tweaked toml for git repo https://github.com/Cobrand/sprowl written to /workspace/builds/worker-4/source/Cargo.toml
[INFO] running `Command { std: "/workspace/cargo-home/bin/cargo" "+1.54.0" "generate-lockfile" "--manifest-path" "Cargo.toml" "-Zno-index-update", kill_on_drop: false }`
[INFO] [stderr]     Blocking waiting for file lock on package cache
[INFO] [stderr]     Updating git repository `https://github.com/rustgd/cgmath.git`
[INFO] running `Command { std: "/workspace/cargo-home/bin/cargo" "+1.54.0" "fetch" "--manifest-path" "Cargo.toml", kill_on_drop: false }`
[INFO] [stderr]     Blocking waiting for file lock on package cache
[INFO] [stderr]     Blocking waiting for file lock on package cache
[INFO] running `Command { std: "docker" "create" "-v" "/var/lib/crater-agent-workspace/builds/worker-4/target:/opt/rustwide/target:rw,Z" "-v" "/var/lib/crater-agent-workspace/builds/worker-4/source:/opt/rustwide/workdir:ro,Z" "-v" "/var/lib/crater-agent-workspace/cargo-home:/opt/rustwide/cargo-home:ro,Z" "-v" "/var/lib/crater-agent-workspace/rustup-home:/opt/rustwide/rustup-home:ro,Z" "-e" "SOURCE_DIR=/opt/rustwide/workdir" "-e" "CARGO_TARGET_DIR=/opt/rustwide/target" "-e" "CARGO_HOME=/opt/rustwide/cargo-home" "-e" "RUSTUP_HOME=/opt/rustwide/rustup-home" "-w" "/opt/rustwide/workdir" "-m" "1610612736" "--user" "0:0" "--network" "none" "ghcr.io/rust-lang/crates-build-env/linux@sha256:34b6a614d2c27851fe6cbf88fbd1137609cefab8b10d0615aaeb6fd47975d74e" "/opt/rustwide/cargo-home/bin/cargo" "+1.54.0" "metadata" "--no-deps" "--format-version=1", kill_on_drop: false }`
[INFO] [stdout] d96088dcf246d25da5937d8064a99866352cb7acf4f61d6a64a67a0576c7b0d1
[INFO] running `Command { std: "docker" "start" "-a" "d96088dcf246d25da5937d8064a99866352cb7acf4f61d6a64a67a0576c7b0d1", kill_on_drop: false }`
[INFO] running `Command { std: "docker" "inspect" "d96088dcf246d25da5937d8064a99866352cb7acf4f61d6a64a67a0576c7b0d1", kill_on_drop: false }`
[INFO] running `Command { std: "docker" "rm" "-f" "d96088dcf246d25da5937d8064a99866352cb7acf4f61d6a64a67a0576c7b0d1", kill_on_drop: false }`
[INFO] [stdout] d96088dcf246d25da5937d8064a99866352cb7acf4f61d6a64a67a0576c7b0d1
[INFO] running `Command { std: "docker" "create" "-v" "/var/lib/crater-agent-workspace/builds/worker-4/target:/opt/rustwide/target:rw,Z" "-v" "/var/lib/crater-agent-workspace/builds/worker-4/source:/opt/rustwide/workdir:ro,Z" "-v" "/var/lib/crater-agent-workspace/cargo-home:/opt/rustwide/cargo-home:ro,Z" "-v" "/var/lib/crater-agent-workspace/rustup-home:/opt/rustwide/rustup-home:ro,Z" "-e" "SOURCE_DIR=/opt/rustwide/workdir" "-e" "CARGO_TARGET_DIR=/opt/rustwide/target" "-e" "CARGO_INCREMENTAL=0" "-e" "RUST_BACKTRACE=full" "-e" "RUSTFLAGS=--cap-lints=warn" "-e" "CARGO_HOME=/opt/rustwide/cargo-home" "-e" "RUSTUP_HOME=/opt/rustwide/rustup-home" "-w" "/opt/rustwide/workdir" "-m" "1610612736" "--user" "0:0" "--network" "none" "ghcr.io/rust-lang/crates-build-env/linux@sha256:34b6a614d2c27851fe6cbf88fbd1137609cefab8b10d0615aaeb6fd47975d74e" "/opt/rustwide/cargo-home/bin/cargo" "+1.54.0" "build" "--frozen" "--message-format=json", kill_on_drop: false }`
[INFO] [stdout] 9f895433b943da643ba018966d796d5f19576d5ff80f195c8ca53f95ae99d41f
[INFO] running `Command { std: "docker" "start" "-a" "9f895433b943da643ba018966d796d5f19576d5ff80f195c8ca53f95ae99d41f", kill_on_drop: false }`
[INFO] [stderr]     Blocking waiting for file lock on package cache
[INFO] [stderr]    Compiling autocfg v1.0.1
[INFO] [stderr]    Compiling log v0.4.14
[INFO] [stderr]    Compiling khronos_api v3.1.0
[INFO] [stderr]    Compiling libc v0.2.98
[INFO] [stderr]    Compiling crc32fast v1.2.1
[INFO] [stderr]    Compiling adler32 v1.2.0
[INFO] [stderr]    Compiling xml-rs v0.8.4
[INFO] [stderr]    Compiling version_check v0.9.3
[INFO] [stderr]    Compiling byteorder v1.4.3
[INFO] [stderr]    Compiling cgmath v0.17.0 (https://github.com/rustgd/cgmath.git?rev=a691de8#a691de87)
[INFO] [stderr]    Compiling once_cell v1.8.0
[INFO] [stderr]    Compiling ttf-parser v0.6.2
[INFO] [stderr]    Compiling ab_glyph_rasterizer v0.1.4
[INFO] [stderr]    Compiling color_quant v1.1.0
[INFO] [stderr]    Compiling bytemuck v1.7.2
[INFO] [stderr]    Compiling linked-hash-map v0.5.4
[INFO] [stderr]    Compiling smallvec v1.6.1
[INFO] [stderr]    Compiling miniz_oxide v0.3.7
[INFO] [stderr]    Compiling num-traits v0.2.14
[INFO] [stderr]    Compiling num-integer v0.1.44
[INFO] [stderr]    Compiling num-iter v0.1.42
[INFO] [stderr]    Compiling num-rational v0.3.2
[INFO] [stderr]    Compiling deflate v0.8.6
[INFO] [stderr]    Compiling ahash v0.7.4
[INFO] [stderr]    Compiling getrandom v0.2.3
[INFO] [stderr]    Compiling owned_ttf_parser v0.6.0
[INFO] [stderr]    Compiling gl_generator v0.14.0
[INFO] [stderr]    Compiling png v0.16.8
[INFO] [stderr]    Compiling approx v0.3.2
[INFO] [stderr]    Compiling gl v0.14.0
[INFO] [stderr]    Compiling rusttype v0.9.2
[INFO] [stderr]    Compiling hashbrown v0.11.2
[INFO] [stderr]    Compiling image v0.23.14
[INFO] [stderr]    Compiling sprowl v0.5.0 (/opt/rustwide/workdir)
[INFO] [stderr]     Finished dev [unoptimized + debuginfo] target(s) in 43.13s
[INFO] running `Command { std: "docker" "inspect" "9f895433b943da643ba018966d796d5f19576d5ff80f195c8ca53f95ae99d41f", kill_on_drop: false }`
[INFO] running `Command { std: "docker" "rm" "-f" "9f895433b943da643ba018966d796d5f19576d5ff80f195c8ca53f95ae99d41f", kill_on_drop: false }`
[INFO] [stdout] 9f895433b943da643ba018966d796d5f19576d5ff80f195c8ca53f95ae99d41f
[INFO] running `Command { std: "docker" "create" "-v" "/var/lib/crater-agent-workspace/builds/worker-4/target:/opt/rustwide/target:rw,Z" "-v" "/var/lib/crater-agent-workspace/builds/worker-4/source:/opt/rustwide/workdir:ro,Z" "-v" "/var/lib/crater-agent-workspace/cargo-home:/opt/rustwide/cargo-home:ro,Z" "-v" "/var/lib/crater-agent-workspace/rustup-home:/opt/rustwide/rustup-home:ro,Z" "-e" "SOURCE_DIR=/opt/rustwide/workdir" "-e" "CARGO_TARGET_DIR=/opt/rustwide/target" "-e" "CARGO_INCREMENTAL=0" "-e" "RUST_BACKTRACE=full" "-e" "RUSTFLAGS=--cap-lints=warn" "-e" "CARGO_HOME=/opt/rustwide/cargo-home" "-e" "RUSTUP_HOME=/opt/rustwide/rustup-home" "-w" "/opt/rustwide/workdir" "-m" "1610612736" "--user" "0:0" "--network" "none" "ghcr.io/rust-lang/crates-build-env/linux@sha256:34b6a614d2c27851fe6cbf88fbd1137609cefab8b10d0615aaeb6fd47975d74e" "/opt/rustwide/cargo-home/bin/cargo" "+1.54.0" "test" "--frozen" "--no-run" "--message-format=json", kill_on_drop: false }`
[INFO] [stdout] 321695211ce1196b6519f1dea432de1e2ebc2f1aea4c1dd7461fa66ca32b5a91
[INFO] running `Command { std: "docker" "start" "-a" "321695211ce1196b6519f1dea432de1e2ebc2f1aea4c1dd7461fa66ca32b5a91", kill_on_drop: false }`
[INFO] [stderr]     Blocking waiting for file lock on package cache
[INFO] [stderr]    Compiling memchr v2.4.0
[INFO] [stderr]    Compiling sdl2 v0.34.5
[INFO] [stderr]    Compiling regex-syntax v0.6.25
[INFO] [stderr]    Compiling humantime v2.1.0
[INFO] [stderr]    Compiling lazy_static v1.4.0
[INFO] [stderr]    Compiling termcolor v1.1.2
[INFO] [stderr]    Compiling sdl2-sys v0.34.5
[INFO] [stderr]    Compiling atty v0.2.14
[INFO] [stderr]    Compiling aho-corasick v0.7.18
[INFO] [stderr]    Compiling regex v1.5.4
[INFO] [stderr]    Compiling env_logger v0.8.4
[INFO] [stderr]    Compiling sprowl v0.5.0 (/opt/rustwide/workdir)
[INFO] [stdout] warning: unused variable: `lorem_ipsum_length`
[INFO] [stdout]    --> examples/sdl2-simple.rs:257:9
[INFO] [stdout]     |
[INFO] [stdout] 257 |     let lorem_ipsum_length = LOREM_IPSUM.chars().count();
[INFO] [stdout]     |         ^^^^^^^^^^^^^^^^^^ help: if this is intentional, prefix it with an underscore: `_lorem_ipsum_length`
[INFO] [stdout]     |
[INFO] [stdout]     = note: `#[warn(unused_variables)]` on by default
[INFO] [stdout] 
[INFO] [stdout] 
[INFO] [stdout] warning: unused variable: `text_progress`
[INFO] [stdout]    --> examples/sdl2-simple.rs:338:13
[INFO] [stdout]     |
[INFO] [stdout] 338 |         let text_progress = min(LOREM_IPSUM.len(), t / 4);
[INFO] [stdout]     |             ^^^^^^^^^^^^^ help: if this is intentional, prefix it with an underscore: `_text_progress`
[INFO] [stdout] 
[INFO] [stdout] 
[INFO] [stdout] warning: 2 warnings emitted
[INFO] [stdout] 
[INFO] [stdout] 
[INFO] [stderr]     Finished test [unoptimized + debuginfo] target(s) in 30.92s
[INFO] running `Command { std: "docker" "inspect" "321695211ce1196b6519f1dea432de1e2ebc2f1aea4c1dd7461fa66ca32b5a91", kill_on_drop: false }`
[INFO] running `Command { std: "docker" "rm" "-f" "321695211ce1196b6519f1dea432de1e2ebc2f1aea4c1dd7461fa66ca32b5a91", kill_on_drop: false }`
[INFO] [stdout] 321695211ce1196b6519f1dea432de1e2ebc2f1aea4c1dd7461fa66ca32b5a91
[INFO] running `Command { std: "docker" "create" "-v" "/var/lib/crater-agent-workspace/builds/worker-4/target:/opt/rustwide/target:rw,Z" "-v" "/var/lib/crater-agent-workspace/builds/worker-4/source:/opt/rustwide/workdir:ro,Z" "-v" "/var/lib/crater-agent-workspace/cargo-home:/opt/rustwide/cargo-home:ro,Z" "-v" "/var/lib/crater-agent-workspace/rustup-home:/opt/rustwide/rustup-home:ro,Z" "-e" "SOURCE_DIR=/opt/rustwide/workdir" "-e" "CARGO_TARGET_DIR=/opt/rustwide/target" "-e" "CARGO_INCREMENTAL=0" "-e" "RUST_BACKTRACE=full" "-e" "RUSTFLAGS=--cap-lints=warn" "-e" "CARGO_HOME=/opt/rustwide/cargo-home" "-e" "RUSTUP_HOME=/opt/rustwide/rustup-home" "-w" "/opt/rustwide/workdir" "-m" "1610612736" "--user" "0:0" "--network" "none" "ghcr.io/rust-lang/crates-build-env/linux@sha256:34b6a614d2c27851fe6cbf88fbd1137609cefab8b10d0615aaeb6fd47975d74e" "/opt/rustwide/cargo-home/bin/cargo" "+1.54.0" "test" "--frozen", kill_on_drop: false }`
[INFO] [stdout] 8f01f1bdced9f3470a360424ec0ee59e082e3696f6dd9d630039cad5636aeb6e
[INFO] running `Command { std: "docker" "start" "-a" "8f01f1bdced9f3470a360424ec0ee59e082e3696f6dd9d630039cad5636aeb6e", kill_on_drop: false }`
[INFO] [stderr] warning: unused variable: `lorem_ipsum_length`
[INFO] [stderr]    --> examples/sdl2-simple.rs:257:9
[INFO] [stderr]     |
[INFO] [stderr] 257 |     let lorem_ipsum_length = LOREM_IPSUM.chars().count();
[INFO] [stderr]     |         ^^^^^^^^^^^^^^^^^^ help: if this is intentional, prefix it with an underscore: `_lorem_ipsum_length`
[INFO] [stderr]     |
[INFO] [stderr]     = note: `#[warn(unused_variables)]` on by default
[INFO] [stderr] 
[INFO] [stderr] warning: unused variable: `text_progress`
[INFO] [stderr]    --> examples/sdl2-simple.rs:338:13
[INFO] [stderr]     |
[INFO] [stderr] 338 |         let text_progress = min(LOREM_IPSUM.len(), t / 4);
[INFO] [stderr]     |             ^^^^^^^^^^^^^ help: if this is intentional, prefix it with an underscore: `_text_progress`
[INFO] [stderr] 
[INFO] [stderr] warning: 2 warnings emitted
[INFO] [stderr] 
[INFO] [stderr]     Finished test [unoptimized + debuginfo] target(s) in 0.05s
[INFO] [stderr]      Running unittests (/opt/rustwide/target/debug/deps/sprowl-1cf820684543d57a)
[INFO] [stdout] 
[INFO] [stderr]    Doc-tests sprowl
[INFO] [stdout] running 0 tests
[INFO] [stdout] 
[INFO] [stdout] test result: ok. 0 passed; 0 failed; 0 ignored; 0 measured; 0 filtered out; finished in 0.00s
[INFO] [stdout] 
[INFO] [stdout] 
[INFO] [stdout] running 8 tests
[INFO] [stdout] test src/render_storage/font/font_cache.rs - render_storage::font::font_cache::CacheBuilder::position_tolerance (line 248) ... FAILED
[INFO] [stdout] test src/render_storage/font/font_cache.rs - render_storage::font::font_cache::CacheBuilder::scale_tolerance (line 218) ... FAILED
[INFO] [stdout] test src/render_storage/font/font_cache.rs - render_storage::font::font_cache::CacheBuilder::align_4x4 (line 279) ... FAILED
[INFO] [stdout] test src/render_storage/font/font_cache.rs - render_storage::font::font_cache::CacheBuilder::build (line 310) ... FAILED
[INFO] [stdout] test src/render_storage/font/font_cache.rs - render_storage::font::font_cache::CacheBuilder (line 143) ... FAILED
[INFO] [stdout] test src/render_storage/font/font_cache.rs - render_storage::font::font_cache::CacheBuilder::pad_glyphs (line 264) ... FAILED
[INFO] [stdout] test src/render_storage/font/font_cache.rs - render_storage::font::font_cache::CacheBuilder::rebuild (line 355) ... FAILED
[INFO] [stdout] test src/render_storage/font/font_cache.rs - render_storage::font::font_cache::CacheBuilder::dimensions (line 191) ... FAILED
[INFO] [stdout] 
[INFO] [stdout] failures:
[INFO] [stdout] 
[INFO] [stdout] ---- src/render_storage/font/font_cache.rs - render_storage::font::font_cache::CacheBuilder::position_tolerance (line 248) stdout ----
[INFO] [stdout] error[E0432]: unresolved import `rusttype::gpu_cache`
[INFO] [stdout]  --> src/render_storage/font/font_cache.rs:249:15
[INFO] [stdout]   |
[INFO] [stdout] 3 | use rusttype::gpu_cache::Cache;
[INFO] [stdout]   |               ^^^^^^^^^ could not find `gpu_cache` in `rusttype`
[INFO] [stdout] 
[INFO] [stdout] error: aborting due to previous error
[INFO] [stdout] 
[INFO] [stdout] For more information about this error, try `rustc --explain E0432`.
[INFO] [stdout] Couldn't compile the test.
[INFO] [stdout] ---- src/render_storage/font/font_cache.rs - render_storage::font::font_cache::CacheBuilder::scale_tolerance (line 218) stdout ----
[INFO] [stdout] error[E0432]: unresolved import `rusttype::gpu_cache`
[INFO] [stdout]  --> src/render_storage/font/font_cache.rs:219:15
[INFO] [stdout]   |
[INFO] [stdout] 3 | use rusttype::gpu_cache::Cache;
[INFO] [stdout]   |               ^^^^^^^^^ could not find `gpu_cache` in `rusttype`
[INFO] [stdout] 
[INFO] [stdout] error: aborting due to previous error
[INFO] [stdout] 
[INFO] [stdout] For more information about this error, try `rustc --explain E0432`.
[INFO] [stdout] Couldn't compile the test.
[INFO] [stdout] ---- src/render_storage/font/font_cache.rs - render_storage::font::font_cache::CacheBuilder::align_4x4 (line 279) stdout ----
[INFO] [stdout] error[E0432]: unresolved import `rusttype::gpu_cache`
[INFO] [stdout]  --> src/render_storage/font/font_cache.rs:280:15
[INFO] [stdout]   |
[INFO] [stdout] 3 | use rusttype::gpu_cache::Cache;
[INFO] [stdout]   |               ^^^^^^^^^ could not find `gpu_cache` in `rusttype`
[INFO] [stdout] 
[INFO] [stdout] error: aborting due to previous error
[INFO] [stdout] 
[INFO] [stdout] For more information about this error, try `rustc --explain E0432`.
[INFO] [stdout] Couldn't compile the test.
[INFO] [stdout] ---- src/render_storage/font/font_cache.rs - render_storage::font::font_cache::CacheBuilder::build (line 310) stdout ----
[INFO] [stdout] error[E0432]: unresolved import `rusttype::gpu_cache`
[INFO] [stdout]  --> src/render_storage/font/font_cache.rs:311:15
[INFO] [stdout]   |
[INFO] [stdout] 3 | use rusttype::gpu_cache::Cache;
[INFO] [stdout]   |               ^^^^^^^^^ could not find `gpu_cache` in `rusttype`
[INFO] [stdout] 
[INFO] [stdout] error: aborting due to previous error
[INFO] [stdout] 
[INFO] [stdout] For more information about this error, try `rustc --explain E0432`.
[INFO] [stdout] Couldn't compile the test.
[INFO] [stdout] ---- src/render_storage/font/font_cache.rs - render_storage::font::font_cache::CacheBuilder (line 143) stdout ----
[INFO] [stdout] error[E0432]: unresolved import `rusttype::gpu_cache`
[INFO] [stdout]  --> src/render_storage/font/font_cache.rs:144:15
[INFO] [stdout]   |
[INFO] [stdout] 3 | use rusttype::gpu_cache::Cache;
[INFO] [stdout]   |               ^^^^^^^^^ could not find `gpu_cache` in `rusttype`
[INFO] [stdout] 
[INFO] [stdout] error: aborting due to previous error
[INFO] [stdout] 
[INFO] [stdout] For more information about this error, try `rustc --explain E0432`.
[INFO] [stdout] Couldn't compile the test.
[INFO] [stdout] ---- src/render_storage/font/font_cache.rs - render_storage::font::font_cache::CacheBuilder::pad_glyphs (line 264) stdout ----
[INFO] [stdout] error[E0432]: unresolved import `rusttype::gpu_cache`
[INFO] [stdout]  --> src/render_storage/font/font_cache.rs:265:15
[INFO] [stdout]   |
[INFO] [stdout] 3 | use rusttype::gpu_cache::Cache;
[INFO] [stdout]   |               ^^^^^^^^^ could not find `gpu_cache` in `rusttype`
[INFO] [stdout] 
[INFO] [stdout] error: aborting due to previous error
[INFO] [stdout] 
[INFO] [stdout] For more information about this error, try `rustc --explain E0432`.
[INFO] [stdout] Couldn't compile the test.
[INFO] [stdout] ---- src/render_storage/font/font_cache.rs - render_storage::font::font_cache::CacheBuilder::rebuild (line 355) stdout ----
[INFO] [stdout] error[E0432]: unresolved import `rusttype::gpu_cache`
[INFO] [stdout]  --> src/render_storage/font/font_cache.rs:356:15
[INFO] [stdout]   |
[INFO] [stdout] 3 | use rusttype::gpu_cache::Cache;
[INFO] [stdout]   |               ^^^^^^^^^ could not find `gpu_cache` in `rusttype`
[INFO] [stdout] 
[INFO] [stdout] error: aborting due to previous error
[INFO] [stdout] 
[INFO] [stdout] For more information about this error, try `rustc --explain E0432`.
[INFO] [stdout] Couldn't compile the test.
[INFO] [stdout] ---- src/render_storage/font/font_cache.rs - render_storage::font::font_cache::CacheBuilder::dimensions (line 191) stdout ----
[INFO] [stdout] error[E0432]: unresolved import `rusttype::gpu_cache`
[INFO] [stdout]  --> src/render_storage/font/font_cache.rs:192:15
[INFO] [stdout]   |
[INFO] [stdout] 3 | use rusttype::gpu_cache::Cache;
[INFO] [stdout]   |               ^^^^^^^^^ could not find `gpu_cache` in `rusttype`
[INFO] [stdout] 
[INFO] [stdout] error: aborting due to previous error
[INFO] [stdout] 
[INFO] [stdout] For more information about this error, try `rustc --explain E0432`.
[INFO] [stdout] Couldn't compile the test.
[INFO] [stdout] 
[INFO] [stdout] failures:
[INFO] [stdout]     src/render_storage/font/font_cache.rs - render_storage::font::font_cache::CacheBuilder (line 143)
[INFO] [stdout]     src/render_storage/font/font_cache.rs - render_storage::font::font_cache::CacheBuilder::align_4x4 (line 279)
[INFO] [stdout]     src/render_storage/font/font_cache.rs - render_storage::font::font_cache::CacheBuilder::build (line 310)
[INFO] [stdout]     src/render_storage/font/font_cache.rs - render_storage::font::font_cache::CacheBuilder::dimensions (line 191)
[INFO] [stdout]     src/render_storage/font/font_cache.rs - render_storage::font::font_cache::CacheBuilder::pad_glyphs (line 264)
[INFO] [stdout]     src/render_storage/font/font_cache.rs - render_storage::font::font_cache::CacheBuilder::position_tolerance (line 248)
[INFO] [stdout]     src/render_storage/font/font_cache.rs - render_storage::font::font_cache::CacheBuilder::rebuild (line 355)
[INFO] [stdout]     src/render_storage/font/font_cache.rs - render_storage::font::font_cache::CacheBuilder::scale_tolerance (line 218)
[INFO] [stdout] 
[INFO] [stdout] test result: FAILED. 0 passed; 8 failed; 0 ignored; 0 measured; 0 filtered out; finished in 0.13s
[INFO] [stdout] 
[INFO] [stderr] error: test failed, to rerun pass '--doc'
[INFO] running `Command { std: "docker" "inspect" "8f01f1bdced9f3470a360424ec0ee59e082e3696f6dd9d630039cad5636aeb6e", kill_on_drop: false }`
[INFO] running `Command { std: "docker" "rm" "-f" "8f01f1bdced9f3470a360424ec0ee59e082e3696f6dd9d630039cad5636aeb6e", kill_on_drop: false }`
[INFO] [stdout] 8f01f1bdced9f3470a360424ec0ee59e082e3696f6dd9d630039cad5636aeb6e
