[INFO] cloning repository https://github.com/Ciantic/casterson
[INFO] running `Command { std: "git" "-c" "credential.helper=" "-c" "credential.helper=/workspace/cargo-home/bin/git-credential-null" "clone" "--bare" "https://github.com/Ciantic/casterson" "/workspace/cache/git-repos/https%3A%2F%2Fgithub.com%2FCiantic%2Fcasterson", kill_on_drop: false }`
[INFO] [stderr] Cloning into bare repository '/workspace/cache/git-repos/https%3A%2F%2Fgithub.com%2FCiantic%2Fcasterson'...
[INFO] running `Command { std: "git" "rev-parse" "HEAD", kill_on_drop: false }`
[INFO] [stdout] f729b4383b7e0f0e26217a826823a3f43a17a6c7
[INFO] testing Ciantic/casterson against beta-2021-08-01 for beta-1.55-1
[INFO] running `Command { std: "git" "clone" "/workspace/cache/git-repos/https%3A%2F%2Fgithub.com%2FCiantic%2Fcasterson" "/workspace/builds/worker-4/source", kill_on_drop: false }`
[INFO] [stderr] Cloning into '/workspace/builds/worker-4/source'...
[INFO] [stderr] done.
[INFO] validating manifest of git repo https://github.com/Ciantic/casterson on toolchain beta-2021-08-01
[INFO] running `Command { std: "/workspace/cargo-home/bin/cargo" "+beta-2021-08-01" "metadata" "--manifest-path" "Cargo.toml" "--no-deps", kill_on_drop: false }`
[INFO] started tweaking git repo https://github.com/Ciantic/casterson
[INFO] finished tweaking git repo https://github.com/Ciantic/casterson
[INFO] tweaked toml for git repo https://github.com/Ciantic/casterson written to /workspace/builds/worker-4/source/Cargo.toml
[INFO] crate git repo https://github.com/Ciantic/casterson already has a lockfile, it will not be regenerated
[INFO] running `Command { std: "/workspace/cargo-home/bin/cargo" "+beta-2021-08-01" "fetch" "--manifest-path" "Cargo.toml", kill_on_drop: false }`
[INFO] [stderr]  Downloading crates ...
[INFO] [stderr]   Downloaded tokio-macros v0.2.1
[INFO] [stderr]   Downloaded protobuf-codegen v2.10.0
[INFO] [stderr]   Downloaded hyper v0.13.1
[INFO] [stderr]   Downloaded protobuf v2.10.0
[INFO] [stderr]   Downloaded protoc v2.10.0
[INFO] [stderr]   Downloaded protoc-rust v2.10.0
[INFO] [stderr]   Downloaded derive_more v0.99.2
[INFO] [stderr]   Downloaded tokio v0.2.6
[INFO] [stderr]   Downloaded rust_cast v0.15.0
[INFO] running `Command { std: "docker" "create" "-v" "/var/lib/crater-agent-workspace/builds/worker-4/target:/opt/rustwide/target:rw,Z" "-v" "/var/lib/crater-agent-workspace/builds/worker-4/source:/opt/rustwide/workdir:ro,Z" "-v" "/var/lib/crater-agent-workspace/cargo-home:/opt/rustwide/cargo-home:ro,Z" "-v" "/var/lib/crater-agent-workspace/rustup-home:/opt/rustwide/rustup-home:ro,Z" "-e" "SOURCE_DIR=/opt/rustwide/workdir" "-e" "CARGO_TARGET_DIR=/opt/rustwide/target" "-e" "CARGO_HOME=/opt/rustwide/cargo-home" "-e" "RUSTUP_HOME=/opt/rustwide/rustup-home" "-w" "/opt/rustwide/workdir" "-m" "1610612736" "--user" "0:0" "--network" "none" "ghcr.io/rust-lang/crates-build-env/linux@sha256:34b6a614d2c27851fe6cbf88fbd1137609cefab8b10d0615aaeb6fd47975d74e" "/opt/rustwide/cargo-home/bin/cargo" "+beta-2021-08-01" "metadata" "--no-deps" "--format-version=1", kill_on_drop: false }`
[INFO] [stderr] WARNING: Your kernel does not support swap limit capabilities or the cgroup is not mounted. Memory limited without swap.
[INFO] [stdout] 27b2d429d9fb372a8e246e28efa71425164d962fc430de0f936ecb448544d88d
[INFO] running `Command { std: "docker" "start" "-a" "27b2d429d9fb372a8e246e28efa71425164d962fc430de0f936ecb448544d88d", kill_on_drop: false }`
[INFO] running `Command { std: "docker" "inspect" "27b2d429d9fb372a8e246e28efa71425164d962fc430de0f936ecb448544d88d", kill_on_drop: false }`
[INFO] running `Command { std: "docker" "rm" "-f" "27b2d429d9fb372a8e246e28efa71425164d962fc430de0f936ecb448544d88d", kill_on_drop: false }`
[INFO] [stdout] 27b2d429d9fb372a8e246e28efa71425164d962fc430de0f936ecb448544d88d
[INFO] running `Command { std: "docker" "create" "-v" "/var/lib/crater-agent-workspace/builds/worker-4/target:/opt/rustwide/target:rw,Z" "-v" "/var/lib/crater-agent-workspace/builds/worker-4/source:/opt/rustwide/workdir:ro,Z" "-v" "/var/lib/crater-agent-workspace/cargo-home:/opt/rustwide/cargo-home:ro,Z" "-v" "/var/lib/crater-agent-workspace/rustup-home:/opt/rustwide/rustup-home:ro,Z" "-e" "SOURCE_DIR=/opt/rustwide/workdir" "-e" "CARGO_TARGET_DIR=/opt/rustwide/target" "-e" "CARGO_INCREMENTAL=0" "-e" "RUST_BACKTRACE=full" "-e" "RUSTFLAGS=--cap-lints=warn" "-e" "CARGO_HOME=/opt/rustwide/cargo-home" "-e" "RUSTUP_HOME=/opt/rustwide/rustup-home" "-w" "/opt/rustwide/workdir" "-m" "1610612736" "--user" "0:0" "--network" "none" "ghcr.io/rust-lang/crates-build-env/linux@sha256:34b6a614d2c27851fe6cbf88fbd1137609cefab8b10d0615aaeb6fd47975d74e" "/opt/rustwide/cargo-home/bin/cargo" "+beta-2021-08-01" "build" "--frozen" "--message-format=json", kill_on_drop: false }`
[INFO] [stderr] WARNING: Your kernel does not support swap limit capabilities or the cgroup is not mounted. Memory limited without swap.
[INFO] [stdout] 172065dd3a64f98d1393d70fde59155695ae9a523772bf86ac994600aee029e3
[INFO] running `Command { std: "docker" "start" "-a" "172065dd3a64f98d1393d70fde59155695ae9a523772bf86ac994600aee029e3", kill_on_drop: false }`
[INFO] [stderr]     Blocking waiting for file lock on package cache
[INFO] [stderr]    Compiling syn v1.0.11
[INFO] [stderr]    Compiling futures-core v0.3.1
[INFO] [stderr]    Compiling protobuf v2.10.0
[INFO] [stderr]    Compiling futures-sink v0.3.1
[INFO] [stderr]    Compiling bytes v0.5.3
[INFO] [stderr]    Compiling itoa v0.4.4
[INFO] [stderr]    Compiling pkg-config v0.3.17
[INFO] [stderr]    Compiling cc v1.0.48
[INFO] [stderr]    Compiling fnv v1.0.6
[INFO] [stderr]    Compiling futures-task v0.3.1
[INFO] [stderr]    Compiling arc-swap v0.4.4
[INFO] [stderr]    Compiling futures-io v0.3.1
[INFO] [stderr]    Compiling pin-project-lite v0.1.1
[INFO] [stderr]    Compiling openssl v0.10.26
[INFO] [stderr]    Compiling smallvec v1.1.0
[INFO] [stderr]    Compiling try-lock v0.2.2
[INFO] [stderr]    Compiling same-file v1.0.5
[INFO] [stderr]    Compiling crossbeam-utils v0.7.0
[INFO] [stderr]    Compiling crossbeam-epoch v0.8.0
[INFO] [stderr]    Compiling indexmap v1.3.0
[INFO] [stderr]    Compiling futures-channel v0.3.1
[INFO] [stderr]    Compiling num_cpus v1.11.1
[INFO] [stderr]    Compiling protoc v2.10.0
[INFO] [stderr]    Compiling want v0.3.0
[INFO] [stderr]    Compiling memoffset v0.5.3
[INFO] [stderr]    Compiling mio v0.6.21
[INFO] [stderr]    Compiling walkdir v2.2.9
[INFO] [stderr]    Compiling http v0.2.0
[INFO] [stderr]    Compiling unicode-normalization v0.1.11
[INFO] [stderr]    Compiling signal-hook-registry v1.2.0
[INFO] [stderr]    Compiling tempfile v3.1.0
[INFO] [stderr]    Compiling mio-uds v0.6.7
[INFO] [stderr]    Compiling crossbeam-queue v0.2.1
[INFO] [stderr]    Compiling crossbeam-channel v0.4.0
[INFO] [stderr]    Compiling openssl-sys v0.9.53
[INFO] [stderr]    Compiling idna v0.2.0
[INFO] [stderr]    Compiling crossbeam-deque v0.7.2
[INFO] [stderr]    Compiling crossbeam v0.7.3
[INFO] [stderr]    Compiling http-body v0.3.1
[INFO] [stderr]    Compiling protobuf-codegen v2.10.0
[INFO] [stderr]    Compiling protoc-rust v2.10.0
[INFO] [stderr]    Compiling syn-mid v0.4.0
[INFO] [stderr]    Compiling rust_cast v0.15.0
[INFO] [stderr]    Compiling proc-macro-hack v0.5.11
[INFO] [stderr]    Compiling rustversion v1.0.1
[INFO] [stderr]    Compiling serde_derive v1.0.104
[INFO] [stderr]    Compiling tokio-macros v0.2.1
[INFO] [stderr]    Compiling pin-project-internal v0.4.6
[INFO] [stderr]    Compiling derive_more v0.99.2
[INFO] [stderr]    Compiling tokio v0.2.6
[INFO] [stderr]    Compiling proc-macro-error v0.4.4
[INFO] [stderr]    Compiling proc-macro-error-attr v0.4.3
[INFO] [stderr]    Compiling futures-macro v0.3.1
[INFO] [stderr]    Compiling pin-project v0.4.6
[INFO] [stderr]    Compiling structopt-derive v0.4.0
[INFO] [stderr]    Compiling futures-util v0.3.1
[INFO] [stderr]    Compiling tokio-util v0.2.0
[INFO] [stderr]    Compiling serde v1.0.104
[INFO] [stderr]    Compiling structopt v0.3.7
[INFO] [stderr]    Compiling h2 v0.2.1
[INFO] [stderr]    Compiling futures-executor v0.3.1
[INFO] [stderr]    Compiling futures v0.3.1
[INFO] [stderr]    Compiling hyper v0.13.1
[INFO] [stderr]    Compiling serde_json v1.0.44
[INFO] [stderr]    Compiling url v2.1.0
[INFO] [stderr]    Compiling casterson v0.1.0 (/opt/rustwide/workdir)
[INFO] [stderr]     Finished dev [unoptimized + debuginfo] target(s) in 1m 05s
[INFO] running `Command { std: "docker" "inspect" "172065dd3a64f98d1393d70fde59155695ae9a523772bf86ac994600aee029e3", kill_on_drop: false }`
[INFO] running `Command { std: "docker" "rm" "-f" "172065dd3a64f98d1393d70fde59155695ae9a523772bf86ac994600aee029e3", kill_on_drop: false }`
[INFO] [stdout] 172065dd3a64f98d1393d70fde59155695ae9a523772bf86ac994600aee029e3
[INFO] running `Command { std: "docker" "create" "-v" "/var/lib/crater-agent-workspace/builds/worker-4/target:/opt/rustwide/target:rw,Z" "-v" "/var/lib/crater-agent-workspace/builds/worker-4/source:/opt/rustwide/workdir:ro,Z" "-v" "/var/lib/crater-agent-workspace/cargo-home:/opt/rustwide/cargo-home:ro,Z" "-v" "/var/lib/crater-agent-workspace/rustup-home:/opt/rustwide/rustup-home:ro,Z" "-e" "SOURCE_DIR=/opt/rustwide/workdir" "-e" "CARGO_TARGET_DIR=/opt/rustwide/target" "-e" "CARGO_INCREMENTAL=0" "-e" "RUST_BACKTRACE=full" "-e" "RUSTFLAGS=--cap-lints=warn" "-e" "CARGO_HOME=/opt/rustwide/cargo-home" "-e" "RUSTUP_HOME=/opt/rustwide/rustup-home" "-w" "/opt/rustwide/workdir" "-m" "1610612736" "--user" "0:0" "--network" "none" "ghcr.io/rust-lang/crates-build-env/linux@sha256:34b6a614d2c27851fe6cbf88fbd1137609cefab8b10d0615aaeb6fd47975d74e" "/opt/rustwide/cargo-home/bin/cargo" "+beta-2021-08-01" "test" "--frozen" "--no-run" "--message-format=json", kill_on_drop: false }`
[INFO] [stdout] d5e09cfb572f85f1faad76d478a7a022fc7b45326647d39eac5d69a9d75031f8
[INFO] [stderr] WARNING: Your kernel does not support swap limit capabilities or the cgroup is not mounted. Memory limited without swap.
[INFO] running `Command { std: "docker" "start" "-a" "d5e09cfb572f85f1faad76d478a7a022fc7b45326647d39eac5d69a9d75031f8", kill_on_drop: false }`
[INFO] [stderr]     Blocking waiting for file lock on package cache
[INFO] [stderr]    Compiling casterson v0.1.0 (/opt/rustwide/workdir)
[INFO] [stderr]     Finished test [unoptimized + debuginfo] target(s) in 5.64s
[INFO] running `Command { std: "docker" "inspect" "d5e09cfb572f85f1faad76d478a7a022fc7b45326647d39eac5d69a9d75031f8", kill_on_drop: false }`
[INFO] running `Command { std: "docker" "rm" "-f" "d5e09cfb572f85f1faad76d478a7a022fc7b45326647d39eac5d69a9d75031f8", kill_on_drop: false }`
[INFO] [stdout] d5e09cfb572f85f1faad76d478a7a022fc7b45326647d39eac5d69a9d75031f8
[INFO] running `Command { std: "docker" "create" "-v" "/var/lib/crater-agent-workspace/builds/worker-4/target:/opt/rustwide/target:rw,Z" "-v" "/var/lib/crater-agent-workspace/builds/worker-4/source:/opt/rustwide/workdir:ro,Z" "-v" "/var/lib/crater-agent-workspace/cargo-home:/opt/rustwide/cargo-home:ro,Z" "-v" "/var/lib/crater-agent-workspace/rustup-home:/opt/rustwide/rustup-home:ro,Z" "-e" "SOURCE_DIR=/opt/rustwide/workdir" "-e" "CARGO_TARGET_DIR=/opt/rustwide/target" "-e" "CARGO_INCREMENTAL=0" "-e" "RUST_BACKTRACE=full" "-e" "RUSTFLAGS=--cap-lints=warn" "-e" "CARGO_HOME=/opt/rustwide/cargo-home" "-e" "RUSTUP_HOME=/opt/rustwide/rustup-home" "-w" "/opt/rustwide/workdir" "-m" "1610612736" "--user" "0:0" "--network" "none" "ghcr.io/rust-lang/crates-build-env/linux@sha256:34b6a614d2c27851fe6cbf88fbd1137609cefab8b10d0615aaeb6fd47975d74e" "/opt/rustwide/cargo-home/bin/cargo" "+beta-2021-08-01" "test" "--frozen", kill_on_drop: false }`
[INFO] [stderr] WARNING: Your kernel does not support swap limit capabilities or the cgroup is not mounted. Memory limited without swap.
[INFO] [stdout] 6c8ea4f1f2d28503c2f336199ca34cdb63e79edd7326a87194753742c76266a6
[INFO] running `Command { std: "docker" "start" "-a" "6c8ea4f1f2d28503c2f336199ca34cdb63e79edd7326a87194753742c76266a6", kill_on_drop: false }`
[INFO] [stderr]     Finished test [unoptimized + debuginfo] target(s) in 0.12s
[INFO] [stderr]      Running unittests (/opt/rustwide/target/debug/deps/casterson-abdf482e015aecd6)
[INFO] [stdout] 
[INFO] [stdout] running 1 test
[INFO] [stdout] test media::tests::test_get_info ... FAILED
[INFO] [stdout] 
[INFO] [stdout] failures:
[INFO] [stdout] 
[INFO] [stdout] ---- media::tests::test_get_info stdout ----
[INFO] [stdout] thread 'media::tests::test_get_info' panicked at 'called `Result::unwrap()` on an `Err` value: Os { code: 2, kind: NotFound, message: "No such file or directory" }', src/media.rs:292:72
[INFO] [stdout] stack backtrace:
[INFO] [stdout]    0:     0x56176711d9a0 - std::backtrace_rs::backtrace::libunwind::trace::hff4d1766e93f64f1
[INFO] [stdout]                                at /rustc/53fd98ca776cb875bc9e5514f56b52eb74f9e7a9/library/std/src/../../backtrace/src/backtrace/libunwind.rs:90:5
[INFO] [stdout]    1:     0x56176711d9a0 - std::backtrace_rs::backtrace::trace_unsynchronized::h56bbc8eb78770bcb
[INFO] [stdout]                                at /rustc/53fd98ca776cb875bc9e5514f56b52eb74f9e7a9/library/std/src/../../backtrace/src/backtrace/mod.rs:66:5
[INFO] [stdout]    2:     0x56176711d9a0 - std::sys_common::backtrace::_print_fmt::h5c8e75464faca780
[INFO] [stdout]                                at /rustc/53fd98ca776cb875bc9e5514f56b52eb74f9e7a9/library/std/src/sys_common/backtrace.rs:67:5
[INFO] [stdout]    3:     0x56176711d9a0 - <std::sys_common::backtrace::_print::DisplayBacktrace as core::fmt::Display>::fmt::h48b88277def8b362
[INFO] [stdout]                                at /rustc/53fd98ca776cb875bc9e5514f56b52eb74f9e7a9/library/std/src/sys_common/backtrace.rs:46:22
[INFO] [stdout]    4:     0x561767141acc - core::fmt::write::h3381b3176fe2b3d3
[INFO] [stdout]                                at /rustc/53fd98ca776cb875bc9e5514f56b52eb74f9e7a9/library/core/src/fmt/mod.rs:1115:17
[INFO] [stdout]    5:     0x56176711a555 - std::io::Write::write_fmt::h5f34a676f60246b5
[INFO] [stdout]                                at /rustc/53fd98ca776cb875bc9e5514f56b52eb74f9e7a9/library/std/src/io/mod.rs:1665:15
[INFO] [stdout]    6:     0x56176711fb6b - std::sys_common::backtrace::_print::ha537687d6c17dd0d
[INFO] [stdout]                                at /rustc/53fd98ca776cb875bc9e5514f56b52eb74f9e7a9/library/std/src/sys_common/backtrace.rs:49:5
[INFO] [stdout]    7:     0x56176711fb6b - std::sys_common::backtrace::print::h61376ae57d131d72
[INFO] [stdout]                                at /rustc/53fd98ca776cb875bc9e5514f56b52eb74f9e7a9/library/std/src/sys_common/backtrace.rs:36:9
[INFO] [stdout]    8:     0x56176711fb6b - std::panicking::default_hook::{{closure}}::h0f7208c0b9644a54
[INFO] [stdout]                                at /rustc/53fd98ca776cb875bc9e5514f56b52eb74f9e7a9/library/std/src/panicking.rs:208:50
[INFO] [stdout]    9:     0x56176711f67c - std::panicking::default_hook::hdac7fc06578c14ce
[INFO] [stdout]                                at /rustc/53fd98ca776cb875bc9e5514f56b52eb74f9e7a9/library/std/src/panicking.rs:222:9
[INFO] [stdout]   10:     0x561767120234 - std::panicking::rust_panic_with_hook::h72b21c283da3d1ef
[INFO] [stdout]                                at /rustc/53fd98ca776cb875bc9e5514f56b52eb74f9e7a9/library/std/src/panicking.rs:622:17
[INFO] [stdout]   11:     0x56176711fd17 - std::panicking::begin_panic_handler::{{closure}}::he5778f1729cff84a
[INFO] [stdout]                                at /rustc/53fd98ca776cb875bc9e5514f56b52eb74f9e7a9/library/std/src/panicking.rs:519:13
[INFO] [stdout]   12:     0x56176711de7c - std::sys_common::backtrace::__rust_end_short_backtrace::h2d11ca8b453b4b1d
[INFO] [stdout]                                at /rustc/53fd98ca776cb875bc9e5514f56b52eb74f9e7a9/library/std/src/sys_common/backtrace.rs:141:18
[INFO] [stdout]   13:     0x56176711fc79 - rust_begin_unwind
[INFO] [stdout]                                at /rustc/53fd98ca776cb875bc9e5514f56b52eb74f9e7a9/library/std/src/panicking.rs:515:5
[INFO] [stdout]   14:     0x561766fbc4b1 - core::panicking::panic_fmt::hf9de31d4acbce4db
[INFO] [stdout]                                at /rustc/53fd98ca776cb875bc9e5514f56b52eb74f9e7a9/library/core/src/panicking.rs:92:14
[INFO] [stdout]   15:     0x561766fbc5a3 - core::result::unwrap_failed::ha0c84e81219e5878
[INFO] [stdout]                                at /rustc/53fd98ca776cb875bc9e5514f56b52eb74f9e7a9/library/core/src/result.rs:1599:5
[INFO] [stdout]   16:     0x561766fd948b - core::result::Result<T,E>::unwrap::hc5826a8657efa35c
[INFO] [stdout]                                at /rustc/53fd98ca776cb875bc9e5514f56b52eb74f9e7a9/library/core/src/result.rs:1281:23
[INFO] [stdout]   17:     0x561766fd54c6 - casterson::media::tests::test_get_info::{{closure}}::h3a4cd575182029ef
[INFO] [stdout]                                at /opt/rustwide/workdir/src/media.rs:292:22
[INFO] [stdout]   18:     0x561766fd89ab - <core::future::from_generator::GenFuture<T> as core::future::future::Future>::poll::h83f22b86ed3e7142
[INFO] [stdout]                                at /rustc/53fd98ca776cb875bc9e5514f56b52eb74f9e7a9/library/core/src/future/mod.rs:80:19
[INFO] [stdout]   19:     0x561766fd7f98 - tokio::runtime::basic_scheduler::BasicScheduler<P>::block_on::{{closure}}::h4ce89ae0f7eadb3f
[INFO] [stdout]                                at /opt/rustwide/cargo-home/registry/src/github.com-1ecc6299db9ec823/tokio-0.2.6/src/runtime/basic_scheduler.rs:139:35
[INFO] [stdout]   20:     0x561766fd02f7 - tokio::runtime::global::with_state::{{closure}}::hfe544bca00c5a4ea
[INFO] [stdout]                                at /opt/rustwide/cargo-home/registry/src/github.com-1ecc6299db9ec823/tokio-0.2.6/src/runtime/global.rs:100:9
[INFO] [stdout]   21:     0x561766fd5ed4 - std::thread::local::LocalKey<T>::try_with::heb6188c330120c9d
[INFO] [stdout]                                at /rustc/53fd98ca776cb875bc9e5514f56b52eb74f9e7a9/library/std/src/thread/local.rs:399:16
[INFO] [stdout]   22:     0x561766fd57d6 - std::thread::local::LocalKey<T>::with::hb3a9dd63f798c417
[INFO] [stdout]                                at /rustc/53fd98ca776cb875bc9e5514f56b52eb74f9e7a9/library/std/src/thread/local.rs:375:9
[INFO] [stdout]   23:     0x561766fcfec3 - tokio::runtime::global::with_state::h641a1c9f339d0872
[INFO] [stdout]                                at /opt/rustwide/cargo-home/registry/src/github.com-1ecc6299db9ec823/tokio-0.2.6/src/runtime/global.rs:83:5
[INFO] [stdout]   24:     0x561766fd0475 - tokio::runtime::global::with_basic_scheduler::hc8ebf69edc9abf3d
[INFO] [stdout]                                at /opt/rustwide/cargo-home/registry/src/github.com-1ecc6299db9ec823/tokio-0.2.6/src/runtime/global.rs:62:5
[INFO] [stdout]   25:     0x561766fd7dad - tokio::runtime::basic_scheduler::BasicScheduler<P>::block_on::h2d44d7c2512ce219
[INFO] [stdout]                                at /opt/rustwide/cargo-home/registry/src/github.com-1ecc6299db9ec823/tokio-0.2.6/src/runtime/basic_scheduler.rs:122:9
[INFO] [stdout]   26:     0x561766fd50b2 - tokio::runtime::Runtime::block_on::{{closure}}::h1f0d9a148276113b
[INFO] [stdout]                                at /opt/rustwide/cargo-home/registry/src/github.com-1ecc6299db9ec823/tokio-0.2.6/src/runtime/mod.rs:419:34
[INFO] [stdout]   27:     0x561766fd01a8 - tokio::runtime::global::with_state::{{closure}}::h8f622bf5d3de6c1b
[INFO] [stdout]                                at /opt/rustwide/cargo-home/registry/src/github.com-1ecc6299db9ec823/tokio-0.2.6/src/runtime/global.rs:100:9
[INFO] [stdout]   28:     0x561766fd596a - std::thread::local::LocalKey<T>::try_with::h4f2b099eefcfab4e
[INFO] [stdout]                                at /rustc/53fd98ca776cb875bc9e5514f56b52eb74f9e7a9/library/std/src/thread/local.rs:399:16
[INFO] [stdout]   29:     0x561766fd5680 - std::thread::local::LocalKey<T>::with::h08aa730376f5d75a
[INFO] [stdout]                                at /rustc/53fd98ca776cb875bc9e5514f56b52eb74f9e7a9/library/std/src/thread/local.rs:375:9
[INFO] [stdout]   30:     0x561766fcff1a - tokio::runtime::global::with_state::hbd05a56788beeda7
[INFO] [stdout]                                at /opt/rustwide/cargo-home/registry/src/github.com-1ecc6299db9ec823/tokio-0.2.6/src/runtime/global.rs:83:5
[INFO] [stdout]   31:     0x561766fd0420 - tokio::runtime::global::with_basic_scheduler::h071525aab06bb92f
[INFO] [stdout]                                at /opt/rustwide/cargo-home/registry/src/github.com-1ecc6299db9ec823/tokio-0.2.6/src/runtime/global.rs:62:5
[INFO] [stdout]   32:     0x561766fd814b - tokio::runtime::basic_scheduler::Spawner::enter::h5396e67ad19f76fd
[INFO] [stdout]                                at /opt/rustwide/cargo-home/registry/src/github.com-1ecc6299db9ec823/tokio-0.2.6/src/runtime/basic_scheduler.rs:174:9
[INFO] [stdout]   33:     0x561766fd054e - tokio::runtime::spawner::Spawner::enter::h7763787710c9fdee
[INFO] [stdout]                                at /opt/rustwide/cargo-home/registry/src/github.com-1ecc6299db9ec823/tokio-0.2.6/src/runtime/spawner.rs:30:40
[INFO] [stdout]   34:     0x561766fce6e7 - tokio::runtime::handle::Handle::enter::{{closure}}::{{closure}}::h68e413a75a9d2097
[INFO] [stdout]                                at /opt/rustwide/cargo-home/registry/src/github.com-1ecc6299db9ec823/tokio-0.2.6/src/runtime/handle.rs:36:67
[INFO] [stdout]   35:     0x561766fd4f84 - tokio::time::clock::Clock::enter::hb555681b6024c019
[INFO] [stdout]                                at /opt/rustwide/cargo-home/registry/src/github.com-1ecc6299db9ec823/tokio-0.2.6/src/time/clock.rs:30:13
[INFO] [stdout]   36:     0x561766fdb3a2 - tokio::runtime::time::variant::with_default::h4548b77ed33dbe7d
[INFO] [stdout]                                at /opt/rustwide/cargo-home/registry/src/github.com-1ecc6299db9ec823/tokio-0.2.6/src/runtime/time.rs:43:9
[INFO] [stdout]   37:     0x561766fce630 - tokio::runtime::handle::Handle::enter::{{closure}}::h936c85950d06dad3
[INFO] [stdout]                                at /opt/rustwide/cargo-home/registry/src/github.com-1ecc6299db9ec823/tokio-0.2.6/src/runtime/handle.rs:36:13
[INFO] [stdout]   38:     0x561766fca58a - tokio::runtime::blocking::pool::Spawner::enter::{{closure}}::h7762937cfa9dfb67
[INFO] [stdout]                                at /opt/rustwide/cargo-home/registry/src/github.com-1ecc6299db9ec823/tokio-0.2.6/src/runtime/blocking/pool.rs:194:13
[INFO] [stdout]   39:     0x561766fd5d8a - std::thread::local::LocalKey<T>::try_with::hc0c149889a035efc
[INFO] [stdout]                                at /rustc/53fd98ca776cb875bc9e5514f56b52eb74f9e7a9/library/std/src/thread/local.rs:399:16
[INFO] [stdout]   40:     0x561766fd5762 - std::thread::local::LocalKey<T>::with::hab054401b38805eb
[INFO] [stdout]                                at /rustc/53fd98ca776cb875bc9e5514f56b52eb74f9e7a9/library/std/src/thread/local.rs:375:9
[INFO] [stdout]   41:     0x561766fca45a - tokio::runtime::blocking::pool::Spawner::enter::h7588cdf032bf448b
[INFO] [stdout]                                at /opt/rustwide/cargo-home/registry/src/github.com-1ecc6299db9ec823/tokio-0.2.6/src/runtime/blocking/pool.rs:179:9
[INFO] [stdout]   42:     0x561766fce596 - tokio::runtime::handle::Handle::enter::h7db8d3c824246917
[INFO] [stdout]                                at /opt/rustwide/cargo-home/registry/src/github.com-1ecc6299db9ec823/tokio-0.2.6/src/runtime/handle.rs:33:9
[INFO] [stdout]   43:     0x561766fd4fdc - tokio::runtime::Runtime::block_on::h5af1c005e64750cd
[INFO] [stdout]                                at /opt/rustwide/cargo-home/registry/src/github.com-1ecc6299db9ec823/tokio-0.2.6/src/runtime/mod.rs:416:9
[INFO] [stdout]   44:     0x561766fd5213 - casterson::media::tests::test_get_info::h3419d3320fa91dc8
[INFO] [stdout]                                at /opt/rustwide/workdir/src/media.rs:290:5
[INFO] [stdout]   45:     0x561766fd512a - casterson::media::tests::test_get_info::{{closure}}::hefd16b1fab901489
[INFO] [stdout]                                at /opt/rustwide/workdir/src/media.rs:290:5
[INFO] [stdout]   46:     0x561766fcb37e - core::ops::function::FnOnce::call_once::h706ae4b4f3ec4e83
[INFO] [stdout]                                at /rustc/53fd98ca776cb875bc9e5514f56b52eb74f9e7a9/library/core/src/ops/function.rs:227:5
[INFO] [stdout]   47:     0x56176700e723 - core::ops::function::FnOnce::call_once::hbb52c4519d3137b0
[INFO] [stdout]                                at /rustc/53fd98ca776cb875bc9e5514f56b52eb74f9e7a9/library/core/src/ops/function.rs:227:5
[INFO] [stdout]   48:     0x56176700e723 - test::__rust_begin_short_backtrace::h86fe3a2a5a5121af
[INFO] [stdout]                                at /rustc/53fd98ca776cb875bc9e5514f56b52eb74f9e7a9/library/test/src/lib.rs:578:5
[INFO] [stdout]   49:     0x56176700d1d8 - <alloc::boxed::Box<F,A> as core::ops::function::FnOnce<Args>>::call_once::hfd956bc3d57399be
[INFO] [stdout]                                at /rustc/53fd98ca776cb875bc9e5514f56b52eb74f9e7a9/library/alloc/src/boxed.rs:1572:9
[INFO] [stdout]   50:     0x56176700d1d8 - <std::panic::AssertUnwindSafe<F> as core::ops::function::FnOnce<()>>::call_once::h40dc93e0ddb5938a
[INFO] [stdout]                                at /rustc/53fd98ca776cb875bc9e5514f56b52eb74f9e7a9/library/std/src/panic.rs:347:9
[INFO] [stdout]   51:     0x56176700d1d8 - std::panicking::try::do_call::h90d07750cb47c562
[INFO] [stdout]                                at /rustc/53fd98ca776cb875bc9e5514f56b52eb74f9e7a9/library/std/src/panicking.rs:401:40
[INFO] [stdout]   52:     0x56176700d1d8 - std::panicking::try::h063c84733ad2a629
[INFO] [stdout]                                at /rustc/53fd98ca776cb875bc9e5514f56b52eb74f9e7a9/library/std/src/panicking.rs:365:19
[INFO] [stdout]   53:     0x56176700d1d8 - std::panic::catch_unwind::h0c464836a84e7c08
[INFO] [stdout]                                at /rustc/53fd98ca776cb875bc9e5514f56b52eb74f9e7a9/library/std/src/panic.rs:434:14
[INFO] [stdout]   54:     0x56176700d1d8 - test::run_test_in_process::h5cb06ef620b157fc
[INFO] [stdout]                                at /rustc/53fd98ca776cb875bc9e5514f56b52eb74f9e7a9/library/test/src/lib.rs:601:18
[INFO] [stdout]   55:     0x56176700d1d8 - test::run_test::run_test_inner::{{closure}}::h76f677f4b93f9828
[INFO] [stdout]                                at /rustc/53fd98ca776cb875bc9e5514f56b52eb74f9e7a9/library/test/src/lib.rs:493:39
[INFO] [stdout]   56:     0x561766fdb96d - test::run_test::run_test_inner::{{closure}}::h366d01fe04f4d67a
[INFO] [stdout]                                at /rustc/53fd98ca776cb875bc9e5514f56b52eb74f9e7a9/library/test/src/lib.rs:520:37
[INFO] [stdout]   57:     0x561766fdb96d - std::sys_common::backtrace::__rust_begin_short_backtrace::h7dfa0de4eb395af2
[INFO] [stdout]                                at /rustc/53fd98ca776cb875bc9e5514f56b52eb74f9e7a9/library/std/src/sys_common/backtrace.rs:125:18
[INFO] [stdout]   58:     0x561766fe0138 - std::thread::Builder::spawn_unchecked::{{closure}}::{{closure}}::hf0a74bb58798037f
[INFO] [stdout]                                at /rustc/53fd98ca776cb875bc9e5514f56b52eb74f9e7a9/library/std/src/thread/mod.rs:476:17
[INFO] [stdout]   59:     0x561766fe0138 - <std::panic::AssertUnwindSafe<F> as core::ops::function::FnOnce<()>>::call_once::hb024e854818586ac
[INFO] [stdout]                                at /rustc/53fd98ca776cb875bc9e5514f56b52eb74f9e7a9/library/std/src/panic.rs:347:9
[INFO] [stdout]   60:     0x561766fe0138 - std::panicking::try::do_call::hb2dd9f1d0d48e41d
[INFO] [stdout]                                at /rustc/53fd98ca776cb875bc9e5514f56b52eb74f9e7a9/library/std/src/panicking.rs:401:40
[INFO] [stdout]   61:     0x561766fe0138 - std::panicking::try::h4717ae7bac8b2bf3
[INFO] [stdout]                                at /rustc/53fd98ca776cb875bc9e5514f56b52eb74f9e7a9/library/std/src/panicking.rs:365:19
[INFO] [stdout]   62:     0x561766fe0138 - std::panic::catch_unwind::h0dc8a061326ce8d8
[INFO] [stdout]                                at /rustc/53fd98ca776cb875bc9e5514f56b52eb74f9e7a9/library/std/src/panic.rs:434:14
[INFO] [stdout]   63:     0x561766fe0138 - std::thread::Builder::spawn_unchecked::{{closure}}::haa369e2d6fd00aa1
[INFO] [stdout]                                at /rustc/53fd98ca776cb875bc9e5514f56b52eb74f9e7a9/library/std/src/thread/mod.rs:475:30
[INFO] [stdout]   64:     0x561766fe0138 - core::ops::function::FnOnce::call_once{{vtable.shim}}::h36dcf3de8b056f17
[INFO] [stdout]                                at /rustc/53fd98ca776cb875bc9e5514f56b52eb74f9e7a9/library/core/src/ops/function.rs:227:5
[INFO] [stdout]   65:     0x561767125047 - <alloc::boxed::Box<F,A> as core::ops::function::FnOnce<Args>>::call_once::h65c29e4642be2358
[INFO] [stdout]                                at /rustc/53fd98ca776cb875bc9e5514f56b52eb74f9e7a9/library/alloc/src/boxed.rs:1572:9
[INFO] [stdout]   66:     0x561767125047 - <alloc::boxed::Box<F,A> as core::ops::function::FnOnce<Args>>::call_once::hd0f8f7fbbd9fffbf
[INFO] [stdout]                                at /rustc/53fd98ca776cb875bc9e5514f56b52eb74f9e7a9/library/alloc/src/boxed.rs:1572:9
[INFO] [stdout]   67:     0x561767125047 - std::sys::unix::thread::Thread::new::thread_start::h2fd22fee3ca77b65
[INFO] [stdout]                                at /rustc/53fd98ca776cb875bc9e5514f56b52eb74f9e7a9/library/std/src/sys/unix/thread.rs:74:17
[INFO] [stdout]   68:     0x7f077d2f8609 - start_thread
[INFO] [stdout]   69:     0x7f077d0c8293 - clone
[INFO] [stdout]   70:                0x0 - <unknown>
[INFO] [stdout] 
[INFO] [stdout] 
[INFO] [stdout] failures:
[INFO] [stdout]     media::tests::test_get_info
[INFO] [stdout] 
[INFO] [stdout] test result: FAILED. 0 passed; 1 failed; 0 ignored; 0 measured; 0 filtered out; finished in 0.02s
[INFO] [stdout] 
[INFO] [stderr] error: test failed, to rerun pass '--bin casterson'
[INFO] running `Command { std: "docker" "inspect" "6c8ea4f1f2d28503c2f336199ca34cdb63e79edd7326a87194753742c76266a6", kill_on_drop: false }`
[INFO] running `Command { std: "docker" "rm" "-f" "6c8ea4f1f2d28503c2f336199ca34cdb63e79edd7326a87194753742c76266a6", kill_on_drop: false }`
[INFO] [stdout] 6c8ea4f1f2d28503c2f336199ca34cdb63e79edd7326a87194753742c76266a6
