[INFO] cloning repository https://github.com/Chopinsky/Rusty_Express
[INFO] running `Command { std: "git" "-c" "credential.helper=" "-c" "credential.helper=/workspace/cargo-home/bin/git-credential-null" "clone" "--bare" "https://github.com/Chopinsky/Rusty_Express" "/workspace/cache/git-repos/https%3A%2F%2Fgithub.com%2FChopinsky%2FRusty_Express", kill_on_drop: false }`
[INFO] [stderr] Cloning into bare repository '/workspace/cache/git-repos/https%3A%2F%2Fgithub.com%2FChopinsky%2FRusty_Express'...
[INFO] running `Command { std: "git" "rev-parse" "HEAD", kill_on_drop: false }`
[INFO] [stdout] ec0ecce32e7c84ce2791cbb0dcbe2ec5918ed7da
[INFO] testing Chopinsky/Rusty_Express against beta-2021-08-01 for beta-1.55-1
[INFO] running `Command { std: "git" "clone" "/workspace/cache/git-repos/https%3A%2F%2Fgithub.com%2FChopinsky%2FRusty_Express" "/workspace/builds/worker-1/source", kill_on_drop: false }`
[INFO] [stderr] Cloning into '/workspace/builds/worker-1/source'...
[INFO] [stderr] done.
[INFO] validating manifest of git repo https://github.com/Chopinsky/Rusty_Express on toolchain beta-2021-08-01
[INFO] running `Command { std: "/workspace/cargo-home/bin/cargo" "+beta-2021-08-01" "metadata" "--manifest-path" "Cargo.toml" "--no-deps", kill_on_drop: false }`
[INFO] started tweaking git repo https://github.com/Chopinsky/Rusty_Express
[INFO] finished tweaking git repo https://github.com/Chopinsky/Rusty_Express
[INFO] tweaked toml for git repo https://github.com/Chopinsky/Rusty_Express written to /workspace/builds/worker-1/source/Cargo.toml
[INFO] crate git repo https://github.com/Chopinsky/Rusty_Express already has a lockfile, it will not be regenerated
[INFO] running `Command { std: "/workspace/cargo-home/bin/cargo" "+beta-2021-08-01" "fetch" "--manifest-path" "Cargo.toml", kill_on_drop: false }`
[INFO] [stderr]     Blocking waiting for file lock on package cache
[INFO] [stderr]  Downloading crates ...
[INFO] [stderr]   Downloaded cc v1.0.36
[INFO] [stderr]   Downloaded smallvec v0.6.7
[INFO] [stderr]   Downloaded crossbeam-utils v0.6.3
[INFO] [stderr]   Downloaded rand_chacha v0.1.0
[INFO] [stderr]   Downloaded tempfile v3.0.7
[INFO] [stderr]   Downloaded rand_xorshift v0.1.0
[INFO] [stderr]   Downloaded crossbeam-channel v0.3.6
[INFO] [stderr]   Downloaded openssl-sys v0.9.45
[INFO] [stderr]   Downloaded rand v0.6.1
[INFO] [stderr]   Downloaded openssl v0.10.21
[INFO] running `Command { std: "docker" "create" "-v" "/var/lib/crater-agent-workspace/builds/worker-1/target:/opt/rustwide/target:rw,Z" "-v" "/var/lib/crater-agent-workspace/builds/worker-1/source:/opt/rustwide/workdir:ro,Z" "-v" "/var/lib/crater-agent-workspace/cargo-home:/opt/rustwide/cargo-home:ro,Z" "-v" "/var/lib/crater-agent-workspace/rustup-home:/opt/rustwide/rustup-home:ro,Z" "-e" "SOURCE_DIR=/opt/rustwide/workdir" "-e" "CARGO_TARGET_DIR=/opt/rustwide/target" "-e" "CARGO_HOME=/opt/rustwide/cargo-home" "-e" "RUSTUP_HOME=/opt/rustwide/rustup-home" "-w" "/opt/rustwide/workdir" "-m" "1610612736" "--user" "0:0" "--network" "none" "ghcr.io/rust-lang/crates-build-env/linux@sha256:34b6a614d2c27851fe6cbf88fbd1137609cefab8b10d0615aaeb6fd47975d74e" "/opt/rustwide/cargo-home/bin/cargo" "+beta-2021-08-01" "metadata" "--no-deps" "--format-version=1", kill_on_drop: false }`
[INFO] [stdout] 7e34e660b36eb3fd3b01368266782c3ba7b30c83403e9dec240d61ebb99ff51b
[INFO] [stderr] WARNING: Your kernel does not support swap limit capabilities or the cgroup is not mounted. Memory limited without swap.
[INFO] running `Command { std: "docker" "start" "-a" "7e34e660b36eb3fd3b01368266782c3ba7b30c83403e9dec240d61ebb99ff51b", kill_on_drop: false }`
[INFO] running `Command { std: "docker" "inspect" "7e34e660b36eb3fd3b01368266782c3ba7b30c83403e9dec240d61ebb99ff51b", kill_on_drop: false }`
[INFO] running `Command { std: "docker" "rm" "-f" "7e34e660b36eb3fd3b01368266782c3ba7b30c83403e9dec240d61ebb99ff51b", kill_on_drop: false }`
[INFO] [stdout] 7e34e660b36eb3fd3b01368266782c3ba7b30c83403e9dec240d61ebb99ff51b
[INFO] running `Command { std: "docker" "create" "-v" "/var/lib/crater-agent-workspace/builds/worker-1/target:/opt/rustwide/target:rw,Z" "-v" "/var/lib/crater-agent-workspace/builds/worker-1/source:/opt/rustwide/workdir:ro,Z" "-v" "/var/lib/crater-agent-workspace/cargo-home:/opt/rustwide/cargo-home:ro,Z" "-v" "/var/lib/crater-agent-workspace/rustup-home:/opt/rustwide/rustup-home:ro,Z" "-e" "SOURCE_DIR=/opt/rustwide/workdir" "-e" "CARGO_TARGET_DIR=/opt/rustwide/target" "-e" "CARGO_INCREMENTAL=0" "-e" "RUST_BACKTRACE=full" "-e" "RUSTFLAGS=--cap-lints=warn" "-e" "CARGO_HOME=/opt/rustwide/cargo-home" "-e" "RUSTUP_HOME=/opt/rustwide/rustup-home" "-w" "/opt/rustwide/workdir" "-m" "1610612736" "--user" "0:0" "--network" "none" "ghcr.io/rust-lang/crates-build-env/linux@sha256:34b6a614d2c27851fe6cbf88fbd1137609cefab8b10d0615aaeb6fd47975d74e" "/opt/rustwide/cargo-home/bin/cargo" "+beta-2021-08-01" "build" "--frozen" "--message-format=json", kill_on_drop: false }`
[INFO] [stderr] WARNING: Your kernel does not support swap limit capabilities or the cgroup is not mounted. Memory limited without swap.
[INFO] [stdout] 516b37870a3769277ef3192c80a24fcbf34778b13f99f910c41e9d4e0b18240f
[INFO] running `Command { std: "docker" "start" "-a" "516b37870a3769277ef3192c80a24fcbf34778b13f99f910c41e9d4e0b18240f", kill_on_drop: false }`
[INFO] [stderr]    Compiling libc v0.2.66
[INFO] [stderr]    Compiling rand_core v0.3.0
[INFO] [stderr]    Compiling cc v1.0.36
[INFO] [stderr]    Compiling cfg-if v0.1.6
[INFO] [stderr]    Compiling num-traits v0.2.5
[INFO] [stderr]    Compiling stable_deref_trait v1.1.1
[INFO] [stderr]    Compiling lazy_static v1.2.0
[INFO] [stderr]    Compiling num-integer v0.1.39
[INFO] [stderr]    Compiling openssl v0.10.21
[INFO] [stderr]    Compiling byteorder v1.3.1
[INFO] [stderr]    Compiling ucd-util v0.1.1
[INFO] [stderr]    Compiling bitflags v1.0.3
[INFO] [stderr]    Compiling smallvec v1.1.0
[INFO] [stderr]    Compiling lock_api v0.3.3
[INFO] [stderr]    Compiling smallvec v0.6.7
[INFO] [stderr]    Compiling rand_chacha v0.1.0
[INFO] [stderr]    Compiling rand_pcg v0.1.1
[INFO] [stderr]    Compiling rand v0.6.1
[INFO] [stderr]    Compiling crossbeam-utils v0.6.3
[INFO] [stderr]    Compiling log v0.4.6
[INFO] [stderr]    Compiling owning_ref v0.4.0
[INFO] [stderr]    Compiling thread_local v0.3.5
[INFO] [stderr]    Compiling rand_xorshift v0.1.0
[INFO] [stderr]    Compiling rand_isaac v0.1.1
[INFO] [stderr]    Compiling rand_hc v0.1.0
[INFO] [stderr]    Compiling regex-syntax v0.5.6
[INFO] [stderr]    Compiling lock_api v0.1.5
[INFO] [stderr]    Compiling openssl-sys v0.9.45
[INFO] [stderr]    Compiling hashbrown v0.1.8
[INFO] [stderr]    Compiling memchr v2.0.1
[INFO] [stderr]    Compiling time v0.1.40
[INFO] [stderr]    Compiling parking_lot_core v0.7.0
[INFO] [stderr]    Compiling rand v0.4.2
[INFO] [stderr]    Compiling num_cpus v1.8.0
[INFO] [stderr]    Compiling parking_lot v0.10.0
[INFO] [stderr]    Compiling aho-corasick v0.6.4
[INFO] [stderr]    Compiling chrono v0.4.6
[INFO] [stderr]    Compiling native-tls v0.2.3
[INFO] [stderr]    Compiling parking_lot_core v0.4.0
[INFO] [stderr]    Compiling regex v0.2.11
[INFO] [stderr]    Compiling parking_lot v0.7.1
[INFO] [stderr]    Compiling crossbeam-channel v0.3.6
[INFO] [stderr]    Compiling rusty_express v0.4.6 (/opt/rustwide/workdir)
[INFO] [stdout] warning: unnecessary parentheses around block return value
[INFO] [stdout]    --> src/core/http.rs:565:9
[INFO] [stdout]     |
[INFO] [stdout] 565 |         (self.is_header_only() || !self.body.is_empty() || self.body_chan.0.is_some())
[INFO] [stdout]     |         ^^^^^^^^^^^^^^^^^^^^^^^^^^^^^^^^^^^^^^^^^^^^^^^^^^^^^^^^^^^^^^^^^^^^^^^^^^^^^^ help: remove these parentheses
[INFO] [stdout]     |
[INFO] [stdout]     = note: `#[warn(unused_parens)]` on by default
[INFO] [stdout] 
[INFO] [stdout] 
[INFO] [stdout] warning: use of deprecated function `std::sync::atomic::spin_loop_hint`: use hint::spin_loop instead
[INFO] [stdout]    --> src/support/common.rs:126:17
[INFO] [stdout]     |
[INFO] [stdout] 126 |         atomic::spin_loop_hint()
[INFO] [stdout]     |                 ^^^^^^^^^^^^^^
[INFO] [stdout]     |
[INFO] [stdout]     = note: `#[warn(deprecated)]` on by default
[INFO] [stdout] 
[INFO] [stdout] 
[INFO] [stdout] warning: constant is never used: `RETRY_LIMIT`
[INFO] [stdout]  --> src/support/locks.rs:8:1
[INFO] [stdout]   |
[INFO] [stdout] 8 | const RETRY_LIMIT: usize = 16;
[INFO] [stdout]   | ^^^^^^^^^^^^^^^^^^^^^^^^^^^^^^
[INFO] [stdout]   |
[INFO] [stdout]   = note: `#[warn(dead_code)]` on by default
[INFO] [stdout] 
[INFO] [stdout] 
[INFO] [stdout] warning: constant is never used: `PARK_TIMEOUT`
[INFO] [stdout]  --> src/support/locks.rs:9:1
[INFO] [stdout]   |
[INFO] [stdout] 9 | const PARK_TIMEOUT: u64 = 16;
[INFO] [stdout]   | ^^^^^^^^^^^^^^^^^^^^^^^^^^^^^
[INFO] [stdout] 
[INFO] [stdout] 
[INFO] [stdout] warning: associated function is never used: `new`
[INFO] [stdout]   --> src/support/locks.rs:30:12
[INFO] [stdout]    |
[INFO] [stdout] 30 |     pub fn new() -> Self {
[INFO] [stdout]    |            ^^^
[INFO] [stdout] 
[INFO] [stdout] 
[INFO] [stdout] warning: associated function is never used: `lock`
[INFO] [stdout]   --> src/support/locks.rs:38:12
[INFO] [stdout]    |
[INFO] [stdout] 38 |     pub fn lock(&self, new: i8) -> SpinLockGuard<'_> {
[INFO] [stdout]    |            ^^^^
[INFO] [stdout] 
[INFO] [stdout] 
[INFO] [stdout] warning: 6 warnings emitted
[INFO] [stdout] 
[INFO] [stdout] 
[INFO] [stderr]     Finished dev [unoptimized + debuginfo] target(s) in 28.23s
[INFO] running `Command { std: "docker" "inspect" "516b37870a3769277ef3192c80a24fcbf34778b13f99f910c41e9d4e0b18240f", kill_on_drop: false }`
[INFO] running `Command { std: "docker" "rm" "-f" "516b37870a3769277ef3192c80a24fcbf34778b13f99f910c41e9d4e0b18240f", kill_on_drop: false }`
[INFO] [stdout] 516b37870a3769277ef3192c80a24fcbf34778b13f99f910c41e9d4e0b18240f
[INFO] running `Command { std: "docker" "create" "-v" "/var/lib/crater-agent-workspace/builds/worker-1/target:/opt/rustwide/target:rw,Z" "-v" "/var/lib/crater-agent-workspace/builds/worker-1/source:/opt/rustwide/workdir:ro,Z" "-v" "/var/lib/crater-agent-workspace/cargo-home:/opt/rustwide/cargo-home:ro,Z" "-v" "/var/lib/crater-agent-workspace/rustup-home:/opt/rustwide/rustup-home:ro,Z" "-e" "SOURCE_DIR=/opt/rustwide/workdir" "-e" "CARGO_TARGET_DIR=/opt/rustwide/target" "-e" "CARGO_INCREMENTAL=0" "-e" "RUST_BACKTRACE=full" "-e" "RUSTFLAGS=--cap-lints=warn" "-e" "CARGO_HOME=/opt/rustwide/cargo-home" "-e" "RUSTUP_HOME=/opt/rustwide/rustup-home" "-w" "/opt/rustwide/workdir" "-m" "1610612736" "--user" "0:0" "--network" "none" "ghcr.io/rust-lang/crates-build-env/linux@sha256:34b6a614d2c27851fe6cbf88fbd1137609cefab8b10d0615aaeb6fd47975d74e" "/opt/rustwide/cargo-home/bin/cargo" "+beta-2021-08-01" "test" "--frozen" "--no-run" "--message-format=json", kill_on_drop: false }`
[INFO] [stdout] a9dc0c984592d704ab020fc249d0bd371b59fa9001f92bf834e0beac91ef8438
[INFO] [stderr] WARNING: Your kernel does not support swap limit capabilities or the cgroup is not mounted. Memory limited without swap.
[INFO] running `Command { std: "docker" "start" "-a" "a9dc0c984592d704ab020fc249d0bd371b59fa9001f92bf834e0beac91ef8438", kill_on_drop: false }`
[INFO] [stdout] warning: unnecessary parentheses around block return value
[INFO] [stdout]    --> src/core/http.rs:565:9
[INFO] [stdout]     |
[INFO] [stdout] 565 |         (self.is_header_only() || !self.body.is_empty() || self.body_chan.0.is_some())
[INFO] [stdout]     |         ^^^^^^^^^^^^^^^^^^^^^^^^^^^^^^^^^^^^^^^^^^^^^^^^^^^^^^^^^^^^^^^^^^^^^^^^^^^^^^ help: remove these parentheses
[INFO] [stdout]     |
[INFO] [stdout]     = note: `#[warn(unused_parens)]` on by default
[INFO] [stdout] 
[INFO] [stdout] 
[INFO] [stdout] warning: use of deprecated function `std::sync::atomic::spin_loop_hint`: use hint::spin_loop instead
[INFO] [stdout]    --> src/support/common.rs:126:17
[INFO] [stdout]     |
[INFO] [stdout] 126 |         atomic::spin_loop_hint()
[INFO] [stdout]     |                 ^^^^^^^^^^^^^^
[INFO] [stdout]     |
[INFO] [stdout]     = note: `#[warn(deprecated)]` on by default
[INFO] [stdout] 
[INFO] [stdout] 
[INFO] [stderr]    Compiling rusty_express v0.4.6 (/opt/rustwide/workdir)
[INFO] [stdout] warning: constant is never used: `RETRY_LIMIT`
[INFO] [stdout]  --> src/support/locks.rs:8:1
[INFO] [stdout]   |
[INFO] [stdout] 8 | const RETRY_LIMIT: usize = 16;
[INFO] [stdout]   | ^^^^^^^^^^^^^^^^^^^^^^^^^^^^^^
[INFO] [stdout]   |
[INFO] [stdout]   = note: `#[warn(dead_code)]` on by default
[INFO] [stdout] 
[INFO] [stdout] 
[INFO] [stdout] warning: constant is never used: `PARK_TIMEOUT`
[INFO] [stdout]  --> src/support/locks.rs:9:1
[INFO] [stdout]   |
[INFO] [stdout] 9 | const PARK_TIMEOUT: u64 = 16;
[INFO] [stdout]   | ^^^^^^^^^^^^^^^^^^^^^^^^^^^^^
[INFO] [stdout] 
[INFO] [stdout] 
[INFO] [stdout] warning: associated function is never used: `new`
[INFO] [stdout]   --> src/support/locks.rs:30:12
[INFO] [stdout]    |
[INFO] [stdout] 30 |     pub fn new() -> Self {
[INFO] [stdout]    |            ^^^
[INFO] [stdout] 
[INFO] [stdout] 
[INFO] [stdout] warning: associated function is never used: `lock`
[INFO] [stdout]   --> src/support/locks.rs:38:12
[INFO] [stdout]    |
[INFO] [stdout] 38 |     pub fn lock(&self, new: i8) -> SpinLockGuard<'_> {
[INFO] [stdout]    |            ^^^^
[INFO] [stdout] 
[INFO] [stdout] 
[INFO] [stdout] warning: 6 warnings emitted
[INFO] [stdout] 
[INFO] [stdout] 
[INFO] [stdout] warning: unnecessary parentheses around block return value
[INFO] [stdout]    --> src/core/http.rs:565:9
[INFO] [stdout]     |
[INFO] [stdout] 565 |         (self.is_header_only() || !self.body.is_empty() || self.body_chan.0.is_some())
[INFO] [stdout]     |         ^^^^^^^^^^^^^^^^^^^^^^^^^^^^^^^^^^^^^^^^^^^^^^^^^^^^^^^^^^^^^^^^^^^^^^^^^^^^^^ help: remove these parentheses
[INFO] [stdout]     |
[INFO] [stdout]     = note: `#[warn(unused_parens)]` on by default
[INFO] [stdout] 
[INFO] [stdout] 
[INFO] [stdout] warning: use of deprecated function `std::sync::atomic::spin_loop_hint`: use hint::spin_loop instead
[INFO] [stdout]    --> src/support/common.rs:126:17
[INFO] [stdout]     |
[INFO] [stdout] 126 |         atomic::spin_loop_hint()
[INFO] [stdout]     |                 ^^^^^^^^^^^^^^
[INFO] [stdout]     |
[INFO] [stdout]     = note: `#[warn(deprecated)]` on by default
[INFO] [stdout] 
[INFO] [stdout] 
[INFO] [stdout] warning: constant is never used: `RETRY_LIMIT`
[INFO] [stdout]  --> src/support/locks.rs:8:1
[INFO] [stdout]   |
[INFO] [stdout] 8 | const RETRY_LIMIT: usize = 16;
[INFO] [stdout]   | ^^^^^^^^^^^^^^^^^^^^^^^^^^^^^^
[INFO] [stdout]   |
[INFO] [stdout]   = note: `#[warn(dead_code)]` on by default
[INFO] [stdout] 
[INFO] [stdout] 
[INFO] [stdout] warning: constant is never used: `PARK_TIMEOUT`
[INFO] [stdout]  --> src/support/locks.rs:9:1
[INFO] [stdout]   |
[INFO] [stdout] 9 | const PARK_TIMEOUT: u64 = 16;
[INFO] [stdout]   | ^^^^^^^^^^^^^^^^^^^^^^^^^^^^^
[INFO] [stdout] 
[INFO] [stdout] 
[INFO] [stdout] warning: associated function is never used: `new`
[INFO] [stdout]   --> src/support/locks.rs:30:12
[INFO] [stdout]    |
[INFO] [stdout] 30 |     pub fn new() -> Self {
[INFO] [stdout]    |            ^^^
[INFO] [stdout] 
[INFO] [stdout] 
[INFO] [stdout] warning: associated function is never used: `lock`
[INFO] [stdout]   --> src/support/locks.rs:38:12
[INFO] [stdout]    |
[INFO] [stdout] 38 |     pub fn lock(&self, new: i8) -> SpinLockGuard<'_> {
[INFO] [stdout]    |            ^^^^
[INFO] [stdout] 
[INFO] [stdout] 
[INFO] [stdout] warning: 6 warnings emitted
[INFO] [stdout] 
[INFO] [stdout] 
[INFO] [stderr]     Finished test [unoptimized + debuginfo] target(s) in 5.86s
[INFO] running `Command { std: "docker" "inspect" "a9dc0c984592d704ab020fc249d0bd371b59fa9001f92bf834e0beac91ef8438", kill_on_drop: false }`
[INFO] running `Command { std: "docker" "rm" "-f" "a9dc0c984592d704ab020fc249d0bd371b59fa9001f92bf834e0beac91ef8438", kill_on_drop: false }`
[INFO] [stdout] a9dc0c984592d704ab020fc249d0bd371b59fa9001f92bf834e0beac91ef8438
[INFO] running `Command { std: "docker" "create" "-v" "/var/lib/crater-agent-workspace/builds/worker-1/target:/opt/rustwide/target:rw,Z" "-v" "/var/lib/crater-agent-workspace/builds/worker-1/source:/opt/rustwide/workdir:ro,Z" "-v" "/var/lib/crater-agent-workspace/cargo-home:/opt/rustwide/cargo-home:ro,Z" "-v" "/var/lib/crater-agent-workspace/rustup-home:/opt/rustwide/rustup-home:ro,Z" "-e" "SOURCE_DIR=/opt/rustwide/workdir" "-e" "CARGO_TARGET_DIR=/opt/rustwide/target" "-e" "CARGO_INCREMENTAL=0" "-e" "RUST_BACKTRACE=full" "-e" "RUSTFLAGS=--cap-lints=warn" "-e" "CARGO_HOME=/opt/rustwide/cargo-home" "-e" "RUSTUP_HOME=/opt/rustwide/rustup-home" "-w" "/opt/rustwide/workdir" "-m" "1610612736" "--user" "0:0" "--network" "none" "ghcr.io/rust-lang/crates-build-env/linux@sha256:34b6a614d2c27851fe6cbf88fbd1137609cefab8b10d0615aaeb6fd47975d74e" "/opt/rustwide/cargo-home/bin/cargo" "+beta-2021-08-01" "test" "--frozen", kill_on_drop: false }`
[INFO] [stdout] 286c77e6d22c8ff908ad8ea00ab483e2e4a4da4a7311303433213a4898b1bc94
[INFO] [stderr] WARNING: Your kernel does not support swap limit capabilities or the cgroup is not mounted. Memory limited without swap.
[INFO] running `Command { std: "docker" "start" "-a" "286c77e6d22c8ff908ad8ea00ab483e2e4a4da4a7311303433213a4898b1bc94", kill_on_drop: false }`
[INFO] [stderr] warning: unnecessary parentheses around block return value
[INFO] [stderr]    --> src/core/http.rs:565:9
[INFO] [stderr]     |
[INFO] [stderr] 565 |         (self.is_header_only() || !self.body.is_empty() || self.body_chan.0.is_some())
[INFO] [stderr]     |         ^^^^^^^^^^^^^^^^^^^^^^^^^^^^^^^^^^^^^^^^^^^^^^^^^^^^^^^^^^^^^^^^^^^^^^^^^^^^^^ help: remove these parentheses
[INFO] [stderr]     |
[INFO] [stderr]     = note: `#[warn(unused_parens)]` on by default
[INFO] [stderr] 
[INFO] [stderr] warning: use of deprecated function `std::sync::atomic::spin_loop_hint`: use hint::spin_loop instead
[INFO] [stderr]    --> src/support/common.rs:126:17
[INFO] [stderr]     |
[INFO] [stderr] 126 |         atomic::spin_loop_hint()
[INFO] [stderr]     |                 ^^^^^^^^^^^^^^
[INFO] [stderr]     |
[INFO] [stderr]     = note: `#[warn(deprecated)]` on by default
[INFO] [stderr] 
[INFO] [stderr] warning: constant is never used: `RETRY_LIMIT`
[INFO] [stderr]  --> src/support/locks.rs:8:1
[INFO] [stderr]   |
[INFO] [stderr] 8 | const RETRY_LIMIT: usize = 16;
[INFO] [stderr]   | ^^^^^^^^^^^^^^^^^^^^^^^^^^^^^^
[INFO] [stderr]   |
[INFO] [stderr]   = note: `#[warn(dead_code)]` on by default
[INFO] [stderr] 
[INFO] [stderr] warning: constant is never used: `PARK_TIMEOUT`
[INFO] [stderr]  --> src/support/locks.rs:9:1
[INFO] [stderr]   |
[INFO] [stderr] 9 | const PARK_TIMEOUT: u64 = 16;
[INFO] [stderr]   | ^^^^^^^^^^^^^^^^^^^^^^^^^^^^^
[INFO] [stderr] 
[INFO] [stderr] warning: associated function is never used: `new`
[INFO] [stderr]   --> src/support/locks.rs:30:12
[INFO] [stderr]    |
[INFO] [stderr] 30 |     pub fn new() -> Self {
[INFO] [stderr]    |            ^^^
[INFO] [stderr] 
[INFO] [stderr] warning: associated function is never used: `lock`
[INFO] [stderr]   --> src/support/locks.rs:38:12
[INFO] [stderr]    |
[INFO] [stderr] 38 |     pub fn lock(&self, new: i8) -> SpinLockGuard<'_> {
[INFO] [stderr]    |            ^^^^
[INFO] [stderr] 
[INFO] [stderr] warning: `rusty_express` (lib) generated 6 warnings
[INFO] [stderr] warning: `rusty_express` (lib test) generated 6 warnings (6 duplicates)
[INFO] [stderr]     Finished test [unoptimized + debuginfo] target(s) in 0.06s
[INFO] [stdout] 
[INFO] [stderr]      Running unittests (/opt/rustwide/target/debug/deps/rusty_express-e74c2270e5098113)
[INFO] [stdout] running 2 tests
[INFO] [stdout] test support::common::route_test::vec_swap_reset ... ok
[INFO] [stdout] test core::router::route_test::params_parser_test_one ... ok
[INFO] [stdout] 
[INFO] [stdout] test result: ok. 2 passed; 0 failed; 0 ignored; 0 measured; 0 filtered out; finished in 0.01s
[INFO] [stdout] 
[INFO] [stderr]    Doc-tests rusty_express
[INFO] [stderr] warning: unnecessary parentheses around block return value
[INFO] [stderr]    --> /opt/rustwide/workdir/src/core/http.rs:565:9
[INFO] [stderr]     |
[INFO] [stderr] 565 |         (self.is_header_only() || !self.body.is_empty() || self.body_chan.0.is_some())
[INFO] [stderr]     |         ^^^^^^^^^^^^^^^^^^^^^^^^^^^^^^^^^^^^^^^^^^^^^^^^^^^^^^^^^^^^^^^^^^^^^^^^^^^^^^ help: remove these parentheses
[INFO] [stderr]     |
[INFO] [stderr]     = note: `#[warn(unused_parens)]` on by default
[INFO] [stderr] 
[INFO] [stderr] warning: 1 warning emitted
[INFO] [stderr] 
[INFO] [stdout] 
[INFO] [stdout] running 16 tests
[INFO] [stdout] test src/core/http.rs - core::http::Response::send_file (line 861) ... FAILED
[INFO] [stdout] test src/core/router.rs - core::router::Route::use_static (line 686) ... FAILED
[INFO] [stdout] test src/core/http.rs - core::http::Response::set_header (line 713) ... FAILED
[INFO] [stdout] test src/core/http.rs - core::http::Response::send (line 775) ... FAILED
[INFO] [stdout] test src/support/session.rs - support::session (line 35) ... FAILED
[INFO] [stdout] test src/core/server.rs - core::server::HttpServer::use_custom_static (line 542) ... FAILED
[INFO] [stdout] test src/core/server.rs - core::server::HttpServer::use_static (line 524) ... FAILED
[INFO] [stdout] test src/core/router.rs - core::router::Route::use_custom_static (line 704) ... FAILED
[INFO] [stdout] test src/core/config.rs - core::config::EngineContext (line 216) - compile ... FAILED
[INFO] [stdout] test src/core/http.rs - core::http::Response::with_headers (line 733) ... FAILED
[INFO] [stdout] test src/core/http.rs - core::http::Response::header (line 647) ... FAILED
[INFO] [stdout] test src/core/http.rs - core::http::Response::send_async (line 806) ... FAILED
[INFO] [stdout] test src/support/session.rs - support::session (line 11) ... ok
[INFO] [stdout] test src/core/server.rs - core::server::HttpServer::listen (line 51) ... FAILED
[INFO] [stdout] test src/lib.rs - (line 6) ... FAILED
[INFO] [stdout] test src/core/server.rs - core::server::HttpServer::listen_and_serve (line 76) has been running for over 60 seconds
[INFO] [stdout] test src/core/server.rs - core::server::HttpServer::listen_and_serve (line 76) ... FAILED
[INFO] [stdout] 
[INFO] [stdout] failures:
[INFO] [stdout] 
[INFO] [stdout] ---- src/core/http.rs - core::http::Response::send_file (line 861) stdout ----
[INFO] [stdout] error[E0425]: cannot find function `get_file_loc` in this scope
[INFO] [stdout]   --> src/core/http.rs:868:28
[INFO] [stdout]    |
[INFO] [stdout] 10 |     let file_loc: String = get_file_loc(req);
[INFO] [stdout]    |                            ^^^^^^^^^^^^ not found in this scope
[INFO] [stdout] 
[INFO] [stdout] error: aborting due to previous error
[INFO] [stdout] 
[INFO] [stdout] For more information about this error, try `rustc --explain E0425`.
[INFO] [stdout] Couldn't compile the test.
[INFO] [stdout] ---- src/core/router.rs - core::router::Route::use_static (line 686) stdout ----
[INFO] [stdout] error[E0433]: failed to resolve: use of undeclared type `PathBuf`
[INFO] [stdout]  --> src/core/router.rs:692:19
[INFO] [stdout]   |
[INFO] [stdout] 9 | server.use_static(PathBuf::from(r".\static"));
[INFO] [stdout]   |                   ^^^^^^^ not found in this scope
[INFO] [stdout]   |
[INFO] [stdout] help: consider importing this struct
[INFO] [stdout]   |
[INFO] [stdout] 3 | use std::path::PathBuf;
[INFO] [stdout]   |
[INFO] [stdout] 
[INFO] [stdout] error: aborting due to previous error
[INFO] [stdout] 
[INFO] [stdout] For more information about this error, try `rustc --explain E0433`.
[INFO] [stdout] Couldn't compile the test.
[INFO] [stdout] ---- src/core/http.rs - core::http::Response::set_header (line 713) stdout ----
[INFO] [stdout] error[E0600]: cannot apply unary operator `!` to type `&String`
[INFO] [stdout]  --> src/core/http.rs:718:5
[INFO] [stdout]   |
[INFO] [stdout] 8 |     assert!(resp.get_header("Content-Type").unwrap(), &String::from("application/javascript"));
[INFO] [stdout]   |     ^^^^^^^^^^^^^^^^^^^^^^^^^^^^^^^^^^^^^^^^^^^^^^^^^^^^^^^^^^^^^^^^^^^^^^^^^^^^^^^^^^^^^^^^^^^ cannot apply unary operator `!`
[INFO] [stdout]   |
[INFO] [stdout]   = note: this error originates in the macro `assert` (in Nightly builds, run with -Z macro-backtrace for more info)
[INFO] [stdout] 
[INFO] [stdout] error: aborting due to previous error
[INFO] [stdout] 
[INFO] [stdout] For more information about this error, try `rustc --explain E0600`.
[INFO] [stdout] Couldn't compile the test.
[INFO] [stdout] ---- src/core/http.rs - core::http::Response::send (line 775) stdout ----
[INFO] [stdout] error[E0412]: cannot find type `SomeMetadata` in this scope
[INFO] [stdout]   --> src/core/http.rs:782:19
[INFO] [stdout]    |
[INFO] [stdout] 10 |    let meta_data: SomeMetadata = some_producer(req);
[INFO] [stdout]    |                   ^^^^^^^^^^^^ not found in this scope
[INFO] [stdout] 
[INFO] [stdout] error[E0425]: cannot find function `some_producer` in this scope
[INFO] [stdout]   --> src/core/http.rs:782:34
[INFO] [stdout]    |
[INFO] [stdout] 10 |    let meta_data: SomeMetadata = some_producer(req);
[INFO] [stdout]    |                                  ^^^^^^^^^^^^^ not found in this scope
[INFO] [stdout] 
[INFO] [stdout] error[E0425]: cannot find function `generate_response_body` in this scope
[INFO] [stdout]   --> src/core/http.rs:785:15
[INFO] [stdout]    |
[INFO] [stdout] 13 |    resp.send(&generate_response_body(meta_data));
[INFO] [stdout]    |               ^^^^^^^^^^^^^^^^^^^^^^ not found in this scope
[INFO] [stdout] 
[INFO] [stdout] error: aborting due to 3 previous errors
[INFO] [stdout] 
[INFO] [stdout] Some errors have detailed explanations: E0412, E0425.
[INFO] [stdout] For more information about an error, try `rustc --explain E0412`.
[INFO] [stdout] Couldn't compile the test.
[INFO] [stdout] ---- src/support/session.rs - support::session (line 35) stdout ----
[INFO] [stdout] error[E0422]: cannot find struct, variant or union type `Data` in this scope
[INFO] [stdout]   --> src/support/session.rs:45:16
[INFO] [stdout]    |
[INFO] [stdout] 13 |     let data = Data { token: "abcde12345" };
[INFO] [stdout]    |                ^^^^ not found in this scope
[INFO] [stdout] 
[INFO] [stdout] error: aborting due to previous error
[INFO] [stdout] 
[INFO] [stdout] For more information about this error, try `rustc --explain E0422`.
[INFO] [stdout] Couldn't compile the test.
[INFO] [stdout] ---- src/core/server.rs - core::server::HttpServer::use_custom_static (line 542) stdout ----
[INFO] [stdout] error[E0433]: failed to resolve: use of undeclared type `PathBuf`
[INFO] [stdout]   --> src/core/server.rs:549:64
[INFO] [stdout]    |
[INFO] [stdout] 10 | server.use_custom_static(RequestPath::Explicit("/index.html"), PathBuf::from(r".\static"));
[INFO] [stdout]    |                                                                ^^^^^^^ not found in this scope
[INFO] [stdout]    |
[INFO] [stdout] help: consider importing this struct
[INFO] [stdout]    |
[INFO] [stdout] 3  | use std::path::PathBuf;
[INFO] [stdout]    |
[INFO] [stdout] 
[INFO] [stdout] error: aborting due to previous error
[INFO] [stdout] 
[INFO] [stdout] For more information about this error, try `rustc --explain E0433`.
[INFO] [stdout] Couldn't compile the test.
[INFO] [stdout] ---- src/core/server.rs - core::server::HttpServer::use_static (line 524) stdout ----
[INFO] [stdout] error[E0433]: failed to resolve: use of undeclared type `PathBuf`
[INFO] [stdout]  --> src/core/server.rs:530:19
[INFO] [stdout]   |
[INFO] [stdout] 9 | server.use_static(PathBuf::from(r".\static"));
[INFO] [stdout]   |                   ^^^^^^^ not found in this scope
[INFO] [stdout]   |
[INFO] [stdout] help: consider importing this struct
[INFO] [stdout]   |
[INFO] [stdout] 3 | use std::path::PathBuf;
[INFO] [stdout]   |
[INFO] [stdout] 
[INFO] [stdout] error: aborting due to previous error
[INFO] [stdout] 
[INFO] [stdout] For more information about this error, try `rustc --explain E0433`.
[INFO] [stdout] Couldn't compile the test.
[INFO] [stdout] ---- src/core/router.rs - core::router::Route::use_custom_static (line 704) stdout ----
[INFO] [stdout] error[E0433]: failed to resolve: use of undeclared type `PathBuf`
[INFO] [stdout]   --> src/core/router.rs:711:64
[INFO] [stdout]    |
[INFO] [stdout] 10 | server.use_custom_static(RequestPath::Explicit("/index.html"), PathBuf::from(r".\static"));
[INFO] [stdout]    |                                                                ^^^^^^^ not found in this scope
[INFO] [stdout]    |
[INFO] [stdout] help: consider importing this struct
[INFO] [stdout]    |
[INFO] [stdout] 3  | use std::path::PathBuf;
[INFO] [stdout]    |
[INFO] [stdout] 
[INFO] [stdout] error: aborting due to previous error
[INFO] [stdout] 
[INFO] [stdout] For more information about this error, try `rustc --explain E0433`.
[INFO] [stdout] Couldn't compile the test.
[INFO] [stdout] ---- src/core/config.rs - core::config::EngineContext (line 216) stdout ----
[INFO] [stdout] error: cannot find macro `format_err` in this scope
[INFO] [stdout]    --> src/core/config.rs:231:23
[INFO] [stdout]     |
[INFO] [stdout] 18  |               _ => Err(&format_err!("Unable to provide information for the key: {}", field)[..]),
[INFO] [stdout]     |                         ^^^^^^^^^^ help: a macro with a similar name exists: `format_args`
[INFO] [stdout] 
[INFO] [stdout] error: aborting due to previous error
[INFO] [stdout] 
[INFO] [stdout] Couldn't compile the test.
[INFO] [stdout] ---- src/core/http.rs - core::http::Response::with_headers (line 733) stdout ----
[INFO] [stdout] error[E0425]: cannot find function `header_producer` in this scope
[INFO] [stdout]  --> src/core/http.rs:739:17
[INFO] [stdout]   |
[INFO] [stdout] 9 |    let header = header_producer(req);
[INFO] [stdout]   |                 ^^^^^^^^^^^^^^^ not found in this scope
[INFO] [stdout] 
[INFO] [stdout] error: aborting due to previous error
[INFO] [stdout] 
[INFO] [stdout] For more information about this error, try `rustc --explain E0425`.
[INFO] [stdout] Couldn't compile the test.
[INFO] [stdout] ---- src/core/http.rs - core::http::Response::header (line 647) stdout ----
[INFO] [stdout] error[E0600]: cannot apply unary operator `!` to type `&String`
[INFO] [stdout]  --> src/core/http.rs:652:5
[INFO] [stdout]   |
[INFO] [stdout] 8 |     assert!(resp.get_header("Content-Type").unwrap(), &String::from("application/javascript"));
[INFO] [stdout]   |     ^^^^^^^^^^^^^^^^^^^^^^^^^^^^^^^^^^^^^^^^^^^^^^^^^^^^^^^^^^^^^^^^^^^^^^^^^^^^^^^^^^^^^^^^^^^ cannot apply unary operator `!`
[INFO] [stdout]   |
[INFO] [stdout]   = note: this error originates in the macro `assert` (in Nightly builds, run with -Z macro-backtrace for more info)
[INFO] [stdout] 
[INFO] [stdout] error: aborting due to previous error
[INFO] [stdout] 
[INFO] [stdout] For more information about this error, try `rustc --explain E0600`.
[INFO] [stdout] Couldn't compile the test.
[INFO] [stdout] ---- src/core/http.rs - core::http::Response::send_async (line 806) stdout ----
[INFO] [stdout] error[E0412]: cannot find type `SomeMetadata` in this scope
[INFO] [stdout]   --> src/core/http.rs:813:19
[INFO] [stdout]    |
[INFO] [stdout] 10 |    let meta_data: SomeMetadata = some_producer(req);
[INFO] [stdout]    |                   ^^^^^^^^^^^^ not found in this scope
[INFO] [stdout] 
[INFO] [stdout] error[E0425]: cannot find function `some_producer` in this scope
[INFO] [stdout]   --> src/core/http.rs:813:34
[INFO] [stdout]    |
[INFO] [stdout] 10 |    let meta_data: SomeMetadata = some_producer(req);
[INFO] [stdout]    |                                  ^^^^^^^^^^^^^ not found in this scope
[INFO] [stdout] 
[INFO] [stdout] error[E0425]: cannot find function `heavy_method` in this scope
[INFO] [stdout]   --> src/core/http.rs:821:30
[INFO] [stdout]    |
[INFO] [stdout] 18 |    resp.send_async(|| (None, heavy_method(meta_data)));
[INFO] [stdout]    |                              ^^^^^^^^^^^^ not found in this scope
[INFO] [stdout] 
[INFO] [stdout] error[E0308]: mismatched types
[INFO] [stdout]   --> src/core/http.rs:821:20
[INFO] [stdout]    |
[INFO] [stdout] 18 |    resp.send_async(|| (None, heavy_method(meta_data)));
[INFO] [stdout]    |                    ^^^^^^^^^^^^^^^^^^^^^^^^^^^^^^^^^^ expected fn pointer, found closure
[INFO] [stdout]    |
[INFO] [stdout]    = note: expected fn pointer `fn() -> (Option<u16>, String)`
[INFO] [stdout]                  found closure `[closure@src/core/http.rs:18:20: 18:54]`
[INFO] [stdout] note: closures can only be coerced to `fn` types if they do not capture any variables
[INFO] [stdout]   --> src/core/http.rs:821:43
[INFO] [stdout]    |
[INFO] [stdout] 18 |    resp.send_async(|| (None, heavy_method(meta_data)));
[INFO] [stdout]    |                                           ^^^^^^^^^ `meta_data` captured here
[INFO] [stdout] 
[INFO] [stdout] error: aborting due to 4 previous errors
[INFO] [stdout] 
[INFO] [stdout] Some errors have detailed explanations: E0308, E0412, E0425.
[INFO] [stdout] For more information about an error, try `rustc --explain E0308`.
[INFO] [stdout] Couldn't compile the test.
[INFO] [stdout] ---- src/core/server.rs - core::server::HttpServer::listen (line 51) stdout ----
[INFO] [stdout] Test executable failed (exit code 101).
[INFO] [stdout] 
[INFO] [stdout] stderr:
[INFO] [stdout] thread 'main' panicked at 'Unable to start the http server: Address already in use (os error 98)...', src/core/server.rs:105:13
[INFO] [stdout] stack backtrace:
[INFO] [stdout]    0:     0x55b6e60e65d0 - std::backtrace_rs::backtrace::libunwind::trace::hff4d1766e93f64f1
[INFO] [stdout]                                at /rustc/53fd98ca776cb875bc9e5514f56b52eb74f9e7a9/library/std/src/../../backtrace/src/backtrace/libunwind.rs:90:5
[INFO] [stdout]    1:     0x55b6e60e65d0 - std::backtrace_rs::backtrace::trace_unsynchronized::h56bbc8eb78770bcb
[INFO] [stdout]                                at /rustc/53fd98ca776cb875bc9e5514f56b52eb74f9e7a9/library/std/src/../../backtrace/src/backtrace/mod.rs:66:5
[INFO] [stdout]    2:     0x55b6e60e65d0 - std::sys_common::backtrace::_print_fmt::h5c8e75464faca780
[INFO] [stdout]                                at /rustc/53fd98ca776cb875bc9e5514f56b52eb74f9e7a9/library/std/src/sys_common/backtrace.rs:67:5
[INFO] [stdout]    3:     0x55b6e60e65d0 - <std::sys_common::backtrace::_print::DisplayBacktrace as core::fmt::Display>::fmt::h48b88277def8b362
[INFO] [stdout]                                at /rustc/53fd98ca776cb875bc9e5514f56b52eb74f9e7a9/library/std/src/sys_common/backtrace.rs:46:22
[INFO] [stdout]    4:     0x55b6e610254c - core::fmt::write::h3381b3176fe2b3d3
[INFO] [stdout]                                at /rustc/53fd98ca776cb875bc9e5514f56b52eb74f9e7a9/library/core/src/fmt/mod.rs:1115:17
[INFO] [stdout]    5:     0x55b6e60e23d5 - std::io::Write::write_fmt::hd42607e5d8e44db0
[INFO] [stdout]                                at /rustc/53fd98ca776cb875bc9e5514f56b52eb74f9e7a9/library/std/src/io/mod.rs:1665:15
[INFO] [stdout]    6:     0x55b6e60e855b - std::sys_common::backtrace::_print::ha537687d6c17dd0d
[INFO] [stdout]                                at /rustc/53fd98ca776cb875bc9e5514f56b52eb74f9e7a9/library/std/src/sys_common/backtrace.rs:49:5
[INFO] [stdout]    7:     0x55b6e60e855b - std::sys_common::backtrace::print::h61376ae57d131d72
[INFO] [stdout]                                at /rustc/53fd98ca776cb875bc9e5514f56b52eb74f9e7a9/library/std/src/sys_common/backtrace.rs:36:9
[INFO] [stdout]    8:     0x55b6e60e855b - std::panicking::default_hook::{{closure}}::h0f7208c0b9644a54
[INFO] [stdout]                                at /rustc/53fd98ca776cb875bc9e5514f56b52eb74f9e7a9/library/std/src/panicking.rs:208:50
[INFO] [stdout]    9:     0x55b6e60e8031 - std::panicking::default_hook::hdac7fc06578c14ce
[INFO] [stdout]                                at /rustc/53fd98ca776cb875bc9e5514f56b52eb74f9e7a9/library/std/src/panicking.rs:225:9
[INFO] [stdout]   10:     0x55b6e60e8c24 - std::panicking::rust_panic_with_hook::h72b21c283da3d1ef
[INFO] [stdout]                                at /rustc/53fd98ca776cb875bc9e5514f56b52eb74f9e7a9/library/std/src/panicking.rs:622:17
[INFO] [stdout]   11:     0x55b6e60e8707 - std::panicking::begin_panic_handler::{{closure}}::he5778f1729cff84a
[INFO] [stdout]                                at /rustc/53fd98ca776cb875bc9e5514f56b52eb74f9e7a9/library/std/src/panicking.rs:519:13
[INFO] [stdout]   12:     0x55b6e60e6aac - std::sys_common::backtrace::__rust_end_short_backtrace::h2d11ca8b453b4b1d
[INFO] [stdout]                                at /rustc/53fd98ca776cb875bc9e5514f56b52eb74f9e7a9/library/std/src/sys_common/backtrace.rs:141:18
[INFO] [stdout]   13:     0x55b6e60e8669 - rust_begin_unwind
[INFO] [stdout]                                at /rustc/53fd98ca776cb875bc9e5514f56b52eb74f9e7a9/library/std/src/panicking.rs:515:5
[INFO] [stdout]   14:     0x55b6e5eeda6b - std::panicking::begin_panic_fmt::h746518bde832d259
[INFO] [stdout]                                at /rustc/53fd98ca776cb875bc9e5514f56b52eb74f9e7a9/library/std/src/panicking.rs:457:5
[INFO] [stdout]   15:     0x55b6e5f6db51 - rusty_express::core::server::HttpServer::listen_and_serve::{{closure}}::h1b1262456a04825c
[INFO] [stdout]                                at /opt/rustwide/workdir/src/core/server.rs:105:13
[INFO] [stdout]   16:     0x55b6e5f742c5 - core::result::Result<T,E>::unwrap_or_else::h9c87afe709fc59c1
[INFO] [stdout]                                at /rustc/53fd98ca776cb875bc9e5514f56b52eb74f9e7a9/library/core/src/result.rs:1065:23
[INFO] [stdout]   17:     0x55b6e5f6d4a1 - rusty_express::core::server::HttpServer::listen_and_serve::he91f84f5735662ed
[INFO] [stdout]                                at /opt/rustwide/workdir/src/core/server.rs:104:24
[INFO] [stdout]   18:     0x55b6e5f6d3a6 - rusty_express::core::server::HttpServer::listen::h405ff8cf4c71494f
[INFO] [stdout]                                at /opt/rustwide/workdir/src/core/server.rs:65:9
[INFO] [stdout]   19:     0x55b6e5eeebeb - rust_out::main::_doctest_main_src_core_server_rs_51_0::h6c2ff27035d4de7f
[INFO] [stdout]   20:     0x55b6e5eeeb46 - rust_out::main::h61823b600df25383
[INFO] [stdout]   21:     0x55b6e5eeea63 - core::ops::function::FnOnce::call_once::h3d07824a44777914
[INFO] [stdout]   22:     0x55b6e5eee999 - std::sys_common::backtrace::__rust_begin_short_backtrace::h1ee1ba859d3174aa
[INFO] [stdout]   23:     0x55b6e5eeea19 - std::rt::lang_start::{{closure}}::hee9719d6b6efb7fa
[INFO] [stdout]   24:     0x55b6e60e922a - core::ops::function::impls::<impl core::ops::function::FnOnce<A> for &F>::call_once::ha88a7d1a4d24e549
[INFO] [stdout]                                at /rustc/53fd98ca776cb875bc9e5514f56b52eb74f9e7a9/library/core/src/ops/function.rs:259:13
[INFO] [stdout]   25:     0x55b6e60e922a - std::panicking::try::do_call::hd3b1d7740607ccc7
[INFO] [stdout]                                at /rustc/53fd98ca776cb875bc9e5514f56b52eb74f9e7a9/library/std/src/panicking.rs:401:40
[INFO] [stdout]   26:     0x55b6e60e922a - std::panicking::try::h0ee8c65ac7461507
[INFO] [stdout]                                at /rustc/53fd98ca776cb875bc9e5514f56b52eb74f9e7a9/library/std/src/panicking.rs:365:19
[INFO] [stdout]   27:     0x55b6e60e922a - std::panic::catch_unwind::head47f0de4ccd838
[INFO] [stdout]                                at /rustc/53fd98ca776cb875bc9e5514f56b52eb74f9e7a9/library/std/src/panic.rs:434:14
[INFO] [stdout]   28:     0x55b6e60e922a - std::rt::lang_start_internal::{{closure}}::hbc7de8ec820ac085
[INFO] [stdout]                                at /rustc/53fd98ca776cb875bc9e5514f56b52eb74f9e7a9/library/std/src/rt.rs:45:48
[INFO] [stdout]   29:     0x55b6e60e922a - std::panicking::try::do_call::h2609e52e8bad4a7b
[INFO] [stdout]                                at /rustc/53fd98ca776cb875bc9e5514f56b52eb74f9e7a9/library/std/src/panicking.rs:401:40
[INFO] [stdout]   30:     0x55b6e60e922a - std::panicking::try::hd0929f0b603e0389
[INFO] [stdout]                                at /rustc/53fd98ca776cb875bc9e5514f56b52eb74f9e7a9/library/std/src/panicking.rs:365:19
[INFO] [stdout]   31:     0x55b6e60e922a - std::panic::catch_unwind::h27902b81c3e47571
[INFO] [stdout]                                at /rustc/53fd98ca776cb875bc9e5514f56b52eb74f9e7a9/library/std/src/panic.rs:434:14
[INFO] [stdout]   32:     0x55b6e60e922a - std::rt::lang_start_internal::h3fb2d794dd391e3e
[INFO] [stdout]                                at /rustc/53fd98ca776cb875bc9e5514f56b52eb74f9e7a9/library/std/src/rt.rs:45:20
[INFO] [stdout]   33:     0x55b6e5eee9f1 - std::rt::lang_start::h0745d281d96e0cdb
[INFO] [stdout]   34:     0x55b6e5eeec23 - main
[INFO] [stdout]   35:     0x7f649bb200b3 - __libc_start_main
[INFO] [stdout]   36:     0x55b6e5eee8ce - _start
[INFO] [stdout]   37:                0x0 - <unknown>
[INFO] [stdout] 
[INFO] [stdout] 
[INFO] [stdout] ---- src/lib.rs - (line 6) stdout ----
[INFO] [stdout] Test executable failed (exit code 101).
[INFO] [stdout] 
[INFO] [stdout] stderr:
[INFO] [stdout] thread 'main' panicked at 'Unable to start the http server: Address already in use (os error 98)...', src/core/server.rs:105:13
[INFO] [stdout] stack backtrace:
[INFO] [stdout]    0:     0x5557bc1d4f40 - std::backtrace_rs::backtrace::libunwind::trace::hff4d1766e93f64f1
[INFO] [stdout]                                at /rustc/53fd98ca776cb875bc9e5514f56b52eb74f9e7a9/library/std/src/../../backtrace/src/backtrace/libunwind.rs:90:5
[INFO] [stdout]    1:     0x5557bc1d4f40 - std::backtrace_rs::backtrace::trace_unsynchronized::h56bbc8eb78770bcb
[INFO] [stdout]                                at /rustc/53fd98ca776cb875bc9e5514f56b52eb74f9e7a9/library/std/src/../../backtrace/src/backtrace/mod.rs:66:5
[INFO] [stdout]    2:     0x5557bc1d4f40 - std::sys_common::backtrace::_print_fmt::h5c8e75464faca780
[INFO] [stdout]                                at /rustc/53fd98ca776cb875bc9e5514f56b52eb74f9e7a9/library/std/src/sys_common/backtrace.rs:67:5
[INFO] [stdout]    3:     0x5557bc1d4f40 - <std::sys_common::backtrace::_print::DisplayBacktrace as core::fmt::Display>::fmt::h48b88277def8b362
[INFO] [stdout]                                at /rustc/53fd98ca776cb875bc9e5514f56b52eb74f9e7a9/library/std/src/sys_common/backtrace.rs:46:22
[INFO] [stdout]    4:     0x5557bc1f0ebc - core::fmt::write::h3381b3176fe2b3d3
[INFO] [stdout]                                at /rustc/53fd98ca776cb875bc9e5514f56b52eb74f9e7a9/library/core/src/fmt/mod.rs:1115:17
[INFO] [stdout]    5:     0x5557bc1d0c55 - std::io::Write::write_fmt::hd42607e5d8e44db0
[INFO] [stdout]                                at /rustc/53fd98ca776cb875bc9e5514f56b52eb74f9e7a9/library/std/src/io/mod.rs:1665:15
[INFO] [stdout]    6:     0x5557bc1d6ecb - std::sys_common::backtrace::_print::ha537687d6c17dd0d
[INFO] [stdout]                                at /rustc/53fd98ca776cb875bc9e5514f56b52eb74f9e7a9/library/std/src/sys_common/backtrace.rs:49:5
[INFO] [stdout]    7:     0x5557bc1d6ecb - std::sys_common::backtrace::print::h61376ae57d131d72
[INFO] [stdout]                                at /rustc/53fd98ca776cb875bc9e5514f56b52eb74f9e7a9/library/std/src/sys_common/backtrace.rs:36:9
[INFO] [stdout]    8:     0x5557bc1d6ecb - std::panicking::default_hook::{{closure}}::h0f7208c0b9644a54
[INFO] [stdout]                                at /rustc/53fd98ca776cb875bc9e5514f56b52eb74f9e7a9/library/std/src/panicking.rs:208:50
[INFO] [stdout]    9:     0x5557bc1d69a1 - std::panicking::default_hook::hdac7fc06578c14ce
[INFO] [stdout]                                at /rustc/53fd98ca776cb875bc9e5514f56b52eb74f9e7a9/library/std/src/panicking.rs:225:9
[INFO] [stdout]   10:     0x5557bc1d7594 - std::panicking::rust_panic_with_hook::h72b21c283da3d1ef
[INFO] [stdout]                                at /rustc/53fd98ca776cb875bc9e5514f56b52eb74f9e7a9/library/std/src/panicking.rs:622:17
[INFO] [stdout]   11:     0x5557bc1d7077 - std::panicking::begin_panic_handler::{{closure}}::he5778f1729cff84a
[INFO] [stdout]                                at /rustc/53fd98ca776cb875bc9e5514f56b52eb74f9e7a9/library/std/src/panicking.rs:519:13
[INFO] [stdout]   12:     0x5557bc1d541c - std::sys_common::backtrace::__rust_end_short_backtrace::h2d11ca8b453b4b1d
[INFO] [stdout]                                at /rustc/53fd98ca776cb875bc9e5514f56b52eb74f9e7a9/library/std/src/sys_common/backtrace.rs:141:18
[INFO] [stdout]   13:     0x5557bc1d6fd9 - rust_begin_unwind
[INFO] [stdout]                                at /rustc/53fd98ca776cb875bc9e5514f56b52eb74f9e7a9/library/std/src/panicking.rs:515:5
[INFO] [stdout]   14:     0x5557bbef8a6b - std::panicking::begin_panic_fmt::h746518bde832d259
[INFO] [stdout]                                at /rustc/53fd98ca776cb875bc9e5514f56b52eb74f9e7a9/library/std/src/panicking.rs:457:5
[INFO] [stdout]   15:     0x5557bbf7e591 - rusty_express::core::server::HttpServer::listen_and_serve::{{closure}}::h1b1262456a04825c
[INFO] [stdout]                                at /opt/rustwide/workdir/src/core/server.rs:105:13
[INFO] [stdout]   16:     0x5557bbf85d35 - core::result::Result<T,E>::unwrap_or_else::h9c87afe709fc59c1
[INFO] [stdout]                                at /rustc/53fd98ca776cb875bc9e5514f56b52eb74f9e7a9/library/core/src/result.rs:1065:23
[INFO] [stdout]   17:     0x5557bbf7dee1 - rusty_express::core::server::HttpServer::listen_and_serve::he91f84f5735662ed
[INFO] [stdout]                                at /opt/rustwide/workdir/src/core/server.rs:104:24
[INFO] [stdout]   18:     0x5557bbf7dde6 - rusty_express::core::server::HttpServer::listen::h405ff8cf4c71494f
[INFO] [stdout]                                at /opt/rustwide/workdir/src/core/server.rs:65:9
[INFO] [stdout]   19:     0x5557bbef9d2b - rust_out::main::_doctest_main_src_lib_rs_6_0::he33706b79b9461e8
[INFO] [stdout]   20:     0x5557bbef9cb6 - rust_out::main::h61823b600df25383
[INFO] [stdout]   21:     0x5557bbef9b23 - core::ops::function::FnOnce::call_once::h3d07824a44777914
[INFO] [stdout]   22:     0x5557bbef9a19 - std::sys_common::backtrace::__rust_begin_short_backtrace::h1ee1ba859d3174aa
[INFO] [stdout]   23:     0x5557bbef9a99 - std::rt::lang_start::{{closure}}::hee9719d6b6efb7fa
[INFO] [stdout]   24:     0x5557bc1d7b9a - core::ops::function::impls::<impl core::ops::function::FnOnce<A> for &F>::call_once::ha88a7d1a4d24e549
[INFO] [stdout]                                at /rustc/53fd98ca776cb875bc9e5514f56b52eb74f9e7a9/library/core/src/ops/function.rs:259:13
[INFO] [stdout]   25:     0x5557bc1d7b9a - std::panicking::try::do_call::hd3b1d7740607ccc7
[INFO] [stdout]                                at /rustc/53fd98ca776cb875bc9e5514f56b52eb74f9e7a9/library/std/src/panicking.rs:401:40
[INFO] [stdout]   26:     0x5557bc1d7b9a - std::panicking::try::h0ee8c65ac7461507
[INFO] [stdout]                                at /rustc/53fd98ca776cb875bc9e5514f56b52eb74f9e7a9/library/std/src/panicking.rs:365:19
[INFO] [stdout]   27:     0x5557bc1d7b9a - std::panic::catch_unwind::head47f0de4ccd838
[INFO] [stdout]                                at /rustc/53fd98ca776cb875bc9e5514f56b52eb74f9e7a9/library/std/src/panic.rs:434:14
[INFO] [stdout]   28:     0x5557bc1d7b9a - std::rt::lang_start_internal::{{closure}}::hbc7de8ec820ac085
[INFO] [stdout]                                at /rustc/53fd98ca776cb875bc9e5514f56b52eb74f9e7a9/library/std/src/rt.rs:45:48
[INFO] [stdout]   29:     0x5557bc1d7b9a - std::panicking::try::do_call::h2609e52e8bad4a7b
[INFO] [stdout]                                at /rustc/53fd98ca776cb875bc9e5514f56b52eb74f9e7a9/library/std/src/panicking.rs:401:40
[INFO] [stdout]   30:     0x5557bc1d7b9a - std::panicking::try::hd0929f0b603e0389
[INFO] [stdout]                                at /rustc/53fd98ca776cb875bc9e5514f56b52eb74f9e7a9/library/std/src/panicking.rs:365:19
[INFO] [stdout]   31:     0x5557bc1d7b9a - std::panic::catch_unwind::h27902b81c3e47571
[INFO] [stdout]                                at /rustc/53fd98ca776cb875bc9e5514f56b52eb74f9e7a9/library/std/src/panic.rs:434:14
[INFO] [stdout]   32:     0x5557bc1d7b9a - std::rt::lang_start_internal::h3fb2d794dd391e3e
[INFO] [stdout]                                at /rustc/53fd98ca776cb875bc9e5514f56b52eb74f9e7a9/library/std/src/rt.rs:45:20
[INFO] [stdout]   33:     0x5557bbef9a71 - std::rt::lang_start::h0745d281d96e0cdb
[INFO] [stdout]   34:     0x5557bbef9eb3 - main
[INFO] [stdout]   35:     0x7fe055a6e0b3 - __libc_start_main
[INFO] [stdout]   36:     0x5557bbef994e - _start
[INFO] [stdout]   37:                0x0 - <unknown>
[INFO] [stdout] 
[INFO] [stdout] 
[INFO] [stdout] ---- src/core/server.rs - core::server::HttpServer::listen_and_serve (line 76) stdout ----
[INFO] [stdout] Test executable failed (terminated by signal).
[INFO] [stdout] 
[INFO] [stdout] stdout:
[INFO] [stdout] Listening for connections on port 8080
[INFO] [stdout] 
[INFO] [stdout] 
[INFO] [stdout] 
[INFO] [stdout] failures:
[INFO] [stdout]     src/core/config.rs - core::config::EngineContext (line 216)
[INFO] [stdout]     src/core/http.rs - core::http::Response::header (line 647)
[INFO] [stdout]     src/core/http.rs - core::http::Response::send (line 775)
[INFO] [stdout]     src/core/http.rs - core::http::Response::send_async (line 806)
[INFO] [stdout]     src/core/http.rs - core::http::Response::send_file (line 861)
[INFO] [stdout]     src/core/http.rs - core::http::Response::set_header (line 713)
[INFO] [stdout]     src/core/http.rs - core::http::Response::with_headers (line 733)
[INFO] [stdout]     src/core/router.rs - core::router::Route::use_custom_static (line 704)
[INFO] [stdout]     src/core/router.rs - core::router::Route::use_static (line 686)
[INFO] [stdout]     src/core/server.rs - core::server::HttpServer::listen (line 51)
[INFO] [stdout]     src/core/server.rs - core::server::HttpServer::listen_and_serve (line 76)
[INFO] [stdout]     src/core/server.rs - core::server::HttpServer::use_custom_static (line 542)
[INFO] [stdout]     src/core/server.rs - core::server::HttpServer::use_static (line 524)
[INFO] [stdout]     src/lib.rs - (line 6)
[INFO] [stdout]     src/support/session.rs - support::session (line 35)
[INFO] [stdout] 
[INFO] [stdout] test result: FAILED. 1 passed; 15 failed; 0 ignored; 0 measured; 0 filtered out; finished in 65.05s
[INFO] [stdout] 
[INFO] [stderr] error: test failed, to rerun pass '--doc'
[INFO] running `Command { std: "docker" "inspect" "286c77e6d22c8ff908ad8ea00ab483e2e4a4da4a7311303433213a4898b1bc94", kill_on_drop: false }`
[INFO] running `Command { std: "docker" "rm" "-f" "286c77e6d22c8ff908ad8ea00ab483e2e4a4da4a7311303433213a4898b1bc94", kill_on_drop: false }`
[INFO] [stdout] 286c77e6d22c8ff908ad8ea00ab483e2e4a4da4a7311303433213a4898b1bc94
