[INFO] cloning repository https://github.com/CertainLach/hayasaka
[INFO] running `Command { std: "git" "-c" "credential.helper=" "-c" "credential.helper=/workspace/cargo-home/bin/git-credential-null" "clone" "--bare" "https://github.com/CertainLach/hayasaka" "/workspace/cache/git-repos/https%3A%2F%2Fgithub.com%2FCertainLach%2Fhayasaka", kill_on_drop: false }`
[INFO] [stderr] Cloning into bare repository '/workspace/cache/git-repos/https%3A%2F%2Fgithub.com%2FCertainLach%2Fhayasaka'...
[INFO] running `Command { std: "git" "rev-parse" "HEAD", kill_on_drop: false }`
[INFO] [stdout] 6b02f53a7d5a215eb0c2f5c44c7d1c15deef4f55
[INFO] testing CertainLach/hayasaka against 1.54.0 for beta-1.55-1
[INFO] running `Command { std: "git" "clone" "/workspace/cache/git-repos/https%3A%2F%2Fgithub.com%2FCertainLach%2Fhayasaka" "/workspace/builds/worker-4/source", kill_on_drop: false }`
[INFO] [stderr] Cloning into '/workspace/builds/worker-4/source'...
[INFO] [stderr] done.
[INFO] validating manifest of git repo https://github.com/CertainLach/hayasaka on toolchain 1.54.0
[INFO] running `Command { std: "/workspace/cargo-home/bin/cargo" "+1.54.0" "metadata" "--manifest-path" "Cargo.toml" "--no-deps", kill_on_drop: false }`
[INFO] started tweaking git repo https://github.com/CertainLach/hayasaka
[INFO] finished tweaking git repo https://github.com/CertainLach/hayasaka
[INFO] tweaked toml for git repo https://github.com/CertainLach/hayasaka written to /workspace/builds/worker-4/source/Cargo.toml
[INFO] crate git repo https://github.com/CertainLach/hayasaka already has a lockfile, it will not be regenerated
[INFO] running `Command { std: "/workspace/cargo-home/bin/cargo" "+1.54.0" "fetch" "--manifest-path" "Cargo.toml", kill_on_drop: false }`
[INFO] [stderr]     Blocking waiting for file lock on package cache
[INFO] [stderr]     Blocking waiting for file lock on package cache
[INFO] running `Command { std: "docker" "create" "-v" "/var/lib/crater-agent-workspace/builds/worker-4/target:/opt/rustwide/target:rw,Z" "-v" "/var/lib/crater-agent-workspace/builds/worker-4/source:/opt/rustwide/workdir:ro,Z" "-v" "/var/lib/crater-agent-workspace/cargo-home:/opt/rustwide/cargo-home:ro,Z" "-v" "/var/lib/crater-agent-workspace/rustup-home:/opt/rustwide/rustup-home:ro,Z" "-e" "SOURCE_DIR=/opt/rustwide/workdir" "-e" "CARGO_TARGET_DIR=/opt/rustwide/target" "-e" "CARGO_HOME=/opt/rustwide/cargo-home" "-e" "RUSTUP_HOME=/opt/rustwide/rustup-home" "-w" "/opt/rustwide/workdir" "-m" "1610612736" "--user" "0:0" "--network" "none" "ghcr.io/rust-lang/crates-build-env/linux@sha256:34b6a614d2c27851fe6cbf88fbd1137609cefab8b10d0615aaeb6fd47975d74e" "/opt/rustwide/cargo-home/bin/cargo" "+1.54.0" "metadata" "--no-deps" "--format-version=1", kill_on_drop: false }`
[INFO] [stderr] WARNING: Your kernel does not support swap limit capabilities or the cgroup is not mounted. Memory limited without swap.
[INFO] [stdout] f8b447d5d7ab2a8cbf25d200117c42ce1a7bf0788b9005fdaedbb31921960ba4
[INFO] running `Command { std: "docker" "start" "-a" "f8b447d5d7ab2a8cbf25d200117c42ce1a7bf0788b9005fdaedbb31921960ba4", kill_on_drop: false }`
[INFO] running `Command { std: "docker" "inspect" "f8b447d5d7ab2a8cbf25d200117c42ce1a7bf0788b9005fdaedbb31921960ba4", kill_on_drop: false }`
[INFO] running `Command { std: "docker" "rm" "-f" "f8b447d5d7ab2a8cbf25d200117c42ce1a7bf0788b9005fdaedbb31921960ba4", kill_on_drop: false }`
[INFO] [stdout] f8b447d5d7ab2a8cbf25d200117c42ce1a7bf0788b9005fdaedbb31921960ba4
[INFO] running `Command { std: "docker" "create" "-v" "/var/lib/crater-agent-workspace/builds/worker-4/target:/opt/rustwide/target:rw,Z" "-v" "/var/lib/crater-agent-workspace/builds/worker-4/source:/opt/rustwide/workdir:ro,Z" "-v" "/var/lib/crater-agent-workspace/cargo-home:/opt/rustwide/cargo-home:ro,Z" "-v" "/var/lib/crater-agent-workspace/rustup-home:/opt/rustwide/rustup-home:ro,Z" "-e" "SOURCE_DIR=/opt/rustwide/workdir" "-e" "CARGO_TARGET_DIR=/opt/rustwide/target" "-e" "CARGO_INCREMENTAL=0" "-e" "RUST_BACKTRACE=full" "-e" "RUSTFLAGS=--cap-lints=warn" "-e" "CARGO_HOME=/opt/rustwide/cargo-home" "-e" "RUSTUP_HOME=/opt/rustwide/rustup-home" "-w" "/opt/rustwide/workdir" "-m" "1610612736" "--user" "0:0" "--network" "none" "ghcr.io/rust-lang/crates-build-env/linux@sha256:34b6a614d2c27851fe6cbf88fbd1137609cefab8b10d0615aaeb6fd47975d74e" "/opt/rustwide/cargo-home/bin/cargo" "+1.54.0" "build" "--frozen" "--message-format=json", kill_on_drop: false }`
[INFO] [stdout] 13b59e39a8fa7dc74d004d8308d0f85be1d2434ec26109fb1f9a573184d0ffc2
[INFO] [stderr] WARNING: Your kernel does not support swap limit capabilities or the cgroup is not mounted. Memory limited without swap.
[INFO] running `Command { std: "docker" "start" "-a" "13b59e39a8fa7dc74d004d8308d0f85be1d2434ec26109fb1f9a573184d0ffc2", kill_on_drop: false }`
[INFO] [stderr]    Compiling syn v1.0.60
[INFO] [stderr]    Compiling libc v0.2.83
[INFO] [stderr]    Compiling serde v1.0.123
[INFO] [stderr]    Compiling serde_json v1.0.61
[INFO] [stderr]    Compiling futures-sink v0.3.12
[INFO] [stderr]    Compiling peg-runtime v0.6.3
[INFO] [stderr]    Compiling futures-io v0.3.12
[INFO] [stderr]    Compiling openssl v0.10.32
[INFO] [stderr]    Compiling unescape v0.1.0
[INFO] [stderr]    Compiling jrsonnet-stdlib v0.3.5 (https://github.com/CertainLach/jrsonnet.git?branch=master#cef41f1b)
[INFO] [stderr]    Compiling yansi-term v0.1.2
[INFO] [stderr]    Compiling k8s-openapi v0.11.0
[INFO] [stderr]    Compiling array_tool v1.0.3
[INFO] [stderr]    Compiling md5 v0.7.0
[INFO] [stderr]    Compiling pathdiff v0.2.0
[INFO] [stderr]    Compiling os_str_bytes v3.0.0
[INFO] [stderr]    Compiling closure v0.3.0
[INFO] [stderr]    Compiling tower-layer v0.3.1
[INFO] [stderr]    Compiling tokio v1.1.0
[INFO] [stderr]    Compiling thread_local v1.1.2
[INFO] [stderr]    Compiling futures-task v0.3.12
[INFO] [stderr]    Compiling openssl-sys v0.9.60
[INFO] [stderr]    Compiling http v0.2.3
[INFO] [stderr]    Compiling textwrap v0.13.4
[INFO] [stderr]    Compiling futures-channel v0.3.12
[INFO] [stderr]    Compiling annotate-snippets v0.9.0
[INFO] [stderr]    Compiling ordered-float v2.0.1
[INFO] [stderr]    Compiling num-integer v0.1.44
[INFO] [stderr]    Compiling regex v1.4.3
[INFO] [stderr]    Compiling peg-macros v0.6.3
[INFO] [stderr]    Compiling parking_lot_core v0.8.2
[INFO] [stderr]    Compiling signal-hook-registry v1.3.0
[INFO] [stderr]    Compiling num_cpus v1.13.0
[INFO] [stderr]    Compiling mio v0.7.7
[INFO] [stderr]    Compiling atty v0.2.14
[INFO] [stderr]    Compiling socket2 v0.3.19
[INFO] [stderr]    Compiling getrandom v0.2.2
[INFO] [stderr]    Compiling time v0.1.44
[INFO] [stderr]    Compiling dirs-sys-next v0.1.2
[INFO] [stderr]    Compiling subprocess v0.2.6
[INFO] [stderr]    Compiling native-tls v0.2.7
[INFO] [stderr]    Compiling dirs-next v2.0.0
[INFO] [stderr]    Compiling rand_core v0.6.1
[INFO] [stderr]    Compiling parking_lot v0.11.1
[INFO] [stderr]    Compiling env_logger v0.7.1
[INFO] [stderr]    Compiling Inflector v0.11.4
[INFO] [stderr]    Compiling pem v0.8.2
[INFO] [stderr]    Compiling env_logger v0.8.3
[INFO] [stderr]    Compiling rand_chacha v0.3.0
[INFO] [stderr]    Compiling http-body v0.4.0
[INFO] [stderr]    Compiling rand v0.8.3
[INFO] [stderr]    Compiling tempfile v3.2.0
[INFO] [stderr]    Compiling peg v0.6.3
[INFO] [stderr]    Compiling jrsonnet-types v0.3.5 (https://github.com/CertainLach/jrsonnet.git?branch=master#cef41f1b)
[INFO] [stderr]    Compiling proc-macro-error v1.0.4
[INFO] [stderr]    Compiling darling_core v0.12.2
[INFO] [stderr]    Compiling serde_derive v1.0.123
[INFO] [stderr]    Compiling tokio-macros v1.0.0
[INFO] [stderr]    Compiling futures-macro v0.3.12
[INFO] [stderr]    Compiling tracing-attributes v0.1.12
[INFO] [stderr]    Compiling pin-project-internal v1.0.4
[INFO] [stderr]    Compiling thiserror-impl v1.0.24
[INFO] [stderr]    Compiling clap_derive v3.0.0-beta.2 (https://github.com/clap-rs/clap?rev=52814b893c87e1c0350cae13fc1988fe2aa9886a#52814b89)
[INFO] [stderr]    Compiling duplicate v0.2.9
[INFO] [stderr]    Compiling darling_macro v0.12.2
[INFO] [stderr]    Compiling futures-util v0.3.12
[INFO] [stderr]    Compiling thiserror v1.0.24
[INFO] [stderr]    Compiling pin-project v1.0.4
[INFO] [stderr]    Compiling darling v0.12.2
[INFO] [stderr]    Compiling tracing v0.1.22
[INFO] [stderr]    Compiling clap v3.0.0-beta.2 (https://github.com/clap-rs/clap?rev=52814b893c87e1c0350cae13fc1988fe2aa9886a#52814b89)
[INFO] [stderr]    Compiling futures-executor v0.3.12
[INFO] [stderr]    Compiling hyper v0.14.2
[INFO] [stderr]    Compiling tokio-io-timeout v1.1.1
[INFO] [stderr]    Compiling tokio-util v0.6.3
[INFO] [stderr]    Compiling tokio-native-tls v0.3.0
[INFO] [stderr]    Compiling futures v0.3.12
[INFO] [stderr]    Compiling tower v0.4.6
[INFO] [stderr]    Compiling hyper-timeout v0.4.1
[INFO] [stderr]    Compiling hyper-tls v0.5.0
[INFO] [stderr]    Compiling jrsonnet-interner v0.3.5 (https://github.com/CertainLach/jrsonnet.git?branch=master#cef41f1b)
[INFO] [stderr]    Compiling bincode v1.3.2
[INFO] [stderr]    Compiling chrono v0.4.19
[INFO] [stderr]    Compiling serde-value v0.7.0
[INFO] [stderr]    Compiling serde_yaml v0.8.17
[INFO] [stderr]    Compiling serde_yaml_with_quirks v0.8.17
[INFO] [stderr]    Compiling jrsonnet-parser v0.3.5 (https://github.com/CertainLach/jrsonnet.git?branch=master#cef41f1b)
[INFO] [stderr]    Compiling treediff v3.0.2
[INFO] [stderr]    Compiling fieldpath v0.1.0 (/opt/rustwide/workdir/crates/fieldpath)
[INFO] [stderr]    Compiling jsonpath_lib v0.2.6
[INFO] [stderr]    Compiling kube-derive v0.51.0
[INFO] [stderr]    Compiling json-patch v0.2.6
[INFO] [stderr]    Compiling jrsonnet-evaluator v0.3.5 (https://github.com/CertainLach/jrsonnet.git?branch=master#cef41f1b)
[INFO] [stderr]    Compiling jrsonnet-cli v0.3.5 (https://github.com/CertainLach/jrsonnet.git?branch=master#cef41f1b)
[INFO] [stderr]    Compiling kube v0.51.0
[INFO] [stderr]    Compiling hayasaka v0.1.0 (/opt/rustwide/workdir)
[INFO] [stdout] warning: variant is never constructed: `Share`
[INFO] [stdout]   --> src/apply/mod.rs:16:5
[INFO] [stdout]    |
[INFO] [stdout] 16 |     Share,
[INFO] [stdout]    |     ^^^^^
[INFO] [stdout]    |
[INFO] [stdout]    = note: `#[warn(dead_code)]` on by default
[INFO] [stdout] 
[INFO] [stdout] 
[INFO] [stdout] warning: 1 warning emitted
[INFO] [stdout] 
[INFO] [stdout] 
[INFO] [stderr]     Finished dev [unoptimized + debuginfo] target(s) in 1m 53s
[INFO] running `Command { std: "docker" "inspect" "13b59e39a8fa7dc74d004d8308d0f85be1d2434ec26109fb1f9a573184d0ffc2", kill_on_drop: false }`
[INFO] running `Command { std: "docker" "rm" "-f" "13b59e39a8fa7dc74d004d8308d0f85be1d2434ec26109fb1f9a573184d0ffc2", kill_on_drop: false }`
[INFO] [stdout] 13b59e39a8fa7dc74d004d8308d0f85be1d2434ec26109fb1f9a573184d0ffc2
[INFO] running `Command { std: "docker" "create" "-v" "/var/lib/crater-agent-workspace/builds/worker-4/target:/opt/rustwide/target:rw,Z" "-v" "/var/lib/crater-agent-workspace/builds/worker-4/source:/opt/rustwide/workdir:ro,Z" "-v" "/var/lib/crater-agent-workspace/cargo-home:/opt/rustwide/cargo-home:ro,Z" "-v" "/var/lib/crater-agent-workspace/rustup-home:/opt/rustwide/rustup-home:ro,Z" "-e" "SOURCE_DIR=/opt/rustwide/workdir" "-e" "CARGO_TARGET_DIR=/opt/rustwide/target" "-e" "CARGO_INCREMENTAL=0" "-e" "RUST_BACKTRACE=full" "-e" "RUSTFLAGS=--cap-lints=warn" "-e" "CARGO_HOME=/opt/rustwide/cargo-home" "-e" "RUSTUP_HOME=/opt/rustwide/rustup-home" "-w" "/opt/rustwide/workdir" "-m" "1610612736" "--user" "0:0" "--network" "none" "ghcr.io/rust-lang/crates-build-env/linux@sha256:34b6a614d2c27851fe6cbf88fbd1137609cefab8b10d0615aaeb6fd47975d74e" "/opt/rustwide/cargo-home/bin/cargo" "+1.54.0" "test" "--frozen" "--no-run" "--message-format=json", kill_on_drop: false }`
[INFO] [stdout] 8425110865a72ee91d5bfa94eba8381be9dd7ddcd83095effc72a63e998099ce
[INFO] [stderr] WARNING: Your kernel does not support swap limit capabilities or the cgroup is not mounted. Memory limited without swap.
[INFO] running `Command { std: "docker" "start" "-a" "8425110865a72ee91d5bfa94eba8381be9dd7ddcd83095effc72a63e998099ce", kill_on_drop: false }`
[INFO] [stderr]    Compiling hayasaka v0.1.0 (/opt/rustwide/workdir)
[INFO] [stdout] warning: variant is never constructed: `Share`
[INFO] [stdout]   --> src/apply/mod.rs:16:5
[INFO] [stdout]    |
[INFO] [stdout] 16 |     Share,
[INFO] [stdout]    |     ^^^^^
[INFO] [stdout]    |
[INFO] [stdout]    = note: `#[warn(dead_code)]` on by default
[INFO] [stdout] 
[INFO] [stdout] 
[INFO] [stdout] warning: 1 warning emitted
[INFO] [stdout] 
[INFO] [stdout] 
[INFO] [stderr]     Finished test [unoptimized + debuginfo] target(s) in 4.67s
[INFO] running `Command { std: "docker" "inspect" "8425110865a72ee91d5bfa94eba8381be9dd7ddcd83095effc72a63e998099ce", kill_on_drop: false }`
[INFO] running `Command { std: "docker" "rm" "-f" "8425110865a72ee91d5bfa94eba8381be9dd7ddcd83095effc72a63e998099ce", kill_on_drop: false }`
[INFO] [stdout] 8425110865a72ee91d5bfa94eba8381be9dd7ddcd83095effc72a63e998099ce
[INFO] running `Command { std: "docker" "create" "-v" "/var/lib/crater-agent-workspace/builds/worker-4/target:/opt/rustwide/target:rw,Z" "-v" "/var/lib/crater-agent-workspace/builds/worker-4/source:/opt/rustwide/workdir:ro,Z" "-v" "/var/lib/crater-agent-workspace/cargo-home:/opt/rustwide/cargo-home:ro,Z" "-v" "/var/lib/crater-agent-workspace/rustup-home:/opt/rustwide/rustup-home:ro,Z" "-e" "SOURCE_DIR=/opt/rustwide/workdir" "-e" "CARGO_TARGET_DIR=/opt/rustwide/target" "-e" "CARGO_INCREMENTAL=0" "-e" "RUST_BACKTRACE=full" "-e" "RUSTFLAGS=--cap-lints=warn" "-e" "CARGO_HOME=/opt/rustwide/cargo-home" "-e" "RUSTUP_HOME=/opt/rustwide/rustup-home" "-w" "/opt/rustwide/workdir" "-m" "1610612736" "--user" "0:0" "--network" "none" "ghcr.io/rust-lang/crates-build-env/linux@sha256:34b6a614d2c27851fe6cbf88fbd1137609cefab8b10d0615aaeb6fd47975d74e" "/opt/rustwide/cargo-home/bin/cargo" "+1.54.0" "test" "--frozen", kill_on_drop: false }`
[INFO] [stderr] WARNING: Your kernel does not support swap limit capabilities or the cgroup is not mounted. Memory limited without swap.
[INFO] [stdout] 40df4587fdf7311e0804615b243ce87ce0049d6a6166619b09974ba48453aab1
[INFO] running `Command { std: "docker" "start" "-a" "40df4587fdf7311e0804615b243ce87ce0049d6a6166619b09974ba48453aab1", kill_on_drop: false }`
[INFO] [stderr] warning: variant is never constructed: `Share`
[INFO] [stderr]   --> src/apply/mod.rs:16:5
[INFO] [stderr]    |
[INFO] [stderr] 16 |     Share,
[INFO] [stderr]    |     ^^^^^
[INFO] [stderr]    |
[INFO] [stderr]    = note: `#[warn(dead_code)]` on by default
[INFO] [stderr] 
[INFO] [stderr] warning: 1 warning emitted
[INFO] [stderr] 
[INFO] [stderr]     Finished test [unoptimized + debuginfo] target(s) in 0.16s
[INFO] [stderr]      Running unittests (/opt/rustwide/target/debug/deps/hayasaka-8abefe8655834e17)
[INFO] [stdout] 
[INFO] [stdout] running 3 tests
[INFO] [stdout] test apply::parse::tests::failed_using ... ok
[INFO] [stdout] test apply::parse::tests::to_string ... ok
[INFO] [stdout] test apply::parse::tests::parsing ... FAILED
[INFO] [stdout] 
[INFO] [stdout] failures:
[INFO] [stdout] 
[INFO] [stdout] ---- apply::parse::tests::parsing stdout ----
[INFO] [stdout] thread 'apply::parse::tests::parsing' panicked at 'called `Result::unwrap()` on an `Err` value: ParseError { location: LineCol { line: 1, column: 38, offset: 37 }, expected: ExpectedSet { expected: {"\"\\\"\"", "\"'\""} } }', src/apply/parse.rs:23:40
[INFO] [stdout] stack backtrace:
[INFO] [stdout]    0:     0x55a97ab62c70 - std::backtrace_rs::backtrace::libunwind::trace::h34055254b57d8e79
[INFO] [stdout]                                at /rustc/a178d0322ce20e33eac124758e837cbd80a6f633/library/std/src/../../backtrace/src/backtrace/libunwind.rs:90:5
[INFO] [stdout]    1:     0x55a97ab62c70 - std::backtrace_rs::backtrace::trace_unsynchronized::h8f1e3fbd9afff6ec
[INFO] [stdout]                                at /rustc/a178d0322ce20e33eac124758e837cbd80a6f633/library/std/src/../../backtrace/src/backtrace/mod.rs:66:5
[INFO] [stdout]    2:     0x55a97ab62c70 - std::sys_common::backtrace::_print_fmt::h3a99a796b770c360
[INFO] [stdout]                                at /rustc/a178d0322ce20e33eac124758e837cbd80a6f633/library/std/src/sys_common/backtrace.rs:67:5
[INFO] [stdout]    3:     0x55a97ab62c70 - <std::sys_common::backtrace::_print::DisplayBacktrace as core::fmt::Display>::fmt::h32d1f94a80615d18
[INFO] [stdout]                                at /rustc/a178d0322ce20e33eac124758e837cbd80a6f633/library/std/src/sys_common/backtrace.rs:46:22
[INFO] [stdout]    4:     0x55a97ab8578c - core::fmt::write::h306731c068f7162c
[INFO] [stdout]                                at /rustc/a178d0322ce20e33eac124758e837cbd80a6f633/library/core/src/fmt/mod.rs:1110:17
[INFO] [stdout]    5:     0x55a97ab5fb95 - std::io::Write::write_fmt::h87f19b0a2cd190bc
[INFO] [stdout]                                at /rustc/a178d0322ce20e33eac124758e837cbd80a6f633/library/std/src/io/mod.rs:1588:15
[INFO] [stdout]    6:     0x55a97ab64ddb - std::sys_common::backtrace::_print::h5abaa2601a852287
[INFO] [stdout]                                at /rustc/a178d0322ce20e33eac124758e837cbd80a6f633/library/std/src/sys_common/backtrace.rs:49:5
[INFO] [stdout]    7:     0x55a97ab64ddb - std::sys_common::backtrace::print::h8d81445442bb638f
[INFO] [stdout]                                at /rustc/a178d0322ce20e33eac124758e837cbd80a6f633/library/std/src/sys_common/backtrace.rs:36:9
[INFO] [stdout]    8:     0x55a97ab64ddb - std::panicking::default_hook::{{closure}}::hcfe804496a9fa747
[INFO] [stdout]                                at /rustc/a178d0322ce20e33eac124758e837cbd80a6f633/library/std/src/panicking.rs:208:50
[INFO] [stdout]    9:     0x55a97ab648ec - std::panicking::default_hook::hbea8e3ccf2ba8901
[INFO] [stdout]                                at /rustc/a178d0322ce20e33eac124758e837cbd80a6f633/library/std/src/panicking.rs:222:9
[INFO] [stdout]   10:     0x55a97ab654a4 - std::panicking::rust_panic_with_hook::h7ee9e1a2d0f8975a
[INFO] [stdout]                                at /rustc/a178d0322ce20e33eac124758e837cbd80a6f633/library/std/src/panicking.rs:622:17
[INFO] [stdout]   11:     0x55a97ab64f87 - std::panicking::begin_panic_handler::{{closure}}::h8ab3b4491718b2c7
[INFO] [stdout]                                at /rustc/a178d0322ce20e33eac124758e837cbd80a6f633/library/std/src/panicking.rs:519:13
[INFO] [stdout]   12:     0x55a97ab6316c - std::sys_common::backtrace::__rust_end_short_backtrace::hd489062ffa586a9f
[INFO] [stdout]                                at /rustc/a178d0322ce20e33eac124758e837cbd80a6f633/library/std/src/sys_common/backtrace.rs:141:18
[INFO] [stdout]   13:     0x55a97ab64ee9 - rust_begin_unwind
[INFO] [stdout]                                at /rustc/a178d0322ce20e33eac124758e837cbd80a6f633/library/std/src/panicking.rs:515:5
[INFO] [stdout]   14:     0x55a97aac1651 - core::panicking::panic_fmt::hca6330e3e14086b4
[INFO] [stdout]                                at /rustc/a178d0322ce20e33eac124758e837cbd80a6f633/library/core/src/panicking.rs:92:14
[INFO] [stdout]   15:     0x55a97aac1743 - core::result::unwrap_failed::h6160d2b4bfbb0e87
[INFO] [stdout]                                at /rustc/a178d0322ce20e33eac124758e837cbd80a6f633/library/core/src/result.rs:1355:5
[INFO] [stdout]   16:     0x55a97aac9f68 - core::result::Result<T,E>::unwrap::h4d6e974b0f0999b2
[INFO] [stdout]                                at /rustc/a178d0322ce20e33eac124758e837cbd80a6f633/library/core/src/result.rs:1037:23
[INFO] [stdout]   17:     0x55a97aac4c9f - hayasaka::apply::parse::conflict_error_parser::__parse_fieldpath::hf27e63d6d0a0497b
[INFO] [stdout]                                at /opt/rustwide/workdir/src/apply/parse.rs:23:17
[INFO] [stdout]   18:     0x55a97aac516c - hayasaka::apply::parse::conflict_error_parser::__parse_path_list::hb6984eeec19f22af
[INFO] [stdout]                                at /opt/rustwide/workdir/src/apply/parse.rs:6:1
[INFO] [stdout]   19:     0x55a97aac55b6 - hayasaka::apply::parse::conflict_error_parser::__parse_conflict::hab385b7a1a6290ab
[INFO] [stdout]                                at /opt/rustwide/workdir/src/apply/parse.rs:6:1
[INFO] [stdout]   20:     0x55a97aac6587 - hayasaka::apply::parse::conflict_error_parser::__parse_message::hf0022d37d31e0c46
[INFO] [stdout]                                at /opt/rustwide/workdir/src/apply/parse.rs:6:1
[INFO] [stdout]   21:     0x55a97aac5cdc - hayasaka::apply::parse::conflict_error_parser::message::hecfa41fde24745e7
[INFO] [stdout]                                at /opt/rustwide/workdir/src/apply/parse.rs:6:1
[INFO] [stdout]   22:     0x55a97aace70d - hayasaka::apply::parse::tests::parsing::h6c4b560ea04cf22f
[INFO] [stdout]                                at /opt/rustwide/workdir/src/apply/parse.rs:56:22
[INFO] [stdout]   23:     0x55a97aace6da - hayasaka::apply::parse::tests::parsing::{{closure}}::hc17cc476a84bfb40
[INFO] [stdout]                                at /opt/rustwide/workdir/src/apply/parse.rs:55:5
[INFO] [stdout]   24:     0x55a97aac969e - core::ops::function::FnOnce::call_once::hdcf42b406dbd51d4
[INFO] [stdout]                                at /rustc/a178d0322ce20e33eac124758e837cbd80a6f633/library/core/src/ops/function.rs:227:5
[INFO] [stdout]   25:     0x55a97aaf8863 - core::ops::function::FnOnce::call_once::h152e7e439ff59e19
[INFO] [stdout]                                at /rustc/a178d0322ce20e33eac124758e837cbd80a6f633/library/core/src/ops/function.rs:227:5
[INFO] [stdout]   26:     0x55a97aaf8863 - test::__rust_begin_short_backtrace::h0908f3b1fdbb72ab
[INFO] [stdout]                                at /rustc/a178d0322ce20e33eac124758e837cbd80a6f633/library/test/src/lib.rs:577:5
[INFO] [stdout]   27:     0x55a97aaf7320 - <alloc::boxed::Box<F,A> as core::ops::function::FnOnce<Args>>::call_once::hf6d2a51e5587546c
[INFO] [stdout]                                at /rustc/a178d0322ce20e33eac124758e837cbd80a6f633/library/alloc/src/boxed.rs:1575:9
[INFO] [stdout]   28:     0x55a97aaf7320 - <std::panic::AssertUnwindSafe<F> as core::ops::function::FnOnce<()>>::call_once::h8af660f3a89ef593
[INFO] [stdout]                                at /rustc/a178d0322ce20e33eac124758e837cbd80a6f633/library/std/src/panic.rs:347:9
[INFO] [stdout]   29:     0x55a97aaf7320 - std::panicking::try::do_call::hd36aef60f84b6d36
[INFO] [stdout]                                at /rustc/a178d0322ce20e33eac124758e837cbd80a6f633/library/std/src/panicking.rs:401:40
[INFO] [stdout]   30:     0x55a97aaf7320 - std::panicking::try::h9932b4480e69817c
[INFO] [stdout]                                at /rustc/a178d0322ce20e33eac124758e837cbd80a6f633/library/std/src/panicking.rs:365:19
[INFO] [stdout]   31:     0x55a97aaf7320 - std::panic::catch_unwind::h6aa177099cfff5f8
[INFO] [stdout]                                at /rustc/a178d0322ce20e33eac124758e837cbd80a6f633/library/std/src/panic.rs:434:14
[INFO] [stdout]   32:     0x55a97aaf7320 - test::run_test_in_process::h5884d6f2d99e20c3
[INFO] [stdout]                                at /rustc/a178d0322ce20e33eac124758e837cbd80a6f633/library/test/src/lib.rs:600:18
[INFO] [stdout]   33:     0x55a97aaf7320 - test::run_test::run_test_inner::{{closure}}::h6fdc58c6d5f5b6e3
[INFO] [stdout]                                at /rustc/a178d0322ce20e33eac124758e837cbd80a6f633/library/test/src/lib.rs:492:39
[INFO] [stdout]   34:     0x55a97aad09d2 - test::run_test::run_test_inner::{{closure}}::h408365d67a78ade8
[INFO] [stdout]                                at /rustc/a178d0322ce20e33eac124758e837cbd80a6f633/library/test/src/lib.rs:519:37
[INFO] [stdout]   35:     0x55a97aad09d2 - std::sys_common::backtrace::__rust_begin_short_backtrace::hb560b77c4f701523
[INFO] [stdout]                                at /rustc/a178d0322ce20e33eac124758e837cbd80a6f633/library/std/src/sys_common/backtrace.rs:125:18
[INFO] [stdout]   36:     0x55a97aad4588 - std::thread::Builder::spawn_unchecked::{{closure}}::{{closure}}::hf2e7831dad93c597
[INFO] [stdout]                                at /rustc/a178d0322ce20e33eac124758e837cbd80a6f633/library/std/src/thread/mod.rs:481:17
[INFO] [stdout]   37:     0x55a97aad4588 - <std::panic::AssertUnwindSafe<F> as core::ops::function::FnOnce<()>>::call_once::hd2e08783d8be4d02
[INFO] [stdout]                                at /rustc/a178d0322ce20e33eac124758e837cbd80a6f633/library/std/src/panic.rs:347:9
[INFO] [stdout]   38:     0x55a97aad4588 - std::panicking::try::do_call::h062597b7acfd6b82
[INFO] [stdout]                                at /rustc/a178d0322ce20e33eac124758e837cbd80a6f633/library/std/src/panicking.rs:401:40
[INFO] [stdout]   39:     0x55a97aad4588 - std::panicking::try::h0d7b79db04c14552
[INFO] [stdout]                                at /rustc/a178d0322ce20e33eac124758e837cbd80a6f633/library/std/src/panicking.rs:365:19
[INFO] [stdout]   40:     0x55a97aad4588 - std::panic::catch_unwind::hb01a0b5e7c8cd43b
[INFO] [stdout]                                at /rustc/a178d0322ce20e33eac124758e837cbd80a6f633/library/std/src/panic.rs:434:14
[INFO] [stdout]   41:     0x55a97aad4588 - std::thread::Builder::spawn_unchecked::{{closure}}::h5bde48cc887e0d1e
[INFO] [stdout]                                at /rustc/a178d0322ce20e33eac124758e837cbd80a6f633/library/std/src/thread/mod.rs:480:30
[INFO] [stdout]   42:     0x55a97aad4588 - core::ops::function::FnOnce::call_once{{vtable.shim}}::h745ea30807a29e55
[INFO] [stdout]                                at /rustc/a178d0322ce20e33eac124758e837cbd80a6f633/library/core/src/ops/function.rs:227:5
[INFO] [stdout]   43:     0x55a97ab69f67 - <alloc::boxed::Box<F,A> as core::ops::function::FnOnce<Args>>::call_once::h7ece6cfefaff1005
[INFO] [stdout]                                at /rustc/a178d0322ce20e33eac124758e837cbd80a6f633/library/alloc/src/boxed.rs:1575:9
[INFO] [stdout]   44:     0x55a97ab69f67 - <alloc::boxed::Box<F,A> as core::ops::function::FnOnce<Args>>::call_once::hb8b48e55c21f193e
[INFO] [stdout]                                at /rustc/a178d0322ce20e33eac124758e837cbd80a6f633/library/alloc/src/boxed.rs:1575:9
[INFO] [stdout]   45:     0x55a97ab69f67 - std::sys::unix::thread::Thread::new::thread_start::h8c7c4450dba62914
[INFO] [stdout]                                at /rustc/a178d0322ce20e33eac124758e837cbd80a6f633/library/std/src/sys/unix/thread.rs:71:17
[INFO] [stdout]   46:     0x7f21559db609 - start_thread
[INFO] [stdout]   47:     0x7f21557ad293 - clone
[INFO] [stdout]   48:                0x0 - <unknown>
[INFO] [stdout] 
[INFO] [stdout] 
[INFO] [stdout] failures:
[INFO] [stdout]     apply::parse::tests::parsing
[INFO] [stdout] 
[INFO] [stdout] test result: FAILED. 2 passed; 1 failed; 0 ignored; 0 measured; 0 filtered out; finished in 0.04s
[INFO] [stdout] 
[INFO] [stderr] error: test failed, to rerun pass '--bin hayasaka'
[INFO] running `Command { std: "docker" "inspect" "40df4587fdf7311e0804615b243ce87ce0049d6a6166619b09974ba48453aab1", kill_on_drop: false }`
[INFO] running `Command { std: "docker" "rm" "-f" "40df4587fdf7311e0804615b243ce87ce0049d6a6166619b09974ba48453aab1", kill_on_drop: false }`
[INFO] [stdout] 40df4587fdf7311e0804615b243ce87ce0049d6a6166619b09974ba48453aab1
