[INFO] cloning repository https://github.com/Cerberuser/object-safe
[INFO] running `Command { std: "git" "-c" "credential.helper=" "-c" "credential.helper=/workspace/cargo-home/bin/git-credential-null" "clone" "--bare" "https://github.com/Cerberuser/object-safe" "/workspace/cache/git-repos/https%3A%2F%2Fgithub.com%2FCerberuser%2Fobject-safe", kill_on_drop: false }`
[INFO] [stderr] Cloning into bare repository '/workspace/cache/git-repos/https%3A%2F%2Fgithub.com%2FCerberuser%2Fobject-safe'...
[INFO] running `Command { std: "git" "rev-parse" "HEAD", kill_on_drop: false }`
[INFO] [stdout] 3dca7620169dd0ab2c524370d90a927afc3b8afa
[INFO] testing Cerberuser/object-safe against beta-2021-08-01 for beta-1.55-1
[INFO] running `Command { std: "git" "clone" "/workspace/cache/git-repos/https%3A%2F%2Fgithub.com%2FCerberuser%2Fobject-safe" "/workspace/builds/worker-5/source", kill_on_drop: false }`
[INFO] [stderr] Cloning into '/workspace/builds/worker-5/source'...
[INFO] [stderr] done.
[INFO] validating manifest of git repo https://github.com/Cerberuser/object-safe on toolchain beta-2021-08-01
[INFO] running `Command { std: "/workspace/cargo-home/bin/cargo" "+beta-2021-08-01" "metadata" "--manifest-path" "Cargo.toml" "--no-deps", kill_on_drop: false }`
[INFO] started tweaking git repo https://github.com/Cerberuser/object-safe
[INFO] finished tweaking git repo https://github.com/Cerberuser/object-safe
[INFO] tweaked toml for git repo https://github.com/Cerberuser/object-safe written to /workspace/builds/worker-5/source/Cargo.toml
[INFO] crate git repo https://github.com/Cerberuser/object-safe already has a lockfile, it will not be regenerated
[INFO] running `Command { std: "/workspace/cargo-home/bin/cargo" "+beta-2021-08-01" "fetch" "--manifest-path" "Cargo.toml", kill_on_drop: false }`
[INFO] [stderr]  Downloading crates ...
[INFO] [stderr]   Downloaded darling_macro v0.10.0
[INFO] [stderr]   Downloaded trybuild v1.0.11
[INFO] [stderr]   Downloaded darling v0.10.0
[INFO] [stderr]   Downloaded darling_core v0.10.0
[INFO] running `Command { std: "docker" "create" "-v" "/var/lib/crater-agent-workspace/builds/worker-5/target:/opt/rustwide/target:rw,Z" "-v" "/var/lib/crater-agent-workspace/builds/worker-5/source:/opt/rustwide/workdir:ro,Z" "-v" "/var/lib/crater-agent-workspace/cargo-home:/opt/rustwide/cargo-home:ro,Z" "-v" "/var/lib/crater-agent-workspace/rustup-home:/opt/rustwide/rustup-home:ro,Z" "-e" "SOURCE_DIR=/opt/rustwide/workdir" "-e" "CARGO_TARGET_DIR=/opt/rustwide/target" "-e" "CARGO_HOME=/opt/rustwide/cargo-home" "-e" "RUSTUP_HOME=/opt/rustwide/rustup-home" "-w" "/opt/rustwide/workdir" "-m" "1610612736" "--user" "0:0" "--network" "none" "ghcr.io/rust-lang/crates-build-env/linux@sha256:34b6a614d2c27851fe6cbf88fbd1137609cefab8b10d0615aaeb6fd47975d74e" "/opt/rustwide/cargo-home/bin/cargo" "+beta-2021-08-01" "metadata" "--no-deps" "--format-version=1", kill_on_drop: false }`
[INFO] [stdout] 62d6d00f1dcd3cd9bf405783b6aa4a16b1a4106d017ae942a5c3f69917f5f282
[INFO] [stderr] WARNING: Your kernel does not support swap limit capabilities or the cgroup is not mounted. Memory limited without swap.
[INFO] running `Command { std: "docker" "start" "-a" "62d6d00f1dcd3cd9bf405783b6aa4a16b1a4106d017ae942a5c3f69917f5f282", kill_on_drop: false }`
[INFO] running `Command { std: "docker" "inspect" "62d6d00f1dcd3cd9bf405783b6aa4a16b1a4106d017ae942a5c3f69917f5f282", kill_on_drop: false }`
[INFO] running `Command { std: "docker" "rm" "-f" "62d6d00f1dcd3cd9bf405783b6aa4a16b1a4106d017ae942a5c3f69917f5f282", kill_on_drop: false }`
[INFO] [stdout] 62d6d00f1dcd3cd9bf405783b6aa4a16b1a4106d017ae942a5c3f69917f5f282
[INFO] running `Command { std: "docker" "create" "-v" "/var/lib/crater-agent-workspace/builds/worker-5/target:/opt/rustwide/target:rw,Z" "-v" "/var/lib/crater-agent-workspace/builds/worker-5/source:/opt/rustwide/workdir:ro,Z" "-v" "/var/lib/crater-agent-workspace/cargo-home:/opt/rustwide/cargo-home:ro,Z" "-v" "/var/lib/crater-agent-workspace/rustup-home:/opt/rustwide/rustup-home:ro,Z" "-e" "SOURCE_DIR=/opt/rustwide/workdir" "-e" "CARGO_TARGET_DIR=/opt/rustwide/target" "-e" "CARGO_INCREMENTAL=0" "-e" "RUST_BACKTRACE=full" "-e" "RUSTFLAGS=--cap-lints=warn" "-e" "CARGO_HOME=/opt/rustwide/cargo-home" "-e" "RUSTUP_HOME=/opt/rustwide/rustup-home" "-w" "/opt/rustwide/workdir" "-m" "1610612736" "--user" "0:0" "--network" "none" "ghcr.io/rust-lang/crates-build-env/linux@sha256:34b6a614d2c27851fe6cbf88fbd1137609cefab8b10d0615aaeb6fd47975d74e" "/opt/rustwide/cargo-home/bin/cargo" "+beta-2021-08-01" "build" "--frozen" "--message-format=json", kill_on_drop: false }`
[INFO] [stdout] d1f572579567c2177bcc665fcfcaaf7a5a7e461eb7cc06b25fc5ed49eb7c8bfb
[INFO] [stderr] WARNING: Your kernel does not support swap limit capabilities or the cgroup is not mounted. Memory limited without swap.
[INFO] running `Command { std: "docker" "start" "-a" "d1f572579567c2177bcc665fcfcaaf7a5a7e461eb7cc06b25fc5ed49eb7c8bfb", kill_on_drop: false }`
[INFO] [stderr]    Compiling syn v1.0.5
[INFO] [stderr]    Compiling strsim v0.9.2
[INFO] [stderr]    Compiling darling_core v0.10.0
[INFO] [stderr]    Compiling darling_macro v0.10.0
[INFO] [stderr]    Compiling darling v0.10.0
[INFO] [stderr]    Compiling object-safe v0.1.0 (/opt/rustwide/workdir)
[INFO] [stderr]     Finished dev [unoptimized + debuginfo] target(s) in 21.76s
[INFO] running `Command { std: "docker" "inspect" "d1f572579567c2177bcc665fcfcaaf7a5a7e461eb7cc06b25fc5ed49eb7c8bfb", kill_on_drop: false }`
[INFO] running `Command { std: "docker" "rm" "-f" "d1f572579567c2177bcc665fcfcaaf7a5a7e461eb7cc06b25fc5ed49eb7c8bfb", kill_on_drop: false }`
[INFO] [stdout] d1f572579567c2177bcc665fcfcaaf7a5a7e461eb7cc06b25fc5ed49eb7c8bfb
[INFO] running `Command { std: "docker" "create" "-v" "/var/lib/crater-agent-workspace/builds/worker-5/target:/opt/rustwide/target:rw,Z" "-v" "/var/lib/crater-agent-workspace/builds/worker-5/source:/opt/rustwide/workdir:ro,Z" "-v" "/var/lib/crater-agent-workspace/cargo-home:/opt/rustwide/cargo-home:ro,Z" "-v" "/var/lib/crater-agent-workspace/rustup-home:/opt/rustwide/rustup-home:ro,Z" "-e" "SOURCE_DIR=/opt/rustwide/workdir" "-e" "CARGO_TARGET_DIR=/opt/rustwide/target" "-e" "CARGO_INCREMENTAL=0" "-e" "RUST_BACKTRACE=full" "-e" "RUSTFLAGS=--cap-lints=warn" "-e" "CARGO_HOME=/opt/rustwide/cargo-home" "-e" "RUSTUP_HOME=/opt/rustwide/rustup-home" "-w" "/opt/rustwide/workdir" "-m" "1610612736" "--user" "0:0" "--network" "none" "ghcr.io/rust-lang/crates-build-env/linux@sha256:34b6a614d2c27851fe6cbf88fbd1137609cefab8b10d0615aaeb6fd47975d74e" "/opt/rustwide/cargo-home/bin/cargo" "+beta-2021-08-01" "test" "--frozen" "--no-run" "--message-format=json", kill_on_drop: false }`
[INFO] [stderr] WARNING: Your kernel does not support swap limit capabilities or the cgroup is not mounted. Memory limited without swap.
[INFO] [stdout] b10c680d790c6ac0e9e6720a624035d18ff5df9dd09142150eb7eed091ff937a
[INFO] running `Command { std: "docker" "start" "-a" "b10c680d790c6ac0e9e6720a624035d18ff5df9dd09142150eb7eed091ff937a", kill_on_drop: false }`
[INFO] [stderr]    Compiling serde_derive v1.0.99
[INFO] [stderr]    Compiling serde v1.0.99
[INFO] [stderr]    Compiling toml v0.5.3
[INFO] [stderr]    Compiling serde_json v1.0.40
[INFO] [stderr]    Compiling trybuild v1.0.11
[INFO] [stderr]    Compiling object-safe v0.1.0 (/opt/rustwide/workdir)
[INFO] [stderr]     Finished test [unoptimized + debuginfo] target(s) in 20.09s
[INFO] running `Command { std: "docker" "inspect" "b10c680d790c6ac0e9e6720a624035d18ff5df9dd09142150eb7eed091ff937a", kill_on_drop: false }`
[INFO] running `Command { std: "docker" "rm" "-f" "b10c680d790c6ac0e9e6720a624035d18ff5df9dd09142150eb7eed091ff937a", kill_on_drop: false }`
[INFO] [stdout] b10c680d790c6ac0e9e6720a624035d18ff5df9dd09142150eb7eed091ff937a
[INFO] running `Command { std: "docker" "create" "-v" "/var/lib/crater-agent-workspace/builds/worker-5/target:/opt/rustwide/target:rw,Z" "-v" "/var/lib/crater-agent-workspace/builds/worker-5/source:/opt/rustwide/workdir:ro,Z" "-v" "/var/lib/crater-agent-workspace/cargo-home:/opt/rustwide/cargo-home:ro,Z" "-v" "/var/lib/crater-agent-workspace/rustup-home:/opt/rustwide/rustup-home:ro,Z" "-e" "SOURCE_DIR=/opt/rustwide/workdir" "-e" "CARGO_TARGET_DIR=/opt/rustwide/target" "-e" "CARGO_INCREMENTAL=0" "-e" "RUST_BACKTRACE=full" "-e" "RUSTFLAGS=--cap-lints=warn" "-e" "CARGO_HOME=/opt/rustwide/cargo-home" "-e" "RUSTUP_HOME=/opt/rustwide/rustup-home" "-w" "/opt/rustwide/workdir" "-m" "1610612736" "--user" "0:0" "--network" "none" "ghcr.io/rust-lang/crates-build-env/linux@sha256:34b6a614d2c27851fe6cbf88fbd1137609cefab8b10d0615aaeb6fd47975d74e" "/opt/rustwide/cargo-home/bin/cargo" "+beta-2021-08-01" "test" "--frozen", kill_on_drop: false }`
[INFO] [stdout] 2d0dcf2f7c77ef527e53232f2528fe8f0fdb2ba191db0e889d505320ca93dfdb
[INFO] [stderr] WARNING: Your kernel does not support swap limit capabilities or the cgroup is not mounted. Memory limited without swap.
[INFO] running `Command { std: "docker" "start" "-a" "2d0dcf2f7c77ef527e53232f2528fe8f0fdb2ba191db0e889d505320ca93dfdb", kill_on_drop: false }`
[INFO] [stderr]     Finished test [unoptimized + debuginfo] target(s) in 0.04s
[INFO] [stderr]      Running unittests (/opt/rustwide/target/debug/deps/object_safe-d190ed55e16c6774)
[INFO] [stdout] 
[INFO] [stdout] running 0 tests
[INFO] [stdout] 
[INFO] [stdout] test result: ok. 0 passed; 0 failed; 0 ignored; 0 measured; 0 filtered out; finished in 0.00s
[INFO] [stdout] 
[INFO] [stderr]      Running tests/compile_fail.rs (/opt/rustwide/target/debug/deps/compile_fail-ef181439e411c509)
[INFO] [stdout] 
[INFO] [stdout] running 1 test
[INFO] [stderr]     Updating crates.io index
[INFO] [stderr] warning: spurious network error (2 tries remaining): failed to resolve address for github.com: Temporary failure in name resolution; class=Net (12)
[INFO] [stderr] warning: spurious network error (1 tries remaining): failed to resolve address for github.com: Temporary failure in name resolution; class=Net (12)
[INFO] [stderr] error: failed to get `darling` as a dependency of package `object-safe-tests v0.0.0 (/opt/rustwide/target/tests/object-safe)`
[INFO] [stderr] 
[INFO] [stderr] Caused by:
[INFO] [stderr]   failed to load source for dependency `darling`
[INFO] [stderr] 
[INFO] [stderr] Caused by:
[INFO] [stderr]   Unable to update registry `crates-io`
[INFO] [stderr] 
[INFO] [stderr] Caused by:
[INFO] [stderr]   failed to fetch `https://github.com/rust-lang/crates.io-index`
[INFO] [stderr] 
[INFO] [stderr] Caused by:
[INFO] [stderr]   network failure seems to have happened
[INFO] [stderr]   if a proxy or similar is necessary `net.git-fetch-with-cli` may help here
[INFO] [stderr]   https://doc.rust-lang.org/cargo/reference/config.html#netgit-fetch-with-cli
[INFO] [stderr] 
[INFO] [stderr] Caused by:
[INFO] [stderr]   failed to resolve address for github.com: Temporary failure in name resolution; class=Net (12)
[INFO] [stdout] test compile_fail ... FAILED
[INFO] [stdout] 
[INFO] [stdout] failures:
[INFO] [stdout] 
[INFO] [stdout] ---- compile_fail stdout ----
[INFO] [stdout] thread 'compile_fail' panicked at 'tests failed', /opt/rustwide/cargo-home/registry/src/github.com-1ecc6299db9ec823/trybuild-1.0.11/src/run.rs:38:13
[INFO] [stdout] stack backtrace:
[INFO] [stdout]    0:     0x560118ffcf50 - std::backtrace_rs::backtrace::libunwind::trace::hff4d1766e93f64f1
[INFO] [stdout]                                at /rustc/53fd98ca776cb875bc9e5514f56b52eb74f9e7a9/library/std/src/../../backtrace/src/backtrace/libunwind.rs:90:5
[INFO] [stdout]    1:     0x560118ffcf50 - std::backtrace_rs::backtrace::trace_unsynchronized::h56bbc8eb78770bcb
[INFO] [stdout]                                at /rustc/53fd98ca776cb875bc9e5514f56b52eb74f9e7a9/library/std/src/../../backtrace/src/backtrace/mod.rs:66:5
[INFO] [stdout]    2:     0x560118ffcf50 - std::sys_common::backtrace::_print_fmt::h5c8e75464faca780
[INFO] [stdout]                                at /rustc/53fd98ca776cb875bc9e5514f56b52eb74f9e7a9/library/std/src/sys_common/backtrace.rs:67:5
[INFO] [stdout]    3:     0x560118ffcf50 - <std::sys_common::backtrace::_print::DisplayBacktrace as core::fmt::Display>::fmt::h48b88277def8b362
[INFO] [stdout]                                at /rustc/53fd98ca776cb875bc9e5514f56b52eb74f9e7a9/library/std/src/sys_common/backtrace.rs:46:22
[INFO] [stdout]    4:     0x56011902137c - core::fmt::write::h3381b3176fe2b3d3
[INFO] [stdout]                                at /rustc/53fd98ca776cb875bc9e5514f56b52eb74f9e7a9/library/core/src/fmt/mod.rs:1115:17
[INFO] [stdout]    5:     0x560118ff94e5 - std::io::Write::write_fmt::h5f34a676f60246b5
[INFO] [stdout]                                at /rustc/53fd98ca776cb875bc9e5514f56b52eb74f9e7a9/library/std/src/io/mod.rs:1665:15
[INFO] [stdout]    6:     0x560118fff27b - std::sys_common::backtrace::_print::ha537687d6c17dd0d
[INFO] [stdout]                                at /rustc/53fd98ca776cb875bc9e5514f56b52eb74f9e7a9/library/std/src/sys_common/backtrace.rs:49:5
[INFO] [stdout]    7:     0x560118fff27b - std::sys_common::backtrace::print::h61376ae57d131d72
[INFO] [stdout]                                at /rustc/53fd98ca776cb875bc9e5514f56b52eb74f9e7a9/library/std/src/sys_common/backtrace.rs:36:9
[INFO] [stdout]    8:     0x560118fff27b - std::panicking::default_hook::{{closure}}::h0f7208c0b9644a54
[INFO] [stdout]                                at /rustc/53fd98ca776cb875bc9e5514f56b52eb74f9e7a9/library/std/src/panicking.rs:208:50
[INFO] [stdout]    9:     0x560118ffed8c - std::panicking::default_hook::hdac7fc06578c14ce
[INFO] [stdout]                                at /rustc/53fd98ca776cb875bc9e5514f56b52eb74f9e7a9/library/std/src/panicking.rs:222:9
[INFO] [stdout]   10:     0x560118fff944 - std::panicking::rust_panic_with_hook::h72b21c283da3d1ef
[INFO] [stdout]                                at /rustc/53fd98ca776cb875bc9e5514f56b52eb74f9e7a9/library/std/src/panicking.rs:622:17
[INFO] [stdout]   11:     0x560118fe0b73 - std::panicking::begin_panic::{{closure}}::h591bf6058fa519bf
[INFO] [stdout]                                at /rustc/53fd98ca776cb875bc9e5514f56b52eb74f9e7a9/library/std/src/panicking.rs:542:9
[INFO] [stdout]   12:     0x560118fe0089 - std::sys_common::backtrace::__rust_end_short_backtrace::h002fc726797ef1d7
[INFO] [stdout]                                at /rustc/53fd98ca776cb875bc9e5514f56b52eb74f9e7a9/library/std/src/sys_common/backtrace.rs:141:18
[INFO] [stdout]   13:     0x560118fe0aa9 - std::panicking::begin_panic::hf95aa3949801140e
[INFO] [stdout]                                at /rustc/53fd98ca776cb875bc9e5514f56b52eb74f9e7a9/library/std/src/panicking.rs:541:12
[INFO] [stdout]   14:     0x560118f19025 - trybuild::run::<impl trybuild::Runner>::run::{{closure}}::hca7144181f44682a
[INFO] [stdout]                                at /opt/rustwide/cargo-home/registry/src/github.com-1ecc6299db9ec823/trybuild-1.0.11/src/run.rs:38:13
[INFO] [stdout]   15:     0x560118f389bb - core::result::Result<T,E>::unwrap_or_else::h154ac9d65b7775a4
[INFO] [stdout]                                at /rustc/53fd98ca776cb875bc9e5514f56b52eb74f9e7a9/library/core/src/result.rs:1065:23
[INFO] [stdout]   16:     0x560118eadce3 - trybuild::run::<impl trybuild::Runner>::run::h22caab6917c6b19c
[INFO] [stdout]                                at /opt/rustwide/cargo-home/registry/src/github.com-1ecc6299db9ec823/trybuild-1.0.11/src/run.rs:36:23
[INFO] [stdout]   17:     0x560118eb29d4 - <trybuild::TestCases as core::ops::drop::Drop>::drop::hfd79a3e08d80b3c1
[INFO] [stdout]                                at /opt/rustwide/cargo-home/registry/src/github.com-1ecc6299db9ec823/trybuild-1.0.11/src/lib.rs:273:13
[INFO] [stdout]   18:     0x560118e13a97 - core::ptr::drop_in_place<trybuild::TestCases>::h077a74b47e6abc3f
[INFO] [stdout]                                at /rustc/53fd98ca776cb875bc9e5514f56b52eb74f9e7a9/library/core/src/ptr/mod.rs:192:1
[INFO] [stdout]   19:     0x560118e14341 - compile_fail::compile_fail::h090608ee2e8ab6e2
[INFO] [stdout]                                at /opt/rustwide/workdir/tests/compile_fail.rs:7:1
[INFO] [stdout]   20:     0x560118e142fa - compile_fail::compile_fail::{{closure}}::h0c3885cc6b81426a
[INFO] [stdout]                                at /opt/rustwide/workdir/tests/compile_fail.rs:4:1
[INFO] [stdout]   21:     0x560118e13a2e - core::ops::function::FnOnce::call_once::h5b0d7e4b11e453b7
[INFO] [stdout]                                at /rustc/53fd98ca776cb875bc9e5514f56b52eb74f9e7a9/library/core/src/ops/function.rs:227:5
[INFO] [stdout]   22:     0x560118e47533 - core::ops::function::FnOnce::call_once::hbb52c4519d3137b0
[INFO] [stdout]                                at /rustc/53fd98ca776cb875bc9e5514f56b52eb74f9e7a9/library/core/src/ops/function.rs:227:5
[INFO] [stdout]   23:     0x560118e47533 - test::__rust_begin_short_backtrace::h86fe3a2a5a5121af
[INFO] [stdout]                                at /rustc/53fd98ca776cb875bc9e5514f56b52eb74f9e7a9/library/test/src/lib.rs:578:5
[INFO] [stdout]   24:     0x560118e45fe8 - <alloc::boxed::Box<F,A> as core::ops::function::FnOnce<Args>>::call_once::hfd956bc3d57399be
[INFO] [stdout]                                at /rustc/53fd98ca776cb875bc9e5514f56b52eb74f9e7a9/library/alloc/src/boxed.rs:1572:9
[INFO] [stdout]   25:     0x560118e45fe8 - <std::panic::AssertUnwindSafe<F> as core::ops::function::FnOnce<()>>::call_once::h40dc93e0ddb5938a
[INFO] [stdout]                                at /rustc/53fd98ca776cb875bc9e5514f56b52eb74f9e7a9/library/std/src/panic.rs:347:9
[INFO] [stdout]   26:     0x560118e45fe8 - std::panicking::try::do_call::h90d07750cb47c562
[INFO] [stdout]                                at /rustc/53fd98ca776cb875bc9e5514f56b52eb74f9e7a9/library/std/src/panicking.rs:401:40
[INFO] [stdout]   27:     0x560118e45fe8 - std::panicking::try::h063c84733ad2a629
[INFO] [stdout]                                at /rustc/53fd98ca776cb875bc9e5514f56b52eb74f9e7a9/library/std/src/panicking.rs:365:19
[INFO] [stdout]   28:     0x560118e45fe8 - std::panic::catch_unwind::h0c464836a84e7c08
[INFO] [stdout]                                at /rustc/53fd98ca776cb875bc9e5514f56b52eb74f9e7a9/library/std/src/panic.rs:434:14
[INFO] [stdout]   29:     0x560118e45fe8 - test::run_test_in_process::h5cb06ef620b157fc
[INFO] [stdout]                                at /rustc/53fd98ca776cb875bc9e5514f56b52eb74f9e7a9/library/test/src/lib.rs:601:18
[INFO] [stdout]   30:     0x560118e45fe8 - test::run_test::run_test_inner::{{closure}}::h76f677f4b93f9828
[INFO] [stdout]                                at /rustc/53fd98ca776cb875bc9e5514f56b52eb74f9e7a9/library/test/src/lib.rs:493:39
[INFO] [stdout]   31:     0x560118e1477d - test::run_test::run_test_inner::{{closure}}::h366d01fe04f4d67a
[INFO] [stdout]                                at /rustc/53fd98ca776cb875bc9e5514f56b52eb74f9e7a9/library/test/src/lib.rs:520:37
[INFO] [stdout]   32:     0x560118e1477d - std::sys_common::backtrace::__rust_begin_short_backtrace::h7dfa0de4eb395af2
[INFO] [stdout]                                at /rustc/53fd98ca776cb875bc9e5514f56b52eb74f9e7a9/library/std/src/sys_common/backtrace.rs:125:18
[INFO] [stdout]   33:     0x560118e18f48 - std::thread::Builder::spawn_unchecked::{{closure}}::{{closure}}::hf0a74bb58798037f
[INFO] [stdout]                                at /rustc/53fd98ca776cb875bc9e5514f56b52eb74f9e7a9/library/std/src/thread/mod.rs:476:17
[INFO] [stdout]   34:     0x560118e18f48 - <std::panic::AssertUnwindSafe<F> as core::ops::function::FnOnce<()>>::call_once::hb024e854818586ac
[INFO] [stdout]                                at /rustc/53fd98ca776cb875bc9e5514f56b52eb74f9e7a9/library/std/src/panic.rs:347:9
[INFO] [stdout]   35:     0x560118e18f48 - std::panicking::try::do_call::hb2dd9f1d0d48e41d
[INFO] [stdout]                                at /rustc/53fd98ca776cb875bc9e5514f56b52eb74f9e7a9/library/std/src/panicking.rs:401:40
[INFO] [stdout]   36:     0x560118e18f48 - std::panicking::try::h4717ae7bac8b2bf3
[INFO] [stdout]                                at /rustc/53fd98ca776cb875bc9e5514f56b52eb74f9e7a9/library/std/src/panicking.rs:365:19
[INFO] [stdout]   37:     0x560118e18f48 - std::panic::catch_unwind::h0dc8a061326ce8d8
[INFO] [stdout]                                at /rustc/53fd98ca776cb875bc9e5514f56b52eb74f9e7a9/library/std/src/panic.rs:434:14
[INFO] [stdout]   38:     0x560118e18f48 - std::thread::Builder::spawn_unchecked::{{closure}}::haa369e2d6fd00aa1
[INFO] [stdout]                                at /rustc/53fd98ca776cb875bc9e5514f56b52eb74f9e7a9/library/std/src/thread/mod.rs:475:30
[INFO] [stdout]   39:     0x560118e18f48 - core::ops::function::FnOnce::call_once{{vtable.shim}}::h36dcf3de8b056f17
[INFO] [stdout]                                at /rustc/53fd98ca776cb875bc9e5514f56b52eb74f9e7a9/library/core/src/ops/function.rs:227:5
[INFO] [stdout]   40:     0x560119004e47 - <alloc::boxed::Box<F,A> as core::ops::function::FnOnce<Args>>::call_once::h65c29e4642be2358
[INFO] [stdout]                                at /rustc/53fd98ca776cb875bc9e5514f56b52eb74f9e7a9/library/alloc/src/boxed.rs:1572:9
[INFO] [stdout]   41:     0x560119004e47 - <alloc::boxed::Box<F,A> as core::ops::function::FnOnce<Args>>::call_once::hd0f8f7fbbd9fffbf
[INFO] [stdout]                                at /rustc/53fd98ca776cb875bc9e5514f56b52eb74f9e7a9/library/alloc/src/boxed.rs:1572:9
[INFO] [stdout]   42:     0x560119004e47 - std::sys::unix::thread::Thread::new::thread_start::h2fd22fee3ca77b65
[INFO] [stdout]                                at /rustc/53fd98ca776cb875bc9e5514f56b52eb74f9e7a9/library/std/src/sys/unix/thread.rs:74:17
[INFO] [stdout]   43:     0x7f2d9a84c609 - start_thread
[INFO] [stdout]   44:     0x7f2d9a61e293 - clone
[INFO] [stdout]   45:                0x0 - <unknown>
[INFO] [stdout] 
[INFO] [stdout] 
[INFO] [stdout] failures:
[INFO] [stdout]     compile_fail
[INFO] [stdout] 
[INFO] [stdout] test result: FAILED. 0 passed; 1 failed; 0 ignored; 0 measured; 0 filtered out; finished in 0.48s
[INFO] [stdout] 
[INFO] [stderr] error: test failed, to rerun pass '--test compile_fail'
[INFO] running `Command { std: "docker" "inspect" "2d0dcf2f7c77ef527e53232f2528fe8f0fdb2ba191db0e889d505320ca93dfdb", kill_on_drop: false }`
[INFO] running `Command { std: "docker" "rm" "-f" "2d0dcf2f7c77ef527e53232f2528fe8f0fdb2ba191db0e889d505320ca93dfdb", kill_on_drop: false }`
[INFO] [stdout] 2d0dcf2f7c77ef527e53232f2528fe8f0fdb2ba191db0e889d505320ca93dfdb
