[INFO] cloning repository https://github.com/Cerberuser/dependent-typecheck
[INFO] running `Command { std: "git" "-c" "credential.helper=" "-c" "credential.helper=/workspace/cargo-home/bin/git-credential-null" "clone" "--bare" "https://github.com/Cerberuser/dependent-typecheck" "/workspace/cache/git-repos/https%3A%2F%2Fgithub.com%2FCerberuser%2Fdependent-typecheck", kill_on_drop: false }`
[INFO] [stderr] Cloning into bare repository '/workspace/cache/git-repos/https%3A%2F%2Fgithub.com%2FCerberuser%2Fdependent-typecheck'...
[INFO] running `Command { std: "git" "rev-parse" "HEAD", kill_on_drop: false }`
[INFO] [stdout] 4f9cbe2f03502866bb625c13b01ab339a2c6f78c
[INFO] testing Cerberuser/dependent-typecheck against 1.54.0 for beta-1.55-1
[INFO] running `Command { std: "git" "clone" "/workspace/cache/git-repos/https%3A%2F%2Fgithub.com%2FCerberuser%2Fdependent-typecheck" "/workspace/builds/worker-3/source", kill_on_drop: false }`
[INFO] [stderr] Cloning into '/workspace/builds/worker-3/source'...
[INFO] [stderr] done.
[INFO] validating manifest of git repo https://github.com/Cerberuser/dependent-typecheck on toolchain 1.54.0
[INFO] running `Command { std: "/workspace/cargo-home/bin/cargo" "+1.54.0" "metadata" "--manifest-path" "Cargo.toml" "--no-deps", kill_on_drop: false }`
[INFO] started tweaking git repo https://github.com/Cerberuser/dependent-typecheck
[INFO] finished tweaking git repo https://github.com/Cerberuser/dependent-typecheck
[INFO] tweaked toml for git repo https://github.com/Cerberuser/dependent-typecheck written to /workspace/builds/worker-3/source/Cargo.toml
[INFO] crate git repo https://github.com/Cerberuser/dependent-typecheck already has a lockfile, it will not be regenerated
[INFO] running `Command { std: "/workspace/cargo-home/bin/cargo" "+1.54.0" "fetch" "--manifest-path" "Cargo.toml", kill_on_drop: false }`
[INFO] [stderr]     Blocking waiting for file lock on package cache
[INFO] running `Command { std: "docker" "create" "-v" "/var/lib/crater-agent-workspace/builds/worker-3/target:/opt/rustwide/target:rw,Z" "-v" "/var/lib/crater-agent-workspace/builds/worker-3/source:/opt/rustwide/workdir:ro,Z" "-v" "/var/lib/crater-agent-workspace/cargo-home:/opt/rustwide/cargo-home:ro,Z" "-v" "/var/lib/crater-agent-workspace/rustup-home:/opt/rustwide/rustup-home:ro,Z" "-e" "SOURCE_DIR=/opt/rustwide/workdir" "-e" "CARGO_TARGET_DIR=/opt/rustwide/target" "-e" "CARGO_HOME=/opt/rustwide/cargo-home" "-e" "RUSTUP_HOME=/opt/rustwide/rustup-home" "-w" "/opt/rustwide/workdir" "-m" "1610612736" "--user" "0:0" "--network" "none" "ghcr.io/rust-lang/crates-build-env/linux@sha256:34b6a614d2c27851fe6cbf88fbd1137609cefab8b10d0615aaeb6fd47975d74e" "/opt/rustwide/cargo-home/bin/cargo" "+1.54.0" "metadata" "--no-deps" "--format-version=1", kill_on_drop: false }`
[INFO] [stdout] c2fa8fac1c6cb79b8fde7ca69fbe5273cfffaaf9f22ec80ee6a10b6c40501e16
[INFO] [stderr] WARNING: Your kernel does not support swap limit capabilities or the cgroup is not mounted. Memory limited without swap.
[INFO] running `Command { std: "docker" "start" "-a" "c2fa8fac1c6cb79b8fde7ca69fbe5273cfffaaf9f22ec80ee6a10b6c40501e16", kill_on_drop: false }`
[INFO] running `Command { std: "docker" "inspect" "c2fa8fac1c6cb79b8fde7ca69fbe5273cfffaaf9f22ec80ee6a10b6c40501e16", kill_on_drop: false }`
[INFO] running `Command { std: "docker" "rm" "-f" "c2fa8fac1c6cb79b8fde7ca69fbe5273cfffaaf9f22ec80ee6a10b6c40501e16", kill_on_drop: false }`
[INFO] [stdout] c2fa8fac1c6cb79b8fde7ca69fbe5273cfffaaf9f22ec80ee6a10b6c40501e16
[INFO] running `Command { std: "docker" "create" "-v" "/var/lib/crater-agent-workspace/builds/worker-3/target:/opt/rustwide/target:rw,Z" "-v" "/var/lib/crater-agent-workspace/builds/worker-3/source:/opt/rustwide/workdir:ro,Z" "-v" "/var/lib/crater-agent-workspace/cargo-home:/opt/rustwide/cargo-home:ro,Z" "-v" "/var/lib/crater-agent-workspace/rustup-home:/opt/rustwide/rustup-home:ro,Z" "-e" "SOURCE_DIR=/opt/rustwide/workdir" "-e" "CARGO_TARGET_DIR=/opt/rustwide/target" "-e" "CARGO_INCREMENTAL=0" "-e" "RUST_BACKTRACE=full" "-e" "RUSTFLAGS=--cap-lints=warn" "-e" "CARGO_HOME=/opt/rustwide/cargo-home" "-e" "RUSTUP_HOME=/opt/rustwide/rustup-home" "-w" "/opt/rustwide/workdir" "-m" "1610612736" "--user" "0:0" "--network" "none" "ghcr.io/rust-lang/crates-build-env/linux@sha256:34b6a614d2c27851fe6cbf88fbd1137609cefab8b10d0615aaeb6fd47975d74e" "/opt/rustwide/cargo-home/bin/cargo" "+1.54.0" "build" "--frozen" "--message-format=json", kill_on_drop: false }`
[INFO] [stderr] WARNING: Your kernel does not support swap limit capabilities or the cgroup is not mounted. Memory limited without swap.
[INFO] [stdout] 55ef6fae5766991310a4d84e16d6704065862ce8e45a614977089204d076c5f4
[INFO] running `Command { std: "docker" "start" "-a" "55ef6fae5766991310a4d84e16d6704065862ce8e45a614977089204d076c5f4", kill_on_drop: false }`
[INFO] [stderr]    Compiling syn v1.0.22
[INFO] [stderr]    Compiling qd_core v0.1.0 (/opt/rustwide/workdir/qd_core)
[INFO] [stderr]    Compiling quote v1.0.2
[INFO] [stderr]    Compiling thiserror-impl v1.0.18
[INFO] [stderr]    Compiling qd_timestamp_marker v0.1.0 (/opt/rustwide/workdir/qd_timestamp_marker)
[INFO] [stderr]    Compiling thiserror v1.0.18
[INFO] [stderr]    Compiling qd_nat v0.1.0 (/opt/rustwide/workdir/qd_nat)
[INFO] [stdout] warning: use of deprecated associated function `std::sync::atomic::AtomicU8::compare_and_swap`: Use `compare_exchange` or `compare_exchange_weak` instead
[INFO] [stdout]   --> qd_nat/src/holder.rs:43:28
[INFO] [stdout]    |
[INFO] [stdout] 43 |         if self.init_state.compare_and_swap(
[INFO] [stdout]    |                            ^^^^^^^^^^^^^^^^
[INFO] [stdout]    |
[INFO] [stdout]    = note: `#[warn(deprecated)]` on by default
[INFO] [stdout] 
[INFO] [stdout] 
[INFO] [stdout] warning: panic message is not a string literal
[INFO] [stdout]   --> qd_nat/src/lib.rs:13:50
[INFO] [stdout]    |
[INFO] [stdout] 13 |     N::from_usize(s).unwrap_or_else(|err| panic!(format!("{}", err)))
[INFO] [stdout]    |                                                  ^^^^^^^^^^^^^^^^^^
[INFO] [stdout]    |
[INFO] [stdout]    = note: `#[warn(non_fmt_panic)]` on by default
[INFO] [stdout]    = note: this is no longer accepted in Rust 2021
[INFO] [stdout]    = note: the panic!() macro supports formatting, so there's no need for the format!() macro here
[INFO] [stdout] help: remove the `format!(..)` macro call
[INFO] [stdout]    |
[INFO] [stdout] 13 |     N::from_usize(s).unwrap_or_else(|err| panic!("{}", err))
[INFO] [stdout]    |                                                 --       --
[INFO] [stdout] 
[INFO] [stdout] 
[INFO] [stderr]    Compiling qd_vect v0.1.0 (/opt/rustwide/workdir/qd_vect)
[INFO] [stdout] warning: 2 warnings emitted
[INFO] [stdout] 
[INFO] [stdout] 
[INFO] [stderr]     Finished dev [unoptimized + debuginfo] target(s) in 12.87s
[INFO] running `Command { std: "docker" "inspect" "55ef6fae5766991310a4d84e16d6704065862ce8e45a614977089204d076c5f4", kill_on_drop: false }`
[INFO] running `Command { std: "docker" "rm" "-f" "55ef6fae5766991310a4d84e16d6704065862ce8e45a614977089204d076c5f4", kill_on_drop: false }`
[INFO] [stdout] 55ef6fae5766991310a4d84e16d6704065862ce8e45a614977089204d076c5f4
[INFO] running `Command { std: "docker" "create" "-v" "/var/lib/crater-agent-workspace/builds/worker-3/target:/opt/rustwide/target:rw,Z" "-v" "/var/lib/crater-agent-workspace/builds/worker-3/source:/opt/rustwide/workdir:ro,Z" "-v" "/var/lib/crater-agent-workspace/cargo-home:/opt/rustwide/cargo-home:ro,Z" "-v" "/var/lib/crater-agent-workspace/rustup-home:/opt/rustwide/rustup-home:ro,Z" "-e" "SOURCE_DIR=/opt/rustwide/workdir" "-e" "CARGO_TARGET_DIR=/opt/rustwide/target" "-e" "CARGO_INCREMENTAL=0" "-e" "RUST_BACKTRACE=full" "-e" "RUSTFLAGS=--cap-lints=warn" "-e" "CARGO_HOME=/opt/rustwide/cargo-home" "-e" "RUSTUP_HOME=/opt/rustwide/rustup-home" "-w" "/opt/rustwide/workdir" "-m" "1610612736" "--user" "0:0" "--network" "none" "ghcr.io/rust-lang/crates-build-env/linux@sha256:34b6a614d2c27851fe6cbf88fbd1137609cefab8b10d0615aaeb6fd47975d74e" "/opt/rustwide/cargo-home/bin/cargo" "+1.54.0" "test" "--frozen" "--no-run" "--message-format=json", kill_on_drop: false }`
[INFO] [stderr] WARNING: Your kernel does not support swap limit capabilities or the cgroup is not mounted. Memory limited without swap.
[INFO] [stdout] 8a53d8923dade1d6b25d75494dc1fc518430850c092b2345b41c7a32345b0c68
[INFO] running `Command { std: "docker" "start" "-a" "8a53d8923dade1d6b25d75494dc1fc518430850c092b2345b41c7a32345b0c68", kill_on_drop: false }`
[INFO] [stderr]    Compiling serde v1.0.103
[INFO] [stderr]    Compiling qd_core v0.1.0 (/opt/rustwide/workdir/qd_core)
[INFO] [stderr]    Compiling serde_derive v1.0.103
[INFO] [stderr]    Compiling qd_timestamp_marker v0.1.0 (/opt/rustwide/workdir/qd_timestamp_marker)
[INFO] [stderr]    Compiling qd_nat v0.1.0 (/opt/rustwide/workdir/qd_nat)
[INFO] [stdout] warning: use of deprecated associated function `std::sync::atomic::AtomicU8::compare_and_swap`: Use `compare_exchange` or `compare_exchange_weak` instead
[INFO] [stdout]   --> qd_nat/src/holder.rs:43:28
[INFO] [stdout]    |
[INFO] [stdout] 43 |         if self.init_state.compare_and_swap(
[INFO] [stdout]    |                            ^^^^^^^^^^^^^^^^
[INFO] [stdout]    |
[INFO] [stdout]    = note: `#[warn(deprecated)]` on by default
[INFO] [stdout] 
[INFO] [stdout] 
[INFO] [stdout] warning: panic message is not a string literal
[INFO] [stdout]   --> qd_nat/src/lib.rs:13:50
[INFO] [stdout]    |
[INFO] [stdout] 13 |     N::from_usize(s).unwrap_or_else(|err| panic!(format!("{}", err)))
[INFO] [stdout]    |                                                  ^^^^^^^^^^^^^^^^^^
[INFO] [stdout]    |
[INFO] [stdout]    = note: `#[warn(non_fmt_panic)]` on by default
[INFO] [stdout]    = note: this is no longer accepted in Rust 2021
[INFO] [stdout]    = note: the panic!() macro supports formatting, so there's no need for the format!() macro here
[INFO] [stdout] help: remove the `format!(..)` macro call
[INFO] [stdout]    |
[INFO] [stdout] 13 |     N::from_usize(s).unwrap_or_else(|err| panic!("{}", err))
[INFO] [stdout]    |                                                 --       --
[INFO] [stdout] 
[INFO] [stdout] 
[INFO] [stdout] warning: 2 warnings emitted
[INFO] [stdout] 
[INFO] [stdout] 
[INFO] [stdout] warning: use of deprecated associated function `std::sync::atomic::AtomicU8::compare_and_swap`: Use `compare_exchange` or `compare_exchange_weak` instead
[INFO] [stdout]   --> qd_nat/src/holder.rs:43:28
[INFO] [stdout]    |
[INFO] [stdout] 43 |         if self.init_state.compare_and_swap(
[INFO] [stdout]    |                            ^^^^^^^^^^^^^^^^
[INFO] [stdout]    |
[INFO] [stdout]    = note: `#[warn(deprecated)]` on by default
[INFO] [stdout] 
[INFO] [stdout] 
[INFO] [stdout] warning: panic message is not a string literal
[INFO] [stdout]   --> qd_nat/src/lib.rs:13:50
[INFO] [stdout]    |
[INFO] [stdout] 13 |     N::from_usize(s).unwrap_or_else(|err| panic!(format!("{}", err)))
[INFO] [stdout]    |                                                  ^^^^^^^^^^^^^^^^^^
[INFO] [stdout]    |
[INFO] [stdout]    = note: `#[warn(non_fmt_panic)]` on by default
[INFO] [stdout]    = note: this is no longer accepted in Rust 2021
[INFO] [stdout]    = note: the panic!() macro supports formatting, so there's no need for the format!() macro here
[INFO] [stdout] help: remove the `format!(..)` macro call
[INFO] [stdout]    |
[INFO] [stdout] 13 |     N::from_usize(s).unwrap_or_else(|err| panic!("{}", err))
[INFO] [stdout]    |                                                 --       --
[INFO] [stdout] 
[INFO] [stdout] 
[INFO] [stdout] warning: 2 warnings emitted
[INFO] [stdout] 
[INFO] [stdout] 
[INFO] [stderr]    Compiling toml v0.5.5
[INFO] [stderr]    Compiling serde_json v1.0.42
[INFO] [stderr]    Compiling trybuild v1.0.18
[INFO] [stderr]    Compiling qd_vect v0.1.0 (/opt/rustwide/workdir/qd_vect)
[INFO] [stderr]     Finished test [unoptimized + debuginfo] target(s) in 25.14s
[INFO] running `Command { std: "docker" "inspect" "8a53d8923dade1d6b25d75494dc1fc518430850c092b2345b41c7a32345b0c68", kill_on_drop: false }`
[INFO] running `Command { std: "docker" "rm" "-f" "8a53d8923dade1d6b25d75494dc1fc518430850c092b2345b41c7a32345b0c68", kill_on_drop: false }`
[INFO] [stdout] 8a53d8923dade1d6b25d75494dc1fc518430850c092b2345b41c7a32345b0c68
[INFO] running `Command { std: "docker" "create" "-v" "/var/lib/crater-agent-workspace/builds/worker-3/target:/opt/rustwide/target:rw,Z" "-v" "/var/lib/crater-agent-workspace/builds/worker-3/source:/opt/rustwide/workdir:ro,Z" "-v" "/var/lib/crater-agent-workspace/cargo-home:/opt/rustwide/cargo-home:ro,Z" "-v" "/var/lib/crater-agent-workspace/rustup-home:/opt/rustwide/rustup-home:ro,Z" "-e" "SOURCE_DIR=/opt/rustwide/workdir" "-e" "CARGO_TARGET_DIR=/opt/rustwide/target" "-e" "CARGO_INCREMENTAL=0" "-e" "RUST_BACKTRACE=full" "-e" "RUSTFLAGS=--cap-lints=warn" "-e" "CARGO_HOME=/opt/rustwide/cargo-home" "-e" "RUSTUP_HOME=/opt/rustwide/rustup-home" "-w" "/opt/rustwide/workdir" "-m" "1610612736" "--user" "0:0" "--network" "none" "ghcr.io/rust-lang/crates-build-env/linux@sha256:34b6a614d2c27851fe6cbf88fbd1137609cefab8b10d0615aaeb6fd47975d74e" "/opt/rustwide/cargo-home/bin/cargo" "+1.54.0" "test" "--frozen", kill_on_drop: false }`
[INFO] [stdout] 3e40549d28def0f145f97a013e68cdc5336c4f369a4036f4436d528f6cedb6ae
[INFO] [stderr] WARNING: Your kernel does not support swap limit capabilities or the cgroup is not mounted. Memory limited without swap.
[INFO] running `Command { std: "docker" "start" "-a" "3e40549d28def0f145f97a013e68cdc5336c4f369a4036f4436d528f6cedb6ae", kill_on_drop: false }`
[INFO] [stderr] warning: use of deprecated associated function `std::sync::atomic::AtomicU8::compare_and_swap`: Use `compare_exchange` or `compare_exchange_weak` instead
[INFO] [stderr]   --> qd_nat/src/holder.rs:43:28
[INFO] [stderr]    |
[INFO] [stderr] 43 |         if self.init_state.compare_and_swap(
[INFO] [stderr]    |                            ^^^^^^^^^^^^^^^^
[INFO] [stderr]    |
[INFO] [stderr]    = note: `#[warn(deprecated)]` on by default
[INFO] [stderr] 
[INFO] [stderr] warning: panic message is not a string literal
[INFO] [stderr]   --> qd_nat/src/lib.rs:13:50
[INFO] [stderr]    |
[INFO] [stderr] 13 |     N::from_usize(s).unwrap_or_else(|err| panic!(format!("{}", err)))
[INFO] [stderr]    |                                                  ^^^^^^^^^^^^^^^^^^
[INFO] [stderr]    |
[INFO] [stderr]    = note: `#[warn(non_fmt_panic)]` on by default
[INFO] [stderr]    = note: this is no longer accepted in Rust 2021
[INFO] [stderr]    = note: the panic!() macro supports formatting, so there's no need for the format!() macro here
[INFO] [stderr] help: remove the `format!(..)` macro call
[INFO] [stderr]    |
[INFO] [stderr] 13 |     N::from_usize(s).unwrap_or_else(|err| panic!("{}", err))
[INFO] [stderr]    |                                                 --       --
[INFO] [stderr] 
[INFO] [stderr] warning: 2 warnings emitted
[INFO] [stderr] 
[INFO] [stderr] warning: use of deprecated associated function `std::sync::atomic::AtomicU8::compare_and_swap`: Use `compare_exchange` or `compare_exchange_weak` instead
[INFO] [stderr]   --> qd_nat/src/holder.rs:43:28
[INFO] [stderr]    |
[INFO] [stderr] 43 |         if self.init_state.compare_and_swap(
[INFO] [stderr]    |                            ^^^^^^^^^^^^^^^^
[INFO] [stderr]    |
[INFO] [stderr]    = note: `#[warn(deprecated)]` on by default
[INFO] [stderr] 
[INFO] [stderr] warning: panic message is not a string literal
[INFO] [stderr]   --> qd_nat/src/lib.rs:13:50
[INFO] [stderr]    |
[INFO] [stderr] 13 |     N::from_usize(s).unwrap_or_else(|err| panic!(format!("{}", err)))
[INFO] [stderr]    |                                                  ^^^^^^^^^^^^^^^^^^
[INFO] [stderr]    |
[INFO] [stderr]    = note: `#[warn(non_fmt_panic)]` on by default
[INFO] [stderr]    = note: this is no longer accepted in Rust 2021
[INFO] [stderr]    = note: the panic!() macro supports formatting, so there's no need for the format!() macro here
[INFO] [stderr] help: remove the `format!(..)` macro call
[INFO] [stderr]    |
[INFO] [stderr] 13 |     N::from_usize(s).unwrap_or_else(|err| panic!("{}", err))
[INFO] [stderr]    |                                                 --       --
[INFO] [stderr] 
[INFO] [stderr] warning: 2 warnings emitted
[INFO] [stderr] 
[INFO] [stderr]     Finished test [unoptimized + debuginfo] target(s) in 0.04s
[INFO] [stderr]      Running unittests (/opt/rustwide/target/debug/deps/qd_core-6b70b9949adaa6ba)
[INFO] [stdout] 
[INFO] [stderr]      Running unittests (/opt/rustwide/target/debug/deps/qd_nat-d3880ac40990c57a)
[INFO] [stdout] running 0 tests
[INFO] [stdout] 
[INFO] [stdout] test result: ok. 0 passed; 0 failed; 0 ignored; 0 measured; 0 filtered out; finished in 0.00s
[INFO] [stdout] 
[INFO] [stdout] 
[INFO] [stdout] running 1 test
[INFO] [stderr]      Running tests/add_creation.rs (/opt/rustwide/target/debug/deps/add_creation-561b8e960ea82384)
[INFO] [stdout] test timestamped::test::smoke ... ok
[INFO] [stdout] 
[INFO] [stdout] test result: ok. 1 passed; 0 failed; 0 ignored; 0 measured; 0 filtered out; finished in 0.01s
[INFO] [stdout] 
[INFO] [stdout] 
[INFO] [stdout] running 3 tests
[INFO] [stdout] test add_matched ... ok
[INFO] [stdout] test add_unknown - should panic ... ok
[INFO] [stdout] test add_mismatched - should panic ... ok
[INFO] [stdout] 
[INFO] [stdout] test result: ok. 3 passed; 0 failed; 0 ignored; 0 measured; 0 filtered out; finished in 0.03s
[INFO] [stdout] 
[INFO] [stderr]      Running tests/equality.rs (/opt/rustwide/target/debug/deps/equality-3f23d7ded9ba1630)
[INFO] [stdout] 
[INFO] [stdout] running 3 tests
[INFO] [stderr]      Running tests/fin_overflow.rs (/opt/rustwide/target/debug/deps/fin_overflow-fa6ffd3ad1b14763)
[INFO] [stdout] test typenum ... ok
[INFO] [stdout] test checked ... ok
[INFO] [stdout] test proved ... ok
[INFO] [stdout] 
[INFO] [stdout] test result: ok. 3 passed; 0 failed; 0 ignored; 0 measured; 0 filtered out; finished in 0.01s
[INFO] [stdout] 
[INFO] [stdout] 
[INFO] [stdout] running 1 test
[INFO] [stderr]      Running unittests (/opt/rustwide/target/debug/deps/qd_timestamp_marker-75cf0a24be6a8e1e)
[INFO] [stdout] test overflow ... ok
[INFO] [stdout] 
[INFO] [stdout] test result: ok. 1 passed; 0 failed; 0 ignored; 0 measured; 0 filtered out; finished in 0.01s
[INFO] [stdout] 
[INFO] [stdout] 
[INFO] [stdout] running 0 tests
[INFO] [stdout] 
[INFO] [stderr]      Running unittests (/opt/rustwide/target/debug/deps/qd_vect-69b9f9926baac636)
[INFO] [stdout] test result: ok. 0 passed; 0 failed; 0 ignored; 0 measured; 0 filtered out; finished in 0.00s
[INFO] [stdout] 
[INFO] [stderr]      Running tests/safety.rs (/opt/rustwide/target/debug/deps/safety-8590e5e17fc94cfb)
[INFO] [stdout] 
[INFO] [stdout] running 0 tests
[INFO] [stdout] 
[INFO] [stdout] test result: ok. 0 passed; 0 failed; 0 ignored; 0 measured; 0 filtered out; finished in 0.00s
[INFO] [stdout] 
[INFO] [stdout] 
[INFO] [stdout] running 1 test
[INFO] [stderr]     Updating crates.io index
[INFO] [stderr] warning: spurious network error (2 tries remaining): failed to resolve address for github.com: Temporary failure in name resolution; class=Net (12)
[INFO] [stderr] warning: spurious network error (1 tries remaining): failed to resolve address for github.com: Temporary failure in name resolution; class=Net (12)
[INFO] [stderr] error: failed to get `typenum` as a dependency of package `qd_vect-tests v0.0.0 (/opt/rustwide/target/tests/qd_vect)`
[INFO] [stderr] 
[INFO] [stderr] Caused by:
[INFO] [stderr]   failed to load source for dependency `typenum`
[INFO] [stderr] 
[INFO] [stderr] Caused by:
[INFO] [stderr]   Unable to update registry `https://github.com/rust-lang/crates.io-index`
[INFO] [stderr] 
[INFO] [stderr] Caused by:
[INFO] [stderr]   failed to fetch `https://github.com/rust-lang/crates.io-index`
[INFO] [stderr] 
[INFO] [stderr] Caused by:
[INFO] [stderr]   network failure seems to have happened
[INFO] [stderr]   if a proxy or similar is necessary `net.git-fetch-with-cli` may help here
[INFO] [stderr]   https://doc.rust-lang.org/cargo/reference/config.html#netgit-fetch-with-cli
[INFO] [stderr] 
[INFO] [stderr] Caused by:
[INFO] [stderr]   failed to resolve address for github.com: Temporary failure in name resolution; class=Net (12)
[INFO] [stdout] test safety ... FAILED
[INFO] [stdout] 
[INFO] [stdout] failures:
[INFO] [stdout] 
[INFO] [stdout] ---- safety stdout ----
[INFO] [stdout] thread 'safety' panicked at 'tests failed', /opt/rustwide/cargo-home/registry/src/github.com-1ecc6299db9ec823/trybuild-1.0.18/src/run.rs:38:13
[INFO] [stdout] stack backtrace:
[INFO] [stdout]    0:     0x55ca42408ab0 - std::backtrace_rs::backtrace::libunwind::trace::h34055254b57d8e79
[INFO] [stdout]                                at /rustc/a178d0322ce20e33eac124758e837cbd80a6f633/library/std/src/../../backtrace/src/backtrace/libunwind.rs:90:5
[INFO] [stdout]    1:     0x55ca42408ab0 - std::backtrace_rs::backtrace::trace_unsynchronized::h8f1e3fbd9afff6ec
[INFO] [stdout]                                at /rustc/a178d0322ce20e33eac124758e837cbd80a6f633/library/std/src/../../backtrace/src/backtrace/mod.rs:66:5
[INFO] [stdout]    2:     0x55ca42408ab0 - std::sys_common::backtrace::_print_fmt::h3a99a796b770c360
[INFO] [stdout]                                at /rustc/a178d0322ce20e33eac124758e837cbd80a6f633/library/std/src/sys_common/backtrace.rs:67:5
[INFO] [stdout]    3:     0x55ca42408ab0 - <std::sys_common::backtrace::_print::DisplayBacktrace as core::fmt::Display>::fmt::h32d1f94a80615d18
[INFO] [stdout]                                at /rustc/a178d0322ce20e33eac124758e837cbd80a6f633/library/std/src/sys_common/backtrace.rs:46:22
[INFO] [stdout]    4:     0x55ca4242d26c - core::fmt::write::h306731c068f7162c
[INFO] [stdout]                                at /rustc/a178d0322ce20e33eac124758e837cbd80a6f633/library/core/src/fmt/mod.rs:1110:17
[INFO] [stdout]    5:     0x55ca42405005 - std::io::Write::write_fmt::h87f19b0a2cd190bc
[INFO] [stdout]                                at /rustc/a178d0322ce20e33eac124758e837cbd80a6f633/library/std/src/io/mod.rs:1588:15
[INFO] [stdout]    6:     0x55ca4240adcb - std::sys_common::backtrace::_print::h5abaa2601a852287
[INFO] [stdout]                                at /rustc/a178d0322ce20e33eac124758e837cbd80a6f633/library/std/src/sys_common/backtrace.rs:49:5
[INFO] [stdout]    7:     0x55ca4240adcb - std::sys_common::backtrace::print::h8d81445442bb638f
[INFO] [stdout]                                at /rustc/a178d0322ce20e33eac124758e837cbd80a6f633/library/std/src/sys_common/backtrace.rs:36:9
[INFO] [stdout]    8:     0x55ca4240adcb - std::panicking::default_hook::{{closure}}::hcfe804496a9fa747
[INFO] [stdout]                                at /rustc/a178d0322ce20e33eac124758e837cbd80a6f633/library/std/src/panicking.rs:208:50
[INFO] [stdout]    9:     0x55ca4240a8dc - std::panicking::default_hook::hbea8e3ccf2ba8901
[INFO] [stdout]                                at /rustc/a178d0322ce20e33eac124758e837cbd80a6f633/library/std/src/panicking.rs:222:9
[INFO] [stdout]   10:     0x55ca4240b494 - std::panicking::rust_panic_with_hook::h7ee9e1a2d0f8975a
[INFO] [stdout]                                at /rustc/a178d0322ce20e33eac124758e837cbd80a6f633/library/std/src/panicking.rs:622:17
[INFO] [stdout]   11:     0x55ca423e63f3 - std::panicking::begin_panic::{{closure}}::hae1315ba13eea53c
[INFO] [stdout]                                at /rustc/a178d0322ce20e33eac124758e837cbd80a6f633/library/std/src/panicking.rs:542:9
[INFO] [stdout]   12:     0x55ca423e68d9 - std::sys_common::backtrace::__rust_end_short_backtrace::hc96f42cc200ef1ce
[INFO] [stdout]                                at /rustc/a178d0322ce20e33eac124758e837cbd80a6f633/library/std/src/sys_common/backtrace.rs:141:18
[INFO] [stdout]   13:     0x55ca423e6329 - std::panicking::begin_panic::hb86d090ea0e45d50
[INFO] [stdout]                                at /rustc/a178d0322ce20e33eac124758e837cbd80a6f633/library/std/src/panicking.rs:541:12
[INFO] [stdout]   14:     0x55ca422270a5 - trybuild::run::<impl trybuild::Runner>::run::{{closure}}::h63ccb087fa479098
[INFO] [stdout]                                at /opt/rustwide/cargo-home/registry/src/github.com-1ecc6299db9ec823/trybuild-1.0.18/src/run.rs:38:13
[INFO] [stdout]   15:     0x55ca422feaab - core::result::Result<T,E>::unwrap_or_else::h63838a6cb3823939
[INFO] [stdout]                                at /rustc/a178d0322ce20e33eac124758e837cbd80a6f633/library/core/src/result.rs:821:23
[INFO] [stdout]   16:     0x55ca422266d3 - trybuild::run::<impl trybuild::Runner>::run::ha028bca81eca4963
[INFO] [stdout]                                at /opt/rustwide/cargo-home/registry/src/github.com-1ecc6299db9ec823/trybuild-1.0.18/src/run.rs:36:23
[INFO] [stdout]   17:     0x55ca4222cbb2 - <trybuild::TestCases as core::ops::drop::Drop>::drop::h4d5a3e75d93cebd9
[INFO] [stdout]                                at /opt/rustwide/cargo-home/registry/src/github.com-1ecc6299db9ec823/trybuild-1.0.18/src/lib.rs:273:13
[INFO] [stdout]   18:     0x55ca421e2f97 - core::ptr::drop_in_place<trybuild::TestCases>::h52d16456da9fb345
[INFO] [stdout]                                at /rustc/a178d0322ce20e33eac124758e837cbd80a6f633/library/core/src/ptr/mod.rs:192:1
[INFO] [stdout]   19:     0x55ca421e2e41 - safety::safety::h605b7eb65bb3c637
[INFO] [stdout]                                at /opt/rustwide/workdir/qd_vect/tests/safety.rs:7:1
[INFO] [stdout]   20:     0x55ca421e2dfa - safety::safety::{{closure}}::h5d58fcdb7e54427e
[INFO] [stdout]                                at /opt/rustwide/workdir/qd_vect/tests/safety.rs:4:1
[INFO] [stdout]   21:     0x55ca421e2eee - core::ops::function::FnOnce::call_once::hd45d827d13c110e5
[INFO] [stdout]                                at /rustc/a178d0322ce20e33eac124758e837cbd80a6f633/library/core/src/ops/function.rs:227:5
[INFO] [stdout]   22:     0x55ca4220b773 - core::ops::function::FnOnce::call_once::h152e7e439ff59e19
[INFO] [stdout]                                at /rustc/a178d0322ce20e33eac124758e837cbd80a6f633/library/core/src/ops/function.rs:227:5
[INFO] [stdout]   23:     0x55ca4220b773 - test::__rust_begin_short_backtrace::h0908f3b1fdbb72ab
[INFO] [stdout]                                at /rustc/a178d0322ce20e33eac124758e837cbd80a6f633/library/test/src/lib.rs:577:5
[INFO] [stdout]   24:     0x55ca4220a230 - <alloc::boxed::Box<F,A> as core::ops::function::FnOnce<Args>>::call_once::hf6d2a51e5587546c
[INFO] [stdout]                                at /rustc/a178d0322ce20e33eac124758e837cbd80a6f633/library/alloc/src/boxed.rs:1575:9
[INFO] [stdout]   25:     0x55ca4220a230 - <std::panic::AssertUnwindSafe<F> as core::ops::function::FnOnce<()>>::call_once::h8af660f3a89ef593
[INFO] [stdout]                                at /rustc/a178d0322ce20e33eac124758e837cbd80a6f633/library/std/src/panic.rs:347:9
[INFO] [stdout]   26:     0x55ca4220a230 - std::panicking::try::do_call::hd36aef60f84b6d36
[INFO] [stdout]                                at /rustc/a178d0322ce20e33eac124758e837cbd80a6f633/library/std/src/panicking.rs:401:40
[INFO] [stdout]   27:     0x55ca4220a230 - std::panicking::try::h9932b4480e69817c
[INFO] [stdout]                                at /rustc/a178d0322ce20e33eac124758e837cbd80a6f633/library/std/src/panicking.rs:365:19
[INFO] [stdout]   28:     0x55ca4220a230 - std::panic::catch_unwind::h6aa177099cfff5f8
[INFO] [stdout]                                at /rustc/a178d0322ce20e33eac124758e837cbd80a6f633/library/std/src/panic.rs:434:14
[INFO] [stdout]   29:     0x55ca4220a230 - test::run_test_in_process::h5884d6f2d99e20c3
[INFO] [stdout]                                at /rustc/a178d0322ce20e33eac124758e837cbd80a6f633/library/test/src/lib.rs:600:18
[INFO] [stdout]   30:     0x55ca4220a230 - test::run_test::run_test_inner::{{closure}}::h6fdc58c6d5f5b6e3
[INFO] [stdout]                                at /rustc/a178d0322ce20e33eac124758e837cbd80a6f633/library/test/src/lib.rs:492:39
[INFO] [stdout]   31:     0x55ca421e38e2 - test::run_test::run_test_inner::{{closure}}::h408365d67a78ade8
[INFO] [stdout]                                at /rustc/a178d0322ce20e33eac124758e837cbd80a6f633/library/test/src/lib.rs:519:37
[INFO] [stdout]   32:     0x55ca421e38e2 - std::sys_common::backtrace::__rust_begin_short_backtrace::hb560b77c4f701523
[INFO] [stdout]                                at /rustc/a178d0322ce20e33eac124758e837cbd80a6f633/library/std/src/sys_common/backtrace.rs:125:18
[INFO] [stdout]   33:     0x55ca421e7498 - std::thread::Builder::spawn_unchecked::{{closure}}::{{closure}}::hf2e7831dad93c597
[INFO] [stdout]                                at /rustc/a178d0322ce20e33eac124758e837cbd80a6f633/library/std/src/thread/mod.rs:481:17
[INFO] [stdout]   34:     0x55ca421e7498 - <std::panic::AssertUnwindSafe<F> as core::ops::function::FnOnce<()>>::call_once::hd2e08783d8be4d02
[INFO] [stdout]                                at /rustc/a178d0322ce20e33eac124758e837cbd80a6f633/library/std/src/panic.rs:347:9
[INFO] [stdout]   35:     0x55ca421e7498 - std::panicking::try::do_call::h062597b7acfd6b82
[INFO] [stdout]                                at /rustc/a178d0322ce20e33eac124758e837cbd80a6f633/library/std/src/panicking.rs:401:40
[INFO] [stdout]   36:     0x55ca421e7498 - std::panicking::try::h0d7b79db04c14552
[INFO] [stdout]                                at /rustc/a178d0322ce20e33eac124758e837cbd80a6f633/library/std/src/panicking.rs:365:19
[INFO] [stdout]   37:     0x55ca421e7498 - std::panic::catch_unwind::hb01a0b5e7c8cd43b
[INFO] [stdout]                                at /rustc/a178d0322ce20e33eac124758e837cbd80a6f633/library/std/src/panic.rs:434:14
[INFO] [stdout]   38:     0x55ca421e7498 - std::thread::Builder::spawn_unchecked::{{closure}}::h5bde48cc887e0d1e
[INFO] [stdout]                                at /rustc/a178d0322ce20e33eac124758e837cbd80a6f633/library/std/src/thread/mod.rs:480:30
[INFO] [stdout]   39:     0x55ca421e7498 - core::ops::function::FnOnce::call_once{{vtable.shim}}::h745ea30807a29e55
[INFO] [stdout]                                at /rustc/a178d0322ce20e33eac124758e837cbd80a6f633/library/core/src/ops/function.rs:227:5
[INFO] [stdout]   40:     0x55ca424108e7 - <alloc::boxed::Box<F,A> as core::ops::function::FnOnce<Args>>::call_once::h7ece6cfefaff1005
[INFO] [stdout]                                at /rustc/a178d0322ce20e33eac124758e837cbd80a6f633/library/alloc/src/boxed.rs:1575:9
[INFO] [stdout]   41:     0x55ca424108e7 - <alloc::boxed::Box<F,A> as core::ops::function::FnOnce<Args>>::call_once::hb8b48e55c21f193e
[INFO] [stdout]                                at /rustc/a178d0322ce20e33eac124758e837cbd80a6f633/library/alloc/src/boxed.rs:1575:9
[INFO] [stdout]   42:     0x55ca424108e7 - std::sys::unix::thread::Thread::new::thread_start::h8c7c4450dba62914
[INFO] [stdout]                                at /rustc/a178d0322ce20e33eac124758e837cbd80a6f633/library/std/src/sys/unix/thread.rs:71:17
[INFO] [stdout]   43:     0x7f95bb7e8609 - start_thread
[INFO] [stdout]   44:     0x7f95bb5ba293 - clone
[INFO] [stdout]   45:                0x0 - <unknown>
[INFO] [stdout] 
[INFO] [stdout] 
[INFO] [stdout] failures:
[INFO] [stdout]     safety
[INFO] [stdout] 
[INFO] [stdout] test result: FAILED. 0 passed; 1 failed; 0 ignored; 0 measured; 0 filtered out; finished in 0.66s
[INFO] [stdout] 
[INFO] [stderr] error: test failed, to rerun pass '-p qd_vect --test safety'
[INFO] running `Command { std: "docker" "inspect" "3e40549d28def0f145f97a013e68cdc5336c4f369a4036f4436d528f6cedb6ae", kill_on_drop: false }`
[INFO] running `Command { std: "docker" "rm" "-f" "3e40549d28def0f145f97a013e68cdc5336c4f369a4036f4436d528f6cedb6ae", kill_on_drop: false }`
[INFO] [stdout] 3e40549d28def0f145f97a013e68cdc5336c4f369a4036f4436d528f6cedb6ae
