[INFO] cloning repository https://github.com/CMJones001/project-view
[INFO] running `Command { std: "git" "-c" "credential.helper=" "-c" "credential.helper=/workspace/cargo-home/bin/git-credential-null" "clone" "--bare" "https://github.com/CMJones001/project-view" "/workspace/cache/git-repos/https%3A%2F%2Fgithub.com%2FCMJones001%2Fproject-view", kill_on_drop: false }`
[INFO] [stderr] Cloning into bare repository '/workspace/cache/git-repos/https%3A%2F%2Fgithub.com%2FCMJones001%2Fproject-view'...
[INFO] running `Command { std: "git" "rev-parse" "HEAD", kill_on_drop: false }`
[INFO] [stdout] 58c3fd29f7d0972399ac140332b58cae3ef5b9f3
[INFO] testing CMJones001/project-view against beta-2021-08-01 for beta-1.55-1
[INFO] running `Command { std: "git" "clone" "/workspace/cache/git-repos/https%3A%2F%2Fgithub.com%2FCMJones001%2Fproject-view" "/workspace/builds/worker-6/source", kill_on_drop: false }`
[INFO] [stderr] Cloning into '/workspace/builds/worker-6/source'...
[INFO] [stderr] done.
[INFO] validating manifest of git repo https://github.com/CMJones001/project-view on toolchain beta-2021-08-01
[INFO] running `Command { std: "/workspace/cargo-home/bin/cargo" "+beta-2021-08-01" "metadata" "--manifest-path" "Cargo.toml" "--no-deps", kill_on_drop: false }`
[INFO] started tweaking git repo https://github.com/CMJones001/project-view
[INFO] finished tweaking git repo https://github.com/CMJones001/project-view
[INFO] tweaked toml for git repo https://github.com/CMJones001/project-view written to /workspace/builds/worker-6/source/Cargo.toml
[INFO] crate git repo https://github.com/CMJones001/project-view already has a lockfile, it will not be regenerated
[INFO] running `Command { std: "/workspace/cargo-home/bin/cargo" "+beta-2021-08-01" "fetch" "--manifest-path" "Cargo.toml", kill_on_drop: false }`
[INFO] running `Command { std: "docker" "create" "-v" "/var/lib/crater-agent-workspace/builds/worker-6/target:/opt/rustwide/target:rw,Z" "-v" "/var/lib/crater-agent-workspace/builds/worker-6/source:/opt/rustwide/workdir:ro,Z" "-v" "/var/lib/crater-agent-workspace/cargo-home:/opt/rustwide/cargo-home:ro,Z" "-v" "/var/lib/crater-agent-workspace/rustup-home:/opt/rustwide/rustup-home:ro,Z" "-e" "SOURCE_DIR=/opt/rustwide/workdir" "-e" "CARGO_TARGET_DIR=/opt/rustwide/target" "-e" "CARGO_HOME=/opt/rustwide/cargo-home" "-e" "RUSTUP_HOME=/opt/rustwide/rustup-home" "-w" "/opt/rustwide/workdir" "-m" "1610612736" "--user" "0:0" "--network" "none" "ghcr.io/rust-lang/crates-build-env/linux@sha256:34b6a614d2c27851fe6cbf88fbd1137609cefab8b10d0615aaeb6fd47975d74e" "/opt/rustwide/cargo-home/bin/cargo" "+beta-2021-08-01" "metadata" "--no-deps" "--format-version=1", kill_on_drop: false }`
[INFO] [stdout] 9a83af3b148530b52732eda83cd77cb9897702a1ace53bc9618358cd16f59e2d
[INFO] [stderr] WARNING: Your kernel does not support swap limit capabilities or the cgroup is not mounted. Memory limited without swap.
[INFO] running `Command { std: "docker" "start" "-a" "9a83af3b148530b52732eda83cd77cb9897702a1ace53bc9618358cd16f59e2d", kill_on_drop: false }`
[INFO] running `Command { std: "docker" "inspect" "9a83af3b148530b52732eda83cd77cb9897702a1ace53bc9618358cd16f59e2d", kill_on_drop: false }`
[INFO] running `Command { std: "docker" "rm" "-f" "9a83af3b148530b52732eda83cd77cb9897702a1ace53bc9618358cd16f59e2d", kill_on_drop: false }`
[INFO] [stdout] 9a83af3b148530b52732eda83cd77cb9897702a1ace53bc9618358cd16f59e2d
[INFO] running `Command { std: "docker" "create" "-v" "/var/lib/crater-agent-workspace/builds/worker-6/target:/opt/rustwide/target:rw,Z" "-v" "/var/lib/crater-agent-workspace/builds/worker-6/source:/opt/rustwide/workdir:ro,Z" "-v" "/var/lib/crater-agent-workspace/cargo-home:/opt/rustwide/cargo-home:ro,Z" "-v" "/var/lib/crater-agent-workspace/rustup-home:/opt/rustwide/rustup-home:ro,Z" "-e" "SOURCE_DIR=/opt/rustwide/workdir" "-e" "CARGO_TARGET_DIR=/opt/rustwide/target" "-e" "CARGO_INCREMENTAL=0" "-e" "RUST_BACKTRACE=full" "-e" "RUSTFLAGS=--cap-lints=warn" "-e" "CARGO_HOME=/opt/rustwide/cargo-home" "-e" "RUSTUP_HOME=/opt/rustwide/rustup-home" "-w" "/opt/rustwide/workdir" "-m" "1610612736" "--user" "0:0" "--network" "none" "ghcr.io/rust-lang/crates-build-env/linux@sha256:34b6a614d2c27851fe6cbf88fbd1137609cefab8b10d0615aaeb6fd47975d74e" "/opt/rustwide/cargo-home/bin/cargo" "+beta-2021-08-01" "build" "--frozen" "--message-format=json", kill_on_drop: false }`
[INFO] [stdout] 4cf1d5f15e40db3ccc7cdd3b415e589d7ac193dab1aebe65d9f61896efb8b1da
[INFO] [stderr] WARNING: Your kernel does not support swap limit capabilities or the cgroup is not mounted. Memory limited without swap.
[INFO] running `Command { std: "docker" "start" "-a" "4cf1d5f15e40db3ccc7cdd3b415e589d7ac193dab1aebe65d9f61896efb8b1da", kill_on_drop: false }`
[INFO] [stderr]    Compiling project_status v0.1.0 (/opt/rustwide/workdir)
[INFO] [stderr]     Finished dev [unoptimized + debuginfo] target(s) in 2.64s
[INFO] running `Command { std: "docker" "inspect" "4cf1d5f15e40db3ccc7cdd3b415e589d7ac193dab1aebe65d9f61896efb8b1da", kill_on_drop: false }`
[INFO] running `Command { std: "docker" "rm" "-f" "4cf1d5f15e40db3ccc7cdd3b415e589d7ac193dab1aebe65d9f61896efb8b1da", kill_on_drop: false }`
[INFO] [stdout] 4cf1d5f15e40db3ccc7cdd3b415e589d7ac193dab1aebe65d9f61896efb8b1da
[INFO] running `Command { std: "docker" "create" "-v" "/var/lib/crater-agent-workspace/builds/worker-6/target:/opt/rustwide/target:rw,Z" "-v" "/var/lib/crater-agent-workspace/builds/worker-6/source:/opt/rustwide/workdir:ro,Z" "-v" "/var/lib/crater-agent-workspace/cargo-home:/opt/rustwide/cargo-home:ro,Z" "-v" "/var/lib/crater-agent-workspace/rustup-home:/opt/rustwide/rustup-home:ro,Z" "-e" "SOURCE_DIR=/opt/rustwide/workdir" "-e" "CARGO_TARGET_DIR=/opt/rustwide/target" "-e" "CARGO_INCREMENTAL=0" "-e" "RUST_BACKTRACE=full" "-e" "RUSTFLAGS=--cap-lints=warn" "-e" "CARGO_HOME=/opt/rustwide/cargo-home" "-e" "RUSTUP_HOME=/opt/rustwide/rustup-home" "-w" "/opt/rustwide/workdir" "-m" "1610612736" "--user" "0:0" "--network" "none" "ghcr.io/rust-lang/crates-build-env/linux@sha256:34b6a614d2c27851fe6cbf88fbd1137609cefab8b10d0615aaeb6fd47975d74e" "/opt/rustwide/cargo-home/bin/cargo" "+beta-2021-08-01" "test" "--frozen" "--no-run" "--message-format=json", kill_on_drop: false }`
[INFO] [stdout] 5e2f63c55ab24c6fd425269c3e066d60531599d10a8d2c13193d89021f7879ea
[INFO] [stderr] WARNING: Your kernel does not support swap limit capabilities or the cgroup is not mounted. Memory limited without swap.
[INFO] running `Command { std: "docker" "start" "-a" "5e2f63c55ab24c6fd425269c3e066d60531599d10a8d2c13193d89021f7879ea", kill_on_drop: false }`
[INFO] [stderr]    Compiling rand v0.7.2
[INFO] [stderr]    Compiling tempfile v3.1.0
[INFO] [stderr]    Compiling project_status v0.1.0 (/opt/rustwide/workdir)
[INFO] [stderr]     Finished test [unoptimized + debuginfo] target(s) in 5.14s
[INFO] running `Command { std: "docker" "inspect" "5e2f63c55ab24c6fd425269c3e066d60531599d10a8d2c13193d89021f7879ea", kill_on_drop: false }`
[INFO] running `Command { std: "docker" "rm" "-f" "5e2f63c55ab24c6fd425269c3e066d60531599d10a8d2c13193d89021f7879ea", kill_on_drop: false }`
[INFO] [stdout] 5e2f63c55ab24c6fd425269c3e066d60531599d10a8d2c13193d89021f7879ea
[INFO] running `Command { std: "docker" "create" "-v" "/var/lib/crater-agent-workspace/builds/worker-6/target:/opt/rustwide/target:rw,Z" "-v" "/var/lib/crater-agent-workspace/builds/worker-6/source:/opt/rustwide/workdir:ro,Z" "-v" "/var/lib/crater-agent-workspace/cargo-home:/opt/rustwide/cargo-home:ro,Z" "-v" "/var/lib/crater-agent-workspace/rustup-home:/opt/rustwide/rustup-home:ro,Z" "-e" "SOURCE_DIR=/opt/rustwide/workdir" "-e" "CARGO_TARGET_DIR=/opt/rustwide/target" "-e" "CARGO_INCREMENTAL=0" "-e" "RUST_BACKTRACE=full" "-e" "RUSTFLAGS=--cap-lints=warn" "-e" "CARGO_HOME=/opt/rustwide/cargo-home" "-e" "RUSTUP_HOME=/opt/rustwide/rustup-home" "-w" "/opt/rustwide/workdir" "-m" "1610612736" "--user" "0:0" "--network" "none" "ghcr.io/rust-lang/crates-build-env/linux@sha256:34b6a614d2c27851fe6cbf88fbd1137609cefab8b10d0615aaeb6fd47975d74e" "/opt/rustwide/cargo-home/bin/cargo" "+beta-2021-08-01" "test" "--frozen", kill_on_drop: false }`
[INFO] [stdout] 547bc210e9836c52acf2869467cba94b6adb0a46d9f4afb35d12dd30b66acc80
[INFO] [stderr] WARNING: Your kernel does not support swap limit capabilities or the cgroup is not mounted. Memory limited without swap.
[INFO] running `Command { std: "docker" "start" "-a" "547bc210e9836c52acf2869467cba94b6adb0a46d9f4afb35d12dd30b66acc80", kill_on_drop: false }`
[INFO] [stderr]     Finished test [unoptimized + debuginfo] target(s) in 0.03s
[INFO] [stderr]      Running unittests (/opt/rustwide/target/debug/deps/project_status-955d954b968da41c)
[INFO] [stdout] 
[INFO] [stdout] running 16 tests
[INFO] [stdout] test experiment_structure::tests::test_file_list_creation ... ok
[INFO] [stdout] test experiment_structure::tests::test_single_summary ... ok
[INFO] [stdout] test file_status::tests::format_date ... ok
[INFO] [stdout] test experiment_structure::tests::test_newest_file ... ok
[INFO] [stdout] test git_commits::tests::test_split_string_on_newline ... ok
[INFO] [stdout] test file_status::tests::regex_search_correct_count ... ok
[INFO] [stdout] test experiment_structure::tests::test_oldest_file ... ok
[INFO] [stdout] test file_status::tests::get_creation_time ... ok
[INFO] [stdout] test file_status::tests::return_unqiue_vals ... ok
[INFO] [stdout] test file_status::tests::test_get_mock_dir ... ok
[INFO] [stdout] test experiment_structure::tests::test_no_files_found_summary ... ok
[INFO] [stdout] test file_status::tests::regex_search_correct_extension ... ok
[INFO] [stdout] test experiment_structure::tests::test_multiple_summary ... ok
[INFO] [stderr] error: test failed, to rerun pass '--bin project_status'
[INFO] [stdout] test git_commits::tests::test_command_call ... ok
[INFO] [stdout] test git_commits::tests::test_bad_command_call - should panic ... FAILED
[INFO] [stdout] test git_commits::tests::test_bad_command_call_with_message - should panic ... FAILED
[INFO] [stdout] 
[INFO] [stdout] failures:
[INFO] [stdout] 
[INFO] [stdout] ---- git_commits::tests::test_bad_command_call stdout ----
[INFO] [stdout] note: test did not panic as expected
[INFO] [stdout] ---- git_commits::tests::test_bad_command_call_with_message stdout ----
[INFO] [stdout] note: test did not panic as expected
[INFO] [stdout] 
[INFO] [stdout] failures:
[INFO] [stdout]     git_commits::tests::test_bad_command_call
[INFO] [stdout]     git_commits::tests::test_bad_command_call_with_message
[INFO] [stdout] 
[INFO] [stdout] test result: FAILED. 14 passed; 2 failed; 0 ignored; 0 measured; 0 filtered out; finished in 0.02s
[INFO] [stdout] 
[INFO] running `Command { std: "docker" "inspect" "547bc210e9836c52acf2869467cba94b6adb0a46d9f4afb35d12dd30b66acc80", kill_on_drop: false }`
[INFO] running `Command { std: "docker" "rm" "-f" "547bc210e9836c52acf2869467cba94b6adb0a46d9f4afb35d12dd30b66acc80", kill_on_drop: false }`
[INFO] [stdout] 547bc210e9836c52acf2869467cba94b6adb0a46d9f4afb35d12dd30b66acc80
