[INFO] cloning repository https://github.com/CGMossa/univariate_optimisation
[INFO] running `Command { std: "git" "-c" "credential.helper=" "-c" "credential.helper=/workspace/cargo-home/bin/git-credential-null" "clone" "--bare" "https://github.com/CGMossa/univariate_optimisation" "/workspace/cache/git-repos/https%3A%2F%2Fgithub.com%2FCGMossa%2Funivariate_optimisation", kill_on_drop: false }`
[INFO] [stderr] Cloning into bare repository '/workspace/cache/git-repos/https%3A%2F%2Fgithub.com%2FCGMossa%2Funivariate_optimisation'...
[INFO] running `Command { std: "git" "rev-parse" "HEAD", kill_on_drop: false }`
[INFO] [stdout] 8673cf71137cf491e72b5d7b9dd44589f39dfe83
[INFO] testing CGMossa/univariate_optimisation against beta-2021-08-01 for beta-1.55-1
[INFO] running `Command { std: "git" "clone" "/workspace/cache/git-repos/https%3A%2F%2Fgithub.com%2FCGMossa%2Funivariate_optimisation" "/workspace/builds/worker-7/source", kill_on_drop: false }`
[INFO] [stderr] Cloning into '/workspace/builds/worker-7/source'...
[INFO] [stderr] done.
[INFO] validating manifest of git repo https://github.com/CGMossa/univariate_optimisation on toolchain beta-2021-08-01
[INFO] running `Command { std: "/workspace/cargo-home/bin/cargo" "+beta-2021-08-01" "metadata" "--manifest-path" "Cargo.toml" "--no-deps", kill_on_drop: false }`
[INFO] started tweaking git repo https://github.com/CGMossa/univariate_optimisation
[INFO] finished tweaking git repo https://github.com/CGMossa/univariate_optimisation
[INFO] tweaked toml for git repo https://github.com/CGMossa/univariate_optimisation written to /workspace/builds/worker-7/source/Cargo.toml
[INFO] crate git repo https://github.com/CGMossa/univariate_optimisation already has a lockfile, it will not be regenerated
[INFO] running `Command { std: "/workspace/cargo-home/bin/cargo" "+beta-2021-08-01" "fetch" "--manifest-path" "Cargo.toml", kill_on_drop: false }`
[INFO] running `Command { std: "docker" "create" "-v" "/var/lib/crater-agent-workspace/builds/worker-7/target:/opt/rustwide/target:rw,Z" "-v" "/var/lib/crater-agent-workspace/builds/worker-7/source:/opt/rustwide/workdir:ro,Z" "-v" "/var/lib/crater-agent-workspace/cargo-home:/opt/rustwide/cargo-home:ro,Z" "-v" "/var/lib/crater-agent-workspace/rustup-home:/opt/rustwide/rustup-home:ro,Z" "-e" "SOURCE_DIR=/opt/rustwide/workdir" "-e" "CARGO_TARGET_DIR=/opt/rustwide/target" "-e" "CARGO_HOME=/opt/rustwide/cargo-home" "-e" "RUSTUP_HOME=/opt/rustwide/rustup-home" "-w" "/opt/rustwide/workdir" "-m" "1610612736" "--user" "0:0" "--network" "none" "ghcr.io/rust-lang/crates-build-env/linux@sha256:34b6a614d2c27851fe6cbf88fbd1137609cefab8b10d0615aaeb6fd47975d74e" "/opt/rustwide/cargo-home/bin/cargo" "+beta-2021-08-01" "metadata" "--no-deps" "--format-version=1", kill_on_drop: false }`
[INFO] [stdout] a69012825cdf7ce17a4daca0ad0446ca77382773fc75348f0546d51727a797ce
[INFO] [stderr] WARNING: Your kernel does not support swap limit capabilities or the cgroup is not mounted. Memory limited without swap.
[INFO] running `Command { std: "docker" "start" "-a" "a69012825cdf7ce17a4daca0ad0446ca77382773fc75348f0546d51727a797ce", kill_on_drop: false }`
[INFO] running `Command { std: "docker" "inspect" "a69012825cdf7ce17a4daca0ad0446ca77382773fc75348f0546d51727a797ce", kill_on_drop: false }`
[INFO] running `Command { std: "docker" "rm" "-f" "a69012825cdf7ce17a4daca0ad0446ca77382773fc75348f0546d51727a797ce", kill_on_drop: false }`
[INFO] [stdout] a69012825cdf7ce17a4daca0ad0446ca77382773fc75348f0546d51727a797ce
[INFO] running `Command { std: "docker" "create" "-v" "/var/lib/crater-agent-workspace/builds/worker-7/target:/opt/rustwide/target:rw,Z" "-v" "/var/lib/crater-agent-workspace/builds/worker-7/source:/opt/rustwide/workdir:ro,Z" "-v" "/var/lib/crater-agent-workspace/cargo-home:/opt/rustwide/cargo-home:ro,Z" "-v" "/var/lib/crater-agent-workspace/rustup-home:/opt/rustwide/rustup-home:ro,Z" "-e" "SOURCE_DIR=/opt/rustwide/workdir" "-e" "CARGO_TARGET_DIR=/opt/rustwide/target" "-e" "CARGO_INCREMENTAL=0" "-e" "RUST_BACKTRACE=full" "-e" "RUSTFLAGS=--cap-lints=warn" "-e" "CARGO_HOME=/opt/rustwide/cargo-home" "-e" "RUSTUP_HOME=/opt/rustwide/rustup-home" "-w" "/opt/rustwide/workdir" "-m" "1610612736" "--user" "0:0" "--network" "none" "ghcr.io/rust-lang/crates-build-env/linux@sha256:34b6a614d2c27851fe6cbf88fbd1137609cefab8b10d0615aaeb6fd47975d74e" "/opt/rustwide/cargo-home/bin/cargo" "+beta-2021-08-01" "build" "--frozen" "--message-format=json", kill_on_drop: false }`
[INFO] [stdout] a381549231e808553d2c1f53cfc270e34814e89400a863e4c55e6c5413aa1611
[INFO] [stderr] WARNING: Your kernel does not support swap limit capabilities or the cgroup is not mounted. Memory limited without swap.
[INFO] running `Command { std: "docker" "start" "-a" "a381549231e808553d2c1f53cfc270e34814e89400a863e4c55e6c5413aa1611", kill_on_drop: false }`
[INFO] [stderr]     Blocking waiting for file lock on package cache
[INFO] [stderr]    Compiling serde v1.0.101
[INFO] [stderr]    Compiling num-traits v0.2.8
[INFO] [stderr]    Compiling num-bigint v0.2.3
[INFO] [stderr]    Compiling num-complex v0.2.3
[INFO] [stderr]    Compiling num-iter v0.1.39
[INFO] [stderr]    Compiling num-rational v0.2.2
[INFO] [stderr]    Compiling getrandom v0.1.12
[INFO] [stderr]    Compiling rand_core v0.5.1
[INFO] [stderr]    Compiling rand_chacha v0.2.1
[INFO] [stderr]    Compiling rand v0.7.2
[INFO] [stderr]    Compiling num-integer v0.1.41
[INFO] [stderr]    Compiling num v0.2.0
[INFO] [stderr]    Compiling univariate_optimisation v0.1.0 (/opt/rustwide/workdir)
[INFO] [stdout] warning: unused variable: `objective`
[INFO] [stdout]  --> src/main.rs:5:9
[INFO] [stdout]   |
[INFO] [stdout] 5 |     let objective = |x: f64| x.ln() / (1f64 + x);
[INFO] [stdout]   |         ^^^^^^^^^ help: if this is intentional, prefix it with an underscore: `_objective`
[INFO] [stdout]   |
[INFO] [stdout]   = note: `#[warn(unused_variables)]` on by default
[INFO] [stdout] 
[INFO] [stdout] 
[INFO] [stdout] warning: unused variable: `diff_objective`
[INFO] [stdout]  --> src/main.rs:7:9
[INFO] [stdout]   |
[INFO] [stdout] 7 |     let diff_objective = |x: f64| (1f64 + 1f64 / x - x.ln()) / ((1f64 + x).powi(2));
[INFO] [stdout]   |         ^^^^^^^^^^^^^^ help: if this is intentional, prefix it with an underscore: `_diff_objective`
[INFO] [stdout] 
[INFO] [stdout] 
[INFO] [stdout] warning: unused variable: `start_value`
[INFO] [stdout]  --> src/main.rs:9:9
[INFO] [stdout]   |
[INFO] [stdout] 9 |     let start_value: f64;
[INFO] [stdout]   |         ^^^^^^^^^^^ help: if this is intentional, prefix it with an underscore: `_start_value`
[INFO] [stdout] 
[INFO] [stdout] 
[INFO] [stdout] warning: unused variable: `a`
[INFO] [stdout]   --> src/main.rs:20:9
[INFO] [stdout]    |
[INFO] [stdout] 20 |     let a = domain.start;
[INFO] [stdout]    |         ^ help: if this is intentional, prefix it with an underscore: `_a`
[INFO] [stdout] 
[INFO] [stdout] 
[INFO] [stdout] warning: unused variable: `b`
[INFO] [stdout]   --> src/main.rs:21:9
[INFO] [stdout]    |
[INFO] [stdout] 21 |     let b = domain.end;
[INFO] [stdout]    |         ^ help: if this is intentional, prefix it with an underscore: `_b`
[INFO] [stdout] 
[INFO] [stdout] 
[INFO] [stdout] warning: unused variable: `objective`
[INFO] [stdout]   --> src/main.rs:12:32
[INFO] [stdout]    |
[INFO] [stdout] 12 | fn bisection_method<T, F1, F2>(objective: F1, diff_objective: F2, domain: Range<T>)
[INFO] [stdout]    |                                ^^^^^^^^^ help: if this is intentional, prefix it with an underscore: `_objective`
[INFO] [stdout] 
[INFO] [stdout] 
[INFO] [stdout] warning: unused variable: `diff_objective`
[INFO] [stdout]   --> src/main.rs:12:47
[INFO] [stdout]    |
[INFO] [stdout] 12 | fn bisection_method<T, F1, F2>(objective: F1, diff_objective: F2, domain: Range<T>)
[INFO] [stdout]    |                                               ^^^^^^^^^^^^^^ help: if this is intentional, prefix it with an underscore: `_diff_objective`
[INFO] [stdout] 
[INFO] [stdout] 
[INFO] [stdout] warning: function is never used: `bisection_method`
[INFO] [stdout]   --> src/main.rs:12:4
[INFO] [stdout]    |
[INFO] [stdout] 12 | fn bisection_method<T, F1, F2>(objective: F1, diff_objective: F2, domain: Range<T>)
[INFO] [stdout]    |    ^^^^^^^^^^^^^^^^
[INFO] [stdout]    |
[INFO] [stdout]    = note: `#[warn(dead_code)]` on by default
[INFO] [stdout] 
[INFO] [stdout] 
[INFO] [stdout] warning: 8 warnings emitted
[INFO] [stdout] 
[INFO] [stdout] 
[INFO] [stderr]     Finished dev [unoptimized + debuginfo] target(s) in 12.35s
[INFO] running `Command { std: "docker" "inspect" "a381549231e808553d2c1f53cfc270e34814e89400a863e4c55e6c5413aa1611", kill_on_drop: false }`
[INFO] running `Command { std: "docker" "rm" "-f" "a381549231e808553d2c1f53cfc270e34814e89400a863e4c55e6c5413aa1611", kill_on_drop: false }`
[INFO] [stdout] a381549231e808553d2c1f53cfc270e34814e89400a863e4c55e6c5413aa1611
[INFO] running `Command { std: "docker" "create" "-v" "/var/lib/crater-agent-workspace/builds/worker-7/target:/opt/rustwide/target:rw,Z" "-v" "/var/lib/crater-agent-workspace/builds/worker-7/source:/opt/rustwide/workdir:ro,Z" "-v" "/var/lib/crater-agent-workspace/cargo-home:/opt/rustwide/cargo-home:ro,Z" "-v" "/var/lib/crater-agent-workspace/rustup-home:/opt/rustwide/rustup-home:ro,Z" "-e" "SOURCE_DIR=/opt/rustwide/workdir" "-e" "CARGO_TARGET_DIR=/opt/rustwide/target" "-e" "CARGO_INCREMENTAL=0" "-e" "RUST_BACKTRACE=full" "-e" "RUSTFLAGS=--cap-lints=warn" "-e" "CARGO_HOME=/opt/rustwide/cargo-home" "-e" "RUSTUP_HOME=/opt/rustwide/rustup-home" "-w" "/opt/rustwide/workdir" "-m" "1610612736" "--user" "0:0" "--network" "none" "ghcr.io/rust-lang/crates-build-env/linux@sha256:34b6a614d2c27851fe6cbf88fbd1137609cefab8b10d0615aaeb6fd47975d74e" "/opt/rustwide/cargo-home/bin/cargo" "+beta-2021-08-01" "test" "--frozen" "--no-run" "--message-format=json", kill_on_drop: false }`
[INFO] [stdout] 727fd990fa1aea6ac21d4ae25fa6e17d2635ae35b47a8309fafb6efecbbb2da6
[INFO] [stderr] WARNING: Your kernel does not support swap limit capabilities or the cgroup is not mounted. Memory limited without swap.
[INFO] running `Command { std: "docker" "start" "-a" "727fd990fa1aea6ac21d4ae25fa6e17d2635ae35b47a8309fafb6efecbbb2da6", kill_on_drop: false }`
[INFO] [stderr]     Blocking waiting for file lock on package cache
[INFO] [stderr]    Compiling univariate_optimisation v0.1.0 (/opt/rustwide/workdir)
[INFO] [stdout] warning: unused variable: `objective`
[INFO] [stdout]  --> src/main.rs:5:9
[INFO] [stdout]   |
[INFO] [stdout] 5 |     let objective = |x: f64| x.ln() / (1f64 + x);
[INFO] [stdout]   |         ^^^^^^^^^ help: if this is intentional, prefix it with an underscore: `_objective`
[INFO] [stdout]   |
[INFO] [stdout]   = note: `#[warn(unused_variables)]` on by default
[INFO] [stdout] 
[INFO] [stdout] 
[INFO] [stdout] warning: unused variable: `diff_objective`
[INFO] [stdout]  --> src/main.rs:7:9
[INFO] [stdout]   |
[INFO] [stdout] 7 |     let diff_objective = |x: f64| (1f64 + 1f64 / x - x.ln()) / ((1f64 + x).powi(2));
[INFO] [stdout]   |         ^^^^^^^^^^^^^^ help: if this is intentional, prefix it with an underscore: `_diff_objective`
[INFO] [stdout] 
[INFO] [stdout] 
[INFO] [stdout] warning: unused variable: `start_value`
[INFO] [stdout]  --> src/main.rs:9:9
[INFO] [stdout]   |
[INFO] [stdout] 9 |     let start_value: f64;
[INFO] [stdout]   |         ^^^^^^^^^^^ help: if this is intentional, prefix it with an underscore: `_start_value`
[INFO] [stdout] 
[INFO] [stdout] 
[INFO] [stdout] warning: unused variable: `a`
[INFO] [stdout]   --> src/main.rs:20:9
[INFO] [stdout]    |
[INFO] [stdout] 20 |     let a = domain.start;
[INFO] [stdout]    |         ^ help: if this is intentional, prefix it with an underscore: `_a`
[INFO] [stdout] 
[INFO] [stdout] 
[INFO] [stdout] warning: unused variable: `b`
[INFO] [stdout]   --> src/main.rs:21:9
[INFO] [stdout]    |
[INFO] [stdout] 21 |     let b = domain.end;
[INFO] [stdout]    |         ^ help: if this is intentional, prefix it with an underscore: `_b`
[INFO] [stdout] 
[INFO] [stdout] 
[INFO] [stdout] warning: unused variable: `objective`
[INFO] [stdout]   --> src/main.rs:12:32
[INFO] [stdout]    |
[INFO] [stdout] 12 | fn bisection_method<T, F1, F2>(objective: F1, diff_objective: F2, domain: Range<T>)
[INFO] [stdout]    |                                ^^^^^^^^^ help: if this is intentional, prefix it with an underscore: `_objective`
[INFO] [stdout] 
[INFO] [stdout] 
[INFO] [stdout] warning: unused variable: `diff_objective`
[INFO] [stdout]   --> src/main.rs:12:47
[INFO] [stdout]    |
[INFO] [stdout] 12 | fn bisection_method<T, F1, F2>(objective: F1, diff_objective: F2, domain: Range<T>)
[INFO] [stdout]    |                                               ^^^^^^^^^^^^^^ help: if this is intentional, prefix it with an underscore: `_diff_objective`
[INFO] [stdout] 
[INFO] [stdout] 
[INFO] [stdout] warning: 7 warnings emitted
[INFO] [stdout] 
[INFO] [stdout] 
[INFO] [stderr]     Finished test [unoptimized + debuginfo] target(s) in 1.14s
[INFO] running `Command { std: "docker" "inspect" "727fd990fa1aea6ac21d4ae25fa6e17d2635ae35b47a8309fafb6efecbbb2da6", kill_on_drop: false }`
[INFO] running `Command { std: "docker" "rm" "-f" "727fd990fa1aea6ac21d4ae25fa6e17d2635ae35b47a8309fafb6efecbbb2da6", kill_on_drop: false }`
[INFO] [stdout] 727fd990fa1aea6ac21d4ae25fa6e17d2635ae35b47a8309fafb6efecbbb2da6
[INFO] running `Command { std: "docker" "create" "-v" "/var/lib/crater-agent-workspace/builds/worker-7/target:/opt/rustwide/target:rw,Z" "-v" "/var/lib/crater-agent-workspace/builds/worker-7/source:/opt/rustwide/workdir:ro,Z" "-v" "/var/lib/crater-agent-workspace/cargo-home:/opt/rustwide/cargo-home:ro,Z" "-v" "/var/lib/crater-agent-workspace/rustup-home:/opt/rustwide/rustup-home:ro,Z" "-e" "SOURCE_DIR=/opt/rustwide/workdir" "-e" "CARGO_TARGET_DIR=/opt/rustwide/target" "-e" "CARGO_INCREMENTAL=0" "-e" "RUST_BACKTRACE=full" "-e" "RUSTFLAGS=--cap-lints=warn" "-e" "CARGO_HOME=/opt/rustwide/cargo-home" "-e" "RUSTUP_HOME=/opt/rustwide/rustup-home" "-w" "/opt/rustwide/workdir" "-m" "1610612736" "--user" "0:0" "--network" "none" "ghcr.io/rust-lang/crates-build-env/linux@sha256:34b6a614d2c27851fe6cbf88fbd1137609cefab8b10d0615aaeb6fd47975d74e" "/opt/rustwide/cargo-home/bin/cargo" "+beta-2021-08-01" "test" "--frozen", kill_on_drop: false }`
[INFO] [stderr] WARNING: Your kernel does not support swap limit capabilities or the cgroup is not mounted. Memory limited without swap.
[INFO] [stdout] a5c736e4154f4f081c73e5656e117b56f780b8d148b414cb4c35067ad87708a3
[INFO] running `Command { std: "docker" "start" "-a" "a5c736e4154f4f081c73e5656e117b56f780b8d148b414cb4c35067ad87708a3", kill_on_drop: false }`
[INFO] [stdout] 
[INFO] [stderr] warning: unused variable: `objective`
[INFO] [stdout] running 1 test
[INFO] [stderr]  --> src/main.rs:5:9
[INFO] [stderr]   |
[INFO] [stderr] 5 |     let objective = |x: f64| x.ln() / (1f64 + x);
[INFO] [stderr]   |         ^^^^^^^^^ help: if this is intentional, prefix it with an underscore: `_objective`
[INFO] [stderr]   |
[INFO] [stderr]   = note: `#[warn(unused_variables)]` on by default
[INFO] [stderr] 
[INFO] [stderr] warning: unused variable: `diff_objective`
[INFO] [stderr]  --> src/main.rs:7:9
[INFO] [stderr]   |
[INFO] [stderr] 7 |     let diff_objective = |x: f64| (1f64 + 1f64 / x - x.ln()) / ((1f64 + x).powi(2));
[INFO] [stderr]   |         ^^^^^^^^^^^^^^ help: if this is intentional, prefix it with an underscore: `_diff_objective`
[INFO] [stderr] 
[INFO] [stderr] warning: unused variable: `start_value`
[INFO] [stderr]  --> src/main.rs:9:9
[INFO] [stderr]   |
[INFO] [stderr] 9 |     let start_value: f64;
[INFO] [stderr]   |         ^^^^^^^^^^^ help: if this is intentional, prefix it with an underscore: `_start_value`
[INFO] [stderr] 
[INFO] [stderr] warning: unused variable: `a`
[INFO] [stderr]   --> src/main.rs:20:9
[INFO] [stderr]    |
[INFO] [stderr] 20 |     let a = domain.start;
[INFO] [stderr]    |         ^ help: if this is intentional, prefix it with an underscore: `_a`
[INFO] [stderr] 
[INFO] [stderr] warning: unused variable: `b`
[INFO] [stderr]   --> src/main.rs:21:9
[INFO] [stderr]    |
[INFO] [stderr] 21 |     let b = domain.end;
[INFO] [stderr]    |         ^ help: if this is intentional, prefix it with an underscore: `_b`
[INFO] [stderr] 
[INFO] [stderr] warning: unused variable: `objective`
[INFO] [stderr]   --> src/main.rs:12:32
[INFO] [stderr]    |
[INFO] [stderr] 12 | fn bisection_method<T, F1, F2>(objective: F1, diff_objective: F2, domain: Range<T>)
[INFO] [stderr]    |                                ^^^^^^^^^ help: if this is intentional, prefix it with an underscore: `_objective`
[INFO] [stderr] 
[INFO] [stderr] warning: unused variable: `diff_objective`
[INFO] [stderr]   --> src/main.rs:12:47
[INFO] [stderr]    |
[INFO] [stderr] 12 | fn bisection_method<T, F1, F2>(objective: F1, diff_objective: F2, domain: Range<T>)
[INFO] [stderr]    |                                               ^^^^^^^^^^^^^^ help: if this is intentional, prefix it with an underscore: `_diff_objective`
[INFO] [stderr] 
[INFO] [stderr] warning: `univariate_optimisation` (bin "univariate_optimisation" test) generated 7 warnings
[INFO] [stderr]     Finished test [unoptimized + debuginfo] target(s) in 0.04s
[INFO] [stderr]      Running unittests (/opt/rustwide/target/debug/deps/univariate_optimisation-11154259c31d2a01)
[INFO] [stdout] test cold_call_bisection_method ... FAILED
[INFO] [stdout] 
[INFO] [stdout] failures:
[INFO] [stdout] 
[INFO] [stdout] ---- cold_call_bisection_method stdout ----
[INFO] [stdout] [src/main.rs:18] &domain = 1.2..4.3
[INFO] [stdout] thread 'cold_call_bisection_method' panicked at 'assertion failed: false', src/main.rs:32:5
[INFO] [stdout] stack backtrace:
[INFO] [stdout]    0:     0x55abdb02d1d0 - std::backtrace_rs::backtrace::libunwind::trace::hff4d1766e93f64f1
[INFO] [stdout]                                at /rustc/53fd98ca776cb875bc9e5514f56b52eb74f9e7a9/library/std/src/../../backtrace/src/backtrace/libunwind.rs:90:5
[INFO] [stdout]    1:     0x55abdb02d1d0 - std::backtrace_rs::backtrace::trace_unsynchronized::h56bbc8eb78770bcb
[INFO] [stdout]                                at /rustc/53fd98ca776cb875bc9e5514f56b52eb74f9e7a9/library/std/src/../../backtrace/src/backtrace/mod.rs:66:5
[INFO] [stdout]    2:     0x55abdb02d1d0 - std::sys_common::backtrace::_print_fmt::h5c8e75464faca780
[INFO] [stdout]                                at /rustc/53fd98ca776cb875bc9e5514f56b52eb74f9e7a9/library/std/src/sys_common/backtrace.rs:67:5
[INFO] [stdout]    3:     0x55abdb02d1d0 - <std::sys_common::backtrace::_print::DisplayBacktrace as core::fmt::Display>::fmt::h48b88277def8b362
[INFO] [stdout]                                at /rustc/53fd98ca776cb875bc9e5514f56b52eb74f9e7a9/library/std/src/sys_common/backtrace.rs:46:22
[INFO] [stdout]    4:     0x55abdb04f99c - core::fmt::write::h3381b3176fe2b3d3
[INFO] [stdout]                                at /rustc/53fd98ca776cb875bc9e5514f56b52eb74f9e7a9/library/core/src/fmt/mod.rs:1115:17
[INFO] [stdout]    5:     0x55abdb02a135 - std::io::Write::write_fmt::h5f34a676f60246b5
[INFO] [stdout]                                at /rustc/53fd98ca776cb875bc9e5514f56b52eb74f9e7a9/library/std/src/io/mod.rs:1665:15
[INFO] [stdout]    6:     0x55abdb02f34b - std::sys_common::backtrace::_print::ha537687d6c17dd0d
[INFO] [stdout]                                at /rustc/53fd98ca776cb875bc9e5514f56b52eb74f9e7a9/library/std/src/sys_common/backtrace.rs:49:5
[INFO] [stdout]    7:     0x55abdb02f34b - std::sys_common::backtrace::print::h61376ae57d131d72
[INFO] [stdout]                                at /rustc/53fd98ca776cb875bc9e5514f56b52eb74f9e7a9/library/std/src/sys_common/backtrace.rs:36:9
[INFO] [stdout]    8:     0x55abdb02f34b - std::panicking::default_hook::{{closure}}::h0f7208c0b9644a54
[INFO] [stdout]                                at /rustc/53fd98ca776cb875bc9e5514f56b52eb74f9e7a9/library/std/src/panicking.rs:208:50
[INFO] [stdout]    9:     0x55abdb02ee5c - std::panicking::default_hook::hdac7fc06578c14ce
[INFO] [stdout]                                at /rustc/53fd98ca776cb875bc9e5514f56b52eb74f9e7a9/library/std/src/panicking.rs:222:9
[INFO] [stdout]   10:     0x55abdb02fa14 - std::panicking::rust_panic_with_hook::h72b21c283da3d1ef
[INFO] [stdout]                                at /rustc/53fd98ca776cb875bc9e5514f56b52eb74f9e7a9/library/std/src/panicking.rs:622:17
[INFO] [stdout]   11:     0x55abdb02f4c7 - std::panicking::begin_panic_handler::{{closure}}::he5778f1729cff84a
[INFO] [stdout]                                at /rustc/53fd98ca776cb875bc9e5514f56b52eb74f9e7a9/library/std/src/panicking.rs:517:13
[INFO] [stdout]   12:     0x55abdb02d6ac - std::sys_common::backtrace::__rust_end_short_backtrace::h2d11ca8b453b4b1d
[INFO] [stdout]                                at /rustc/53fd98ca776cb875bc9e5514f56b52eb74f9e7a9/library/std/src/sys_common/backtrace.rs:141:18
[INFO] [stdout]   13:     0x55abdb02f459 - rust_begin_unwind
[INFO] [stdout]                                at /rustc/53fd98ca776cb875bc9e5514f56b52eb74f9e7a9/library/std/src/panicking.rs:515:5
[INFO] [stdout]   14:     0x55abdafdd3a1 - core::panicking::panic_fmt::hf9de31d4acbce4db
[INFO] [stdout]                                at /rustc/53fd98ca776cb875bc9e5514f56b52eb74f9e7a9/library/core/src/panicking.rs:92:14
[INFO] [stdout]   15:     0x55abdafdd2ed - core::panicking::panic::h8a6bc58a21c6c095
[INFO] [stdout]                                at /rustc/53fd98ca776cb875bc9e5514f56b52eb74f9e7a9/library/core/src/panicking.rs:50:5
[INFO] [stdout]   16:     0x55abdafde092 - univariate_optimisation::bisection_method::hf1401d190ce87f04
[INFO] [stdout]                                at /opt/rustwide/workdir/src/main.rs:32:5
[INFO] [stdout]   17:     0x55abdafde131 - univariate_optimisation::cold_call_bisection_method::h4e746b8e03221efb
[INFO] [stdout]                                at /opt/rustwide/workdir/src/main.rs:37:5
[INFO] [stdout]   18:     0x55abdafde0ea - univariate_optimisation::cold_call_bisection_method::{{closure}}::h6a82d3d3774d11b7
[INFO] [stdout]                                at /opt/rustwide/workdir/src/main.rs:36:1
[INFO] [stdout]   19:     0x55abdafddc4e - core::ops::function::FnOnce::call_once::h3d519d2a9a41e143
[INFO] [stdout]                                at /rustc/53fd98ca776cb875bc9e5514f56b52eb74f9e7a9/library/core/src/ops/function.rs:227:5
[INFO] [stdout]   20:     0x55abdb011a93 - core::ops::function::FnOnce::call_once::hbb52c4519d3137b0
[INFO] [stdout]                                at /rustc/53fd98ca776cb875bc9e5514f56b52eb74f9e7a9/library/core/src/ops/function.rs:227:5
[INFO] [stdout]   21:     0x55abdb011a93 - test::__rust_begin_short_backtrace::h86fe3a2a5a5121af
[INFO] [stdout]                                at /rustc/53fd98ca776cb875bc9e5514f56b52eb74f9e7a9/library/test/src/lib.rs:578:5
[INFO] [stdout]   22:     0x55abdb010548 - <alloc::boxed::Box<F,A> as core::ops::function::FnOnce<Args>>::call_once::hfd956bc3d57399be
[INFO] [stdout]                                at /rustc/53fd98ca776cb875bc9e5514f56b52eb74f9e7a9/library/alloc/src/boxed.rs:1572:9
[INFO] [stdout]   23:     0x55abdb010548 - <std::panic::AssertUnwindSafe<F> as core::ops::function::FnOnce<()>>::call_once::h40dc93e0ddb5938a
[INFO] [stdout]                                at /rustc/53fd98ca776cb875bc9e5514f56b52eb74f9e7a9/library/std/src/panic.rs:347:9
[INFO] [stdout]   24:     0x55abdb010548 - std::panicking::try::do_call::h90d07750cb47c562
[INFO] [stdout]                                at /rustc/53fd98ca776cb875bc9e5514f56b52eb74f9e7a9/library/std/src/panicking.rs:401:40
[INFO] [stdout]   25:     0x55abdb010548 - std::panicking::try::h063c84733ad2a629
[INFO] [stdout]                                at /rustc/53fd98ca776cb875bc9e5514f56b52eb74f9e7a9/library/std/src/panicking.rs:365:19
[INFO] [stdout]   26:     0x55abdb010548 - std::panic::catch_unwind::h0c464836a84e7c08
[INFO] [stdout]                                at /rustc/53fd98ca776cb875bc9e5514f56b52eb74f9e7a9/library/std/src/panic.rs:434:14
[INFO] [stdout]   27:     0x55abdb010548 - test::run_test_in_process::h5cb06ef620b157fc
[INFO] [stdout]                                at /rustc/53fd98ca776cb875bc9e5514f56b52eb74f9e7a9/library/test/src/lib.rs:601:18
[INFO] [stdout]   28:     0x55abdb010548 - test::run_test::run_test_inner::{{closure}}::h76f677f4b93f9828
[INFO] [stdout]                                at /rustc/53fd98ca776cb875bc9e5514f56b52eb74f9e7a9/library/test/src/lib.rs:493:39
[INFO] [stdout]   29:     0x55abdafdecdd - test::run_test::run_test_inner::{{closure}}::h366d01fe04f4d67a
[INFO] [stdout]                                at /rustc/53fd98ca776cb875bc9e5514f56b52eb74f9e7a9/library/test/src/lib.rs:520:37
[INFO] [stdout]   30:     0x55abdafdecdd - std::sys_common::backtrace::__rust_begin_short_backtrace::h7dfa0de4eb395af2
[INFO] [stdout]                                at /rustc/53fd98ca776cb875bc9e5514f56b52eb74f9e7a9/library/std/src/sys_common/backtrace.rs:125:18
[INFO] [stdout]   31:     0x55abdafe34a8 - std::thread::Builder::spawn_unchecked::{{closure}}::{{closure}}::hf0a74bb58798037f
[INFO] [stdout]                                at /rustc/53fd98ca776cb875bc9e5514f56b52eb74f9e7a9/library/std/src/thread/mod.rs:476:17
[INFO] [stdout]   32:     0x55abdafe34a8 - <std::panic::AssertUnwindSafe<F> as core::ops::function::FnOnce<()>>::call_once::hb024e854818586ac
[INFO] [stdout]                                at /rustc/53fd98ca776cb875bc9e5514f56b52eb74f9e7a9/library/std/src/panic.rs:347:9
[INFO] [stdout]   33:     0x55abdafe34a8 - std::panicking::try::do_call::hb2dd9f1d0d48e41d
[INFO] [stdout]                                at /rustc/53fd98ca776cb875bc9e5514f56b52eb74f9e7a9/library/std/src/panicking.rs:401:40
[INFO] [stdout]   34:     0x55abdafe34a8 - std::panicking::try::h4717ae7bac8b2bf3
[INFO] [stdout]                                at /rustc/53fd98ca776cb875bc9e5514f56b52eb74f9e7a9/library/std/src/panicking.rs:365:19
[INFO] [stdout]   35:     0x55abdafe34a8 - std::panic::catch_unwind::h0dc8a061326ce8d8
[INFO] [stdout]                                at /rustc/53fd98ca776cb875bc9e5514f56b52eb74f9e7a9/library/std/src/panic.rs:434:14
[INFO] [stdout]   36:     0x55abdafe34a8 - std::thread::Builder::spawn_unchecked::{{closure}}::haa369e2d6fd00aa1
[INFO] [stdout]                                at /rustc/53fd98ca776cb875bc9e5514f56b52eb74f9e7a9/library/std/src/thread/mod.rs:475:30
[INFO] [stdout]   37:     0x55abdafe34a8 - core::ops::function::FnOnce::call_once{{vtable.shim}}::h36dcf3de8b056f17
[INFO] [stdout]                                at /rustc/53fd98ca776cb875bc9e5514f56b52eb74f9e7a9/library/core/src/ops/function.rs:227:5
[INFO] [stdout]   38:     0x55abdb034587 - <alloc::boxed::Box<F,A> as core::ops::function::FnOnce<Args>>::call_once::h65c29e4642be2358
[INFO] [stdout]                                at /rustc/53fd98ca776cb875bc9e5514f56b52eb74f9e7a9/library/alloc/src/boxed.rs:1572:9
[INFO] [stdout]   39:     0x55abdb034587 - <alloc::boxed::Box<F,A> as core::ops::function::FnOnce<Args>>::call_once::hd0f8f7fbbd9fffbf
[INFO] [stdout]                                at /rustc/53fd98ca776cb875bc9e5514f56b52eb74f9e7a9/library/alloc/src/boxed.rs:1572:9
[INFO] [stdout]   40:     0x55abdb034587 - std::sys::unix::thread::Thread::new::thread_start::h2fd22fee3ca77b65
[INFO] [stdout]                                at /rustc/53fd98ca776cb875bc9e5514f56b52eb74f9e7a9/library/std/src/sys/unix/thread.rs:74:17
[INFO] [stdout]   41:     0x7f405cf9b609 - start_thread
[INFO] [stdout]   42:     0x7f405cd6d293 - clone
[INFO] [stdout]   43:                0x0 - <unknown>
[INFO] [stdout] 
[INFO] [stdout] 
[INFO] [stdout] failures:
[INFO] [stdout]     cold_call_bisection_method
[INFO] [stdout] 
[INFO] [stdout] test result: FAILED. 0 passed; 1 failed; 0 ignored; 0 measured; 0 filtered out; finished in 0.02s
[INFO] [stdout] 
[INFO] [stderr] error: test failed, to rerun pass '--bin univariate_optimisation'
[INFO] running `Command { std: "docker" "inspect" "a5c736e4154f4f081c73e5656e117b56f780b8d148b414cb4c35067ad87708a3", kill_on_drop: false }`
[INFO] running `Command { std: "docker" "rm" "-f" "a5c736e4154f4f081c73e5656e117b56f780b8d148b414cb4c35067ad87708a3", kill_on_drop: false }`
[INFO] [stdout] a5c736e4154f4f081c73e5656e117b56f780b8d148b414cb4c35067ad87708a3
