[INFO] cloning repository https://github.com/AnickaBurova/regex-procs
[INFO] running `Command { std: "git" "-c" "credential.helper=" "-c" "credential.helper=/workspace/cargo-home/bin/git-credential-null" "clone" "--bare" "https://github.com/AnickaBurova/regex-procs" "/workspace/cache/git-repos/https%3A%2F%2Fgithub.com%2FAnickaBurova%2Fregex-procs", kill_on_drop: false }`
[INFO] [stderr] Cloning into bare repository '/workspace/cache/git-repos/https%3A%2F%2Fgithub.com%2FAnickaBurova%2Fregex-procs'...
[INFO] running `Command { std: "git" "rev-parse" "HEAD", kill_on_drop: false }`
[INFO] [stdout] cb659b562a36438a7c232d934b695f0bc2c0c801
[INFO] testing AnickaBurova/regex-procs against beta-2021-08-01 for beta-1.55-1
[INFO] running `Command { std: "git" "clone" "/workspace/cache/git-repos/https%3A%2F%2Fgithub.com%2FAnickaBurova%2Fregex-procs" "/workspace/builds/worker-15/source", kill_on_drop: false }`
[INFO] [stderr] Cloning into '/workspace/builds/worker-15/source'...
[INFO] [stderr] done.
[INFO] validating manifest of git repo https://github.com/AnickaBurova/regex-procs on toolchain beta-2021-08-01
[INFO] running `Command { std: "/workspace/cargo-home/bin/cargo" "+beta-2021-08-01" "metadata" "--manifest-path" "Cargo.toml" "--no-deps", kill_on_drop: false }`
[INFO] started tweaking git repo https://github.com/AnickaBurova/regex-procs
[INFO] finished tweaking git repo https://github.com/AnickaBurova/regex-procs
[INFO] tweaked toml for git repo https://github.com/AnickaBurova/regex-procs written to /workspace/builds/worker-15/source/Cargo.toml
[INFO] crate git repo https://github.com/AnickaBurova/regex-procs already has a lockfile, it will not be regenerated
[INFO] running `Command { std: "/workspace/cargo-home/bin/cargo" "+beta-2021-08-01" "fetch" "--manifest-path" "Cargo.toml", kill_on_drop: false }`
[INFO] [stderr]     Blocking waiting for file lock on package cache
[INFO] [stderr]     Blocking waiting for file lock on package cache
[INFO] running `Command { std: "docker" "create" "-v" "/var/lib/crater-agent-workspace/builds/worker-15/target:/opt/rustwide/target:rw,Z" "-v" "/var/lib/crater-agent-workspace/builds/worker-15/source:/opt/rustwide/workdir:ro,Z" "-v" "/var/lib/crater-agent-workspace/cargo-home:/opt/rustwide/cargo-home:ro,Z" "-v" "/var/lib/crater-agent-workspace/rustup-home:/opt/rustwide/rustup-home:ro,Z" "-e" "SOURCE_DIR=/opt/rustwide/workdir" "-e" "CARGO_TARGET_DIR=/opt/rustwide/target" "-e" "CARGO_HOME=/opt/rustwide/cargo-home" "-e" "RUSTUP_HOME=/opt/rustwide/rustup-home" "-w" "/opt/rustwide/workdir" "-m" "1610612736" "--user" "0:0" "--network" "none" "ghcr.io/rust-lang/crates-build-env/linux@sha256:34b6a614d2c27851fe6cbf88fbd1137609cefab8b10d0615aaeb6fd47975d74e" "/opt/rustwide/cargo-home/bin/cargo" "+beta-2021-08-01" "metadata" "--no-deps" "--format-version=1", kill_on_drop: false }`
[INFO] [stdout] 9d2bc3f1cc505c6f51fb70cd51b5a4d9ab6a965d6a1de01e5a1ab7b189d4905b
[INFO] running `Command { std: "docker" "start" "-a" "9d2bc3f1cc505c6f51fb70cd51b5a4d9ab6a965d6a1de01e5a1ab7b189d4905b", kill_on_drop: false }`
[INFO] running `Command { std: "docker" "inspect" "9d2bc3f1cc505c6f51fb70cd51b5a4d9ab6a965d6a1de01e5a1ab7b189d4905b", kill_on_drop: false }`
[INFO] running `Command { std: "docker" "rm" "-f" "9d2bc3f1cc505c6f51fb70cd51b5a4d9ab6a965d6a1de01e5a1ab7b189d4905b", kill_on_drop: false }`
[INFO] [stdout] 9d2bc3f1cc505c6f51fb70cd51b5a4d9ab6a965d6a1de01e5a1ab7b189d4905b
[INFO] running `Command { std: "docker" "create" "-v" "/var/lib/crater-agent-workspace/builds/worker-15/target:/opt/rustwide/target:rw,Z" "-v" "/var/lib/crater-agent-workspace/builds/worker-15/source:/opt/rustwide/workdir:ro,Z" "-v" "/var/lib/crater-agent-workspace/cargo-home:/opt/rustwide/cargo-home:ro,Z" "-v" "/var/lib/crater-agent-workspace/rustup-home:/opt/rustwide/rustup-home:ro,Z" "-e" "SOURCE_DIR=/opt/rustwide/workdir" "-e" "CARGO_TARGET_DIR=/opt/rustwide/target" "-e" "CARGO_INCREMENTAL=0" "-e" "RUST_BACKTRACE=full" "-e" "RUSTFLAGS=--cap-lints=warn" "-e" "CARGO_HOME=/opt/rustwide/cargo-home" "-e" "RUSTUP_HOME=/opt/rustwide/rustup-home" "-w" "/opt/rustwide/workdir" "-m" "1610612736" "--user" "0:0" "--network" "none" "ghcr.io/rust-lang/crates-build-env/linux@sha256:34b6a614d2c27851fe6cbf88fbd1137609cefab8b10d0615aaeb6fd47975d74e" "/opt/rustwide/cargo-home/bin/cargo" "+beta-2021-08-01" "build" "--frozen" "--message-format=json", kill_on_drop: false }`
[INFO] [stdout] a268aa534b6c018626c1db47498189ebc829c3479e13c579972be4e7bb90c657
[INFO] running `Command { std: "docker" "start" "-a" "a268aa534b6c018626c1db47498189ebc829c3479e13c579972be4e7bb90c657", kill_on_drop: false }`
[INFO] [stderr]    Compiling memchr v2.4.0
[INFO] [stderr]    Compiling syn v1.0.72
[INFO] [stderr]    Compiling regex-syntax v0.6.25
[INFO] [stderr]    Compiling aho-corasick v0.7.18
[INFO] [stderr]    Compiling regex v1.5.3
[INFO] [stderr]    Compiling regex-procs v0.1.1 (/opt/rustwide/workdir)
[INFO] [stderr]     Finished dev [unoptimized + debuginfo] target(s) in 18.41s
[INFO] running `Command { std: "docker" "inspect" "a268aa534b6c018626c1db47498189ebc829c3479e13c579972be4e7bb90c657", kill_on_drop: false }`
[INFO] running `Command { std: "docker" "rm" "-f" "a268aa534b6c018626c1db47498189ebc829c3479e13c579972be4e7bb90c657", kill_on_drop: false }`
[INFO] [stdout] a268aa534b6c018626c1db47498189ebc829c3479e13c579972be4e7bb90c657
[INFO] running `Command { std: "docker" "create" "-v" "/var/lib/crater-agent-workspace/builds/worker-15/target:/opt/rustwide/target:rw,Z" "-v" "/var/lib/crater-agent-workspace/builds/worker-15/source:/opt/rustwide/workdir:ro,Z" "-v" "/var/lib/crater-agent-workspace/cargo-home:/opt/rustwide/cargo-home:ro,Z" "-v" "/var/lib/crater-agent-workspace/rustup-home:/opt/rustwide/rustup-home:ro,Z" "-e" "SOURCE_DIR=/opt/rustwide/workdir" "-e" "CARGO_TARGET_DIR=/opt/rustwide/target" "-e" "CARGO_INCREMENTAL=0" "-e" "RUST_BACKTRACE=full" "-e" "RUSTFLAGS=--cap-lints=warn" "-e" "CARGO_HOME=/opt/rustwide/cargo-home" "-e" "RUSTUP_HOME=/opt/rustwide/rustup-home" "-w" "/opt/rustwide/workdir" "-m" "1610612736" "--user" "0:0" "--network" "none" "ghcr.io/rust-lang/crates-build-env/linux@sha256:34b6a614d2c27851fe6cbf88fbd1137609cefab8b10d0615aaeb6fd47975d74e" "/opt/rustwide/cargo-home/bin/cargo" "+beta-2021-08-01" "test" "--frozen" "--no-run" "--message-format=json", kill_on_drop: false }`
[INFO] [stdout] 1c6fefe2a356bfe5a0acecab7c5f71d538cf060e5fc67753e91f9861b0ec31d0
[INFO] running `Command { std: "docker" "start" "-a" "1c6fefe2a356bfe5a0acecab7c5f71d538cf060e5fc67753e91f9861b0ec31d0", kill_on_drop: false }`
[INFO] [stderr]    Compiling regex-procs v0.1.1 (/opt/rustwide/workdir)
[INFO] [stderr]     Finished test [unoptimized + debuginfo] target(s) in 1.69s
[INFO] running `Command { std: "docker" "inspect" "1c6fefe2a356bfe5a0acecab7c5f71d538cf060e5fc67753e91f9861b0ec31d0", kill_on_drop: false }`
[INFO] running `Command { std: "docker" "rm" "-f" "1c6fefe2a356bfe5a0acecab7c5f71d538cf060e5fc67753e91f9861b0ec31d0", kill_on_drop: false }`
[INFO] [stdout] 1c6fefe2a356bfe5a0acecab7c5f71d538cf060e5fc67753e91f9861b0ec31d0
[INFO] running `Command { std: "docker" "create" "-v" "/var/lib/crater-agent-workspace/builds/worker-15/target:/opt/rustwide/target:rw,Z" "-v" "/var/lib/crater-agent-workspace/builds/worker-15/source:/opt/rustwide/workdir:ro,Z" "-v" "/var/lib/crater-agent-workspace/cargo-home:/opt/rustwide/cargo-home:ro,Z" "-v" "/var/lib/crater-agent-workspace/rustup-home:/opt/rustwide/rustup-home:ro,Z" "-e" "SOURCE_DIR=/opt/rustwide/workdir" "-e" "CARGO_TARGET_DIR=/opt/rustwide/target" "-e" "CARGO_INCREMENTAL=0" "-e" "RUST_BACKTRACE=full" "-e" "RUSTFLAGS=--cap-lints=warn" "-e" "CARGO_HOME=/opt/rustwide/cargo-home" "-e" "RUSTUP_HOME=/opt/rustwide/rustup-home" "-w" "/opt/rustwide/workdir" "-m" "1610612736" "--user" "0:0" "--network" "none" "ghcr.io/rust-lang/crates-build-env/linux@sha256:34b6a614d2c27851fe6cbf88fbd1137609cefab8b10d0615aaeb6fd47975d74e" "/opt/rustwide/cargo-home/bin/cargo" "+beta-2021-08-01" "test" "--frozen", kill_on_drop: false }`
[INFO] [stdout] 87f8c47ab9973f3b1afc2f13123ef3cb2d1653733716d845695081fdf19143bf
[INFO] running `Command { std: "docker" "start" "-a" "87f8c47ab9973f3b1afc2f13123ef3cb2d1653733716d845695081fdf19143bf", kill_on_drop: false }`
[INFO] [stdout] 
[INFO] [stderr]     Finished test [unoptimized + debuginfo] target(s) in 0.02s
[INFO] [stdout] running 0 tests
[INFO] [stderr]      Running unittests (/opt/rustwide/target/debug/deps/regex_procs-411f08087bfe37d7)
[INFO] [stdout] 
[INFO] [stdout] test result: ok. 0 passed; 0 failed; 0 ignored; 0 measured; 0 filtered out; finished in 0.00s
[INFO] [stdout] 
[INFO] [stderr]    Doc-tests regex-procs
[INFO] [stdout] 
[INFO] [stdout] running 1 test
[INFO] [stdout] test src/lib.rs - regex_parser (line 13) ... FAILED
[INFO] [stdout] 
[INFO] [stdout] failures:
[INFO] [stdout] 
[INFO] [stdout] ---- src/lib.rs - regex_parser (line 13) stdout ----
[INFO] [stdout] error[E0432]: unresolved import `regex_procs::RegexParser`
[INFO] [stdout]  --> src/lib.rs:15:9
[INFO] [stdout]   |
[INFO] [stdout] 5 |     use regex_procs::RegexParser;
[INFO] [stdout]   |         ^^^^^^^^^^^^^^^^^^^^^^^^ no `RegexParser` in the root
[INFO] [stdout] 
[INFO] [stdout] error: cannot determine resolution for the derive macro `RegexParser`
[INFO] [stdout]  --> src/lib.rs:16:21
[INFO] [stdout]   |
[INFO] [stdout] 6 |     #[derive(Debug, RegexParser, PartialEq)]
[INFO] [stdout]   |                     ^^^^^^^^^^^
[INFO] [stdout]   |
[INFO] [stdout]   = note: import resolution is stuck, try simplifying macro imports
[INFO] [stdout] 
[INFO] [stdout] error: cannot find attribute `rgx` in this scope
[INFO] [stdout]  --> src/lib.rs:18:11
[INFO] [stdout]   |
[INFO] [stdout] 8 |         #[rgx = r"^Wolf\s+(?P<name>[A-Z][a-z]+)(\s+(?P<enemy>.+))?"]
[INFO] [stdout]   |           ^^^
[INFO] [stdout] 
[INFO] [stdout] error: cannot find attribute `rgx` in this scope
[INFO] [stdout]   --> src/lib.rs:23:11
[INFO] [stdout]    |
[INFO] [stdout] 13 |         #[rgx = r"^Sheep\s+(?P<name>[A-Z][a-z]+)\s+(?P<colour>\d+)(\s+(?P<enemy>.+))?"]
[INFO] [stdout]    |           ^^^
[INFO] [stdout] 
[INFO] [stdout] error: cannot find attribute `rgx` in this scope
[INFO] [stdout]   --> src/lib.rs:29:11
[INFO] [stdout]    |
[INFO] [stdout] 19 |         #[rgx = r"^(?P<name>[A-Z][a-z]+)(\s+(?P<likes>.+))?"]
[INFO] [stdout]    |           ^^^
[INFO] [stdout] 
[INFO] [stdout] error[E0599]: no variant or associated item named `parse_regex` found for enum `Animal` in the current scope
[INFO] [stdout]   --> src/lib.rs:37:27
[INFO] [stdout]    |
[INFO] [stdout] 7  |     enum Animal {
[INFO] [stdout]    |     ----------- variant or associated item `parse_regex` not found here
[INFO] [stdout] ...
[INFO] [stdout] 27 |     let animals = Animal::parse_regex("Fero Sheep Mara 3 Wolf Martin Anca").unwrap();
[INFO] [stdout]    |                           ^^^^^^^^^^^ variant or associated item not found in `Animal`
[INFO] [stdout] 
[INFO] [stdout] error: aborting due to 6 previous errors
[INFO] [stdout] 
[INFO] [stdout] Some errors have detailed explanations: E0432, E0599.
[INFO] [stdout] For more information about an error, try `rustc --explain E0432`.
[INFO] [stdout] Couldn't compile the test.
[INFO] [stdout] 
[INFO] [stdout] failures:
[INFO] [stdout]     src/lib.rs - regex_parser (line 13)
[INFO] [stdout] 
[INFO] [stdout] test result: FAILED. 0 passed; 1 failed; 0 ignored; 0 measured; 0 filtered out; finished in 0.25s
[INFO] [stdout] 
[INFO] [stderr] error: test failed, to rerun pass '--doc'
[INFO] running `Command { std: "docker" "inspect" "87f8c47ab9973f3b1afc2f13123ef3cb2d1653733716d845695081fdf19143bf", kill_on_drop: false }`
[INFO] running `Command { std: "docker" "rm" "-f" "87f8c47ab9973f3b1afc2f13123ef3cb2d1653733716d845695081fdf19143bf", kill_on_drop: false }`
[INFO] [stdout] 87f8c47ab9973f3b1afc2f13123ef3cb2d1653733716d845695081fdf19143bf
