[INFO] cloning repository https://github.com/AndreaM16/rs-ms
[INFO] running `Command { std: "git" "-c" "credential.helper=" "-c" "credential.helper=/workspace/cargo-home/bin/git-credential-null" "clone" "--bare" "https://github.com/AndreaM16/rs-ms" "/workspace/cache/git-repos/https%3A%2F%2Fgithub.com%2FAndreaM16%2Frs-ms", kill_on_drop: false }`
[INFO] [stderr] Cloning into bare repository '/workspace/cache/git-repos/https%3A%2F%2Fgithub.com%2FAndreaM16%2Frs-ms'...
[INFO] running `Command { std: "git" "rev-parse" "HEAD", kill_on_drop: false }`
[INFO] [stdout] f5835b80be25c90b4dca3b32630d2292ab59859e
[INFO] testing AndreaM16/rs-ms against beta-2021-08-01 for beta-1.55-1
[INFO] running `Command { std: "git" "clone" "/workspace/cache/git-repos/https%3A%2F%2Fgithub.com%2FAndreaM16%2Frs-ms" "/workspace/builds/worker-9/source", kill_on_drop: false }`
[INFO] [stderr] Cloning into '/workspace/builds/worker-9/source'...
[INFO] [stderr] done.
[INFO] validating manifest of git repo https://github.com/AndreaM16/rs-ms on toolchain beta-2021-08-01
[INFO] running `Command { std: "/workspace/cargo-home/bin/cargo" "+beta-2021-08-01" "metadata" "--manifest-path" "Cargo.toml" "--no-deps", kill_on_drop: false }`
[INFO] started tweaking git repo https://github.com/AndreaM16/rs-ms
[INFO] finished tweaking git repo https://github.com/AndreaM16/rs-ms
[INFO] tweaked toml for git repo https://github.com/AndreaM16/rs-ms written to /workspace/builds/worker-9/source/Cargo.toml
[INFO] crate git repo https://github.com/AndreaM16/rs-ms already has a lockfile, it will not be regenerated
[INFO] running `Command { std: "/workspace/cargo-home/bin/cargo" "+beta-2021-08-01" "fetch" "--manifest-path" "Cargo.toml", kill_on_drop: false }`
[INFO] [stderr]     Blocking waiting for file lock on package cache
[INFO] [stderr]  Downloading crates ...
[INFO] [stderr]   Downloaded rust-ini v0.12.2
[INFO] [stderr]   Downloaded yaml-rust v0.4.2
[INFO] [stderr]   Downloaded futures v0.1.24
[INFO] [stderr]   Downloaded envy v0.3.2
[INFO] [stderr]   Downloaded serde-hjson v0.8.1
[INFO] [stderr]   Downloaded serde_derive v1.0.76
[INFO] [stderr]   Downloaded config v0.9.1
[INFO] [stderr]   Downloaded nom v4.0.0
[INFO] [stderr]   Downloaded toml v0.4.8
[INFO] [stderr]   Downloaded lazycell v1.0.0
[INFO] [stderr]   Downloaded parking_lot_core v0.3.0
[INFO] [stderr]   Downloaded slog-json v2.2.0
[INFO] [stderr]   Downloaded proc-macro2 v0.4.17
[INFO] running `Command { std: "docker" "create" "-v" "/var/lib/crater-agent-workspace/builds/worker-9/target:/opt/rustwide/target:rw,Z" "-v" "/var/lib/crater-agent-workspace/builds/worker-9/source:/opt/rustwide/workdir:ro,Z" "-v" "/var/lib/crater-agent-workspace/cargo-home:/opt/rustwide/cargo-home:ro,Z" "-v" "/var/lib/crater-agent-workspace/rustup-home:/opt/rustwide/rustup-home:ro,Z" "-e" "SOURCE_DIR=/opt/rustwide/workdir" "-e" "CARGO_TARGET_DIR=/opt/rustwide/target" "-e" "CARGO_HOME=/opt/rustwide/cargo-home" "-e" "RUSTUP_HOME=/opt/rustwide/rustup-home" "-w" "/opt/rustwide/workdir" "-m" "1610612736" "--user" "0:0" "--network" "none" "ghcr.io/rust-lang/crates-build-env/linux@sha256:34b6a614d2c27851fe6cbf88fbd1137609cefab8b10d0615aaeb6fd47975d74e" "/opt/rustwide/cargo-home/bin/cargo" "+beta-2021-08-01" "metadata" "--no-deps" "--format-version=1", kill_on_drop: false }`
[INFO] [stdout] 257745a36b81e8403ed66f7c109b175178b2693788062855584dcda7813dae7c
[INFO] running `Command { std: "docker" "start" "-a" "257745a36b81e8403ed66f7c109b175178b2693788062855584dcda7813dae7c", kill_on_drop: false }`
[INFO] running `Command { std: "docker" "inspect" "257745a36b81e8403ed66f7c109b175178b2693788062855584dcda7813dae7c", kill_on_drop: false }`
[INFO] running `Command { std: "docker" "rm" "-f" "257745a36b81e8403ed66f7c109b175178b2693788062855584dcda7813dae7c", kill_on_drop: false }`
[INFO] [stdout] 257745a36b81e8403ed66f7c109b175178b2693788062855584dcda7813dae7c
[INFO] running `Command { std: "docker" "create" "-v" "/var/lib/crater-agent-workspace/builds/worker-9/target:/opt/rustwide/target:rw,Z" "-v" "/var/lib/crater-agent-workspace/builds/worker-9/source:/opt/rustwide/workdir:ro,Z" "-v" "/var/lib/crater-agent-workspace/cargo-home:/opt/rustwide/cargo-home:ro,Z" "-v" "/var/lib/crater-agent-workspace/rustup-home:/opt/rustwide/rustup-home:ro,Z" "-e" "SOURCE_DIR=/opt/rustwide/workdir" "-e" "CARGO_TARGET_DIR=/opt/rustwide/target" "-e" "CARGO_INCREMENTAL=0" "-e" "RUST_BACKTRACE=full" "-e" "RUSTFLAGS=--cap-lints=warn" "-e" "CARGO_HOME=/opt/rustwide/cargo-home" "-e" "RUSTUP_HOME=/opt/rustwide/rustup-home" "-w" "/opt/rustwide/workdir" "-m" "1610612736" "--user" "0:0" "--network" "none" "ghcr.io/rust-lang/crates-build-env/linux@sha256:34b6a614d2c27851fe6cbf88fbd1137609cefab8b10d0615aaeb6fd47975d74e" "/opt/rustwide/cargo-home/bin/cargo" "+beta-2021-08-01" "build" "--frozen" "--message-format=json", kill_on_drop: false }`
[INFO] [stdout] f2a7cd0cf9477f2e56296eb338d43690ba68b734ca6a14b852bf61651f483656
[INFO] running `Command { std: "docker" "start" "-a" "f2a7cd0cf9477f2e56296eb338d43690ba68b734ca6a14b852bf61651f483656", kill_on_drop: false }`
[INFO] [stderr]    Compiling libc v0.2.43
[INFO] [stderr]    Compiling cfg-if v0.1.5
[INFO] [stderr]    Compiling version_check v0.1.4
[INFO] [stderr]    Compiling futures v0.1.24
[INFO] [stderr]    Compiling byteorder v1.2.6
[INFO] [stderr]    Compiling crossbeam-utils v0.5.0
[INFO] [stderr]    Compiling void v1.0.2
[INFO] [stderr]    Compiling stable_deref_trait v1.1.1
[INFO] [stderr]    Compiling slab v0.4.1
[INFO] [stderr]    Compiling lazycell v1.0.0
[INFO] [stderr]    Compiling num-traits v0.2.6
[INFO] [stderr]    Compiling serde v1.0.76
[INFO] [stderr]    Compiling proc-macro2 v0.4.17
[INFO] [stderr]    Compiling ryu v0.2.6
[INFO] [stderr]    Compiling num-integer v0.1.39
[INFO] [stderr]    Compiling serde v0.8.23
[INFO] [stderr]    Compiling utf8-ranges v0.1.3
[INFO] [stderr]    Compiling httparse v1.3.2
[INFO] [stderr]    Compiling regex-syntax v0.3.9
[INFO] [stderr]    Compiling slog v2.4.1
[INFO] [stderr]    Compiling itoa v0.4.2
[INFO] [stderr]    Compiling scoped-tls v0.1.2
[INFO] [stderr]    Compiling smallvec v0.2.1
[INFO] [stderr]    Compiling lazy_static v0.2.11
[INFO] [stderr]    Compiling take v0.1.0
[INFO] [stderr]    Compiling slab v0.3.0
[INFO] [stderr]    Compiling safemem v0.2.0
[INFO] [stderr]    Compiling try-lock v0.1.0
[INFO] [stderr]    Compiling rust-ini v0.12.2
[INFO] [stderr]    Compiling arrayvec v0.4.7
[INFO] [stderr]    Compiling yaml-rust v0.4.2
[INFO] [stderr]    Compiling idna v0.1.5
[INFO] [stderr]    Compiling owning_ref v0.3.3
[INFO] [stderr]    Compiling unreachable v1.0.0
[INFO] [stderr]    Compiling log v0.4.5
[INFO] [stderr]    Compiling smallvec v0.6.5
[INFO] [stderr]    Compiling iovec v0.1.2
[INFO] [stderr]    Compiling rand v0.5.5
[INFO] [stderr]    Compiling num_cpus v1.8.0
[INFO] [stderr]    Compiling net2 v0.2.33
[INFO] [stderr]    Compiling memchr v0.1.11
[INFO] [stderr]    Compiling thread-id v2.0.0
[INFO] [stderr]    Compiling time v0.1.40
[INFO] [stderr]    Compiling rand v0.4.3
[INFO] [stderr]    Compiling memchr v2.0.2
[INFO] [stderr]    Compiling lock_api v0.1.3
[INFO] [stderr]    Compiling base64 v0.9.2
[INFO] [stderr]    Compiling lazy_static v1.1.0
[INFO] [stderr]    Compiling unicase v2.1.0
[INFO] [stderr]    Compiling aho-corasick v0.5.3
[INFO] [stderr]    Compiling bytes v0.4.10
[INFO] [stderr]    Compiling thread_local v0.2.7
[INFO] [stderr]    Compiling log v0.3.9
[INFO] [stderr]    Compiling nom v4.0.0
[INFO] [stderr]    Compiling url v1.7.1
[INFO] [stderr]    Compiling mio v0.6.16
[INFO] [stderr]    Compiling rand v0.3.22
[INFO] [stderr]    Compiling tokio-executor v0.1.4
[INFO] [stderr]    Compiling tokio-service v0.1.0
[INFO] [stderr]    Compiling relay v0.1.1
[INFO] [stderr]    Compiling futures-cpupool v0.1.8
[INFO] [stderr]    Compiling want v0.0.4
[INFO] [stderr]    Compiling tokio-io v0.1.8
[INFO] [stderr]    Compiling regex v0.1.80
[INFO] [stderr]    Compiling parking_lot_core v0.3.0
[INFO] [stderr]    Compiling num-traits v0.1.43
[INFO] [stderr]    Compiling tokio-current-thread v0.1.1
[INFO] [stderr]    Compiling tokio-timer v0.2.6
[INFO] [stderr]    Compiling crossbeam-epoch v0.5.2
[INFO] [stderr]    Compiling parking_lot v0.6.4
[INFO] [stderr]    Compiling tokio-codec v0.1.0
[INFO] [stderr]    Compiling serde_test v0.8.23
[INFO] [stderr]    Compiling quote v0.6.8
[INFO] [stderr]    Compiling chrono v0.4.6
[INFO] [stderr]    Compiling mime v0.3.9
[INFO] [stderr]    Compiling tokio-reactor v0.1.5
[INFO] [stderr]    Compiling mio-uds v0.6.7
[INFO] [stderr]    Compiling crossbeam-deque v0.6.1
[INFO] [stderr]    Compiling syn v0.14.9
[INFO] [stderr]    Compiling linked-hash-map v0.3.0
[INFO] [stderr]    Compiling tokio-threadpool v0.1.6
[INFO] [stderr]    Compiling tokio-uds v0.2.1
[INFO] [stderr]    Compiling tokio-udp v0.1.2
[INFO] [stderr]    Compiling tokio-tcp v0.1.1
[INFO] [stderr]    Compiling serde-hjson v0.8.1
[INFO] [stderr]    Compiling tokio-fs v0.1.3
[INFO] [stderr]    Compiling tokio v0.1.8
[INFO] [stderr]    Compiling serde_json v1.0.26
[INFO] [stderr]    Compiling toml v0.4.8
[INFO] [stderr]    Compiling envy v0.3.2
[INFO] [stderr]    Compiling serde_derive v1.0.76
[INFO] [stderr]    Compiling tokio-core v0.1.17
[INFO] [stderr]    Compiling tokio-proto v0.1.1
[INFO] [stderr]    Compiling config v0.9.1
[INFO] [stderr]    Compiling slog-json v2.2.0
[INFO] [stderr]    Compiling hyper v0.11.27
[INFO] [stderr]    Compiling rs-ms v0.1.0 (/opt/rustwide/workdir)
[INFO] [stdout] warning: trait objects without an explicit `dyn` are deprecated
[INFO] [stdout]   --> src/api.rs:96:23
[INFO] [stdout]    |
[INFO] [stdout] 96 |     type Future = Box<Future<Item = Self::Response, Error = Self::Error>>;
[INFO] [stdout]    |                       ^^^^^^^^^^^^^^^^^^^^^^^^^^^^^^^^^^^^^^^^^^^^^^^^^^ help: use `dyn`: `dyn Future<Item = Self::Response, Error = Self::Error>`
[INFO] [stdout]    |
[INFO] [stdout]    = note: `#[warn(bare_trait_objects)]` on by default
[INFO] [stdout]    = warning: this is accepted in the current edition (Rust 2015) but is a hard error in Rust 2021!
[INFO] [stdout]    = note: for more information, see issue #80165 <https://github.com/rust-lang/rust/issues/80165>
[INFO] [stdout] 
[INFO] [stdout] 
[INFO] [stdout] warning: unused import: `std::env`
[INFO] [stdout]  --> src/configuration/configuration.rs:6:5
[INFO] [stdout]   |
[INFO] [stdout] 6 | use std::env;
[INFO] [stdout]   |     ^^^^^^^^
[INFO] [stdout]   |
[INFO] [stdout]   = note: `#[warn(unused_imports)]` on by default
[INFO] [stdout] 
[INFO] [stdout] 
[INFO] [stdout] warning: trait objects without an explicit `dyn` are deprecated
[INFO] [stdout]   --> src/configuration/configuration.rs:40:32
[INFO] [stdout]    |
[INFO] [stdout] 40 |     fn cause(&self) -> Option<&error::Error> {
[INFO] [stdout]    |                                ^^^^^^^^^^^^ help: use `dyn`: `dyn error::Error`
[INFO] [stdout]    |
[INFO] [stdout]    = warning: this is accepted in the current edition (Rust 2015) but is a hard error in Rust 2021!
[INFO] [stdout]    = note: for more information, see issue #80165 <https://github.com/rust-lang/rust/issues/80165>
[INFO] [stdout] 
[INFO] [stdout] 
[INFO] [stdout] warning: use of deprecated associated function `std::error::Error::description`: use the Display impl or to_string()
[INFO] [stdout]   --> src/api.rs:78:49
[INFO] [stdout]    |
[INFO] [stdout] 78 |         Err(error) => make_error_response(error.description()),
[INFO] [stdout]    |                                                 ^^^^^^^^^^^
[INFO] [stdout]    |
[INFO] [stdout]    = note: `#[warn(deprecated)]` on by default
[INFO] [stdout] 
[INFO] [stdout] 
[INFO] [stdout] warning: use of deprecated associated function `std::error::Error::description`: use the Display impl or to_string()
[INFO] [stdout]   --> src/configuration/configuration.rs:35:49
[INFO] [stdout]    |
[INFO] [stdout] 35 |             EnvironmentErr::VarsErr(ref e) => e.description(),
[INFO] [stdout]    |                                                 ^^^^^^^^^^^
[INFO] [stdout] 
[INFO] [stdout] 
[INFO] [stdout] warning: use of deprecated associated function `std::error::Error::description`: use the Display impl or to_string()
[INFO] [stdout]   --> src/configuration/configuration.rs:36:51
[INFO] [stdout]    |
[INFO] [stdout] 36 |             EnvironmentErr::ConfigErr(ref e) => e.description(),
[INFO] [stdout]    |                                                   ^^^^^^^^^^^
[INFO] [stdout] 
[INFO] [stdout] 
[INFO] [stdout] warning: 6 warnings emitted
[INFO] [stdout] 
[INFO] [stdout] 
[INFO] [stderr]     Finished dev [unoptimized + debuginfo] target(s) in 53.27s
[INFO] running `Command { std: "docker" "inspect" "f2a7cd0cf9477f2e56296eb338d43690ba68b734ca6a14b852bf61651f483656", kill_on_drop: false }`
[INFO] running `Command { std: "docker" "rm" "-f" "f2a7cd0cf9477f2e56296eb338d43690ba68b734ca6a14b852bf61651f483656", kill_on_drop: false }`
[INFO] [stdout] f2a7cd0cf9477f2e56296eb338d43690ba68b734ca6a14b852bf61651f483656
[INFO] running `Command { std: "docker" "create" "-v" "/var/lib/crater-agent-workspace/builds/worker-9/target:/opt/rustwide/target:rw,Z" "-v" "/var/lib/crater-agent-workspace/builds/worker-9/source:/opt/rustwide/workdir:ro,Z" "-v" "/var/lib/crater-agent-workspace/cargo-home:/opt/rustwide/cargo-home:ro,Z" "-v" "/var/lib/crater-agent-workspace/rustup-home:/opt/rustwide/rustup-home:ro,Z" "-e" "SOURCE_DIR=/opt/rustwide/workdir" "-e" "CARGO_TARGET_DIR=/opt/rustwide/target" "-e" "CARGO_INCREMENTAL=0" "-e" "RUST_BACKTRACE=full" "-e" "RUSTFLAGS=--cap-lints=warn" "-e" "CARGO_HOME=/opt/rustwide/cargo-home" "-e" "RUSTUP_HOME=/opt/rustwide/rustup-home" "-w" "/opt/rustwide/workdir" "-m" "1610612736" "--user" "0:0" "--network" "none" "ghcr.io/rust-lang/crates-build-env/linux@sha256:34b6a614d2c27851fe6cbf88fbd1137609cefab8b10d0615aaeb6fd47975d74e" "/opt/rustwide/cargo-home/bin/cargo" "+beta-2021-08-01" "test" "--frozen" "--no-run" "--message-format=json", kill_on_drop: false }`
[INFO] [stdout] 48ed2e044e4addb80f9ccd05b963e7094890f675b987f298379b813b890bc512
[INFO] running `Command { std: "docker" "start" "-a" "48ed2e044e4addb80f9ccd05b963e7094890f675b987f298379b813b890bc512", kill_on_drop: false }`
[INFO] [stderr]    Compiling rs-ms v0.1.0 (/opt/rustwide/workdir)
[INFO] [stdout] warning: trait objects without an explicit `dyn` are deprecated
[INFO] [stdout]   --> src/api.rs:96:23
[INFO] [stdout]    |
[INFO] [stdout] 96 |     type Future = Box<Future<Item = Self::Response, Error = Self::Error>>;
[INFO] [stdout]    |                       ^^^^^^^^^^^^^^^^^^^^^^^^^^^^^^^^^^^^^^^^^^^^^^^^^^ help: use `dyn`: `dyn Future<Item = Self::Response, Error = Self::Error>`
[INFO] [stdout]    |
[INFO] [stdout]    = note: `#[warn(bare_trait_objects)]` on by default
[INFO] [stdout]    = warning: this is accepted in the current edition (Rust 2015) but is a hard error in Rust 2021!
[INFO] [stdout]    = note: for more information, see issue #80165 <https://github.com/rust-lang/rust/issues/80165>
[INFO] [stdout] 
[INFO] [stdout] 
[INFO] [stdout] warning: trait objects without an explicit `dyn` are deprecated
[INFO] [stdout]   --> src/configuration/configuration.rs:40:32
[INFO] [stdout]    |
[INFO] [stdout] 40 |     fn cause(&self) -> Option<&error::Error> {
[INFO] [stdout]    |                                ^^^^^^^^^^^^ help: use `dyn`: `dyn error::Error`
[INFO] [stdout]    |
[INFO] [stdout]    = warning: this is accepted in the current edition (Rust 2015) but is a hard error in Rust 2021!
[INFO] [stdout]    = note: for more information, see issue #80165 <https://github.com/rust-lang/rust/issues/80165>
[INFO] [stdout] 
[INFO] [stdout] 
[INFO] [stdout] warning: use of deprecated associated function `std::error::Error::description`: use the Display impl or to_string()
[INFO] [stdout]   --> src/api.rs:78:49
[INFO] [stdout]    |
[INFO] [stdout] 78 |         Err(error) => make_error_response(error.description()),
[INFO] [stdout]    |                                                 ^^^^^^^^^^^
[INFO] [stdout]    |
[INFO] [stdout]    = note: `#[warn(deprecated)]` on by default
[INFO] [stdout] 
[INFO] [stdout] 
[INFO] [stdout] warning: use of deprecated associated function `std::error::Error::description`: use the Display impl or to_string()
[INFO] [stdout]   --> src/configuration/configuration.rs:35:49
[INFO] [stdout]    |
[INFO] [stdout] 35 |             EnvironmentErr::VarsErr(ref e) => e.description(),
[INFO] [stdout]    |                                                 ^^^^^^^^^^^
[INFO] [stdout] 
[INFO] [stdout] 
[INFO] [stdout] warning: use of deprecated associated function `std::error::Error::description`: use the Display impl or to_string()
[INFO] [stdout]   --> src/configuration/configuration.rs:36:51
[INFO] [stdout]    |
[INFO] [stdout] 36 |             EnvironmentErr::ConfigErr(ref e) => e.description(),
[INFO] [stdout]    |                                                   ^^^^^^^^^^^
[INFO] [stdout] 
[INFO] [stdout] 
[INFO] [stdout] warning: 5 warnings emitted
[INFO] [stdout] 
[INFO] [stdout] 
[INFO] [stderr]     Finished test [unoptimized + debuginfo] target(s) in 3.48s
[INFO] running `Command { std: "docker" "inspect" "48ed2e044e4addb80f9ccd05b963e7094890f675b987f298379b813b890bc512", kill_on_drop: false }`
[INFO] running `Command { std: "docker" "rm" "-f" "48ed2e044e4addb80f9ccd05b963e7094890f675b987f298379b813b890bc512", kill_on_drop: false }`
[INFO] [stdout] 48ed2e044e4addb80f9ccd05b963e7094890f675b987f298379b813b890bc512
[INFO] running `Command { std: "docker" "create" "-v" "/var/lib/crater-agent-workspace/builds/worker-9/target:/opt/rustwide/target:rw,Z" "-v" "/var/lib/crater-agent-workspace/builds/worker-9/source:/opt/rustwide/workdir:ro,Z" "-v" "/var/lib/crater-agent-workspace/cargo-home:/opt/rustwide/cargo-home:ro,Z" "-v" "/var/lib/crater-agent-workspace/rustup-home:/opt/rustwide/rustup-home:ro,Z" "-e" "SOURCE_DIR=/opt/rustwide/workdir" "-e" "CARGO_TARGET_DIR=/opt/rustwide/target" "-e" "CARGO_INCREMENTAL=0" "-e" "RUST_BACKTRACE=full" "-e" "RUSTFLAGS=--cap-lints=warn" "-e" "CARGO_HOME=/opt/rustwide/cargo-home" "-e" "RUSTUP_HOME=/opt/rustwide/rustup-home" "-w" "/opt/rustwide/workdir" "-m" "1610612736" "--user" "0:0" "--network" "none" "ghcr.io/rust-lang/crates-build-env/linux@sha256:34b6a614d2c27851fe6cbf88fbd1137609cefab8b10d0615aaeb6fd47975d74e" "/opt/rustwide/cargo-home/bin/cargo" "+beta-2021-08-01" "test" "--frozen", kill_on_drop: false }`
[INFO] [stdout] fa627a8075e9632387e99f57d804f791bbd735e8139e110ec1768f9194c5d41e
[INFO] running `Command { std: "docker" "start" "-a" "fa627a8075e9632387e99f57d804f791bbd735e8139e110ec1768f9194c5d41e", kill_on_drop: false }`
[INFO] [stderr] warning: trait objects without an explicit `dyn` are deprecated
[INFO] [stderr]   --> src/api.rs:96:23
[INFO] [stderr]    |
[INFO] [stderr] 96 |     type Future = Box<Future<Item = Self::Response, Error = Self::Error>>;
[INFO] [stderr]    |                       ^^^^^^^^^^^^^^^^^^^^^^^^^^^^^^^^^^^^^^^^^^^^^^^^^^ help: use `dyn`: `dyn Future<Item = Self::Response, Error = Self::Error>`
[INFO] [stderr]    |
[INFO] [stderr]    = note: `#[warn(bare_trait_objects)]` on by default
[INFO] [stderr]    = warning: this is accepted in the current edition (Rust 2015) but is a hard error in Rust 2021!
[INFO] [stderr]    = note: for more information, see issue #80165 <https://github.com/rust-lang/rust/issues/80165>
[INFO] [stderr] 
[INFO] [stderr] warning: trait objects without an explicit `dyn` are deprecated
[INFO] [stderr]   --> src/configuration/configuration.rs:40:32
[INFO] [stderr]    |
[INFO] [stderr] 40 |     fn cause(&self) -> Option<&error::Error> {
[INFO] [stderr]    |                                ^^^^^^^^^^^^ help: use `dyn`: `dyn error::Error`
[INFO] [stderr]    |
[INFO] [stderr]    = warning: this is accepted in the current edition (Rust 2015) but is a hard error in Rust 2021!
[INFO] [stderr]    = note: for more information, see issue #80165 <https://github.com/rust-lang/rust/issues/80165>
[INFO] [stderr] 
[INFO] [stderr] warning: use of deprecated associated function `std::error::Error::description`: use the Display impl or to_string()
[INFO] [stderr]   --> src/api.rs:78:49
[INFO] [stderr]    |
[INFO] [stderr] 78 |         Err(error) => make_error_response(error.description()),
[INFO] [stderr]    |                                                 ^^^^^^^^^^^
[INFO] [stderr]    |
[INFO] [stderr]    = note: `#[warn(deprecated)]` on by default
[INFO] [stderr] 
[INFO] [stderr] warning: use of deprecated associated function `std::error::Error::description`: use the Display impl or to_string()
[INFO] [stderr]   --> src/configuration/configuration.rs:35:49
[INFO] [stderr]    |
[INFO] [stderr] 35 |             EnvironmentErr::VarsErr(ref e) => e.description(),
[INFO] [stderr]    |                                                 ^^^^^^^^^^^
[INFO] [stderr] 
[INFO] [stderr] warning: use of deprecated associated function `std::error::Error::description`: use the Display impl or to_string()
[INFO] [stderr]   --> src/configuration/configuration.rs:36:51
[INFO] [stderr]    |
[INFO] [stderr] 36 |             EnvironmentErr::ConfigErr(ref e) => e.description(),
[INFO] [stderr]    |                                                   ^^^^^^^^^^^
[INFO] [stderr] 
[INFO] [stderr] warning: `rs-ms` (bin "rs-ms" test) generated 5 warnings
[INFO] [stderr]     Finished test [unoptimized + debuginfo] target(s) in 0.09s
[INFO] [stderr]      Running unittests (/opt/rustwide/target/debug/deps/rs_ms-1c96216ee2f85694)
[INFO] [stdout] 
[INFO] [stdout] running 2 tests
[INFO] [stdout] test configuration::configuration::tests::it_loads_from_env ... ok
[INFO] [stderr] error: test failed, to rerun pass '--bin rs-ms'
[INFO] [stdout] test configuration::configuration::tests::it_loads_from_config ... FAILED
[INFO] [stdout] 
[INFO] [stdout] failures:
[INFO] [stdout] 
[INFO] [stdout] ---- configuration::configuration::tests::it_loads_from_config stdout ----
[INFO] [stdout] thread 'configuration::configuration::tests::it_loads_from_config' panicked at 'attempted to leave type `linked_hash_map::Node<yaml::Yaml, yaml::Yaml>` uninitialized, which is invalid', /rustc/53fd98ca776cb875bc9e5514f56b52eb74f9e7a9/library/core/src/mem/mod.rs:663:9
[INFO] [stdout] stack backtrace:
[INFO] [stdout]    0:     0x55644f5d9db0 - std::backtrace_rs::backtrace::libunwind::trace::hff4d1766e93f64f1
[INFO] [stdout]                                at /rustc/53fd98ca776cb875bc9e5514f56b52eb74f9e7a9/library/std/src/../../backtrace/src/backtrace/libunwind.rs:90:5
[INFO] [stdout]    1:     0x55644f5d9db0 - std::backtrace_rs::backtrace::trace_unsynchronized::h56bbc8eb78770bcb
[INFO] [stdout]                                at /rustc/53fd98ca776cb875bc9e5514f56b52eb74f9e7a9/library/std/src/../../backtrace/src/backtrace/mod.rs:66:5
[INFO] [stdout]    2:     0x55644f5d9db0 - std::sys_common::backtrace::_print_fmt::h5c8e75464faca780
[INFO] [stdout]                                at /rustc/53fd98ca776cb875bc9e5514f56b52eb74f9e7a9/library/std/src/sys_common/backtrace.rs:67:5
[INFO] [stdout]    3:     0x55644f5d9db0 - <std::sys_common::backtrace::_print::DisplayBacktrace as core::fmt::Display>::fmt::h48b88277def8b362
[INFO] [stdout]                                at /rustc/53fd98ca776cb875bc9e5514f56b52eb74f9e7a9/library/std/src/sys_common/backtrace.rs:46:22
[INFO] [stdout]    4:     0x55644f5fdcdc - core::fmt::write::h3381b3176fe2b3d3
[INFO] [stdout]                                at /rustc/53fd98ca776cb875bc9e5514f56b52eb74f9e7a9/library/core/src/fmt/mod.rs:1115:17
[INFO] [stdout]    5:     0x55644f5d6705 - std::io::Write::write_fmt::h5f34a676f60246b5
[INFO] [stdout]                                at /rustc/53fd98ca776cb875bc9e5514f56b52eb74f9e7a9/library/std/src/io/mod.rs:1665:15
[INFO] [stdout]    6:     0x55644f5dbf5b - std::sys_common::backtrace::_print::ha537687d6c17dd0d
[INFO] [stdout]                                at /rustc/53fd98ca776cb875bc9e5514f56b52eb74f9e7a9/library/std/src/sys_common/backtrace.rs:49:5
[INFO] [stdout]    7:     0x55644f5dbf5b - std::sys_common::backtrace::print::h61376ae57d131d72
[INFO] [stdout]                                at /rustc/53fd98ca776cb875bc9e5514f56b52eb74f9e7a9/library/std/src/sys_common/backtrace.rs:36:9
[INFO] [stdout]    8:     0x55644f5dbf5b - std::panicking::default_hook::{{closure}}::h0f7208c0b9644a54
[INFO] [stdout]                                at /rustc/53fd98ca776cb875bc9e5514f56b52eb74f9e7a9/library/std/src/panicking.rs:208:50
[INFO] [stdout]    9:     0x55644f5dba6c - std::panicking::default_hook::hdac7fc06578c14ce
[INFO] [stdout]                                at /rustc/53fd98ca776cb875bc9e5514f56b52eb74f9e7a9/library/std/src/panicking.rs:222:9
[INFO] [stdout]   10:     0x55644f5dc624 - std::panicking::rust_panic_with_hook::h72b21c283da3d1ef
[INFO] [stdout]                                at /rustc/53fd98ca776cb875bc9e5514f56b52eb74f9e7a9/library/std/src/panicking.rs:622:17
[INFO] [stdout]   11:     0x55644f5dc0d7 - std::panicking::begin_panic_handler::{{closure}}::he5778f1729cff84a
[INFO] [stdout]                                at /rustc/53fd98ca776cb875bc9e5514f56b52eb74f9e7a9/library/std/src/panicking.rs:517:13
[INFO] [stdout]   12:     0x55644f5da28c - std::sys_common::backtrace::__rust_end_short_backtrace::h2d11ca8b453b4b1d
[INFO] [stdout]                                at /rustc/53fd98ca776cb875bc9e5514f56b52eb74f9e7a9/library/std/src/sys_common/backtrace.rs:141:18
[INFO] [stdout]   13:     0x55644f5dc069 - rust_begin_unwind
[INFO] [stdout]                                at /rustc/53fd98ca776cb875bc9e5514f56b52eb74f9e7a9/library/std/src/panicking.rs:515:5
[INFO] [stdout]   14:     0x55644f4354b1 - core::panicking::panic_fmt::hf9de31d4acbce4db
[INFO] [stdout]                                at /rustc/53fd98ca776cb875bc9e5514f56b52eb74f9e7a9/library/core/src/panicking.rs:92:14
[INFO] [stdout]   15:     0x55644f4353fd - core::panicking::panic::h8a6bc58a21c6c095
[INFO] [stdout]                                at /rustc/53fd98ca776cb875bc9e5514f56b52eb74f9e7a9/library/core/src/panicking.rs:50:5
[INFO] [stdout]   16:     0x55644f50f51a - core::mem::uninitialized::h152794d350439be3
[INFO] [stdout]                                at /rustc/53fd98ca776cb875bc9e5514f56b52eb74f9e7a9/library/core/src/mem/mod.rs:663:9
[INFO] [stdout]   17:     0x55644f50f51a - linked_hash_map::LinkedHashMap<K,V,S>::ensure_guard_node::hd1950892f3ce44f2
[INFO] [stdout]                                at /opt/rustwide/cargo-home/registry/src/github.com-1ecc6299db9ec823/linked-hash-map-0.5.1/src/lib.rs:174:52
[INFO] [stdout]   18:     0x55644f50f73c - linked_hash_map::LinkedHashMap<K,V,S>::insert::h65653e16a755b0c7
[INFO] [stdout]                                at /opt/rustwide/cargo-home/registry/src/github.com-1ecc6299db9ec823/linked-hash-map-0.5.1/src/lib.rs:304:9
[INFO] [stdout]   19:     0x55644f52c854 - yaml_rust::yaml::YamlLoader::insert_new_node::h09732bc6819aa272
[INFO] [stdout]                                at /opt/rustwide/cargo-home/registry/src/github.com-1ecc6299db9ec823/yaml-rust-0.4.2/src/yaml.rs:181:25
[INFO] [stdout]   20:     0x55644f52bb72 - <yaml_rust::yaml::YamlLoader as yaml_rust::parser::MarkedEventReceiver>::on_event::h0adef9ae172ee272
[INFO] [stdout]                                at /opt/rustwide/cargo-home/registry/src/github.com-1ecc6299db9ec823/yaml-rust-0.4.2/src/yaml.rs:145:17
[INFO] [stdout]   21:     0x55644f5377af - yaml_rust::parser::Parser<T>::load_node::hc825b68bd999a579
[INFO] [stdout]                                at /opt/rustwide/cargo-home/registry/src/github.com-1ecc6299db9ec823/yaml-rust-0.4.2/src/parser.rs:233:17
[INFO] [stdout]   22:     0x55644f538019 - yaml_rust::parser::Parser<T>::load_mapping::h339c58de6e634cf8
[INFO] [stdout]                                at /opt/rustwide/cargo-home/registry/src/github.com-1ecc6299db9ec823/yaml-rust-0.4.2/src/parser.rs:259:18
[INFO] [stdout]   23:     0x55644f537991 - yaml_rust::parser::Parser<T>::load_node::hc825b68bd999a579
[INFO] [stdout]                                at /opt/rustwide/cargo-home/registry/src/github.com-1ecc6299db9ec823/yaml-rust-0.4.2/src/parser.rs:242:17
[INFO] [stdout]   24:     0x55644f537067 - yaml_rust::parser::Parser<T>::load_document::h3f858848e92de149
[INFO] [stdout]                                at /opt/rustwide/cargo-home/registry/src/github.com-1ecc6299db9ec823/yaml-rust-0.4.2/src/parser.rs:215:14
[INFO] [stdout]   25:     0x55644f536b45 - yaml_rust::parser::Parser<T>::load::h824b1f5c415a4027
[INFO] [stdout]                                at /opt/rustwide/cargo-home/registry/src/github.com-1ecc6299db9ec823/yaml-rust-0.4.2/src/parser.rs:197:18
[INFO] [stdout]   26:     0x55644f52cacd - yaml_rust::yaml::YamlLoader::load_from_str::h15eb56aded8ebb53
[INFO] [stdout]                                at /opt/rustwide/cargo-home/registry/src/github.com-1ecc6299db9ec823/yaml-rust-0.4.2/src/yaml.rs:197:14
[INFO] [stdout]   27:     0x55644f48bb7e - config::file::format::yaml::parse::h66d7a28e5a738584
[INFO] [stdout]                                at /opt/rustwide/cargo-home/registry/src/github.com-1ecc6299db9ec823/config-0.9.1/src/file/format/yaml.rs:14:20
[INFO] [stdout]   28:     0x55644f4946af - config::file::format::FileFormat::parse::h01a8589d9caf4405
[INFO] [stdout]                                at /opt/rustwide/cargo-home/registry/src/github.com-1ecc6299db9ec823/config-0.9.1/src/file/format/mod.rs:98:33
[INFO] [stdout]   29:     0x55644f43fbd9 - <config::file::File<T> as config::source::Source>::collect::hffe906e4a5dd597a
[INFO] [stdout]                                at /opt/rustwide/cargo-home/registry/src/github.com-1ecc6299db9ec823/config-0.9.1/src/file/mod.rs:117:9
[INFO] [stdout]   30:     0x55644f43f3fb - config::source::Source::collect_to::h20a725ffde881ca0
[INFO] [stdout]                                at /opt/rustwide/cargo-home/registry/src/github.com-1ecc6299db9ec823/config-0.9.1/src/source.rs:17:27
[INFO] [stdout]   31:     0x55644f489db0 - <alloc::vec::Vec<alloc::boxed::Box<dyn config::source::Source+core::marker::Sync+core::marker::Send>> as config::source::Source>::collect::h7cf0a1404b5e77ae
[INFO] [stdout]                                at /opt/rustwide/cargo-home/registry/src/github.com-1ecc6299db9ec823/config-0.9.1/src/source.rs:53:13
[INFO] [stdout]   32:     0x55644f48983c - config::source::Source::collect_to::h5df9f4d23c83a135
[INFO] [stdout]                                at /opt/rustwide/cargo-home/registry/src/github.com-1ecc6299db9ec823/config-0.9.1/src/source.rs:17:27
[INFO] [stdout]   33:     0x55644f494203 - config::config::Config::refresh::h6f07441e28a0b0e5
[INFO] [stdout]                                at /opt/rustwide/cargo-home/registry/src/github.com-1ecc6299db9ec823/config-0.9.1/src/config.rs:97:17
[INFO] [stdout]   34:     0x55644f439909 - config::config::Config::merge::h8da6f04c82936c96
[INFO] [stdout]                                at /opt/rustwide/cargo-home/registry/src/github.com-1ecc6299db9ec823/config-0.9.1/src/config.rs:73:9
[INFO] [stdout]   35:     0x55644f4363ff - rs_ms::configuration::configuration::load_from_config::h7589ae785025add6
[INFO] [stdout]                                at /opt/rustwide/workdir/src/configuration/configuration.rs:89:21
[INFO] [stdout]   36:     0x55644f43a9ff - rs_ms::configuration::configuration::tests::it_loads_from_config::ha891510aaaad83e8
[INFO] [stdout]                                at /opt/rustwide/workdir/src/configuration/configuration.rs:111:18
[INFO] [stdout]   37:     0x55644f43a9aa - rs_ms::configuration::configuration::tests::it_loads_from_config::{{closure}}::h13e9a21e813fd659
[INFO] [stdout]                                at /opt/rustwide/workdir/src/configuration/configuration.rs:106:5
[INFO] [stdout]   38:     0x55644f43b24e - core::ops::function::FnOnce::call_once::h587e54350db89ed5
[INFO] [stdout]                                at /rustc/53fd98ca776cb875bc9e5514f56b52eb74f9e7a9/library/core/src/ops/function.rs:227:5
[INFO] [stdout]   39:     0x55644f473793 - core::ops::function::FnOnce::call_once::hbb52c4519d3137b0
[INFO] [stdout]                                at /rustc/53fd98ca776cb875bc9e5514f56b52eb74f9e7a9/library/core/src/ops/function.rs:227:5
[INFO] [stdout]   40:     0x55644f473793 - test::__rust_begin_short_backtrace::h86fe3a2a5a5121af
[INFO] [stdout]                                at /rustc/53fd98ca776cb875bc9e5514f56b52eb74f9e7a9/library/test/src/lib.rs:578:5
[INFO] [stdout]   41:     0x55644f472248 - <alloc::boxed::Box<F,A> as core::ops::function::FnOnce<Args>>::call_once::hfd956bc3d57399be
[INFO] [stdout]                                at /rustc/53fd98ca776cb875bc9e5514f56b52eb74f9e7a9/library/alloc/src/boxed.rs:1572:9
[INFO] [stdout]   42:     0x55644f472248 - <std::panic::AssertUnwindSafe<F> as core::ops::function::FnOnce<()>>::call_once::h40dc93e0ddb5938a
[INFO] [stdout]                                at /rustc/53fd98ca776cb875bc9e5514f56b52eb74f9e7a9/library/std/src/panic.rs:347:9
[INFO] [stdout]   43:     0x55644f472248 - std::panicking::try::do_call::h90d07750cb47c562
[INFO] [stdout]                                at /rustc/53fd98ca776cb875bc9e5514f56b52eb74f9e7a9/library/std/src/panicking.rs:401:40
[INFO] [stdout]   44:     0x55644f472248 - std::panicking::try::h063c84733ad2a629
[INFO] [stdout]                                at /rustc/53fd98ca776cb875bc9e5514f56b52eb74f9e7a9/library/std/src/panicking.rs:365:19
[INFO] [stdout]   45:     0x55644f472248 - std::panic::catch_unwind::h0c464836a84e7c08
[INFO] [stdout]                                at /rustc/53fd98ca776cb875bc9e5514f56b52eb74f9e7a9/library/std/src/panic.rs:434:14
[INFO] [stdout]   46:     0x55644f472248 - test::run_test_in_process::h5cb06ef620b157fc
[INFO] [stdout]                                at /rustc/53fd98ca776cb875bc9e5514f56b52eb74f9e7a9/library/test/src/lib.rs:601:18
[INFO] [stdout]   47:     0x55644f472248 - test::run_test::run_test_inner::{{closure}}::h76f677f4b93f9828
[INFO] [stdout]                                at /rustc/53fd98ca776cb875bc9e5514f56b52eb74f9e7a9/library/test/src/lib.rs:493:39
[INFO] [stdout]   48:     0x55644f4409dd - test::run_test::run_test_inner::{{closure}}::h366d01fe04f4d67a
[INFO] [stdout]                                at /rustc/53fd98ca776cb875bc9e5514f56b52eb74f9e7a9/library/test/src/lib.rs:520:37
[INFO] [stdout]   49:     0x55644f4409dd - std::sys_common::backtrace::__rust_begin_short_backtrace::h7dfa0de4eb395af2
[INFO] [stdout]                                at /rustc/53fd98ca776cb875bc9e5514f56b52eb74f9e7a9/library/std/src/sys_common/backtrace.rs:125:18
[INFO] [stdout]   50:     0x55644f4451a8 - std::thread::Builder::spawn_unchecked::{{closure}}::{{closure}}::hf0a74bb58798037f
[INFO] [stdout]                                at /rustc/53fd98ca776cb875bc9e5514f56b52eb74f9e7a9/library/std/src/thread/mod.rs:476:17
[INFO] [stdout]   51:     0x55644f4451a8 - <std::panic::AssertUnwindSafe<F> as core::ops::function::FnOnce<()>>::call_once::hb024e854818586ac
[INFO] [stdout]                                at /rustc/53fd98ca776cb875bc9e5514f56b52eb74f9e7a9/library/std/src/panic.rs:347:9
[INFO] [stdout]   52:     0x55644f4451a8 - std::panicking::try::do_call::hb2dd9f1d0d48e41d
[INFO] [stdout]                                at /rustc/53fd98ca776cb875bc9e5514f56b52eb74f9e7a9/library/std/src/panicking.rs:401:40
[INFO] [stdout]   53:     0x55644f4451a8 - std::panicking::try::h4717ae7bac8b2bf3
[INFO] [stdout]                                at /rustc/53fd98ca776cb875bc9e5514f56b52eb74f9e7a9/library/std/src/panicking.rs:365:19
[INFO] [stdout]   54:     0x55644f4451a8 - std::panic::catch_unwind::h0dc8a061326ce8d8
[INFO] [stdout]                                at /rustc/53fd98ca776cb875bc9e5514f56b52eb74f9e7a9/library/std/src/panic.rs:434:14
[INFO] [stdout]   55:     0x55644f4451a8 - std::thread::Builder::spawn_unchecked::{{closure}}::haa369e2d6fd00aa1
[INFO] [stdout]                                at /rustc/53fd98ca776cb875bc9e5514f56b52eb74f9e7a9/library/std/src/thread/mod.rs:475:30
[INFO] [stdout]   56:     0x55644f4451a8 - core::ops::function::FnOnce::call_once{{vtable.shim}}::h36dcf3de8b056f17
[INFO] [stdout]                                at /rustc/53fd98ca776cb875bc9e5514f56b52eb74f9e7a9/library/core/src/ops/function.rs:227:5
[INFO] [stdout]   57:     0x55644f5e1197 - <alloc::boxed::Box<F,A> as core::ops::function::FnOnce<Args>>::call_once::h65c29e4642be2358
[INFO] [stdout]                                at /rustc/53fd98ca776cb875bc9e5514f56b52eb74f9e7a9/library/alloc/src/boxed.rs:1572:9
[INFO] [stdout]   58:     0x55644f5e1197 - <alloc::boxed::Box<F,A> as core::ops::function::FnOnce<Args>>::call_once::hd0f8f7fbbd9fffbf
[INFO] [stdout]                                at /rustc/53fd98ca776cb875bc9e5514f56b52eb74f9e7a9/library/alloc/src/boxed.rs:1572:9
[INFO] [stdout]   59:     0x55644f5e1197 - std::sys::unix::thread::Thread::new::thread_start::h2fd22fee3ca77b65
[INFO] [stdout]                                at /rustc/53fd98ca776cb875bc9e5514f56b52eb74f9e7a9/library/std/src/sys/unix/thread.rs:74:17
[INFO] [stdout]   60:     0x7f66eb147609 - start_thread
[INFO] [stdout]   61:     0x7f66eaf19293 - clone
[INFO] [stdout]   62:                0x0 - <unknown>
[INFO] [stdout] 
[INFO] [stdout] 
[INFO] [stdout] failures:
[INFO] [stdout]     configuration::configuration::tests::it_loads_from_config
[INFO] [stdout] 
[INFO] [stdout] test result: FAILED. 1 passed; 1 failed; 0 ignored; 0 measured; 0 filtered out; finished in 0.06s
[INFO] [stdout] 
[INFO] running `Command { std: "docker" "inspect" "fa627a8075e9632387e99f57d804f791bbd735e8139e110ec1768f9194c5d41e", kill_on_drop: false }`
[INFO] running `Command { std: "docker" "rm" "-f" "fa627a8075e9632387e99f57d804f791bbd735e8139e110ec1768f9194c5d41e", kill_on_drop: false }`
[INFO] [stdout] fa627a8075e9632387e99f57d804f791bbd735e8139e110ec1768f9194c5d41e
