[INFO] cloning repository https://github.com/AndradeKaio/prism
[INFO] running `Command { std: "git" "-c" "credential.helper=" "-c" "credential.helper=/workspace/cargo-home/bin/git-credential-null" "clone" "--bare" "https://github.com/AndradeKaio/prism" "/workspace/cache/git-repos/https%3A%2F%2Fgithub.com%2FAndradeKaio%2Fprism", kill_on_drop: false }`
[INFO] [stderr] Cloning into bare repository '/workspace/cache/git-repos/https%3A%2F%2Fgithub.com%2FAndradeKaio%2Fprism'...
[INFO] running `Command { std: "git" "rev-parse" "HEAD", kill_on_drop: false }`
[INFO] [stdout] 2480dc42a630020ffa778fd6eae17f644857ac5a
[INFO] testing AndradeKaio/prism against 1.54.0 for beta-1.55-1
[INFO] running `Command { std: "git" "clone" "/workspace/cache/git-repos/https%3A%2F%2Fgithub.com%2FAndradeKaio%2Fprism" "/workspace/builds/worker-13/source", kill_on_drop: false }`
[INFO] [stderr] Cloning into '/workspace/builds/worker-13/source'...
[INFO] [stderr] done.
[INFO] validating manifest of git repo https://github.com/AndradeKaio/prism on toolchain 1.54.0
[INFO] running `Command { std: "/workspace/cargo-home/bin/cargo" "+1.54.0" "metadata" "--manifest-path" "Cargo.toml" "--no-deps", kill_on_drop: false }`
[INFO] started tweaking git repo https://github.com/AndradeKaio/prism
[INFO] finished tweaking git repo https://github.com/AndradeKaio/prism
[INFO] tweaked toml for git repo https://github.com/AndradeKaio/prism written to /workspace/builds/worker-13/source/Cargo.toml
[INFO] crate git repo https://github.com/AndradeKaio/prism already has a lockfile, it will not be regenerated
[INFO] running `Command { std: "/workspace/cargo-home/bin/cargo" "+1.54.0" "fetch" "--manifest-path" "Cargo.toml", kill_on_drop: false }`
[INFO] [stderr]     Updating crates.io index
[INFO] running `Command { std: "docker" "create" "-v" "/var/lib/crater-agent-workspace/builds/worker-13/target:/opt/rustwide/target:rw,Z" "-v" "/var/lib/crater-agent-workspace/builds/worker-13/source:/opt/rustwide/workdir:ro,Z" "-v" "/var/lib/crater-agent-workspace/cargo-home:/opt/rustwide/cargo-home:ro,Z" "-v" "/var/lib/crater-agent-workspace/rustup-home:/opt/rustwide/rustup-home:ro,Z" "-e" "SOURCE_DIR=/opt/rustwide/workdir" "-e" "CARGO_TARGET_DIR=/opt/rustwide/target" "-e" "CARGO_HOME=/opt/rustwide/cargo-home" "-e" "RUSTUP_HOME=/opt/rustwide/rustup-home" "-w" "/opt/rustwide/workdir" "-m" "1610612736" "--user" "0:0" "--network" "none" "ghcr.io/rust-lang/crates-build-env/linux@sha256:34b6a614d2c27851fe6cbf88fbd1137609cefab8b10d0615aaeb6fd47975d74e" "/opt/rustwide/cargo-home/bin/cargo" "+1.54.0" "metadata" "--no-deps" "--format-version=1", kill_on_drop: false }`
[INFO] [stdout] cc624abd35fecc81ee8b22dea0aa61913922d47040908f73c817a5c9281dae5e
[INFO] running `Command { std: "docker" "start" "-a" "cc624abd35fecc81ee8b22dea0aa61913922d47040908f73c817a5c9281dae5e", kill_on_drop: false }`
[INFO] running `Command { std: "docker" "inspect" "cc624abd35fecc81ee8b22dea0aa61913922d47040908f73c817a5c9281dae5e", kill_on_drop: false }`
[INFO] running `Command { std: "docker" "rm" "-f" "cc624abd35fecc81ee8b22dea0aa61913922d47040908f73c817a5c9281dae5e", kill_on_drop: false }`
[INFO] [stdout] cc624abd35fecc81ee8b22dea0aa61913922d47040908f73c817a5c9281dae5e
[INFO] running `Command { std: "docker" "create" "-v" "/var/lib/crater-agent-workspace/builds/worker-13/target:/opt/rustwide/target:rw,Z" "-v" "/var/lib/crater-agent-workspace/builds/worker-13/source:/opt/rustwide/workdir:ro,Z" "-v" "/var/lib/crater-agent-workspace/cargo-home:/opt/rustwide/cargo-home:ro,Z" "-v" "/var/lib/crater-agent-workspace/rustup-home:/opt/rustwide/rustup-home:ro,Z" "-e" "SOURCE_DIR=/opt/rustwide/workdir" "-e" "CARGO_TARGET_DIR=/opt/rustwide/target" "-e" "CARGO_INCREMENTAL=0" "-e" "RUST_BACKTRACE=full" "-e" "RUSTFLAGS=--cap-lints=warn" "-e" "CARGO_HOME=/opt/rustwide/cargo-home" "-e" "RUSTUP_HOME=/opt/rustwide/rustup-home" "-w" "/opt/rustwide/workdir" "-m" "1610612736" "--user" "0:0" "--network" "none" "ghcr.io/rust-lang/crates-build-env/linux@sha256:34b6a614d2c27851fe6cbf88fbd1137609cefab8b10d0615aaeb6fd47975d74e" "/opt/rustwide/cargo-home/bin/cargo" "+1.54.0" "build" "--frozen" "--message-format=json", kill_on_drop: false }`
[INFO] [stdout] 5c98329a01fa68f3dfa57fb969f4393bc4d3699056fcfbd9a5bc0bb509b0a5fb
[INFO] running `Command { std: "docker" "start" "-a" "5c98329a01fa68f3dfa57fb969f4393bc4d3699056fcfbd9a5bc0bb509b0a5fb", kill_on_drop: false }`
[INFO] [stderr]    Compiling memchr v2.4.0
[INFO] [stderr]    Compiling libc v0.2.98
[INFO] [stderr]    Compiling aho-corasick v0.7.18
[INFO] [stderr]    Compiling regex v1.5.4
[INFO] [stderr]    Compiling llvm-sys v100.2.1
[INFO] [stderr]    Compiling compiler v0.1.0 (/opt/rustwide/workdir)
[INFO] [stdout] warning: variant `error` should have an upper camel case name
[INFO] [stdout]  --> src/parser.rs:7:5
[INFO] [stdout]   |
[INFO] [stdout] 7 |     error,
[INFO] [stdout]   |     ^^^^^ help: convert the identifier to upper camel case: `Error`
[INFO] [stdout]   |
[INFO] [stdout]   = note: `#[warn(non_camel_case_types)]` on by default
[INFO] [stdout] 
[INFO] [stdout] 
[INFO] [stdout] warning: unused import: `Symbol`
[INFO] [stdout]   --> src/main.rs:10:20
[INFO] [stdout]    |
[INFO] [stdout] 10 | use lexer::{Lexer, Symbol};
[INFO] [stdout]    |                    ^^^^^^
[INFO] [stdout]    |
[INFO] [stdout]    = note: `#[warn(unused_imports)]` on by default
[INFO] [stdout] 
[INFO] [stdout] 
[INFO] [stdout] warning: unused imports: `ASTKind`, `AST`
[INFO] [stdout]   --> src/main.rs:11:11
[INFO] [stdout]    |
[INFO] [stdout] 11 | use ast::{AST, ASTKind};
[INFO] [stdout]    |           ^^^  ^^^^^^^
[INFO] [stdout] 
[INFO] [stdout] 
[INFO] [stdout] warning: associated function is never used: `print_ast`
[INFO] [stdout]   --> src/ast.rs:60:12
[INFO] [stdout]    |
[INFO] [stdout] 60 |     pub fn print_ast(&self) {
[INFO] [stdout]    |            ^^^^^^^^^
[INFO] [stdout]    |
[INFO] [stdout]    = note: `#[warn(dead_code)]` on by default
[INFO] [stdout] 
[INFO] [stdout] 
[INFO] [stdout] warning: variant is never constructed: `EOF`
[INFO] [stdout]  --> src/parser.rs:8:5
[INFO] [stdout]   |
[INFO] [stdout] 8 |     EOF,
[INFO] [stdout]   |     ^^^
[INFO] [stdout] 
[INFO] [stdout] 
[INFO] [stdout] warning: associated function is never used: `get_line`
[INFO] [stdout]   --> src/lexer.rs:20:12
[INFO] [stdout]    |
[INFO] [stdout] 20 |     pub fn get_line(&self) -> u32 {
[INFO] [stdout]    |            ^^^^^^^^
[INFO] [stdout] 
[INFO] [stdout] 
[INFO] [stdout] warning: associated function is never used: `get_pos`
[INFO] [stdout]   --> src/lexer.rs:24:12
[INFO] [stdout]    |
[INFO] [stdout] 24 |     pub fn get_pos(&self) -> usize {
[INFO] [stdout]    |            ^^^^^^^
[INFO] [stdout] 
[INFO] [stdout] 
[INFO] [stdout] warning: variant is never constructed: `Not`
[INFO] [stdout]    --> src/lexer.rs:228:5
[INFO] [stdout]     |
[INFO] [stdout] 228 |     Not,
[INFO] [stdout]     |     ^^^
[INFO] [stdout] 
[INFO] [stdout] 
[INFO] [stdout] warning: variant is never constructed: `LitFloat`
[INFO] [stdout]    --> src/lexer.rs:240:5
[INFO] [stdout]     |
[INFO] [stdout] 240 |     LitFloat(f32),
[INFO] [stdout]     |     ^^^^^^^^^^^^^
[INFO] [stdout] 
[INFO] [stdout] 
[INFO] [stdout] warning: variant is never constructed: `LitByte`
[INFO] [stdout]    --> src/lexer.rs:241:5
[INFO] [stdout]     |
[INFO] [stdout] 241 |     LitByte(u8),
[INFO] [stdout]     |     ^^^^^^^^^^^
[INFO] [stdout] 
[INFO] [stdout] 
[INFO] [stdout] warning: associated function is never used: `new`
[INFO] [stdout]    --> src/lexer.rs:275:12
[INFO] [stdout]     |
[INFO] [stdout] 275 |     pub fn new(token_type: TokenType, lexem: Lexem, line: u32) -> Token {
[INFO] [stdout]     |            ^^^
[INFO] [stdout] 
[INFO] [stdout] 
[INFO] [stdout] warning: 11 warnings emitted
[INFO] [stdout] 
[INFO] [stdout] 
[INFO] [stderr]     Finished dev [unoptimized + debuginfo] target(s) in 14.16s
[INFO] running `Command { std: "docker" "inspect" "5c98329a01fa68f3dfa57fb969f4393bc4d3699056fcfbd9a5bc0bb509b0a5fb", kill_on_drop: false }`
[INFO] running `Command { std: "docker" "rm" "-f" "5c98329a01fa68f3dfa57fb969f4393bc4d3699056fcfbd9a5bc0bb509b0a5fb", kill_on_drop: false }`
[INFO] [stdout] 5c98329a01fa68f3dfa57fb969f4393bc4d3699056fcfbd9a5bc0bb509b0a5fb
[INFO] running `Command { std: "docker" "create" "-v" "/var/lib/crater-agent-workspace/builds/worker-13/target:/opt/rustwide/target:rw,Z" "-v" "/var/lib/crater-agent-workspace/builds/worker-13/source:/opt/rustwide/workdir:ro,Z" "-v" "/var/lib/crater-agent-workspace/cargo-home:/opt/rustwide/cargo-home:ro,Z" "-v" "/var/lib/crater-agent-workspace/rustup-home:/opt/rustwide/rustup-home:ro,Z" "-e" "SOURCE_DIR=/opt/rustwide/workdir" "-e" "CARGO_TARGET_DIR=/opt/rustwide/target" "-e" "CARGO_INCREMENTAL=0" "-e" "RUST_BACKTRACE=full" "-e" "RUSTFLAGS=--cap-lints=warn" "-e" "CARGO_HOME=/opt/rustwide/cargo-home" "-e" "RUSTUP_HOME=/opt/rustwide/rustup-home" "-w" "/opt/rustwide/workdir" "-m" "1610612736" "--user" "0:0" "--network" "none" "ghcr.io/rust-lang/crates-build-env/linux@sha256:34b6a614d2c27851fe6cbf88fbd1137609cefab8b10d0615aaeb6fd47975d74e" "/opt/rustwide/cargo-home/bin/cargo" "+1.54.0" "test" "--frozen" "--no-run" "--message-format=json", kill_on_drop: false }`
[INFO] [stdout] 36978e13b93c1fbd733083b62bff9122d29b3dd7fdf4557e13737dabbf6619dd
[INFO] running `Command { std: "docker" "start" "-a" "36978e13b93c1fbd733083b62bff9122d29b3dd7fdf4557e13737dabbf6619dd", kill_on_drop: false }`
[INFO] [stderr]    Compiling compiler v0.1.0 (/opt/rustwide/workdir)
[INFO] [stdout] warning: variant `error` should have an upper camel case name
[INFO] [stdout]  --> src/parser.rs:7:5
[INFO] [stdout]   |
[INFO] [stdout] 7 |     error,
[INFO] [stdout]   |     ^^^^^ help: convert the identifier to upper camel case: `Error`
[INFO] [stdout]   |
[INFO] [stdout]   = note: `#[warn(non_camel_case_types)]` on by default
[INFO] [stdout] 
[INFO] [stdout] 
[INFO] [stdout] warning: unused import: `Symbol`
[INFO] [stdout]   --> src/main.rs:10:20
[INFO] [stdout]    |
[INFO] [stdout] 10 | use lexer::{Lexer, Symbol};
[INFO] [stdout]    |                    ^^^^^^
[INFO] [stdout]    |
[INFO] [stdout]    = note: `#[warn(unused_imports)]` on by default
[INFO] [stdout] 
[INFO] [stdout] 
[INFO] [stdout] warning: unused imports: `ASTKind`, `AST`
[INFO] [stdout]   --> src/main.rs:11:11
[INFO] [stdout]    |
[INFO] [stdout] 11 | use ast::{AST, ASTKind};
[INFO] [stdout]    |           ^^^  ^^^^^^^
[INFO] [stdout] 
[INFO] [stdout] 
[INFO] [stdout] warning: panic message is not a string literal
[INFO] [stdout]   --> src/lib.rs:19:31
[INFO] [stdout]    |
[INFO] [stdout] 19 |     assert!(match_tok!(1, 1), true);
[INFO] [stdout]    |                               ^^^^
[INFO] [stdout]    |
[INFO] [stdout]    = note: `#[warn(non_fmt_panic)]` on by default
[INFO] [stdout]    = note: this is no longer accepted in Rust 2021
[INFO] [stdout] help: add a "{}" format string to Display the message
[INFO] [stdout]    |
[INFO] [stdout] 19 |     assert!(match_tok!(1, 1), "{}", true);
[INFO] [stdout]    |                               ^^^^^
[INFO] [stdout] 
[INFO] [stdout] 
[INFO] [stdout] warning: panic message is not a string literal
[INFO] [stdout]   --> src/lib.rs:20:45
[INFO] [stdout]    |
[INFO] [stdout] 20 |     assert!(match_tok!("string", "string"), true);
[INFO] [stdout]    |                                             ^^^^
[INFO] [stdout]    |
[INFO] [stdout]    = note: this is no longer accepted in Rust 2021
[INFO] [stdout] help: add a "{}" format string to Display the message
[INFO] [stdout]    |
[INFO] [stdout] 20 |     assert!(match_tok!("string", "string"), "{}", true);
[INFO] [stdout]    |                                             ^^^^^
[INFO] [stdout] 
[INFO] [stdout] 
[INFO] [stdout] warning: panic message is not a string literal
[INFO] [stdout]   --> src/lib.rs:25:38
[INFO] [stdout]    |
[INFO] [stdout] 25 |     assert!(match_tok!(true, false), false);
[INFO] [stdout]    |                                      ^^^^^
[INFO] [stdout]    |
[INFO] [stdout]    = note: this is no longer accepted in Rust 2021
[INFO] [stdout] help: add a "{}" format string to Display the message
[INFO] [stdout]    |
[INFO] [stdout] 25 |     assert!(match_tok!(true, false), "{}", false);
[INFO] [stdout]    |                                      ^^^^^
[INFO] [stdout] 
[INFO] [stdout] 
[INFO] [stdout] warning: associated function is never used: `print_ast`
[INFO] [stdout]   --> src/ast.rs:60:12
[INFO] [stdout]    |
[INFO] [stdout] 60 |     pub fn print_ast(&self) {
[INFO] [stdout]    |            ^^^^^^^^^
[INFO] [stdout]    |
[INFO] [stdout]    = note: `#[warn(dead_code)]` on by default
[INFO] [stdout] 
[INFO] [stdout] 
[INFO] [stdout] warning: variant is never constructed: `EOF`
[INFO] [stdout]  --> src/parser.rs:8:5
[INFO] [stdout]   |
[INFO] [stdout] 8 |     EOF,
[INFO] [stdout]   |     ^^^
[INFO] [stdout] 
[INFO] [stdout] 
[INFO] [stdout] warning: associated function is never used: `get_line`
[INFO] [stdout]   --> src/lexer.rs:20:12
[INFO] [stdout]    |
[INFO] [stdout] 20 |     pub fn get_line(&self) -> u32 {
[INFO] [stdout]    |            ^^^^^^^^
[INFO] [stdout] 
[INFO] [stdout] 
[INFO] [stdout] warning: associated function is never used: `get_pos`
[INFO] [stdout]   --> src/lexer.rs:24:12
[INFO] [stdout]    |
[INFO] [stdout] 24 |     pub fn get_pos(&self) -> usize {
[INFO] [stdout]    |            ^^^^^^^
[INFO] [stdout] 
[INFO] [stdout] 
[INFO] [stdout] warning: variant is never constructed: `Not`
[INFO] [stdout]    --> src/lexer.rs:228:5
[INFO] [stdout]     |
[INFO] [stdout] 228 |     Not,
[INFO] [stdout]     |     ^^^
[INFO] [stdout] 
[INFO] [stdout] 
[INFO] [stdout] warning: variant is never constructed: `LitFloat`
[INFO] [stdout]    --> src/lexer.rs:240:5
[INFO] [stdout]     |
[INFO] [stdout] 240 |     LitFloat(f32),
[INFO] [stdout]     |     ^^^^^^^^^^^^^
[INFO] [stdout] 
[INFO] [stdout] 
[INFO] [stdout] warning: variant is never constructed: `LitByte`
[INFO] [stdout]    --> src/lexer.rs:241:5
[INFO] [stdout]     |
[INFO] [stdout] 241 |     LitByte(u8),
[INFO] [stdout]     |     ^^^^^^^^^^^
[INFO] [stdout] 
[INFO] [stdout] 
[INFO] [stdout] warning: associated function is never used: `new`
[INFO] [stdout]    --> src/lexer.rs:275:12
[INFO] [stdout]     |
[INFO] [stdout] 275 |     pub fn new(token_type: TokenType, lexem: Lexem, line: u32) -> Token {
[INFO] [stdout]     |            ^^^
[INFO] [stdout] 
[INFO] [stdout] 
[INFO] [stdout] warning: 3 warnings emitted
[INFO] [stdout] 
[INFO] [stdout] 
[INFO] [stdout] warning: 11 warnings emitted
[INFO] [stdout] 
[INFO] [stdout] 
[INFO] [stderr]     Finished test [unoptimized + debuginfo] target(s) in 0.53s
[INFO] running `Command { std: "docker" "inspect" "36978e13b93c1fbd733083b62bff9122d29b3dd7fdf4557e13737dabbf6619dd", kill_on_drop: false }`
[INFO] running `Command { std: "docker" "rm" "-f" "36978e13b93c1fbd733083b62bff9122d29b3dd7fdf4557e13737dabbf6619dd", kill_on_drop: false }`
[INFO] [stdout] 36978e13b93c1fbd733083b62bff9122d29b3dd7fdf4557e13737dabbf6619dd
[INFO] running `Command { std: "docker" "create" "-v" "/var/lib/crater-agent-workspace/builds/worker-13/target:/opt/rustwide/target:rw,Z" "-v" "/var/lib/crater-agent-workspace/builds/worker-13/source:/opt/rustwide/workdir:ro,Z" "-v" "/var/lib/crater-agent-workspace/cargo-home:/opt/rustwide/cargo-home:ro,Z" "-v" "/var/lib/crater-agent-workspace/rustup-home:/opt/rustwide/rustup-home:ro,Z" "-e" "SOURCE_DIR=/opt/rustwide/workdir" "-e" "CARGO_TARGET_DIR=/opt/rustwide/target" "-e" "CARGO_INCREMENTAL=0" "-e" "RUST_BACKTRACE=full" "-e" "RUSTFLAGS=--cap-lints=warn" "-e" "CARGO_HOME=/opt/rustwide/cargo-home" "-e" "RUSTUP_HOME=/opt/rustwide/rustup-home" "-w" "/opt/rustwide/workdir" "-m" "1610612736" "--user" "0:0" "--network" "none" "ghcr.io/rust-lang/crates-build-env/linux@sha256:34b6a614d2c27851fe6cbf88fbd1137609cefab8b10d0615aaeb6fd47975d74e" "/opt/rustwide/cargo-home/bin/cargo" "+1.54.0" "test" "--frozen", kill_on_drop: false }`
[INFO] [stdout] d6e7ab35342bef9b6be9d8f58fdb8e95663d14703bc87da0916b36855dd55986
[INFO] running `Command { std: "docker" "start" "-a" "d6e7ab35342bef9b6be9d8f58fdb8e95663d14703bc87da0916b36855dd55986", kill_on_drop: false }`
[INFO] [stderr] warning: panic message is not a string literal
[INFO] [stderr]   --> src/lib.rs:19:31
[INFO] [stderr]    |
[INFO] [stderr] 19 |     assert!(match_tok!(1, 1), true);
[INFO] [stderr]    |                               ^^^^
[INFO] [stderr]    |
[INFO] [stderr]    = note: `#[warn(non_fmt_panic)]` on by default
[INFO] [stderr]    = note: this is no longer accepted in Rust 2021
[INFO] [stderr] help: add a "{}" format string to Display the message
[INFO] [stderr]    |
[INFO] [stderr] 19 |     assert!(match_tok!(1, 1), "{}", true);
[INFO] [stderr]    |                               ^^^^^
[INFO] [stderr] 
[INFO] [stderr] warning: panic message is not a string literal
[INFO] [stderr]   --> src/lib.rs:20:45
[INFO] [stderr]    |
[INFO] [stderr] 20 |     assert!(match_tok!("string", "string"), true);
[INFO] [stderr]    |                                             ^^^^
[INFO] [stderr]    |
[INFO] [stderr]    = note: this is no longer accepted in Rust 2021
[INFO] [stderr] help: add a "{}" format string to Display the message
[INFO] [stderr]    |
[INFO] [stderr] 20 |     assert!(match_tok!("string", "string"), "{}", true);
[INFO] [stderr]    |                                             ^^^^^
[INFO] [stderr] 
[INFO] [stderr] warning: panic message is not a string literal
[INFO] [stderr]   --> src/lib.rs:25:38
[INFO] [stderr]    |
[INFO] [stderr] 25 |     assert!(match_tok!(true, false), false);
[INFO] [stderr]    |                                      ^^^^^
[INFO] [stderr]    |
[INFO] [stderr]    = note: this is no longer accepted in Rust 2021
[INFO] [stderr] help: add a "{}" format string to Display the message
[INFO] [stderr]    |
[INFO] [stderr] 25 |     assert!(match_tok!(true, false), "{}", false);
[INFO] [stderr]    |                                      ^^^^^
[INFO] [stderr] 
[INFO] [stderr] warning: 3 warnings emitted
[INFO] [stderr] 
[INFO] [stderr] warning: variant `error` should have an upper camel case name
[INFO] [stderr]  --> src/parser.rs:7:5
[INFO] [stderr]   |
[INFO] [stderr] 7 |     error,
[INFO] [stderr]   |     ^^^^^ help: convert the identifier to upper camel case: `Error`
[INFO] [stderr]   |
[INFO] [stderr]   = note: `#[warn(non_camel_case_types)]` on by default
[INFO] [stderr] 
[INFO] [stderr] warning: unused import: `Symbol`
[INFO] [stderr]   --> src/main.rs:10:20
[INFO] [stderr]    |
[INFO] [stderr] 10 | use lexer::{Lexer, Symbol};
[INFO] [stderr]    |                    ^^^^^^
[INFO] [stderr]    |
[INFO] [stderr]    = note: `#[warn(unused_imports)]` on by default
[INFO] [stderr] 
[INFO] [stderr] warning: unused imports: `ASTKind`, `AST`
[INFO] [stderr]   --> src/main.rs:11:11
[INFO] [stderr]    |
[INFO] [stderr] 11 | use ast::{AST, ASTKind};
[INFO] [stderr]    |           ^^^  ^^^^^^^
[INFO] [stderr] 
[INFO] [stderr] warning: associated function is never used: `print_ast`
[INFO] [stderr]   --> src/ast.rs:60:12
[INFO] [stderr]    |
[INFO] [stderr] 60 |     pub fn print_ast(&self) {
[INFO] [stderr]    |            ^^^^^^^^^
[INFO] [stderr]    |
[INFO] [stderr]    = note: `#[warn(dead_code)]` on by default
[INFO] [stderr] 
[INFO] [stderr] warning: variant is never constructed: `EOF`
[INFO] [stderr]  --> src/parser.rs:8:5
[INFO] [stderr]   |
[INFO] [stderr] 8 |     EOF,
[INFO] [stderr]   |     ^^^
[INFO] [stderr] 
[INFO] [stderr] warning: associated function is never used: `get_line`
[INFO] [stderr]   --> src/lexer.rs:20:12
[INFO] [stderr]    |
[INFO] [stderr] 20 |     pub fn get_line(&self) -> u32 {
[INFO] [stderr]    |            ^^^^^^^^
[INFO] [stderr] 
[INFO] [stderr] warning: associated function is never used: `get_pos`
[INFO] [stderr]   --> src/lexer.rs:24:12
[INFO] [stderr]    |
[INFO] [stderr] 24 |     pub fn get_pos(&self) -> usize {
[INFO] [stderr]    |            ^^^^^^^
[INFO] [stderr] 
[INFO] [stderr] warning: variant is never constructed: `Not`
[INFO] [stderr]    --> src/lexer.rs:228:5
[INFO] [stderr]     |
[INFO] [stderr] 228 |     Not,
[INFO] [stderr]     |     ^^^
[INFO] [stderr] 
[INFO] [stderr] warning: variant is never constructed: `LitFloat`
[INFO] [stderr]    --> src/lexer.rs:240:5
[INFO] [stderr]     |
[INFO] [stderr] 240 |     LitFloat(f32),
[INFO] [stderr]     |     ^^^^^^^^^^^^^
[INFO] [stderr] 
[INFO] [stderr] warning: variant is never constructed: `LitByte`
[INFO] [stderr]    --> src/lexer.rs:241:5
[INFO] [stderr]     |
[INFO] [stderr] 241 |     LitByte(u8),
[INFO] [stderr]     |     ^^^^^^^^^^^
[INFO] [stderr] 
[INFO] [stderr] warning: associated function is never used: `new`
[INFO] [stderr]    --> src/lexer.rs:275:12
[INFO] [stderr]     |
[INFO] [stderr] 275 |     pub fn new(token_type: TokenType, lexem: Lexem, line: u32) -> Token {
[INFO] [stderr]     |            ^^^
[INFO] [stderr] 
[INFO] [stderr] warning: 11 warnings emitted
[INFO] [stderr] 
[INFO] [stderr]     Finished test [unoptimized + debuginfo] target(s) in 0.03s
[INFO] [stdout] 
[INFO] [stderr]      Running unittests (/opt/rustwide/target/debug/deps/compiler-4423de42378a5d34)
[INFO] [stdout] running 2 tests
[INFO] [stdout] test true_test ... ok
[INFO] [stderr] error: test failed, to rerun pass '--lib'
[INFO] [stdout] test false_test ... FAILED
[INFO] [stdout] 
[INFO] [stdout] failures:
[INFO] [stdout] 
[INFO] [stdout] ---- false_test stdout ----
[INFO] [stdout] thread 'false_test' panicked at 'Box<dyn Any>', src/lib.rs:25:5
[INFO] [stdout] stack backtrace:
[INFO] [stdout]    0:     0x5646891eb6c0 - std::backtrace_rs::backtrace::libunwind::trace::h34055254b57d8e79
[INFO] [stdout]                                at /rustc/a178d0322ce20e33eac124758e837cbd80a6f633/library/std/src/../../backtrace/src/backtrace/libunwind.rs:90:5
[INFO] [stdout]    1:     0x5646891eb6c0 - std::backtrace_rs::backtrace::trace_unsynchronized::h8f1e3fbd9afff6ec
[INFO] [stdout]                                at /rustc/a178d0322ce20e33eac124758e837cbd80a6f633/library/std/src/../../backtrace/src/backtrace/mod.rs:66:5
[INFO] [stdout]    2:     0x5646891eb6c0 - std::sys_common::backtrace::_print_fmt::h3a99a796b770c360
[INFO] [stdout]                                at /rustc/a178d0322ce20e33eac124758e837cbd80a6f633/library/std/src/sys_common/backtrace.rs:67:5
[INFO] [stdout]    3:     0x5646891eb6c0 - <std::sys_common::backtrace::_print::DisplayBacktrace as core::fmt::Display>::fmt::h32d1f94a80615d18
[INFO] [stdout]                                at /rustc/a178d0322ce20e33eac124758e837cbd80a6f633/library/std/src/sys_common/backtrace.rs:46:22
[INFO] [stdout]    4:     0x56468920debc - core::fmt::write::h306731c068f7162c
[INFO] [stdout]                                at /rustc/a178d0322ce20e33eac124758e837cbd80a6f633/library/core/src/fmt/mod.rs:1110:17
[INFO] [stdout]    5:     0x5646891e85e5 - std::io::Write::write_fmt::h87f19b0a2cd190bc
[INFO] [stdout]                                at /rustc/a178d0322ce20e33eac124758e837cbd80a6f633/library/std/src/io/mod.rs:1588:15
[INFO] [stdout]    6:     0x5646891ed82b - std::sys_common::backtrace::_print::h5abaa2601a852287
[INFO] [stdout]                                at /rustc/a178d0322ce20e33eac124758e837cbd80a6f633/library/std/src/sys_common/backtrace.rs:49:5
[INFO] [stdout]    7:     0x5646891ed82b - std::sys_common::backtrace::print::h8d81445442bb638f
[INFO] [stdout]                                at /rustc/a178d0322ce20e33eac124758e837cbd80a6f633/library/std/src/sys_common/backtrace.rs:36:9
[INFO] [stdout]    8:     0x5646891ed82b - std::panicking::default_hook::{{closure}}::hcfe804496a9fa747
[INFO] [stdout]                                at /rustc/a178d0322ce20e33eac124758e837cbd80a6f633/library/std/src/panicking.rs:208:50
[INFO] [stdout]    9:     0x5646891ed33c - std::panicking::default_hook::hbea8e3ccf2ba8901
[INFO] [stdout]                                at /rustc/a178d0322ce20e33eac124758e837cbd80a6f633/library/std/src/panicking.rs:222:9
[INFO] [stdout]   10:     0x5646891edef4 - std::panicking::rust_panic_with_hook::h7ee9e1a2d0f8975a
[INFO] [stdout]                                at /rustc/a178d0322ce20e33eac124758e837cbd80a6f633/library/std/src/panicking.rs:622:17
[INFO] [stdout]   11:     0x564689199f10 - std::panicking::begin_panic::{{closure}}::h74fa225144ebb5dc
[INFO] [stdout]                                at /rustc/a178d0322ce20e33eac124758e837cbd80a6f633/library/std/src/panicking.rs:542:9
[INFO] [stdout]   12:     0x564689199a20 - std::sys_common::backtrace::__rust_end_short_backtrace::h04583a722ba344cc
[INFO] [stdout]                                at /rustc/a178d0322ce20e33eac124758e837cbd80a6f633/library/std/src/sys_common/backtrace.rs:141:18
[INFO] [stdout]   13:     0x564689199e56 - std::panicking::begin_panic::h8da80b1c7dd8ba6e
[INFO] [stdout]                                at /rustc/a178d0322ce20e33eac124758e837cbd80a6f633/library/std/src/panicking.rs:541:12
[INFO] [stdout]   14:     0x564689199da9 - compiler::false_test::hf96b15b3684bb23f
[INFO] [stdout]                                at /opt/rustwide/workdir/src/lib.rs:25:5
[INFO] [stdout]   15:     0x564689199d7a - compiler::false_test::{{closure}}::h1313e5e505f661e8
[INFO] [stdout]                                at /opt/rustwide/workdir/src/lib.rs:23:1
[INFO] [stdout]   16:     0x56468919980e - core::ops::function::FnOnce::call_once::h03623b4f0b9d608f
[INFO] [stdout]                                at /rustc/a178d0322ce20e33eac124758e837cbd80a6f633/library/core/src/ops/function.rs:227:5
[INFO] [stdout]   17:     0x5646891c2bc3 - core::ops::function::FnOnce::call_once::h152e7e439ff59e19
[INFO] [stdout]                                at /rustc/a178d0322ce20e33eac124758e837cbd80a6f633/library/core/src/ops/function.rs:227:5
[INFO] [stdout]   18:     0x5646891c2bc3 - test::__rust_begin_short_backtrace::h0908f3b1fdbb72ab
[INFO] [stdout]                                at /rustc/a178d0322ce20e33eac124758e837cbd80a6f633/library/test/src/lib.rs:577:5
[INFO] [stdout]   19:     0x5646891c1680 - <alloc::boxed::Box<F,A> as core::ops::function::FnOnce<Args>>::call_once::hf6d2a51e5587546c
[INFO] [stdout]                                at /rustc/a178d0322ce20e33eac124758e837cbd80a6f633/library/alloc/src/boxed.rs:1575:9
[INFO] [stdout]   20:     0x5646891c1680 - <std::panic::AssertUnwindSafe<F> as core::ops::function::FnOnce<()>>::call_once::h8af660f3a89ef593
[INFO] [stdout]                                at /rustc/a178d0322ce20e33eac124758e837cbd80a6f633/library/std/src/panic.rs:347:9
[INFO] [stdout]   21:     0x5646891c1680 - std::panicking::try::do_call::hd36aef60f84b6d36
[INFO] [stdout]                                at /rustc/a178d0322ce20e33eac124758e837cbd80a6f633/library/std/src/panicking.rs:401:40
[INFO] [stdout]   22:     0x5646891c1680 - std::panicking::try::h9932b4480e69817c
[INFO] [stdout]                                at /rustc/a178d0322ce20e33eac124758e837cbd80a6f633/library/std/src/panicking.rs:365:19
[INFO] [stdout]   23:     0x5646891c1680 - std::panic::catch_unwind::h6aa177099cfff5f8
[INFO] [stdout]                                at /rustc/a178d0322ce20e33eac124758e837cbd80a6f633/library/std/src/panic.rs:434:14
[INFO] [stdout]   24:     0x5646891c1680 - test::run_test_in_process::h5884d6f2d99e20c3
[INFO] [stdout]                                at /rustc/a178d0322ce20e33eac124758e837cbd80a6f633/library/test/src/lib.rs:600:18
[INFO] [stdout]   25:     0x5646891c1680 - test::run_test::run_test_inner::{{closure}}::h6fdc58c6d5f5b6e3
[INFO] [stdout]                                at /rustc/a178d0322ce20e33eac124758e837cbd80a6f633/library/test/src/lib.rs:492:39
[INFO] [stdout]   26:     0x56468919ad32 - test::run_test::run_test_inner::{{closure}}::h408365d67a78ade8
[INFO] [stdout]                                at /rustc/a178d0322ce20e33eac124758e837cbd80a6f633/library/test/src/lib.rs:519:37
[INFO] [stdout]   27:     0x56468919ad32 - std::sys_common::backtrace::__rust_begin_short_backtrace::hb560b77c4f701523
[INFO] [stdout]                                at /rustc/a178d0322ce20e33eac124758e837cbd80a6f633/library/std/src/sys_common/backtrace.rs:125:18
[INFO] [stdout]   28:     0x56468919e8e8 - std::thread::Builder::spawn_unchecked::{{closure}}::{{closure}}::hf2e7831dad93c597
[INFO] [stdout]                                at /rustc/a178d0322ce20e33eac124758e837cbd80a6f633/library/std/src/thread/mod.rs:481:17
[INFO] [stdout]   29:     0x56468919e8e8 - <std::panic::AssertUnwindSafe<F> as core::ops::function::FnOnce<()>>::call_once::hd2e08783d8be4d02
[INFO] [stdout]                                at /rustc/a178d0322ce20e33eac124758e837cbd80a6f633/library/std/src/panic.rs:347:9
[INFO] [stdout]   30:     0x56468919e8e8 - std::panicking::try::do_call::h062597b7acfd6b82
[INFO] [stdout]                                at /rustc/a178d0322ce20e33eac124758e837cbd80a6f633/library/std/src/panicking.rs:401:40
[INFO] [stdout]   31:     0x56468919e8e8 - std::panicking::try::h0d7b79db04c14552
[INFO] [stdout]                                at /rustc/a178d0322ce20e33eac124758e837cbd80a6f633/library/std/src/panicking.rs:365:19
[INFO] [stdout]   32:     0x56468919e8e8 - std::panic::catch_unwind::hb01a0b5e7c8cd43b
[INFO] [stdout]                                at /rustc/a178d0322ce20e33eac124758e837cbd80a6f633/library/std/src/panic.rs:434:14
[INFO] [stdout]   33:     0x56468919e8e8 - std::thread::Builder::spawn_unchecked::{{closure}}::h5bde48cc887e0d1e
[INFO] [stdout]                                at /rustc/a178d0322ce20e33eac124758e837cbd80a6f633/library/std/src/thread/mod.rs:480:30
[INFO] [stdout]   34:     0x56468919e8e8 - core::ops::function::FnOnce::call_once{{vtable.shim}}::h745ea30807a29e55
[INFO] [stdout]                                at /rustc/a178d0322ce20e33eac124758e837cbd80a6f633/library/core/src/ops/function.rs:227:5
[INFO] [stdout]   35:     0x5646891f29b7 - <alloc::boxed::Box<F,A> as core::ops::function::FnOnce<Args>>::call_once::h7ece6cfefaff1005
[INFO] [stdout]                                at /rustc/a178d0322ce20e33eac124758e837cbd80a6f633/library/alloc/src/boxed.rs:1575:9
[INFO] [stdout]   36:     0x5646891f29b7 - <alloc::boxed::Box<F,A> as core::ops::function::FnOnce<Args>>::call_once::hb8b48e55c21f193e
[INFO] [stdout]                                at /rustc/a178d0322ce20e33eac124758e837cbd80a6f633/library/alloc/src/boxed.rs:1575:9
[INFO] [stdout]   37:     0x5646891f29b7 - std::sys::unix::thread::Thread::new::thread_start::h8c7c4450dba62914
[INFO] [stdout]                                at /rustc/a178d0322ce20e33eac124758e837cbd80a6f633/library/std/src/sys/unix/thread.rs:71:17
[INFO] [stdout]   38:     0x7f0c15c0e609 - start_thread
[INFO] [stdout]   39:     0x7f0c159e0293 - clone
[INFO] [stdout]   40:                0x0 - <unknown>
[INFO] [stdout] 
[INFO] [stdout] 
[INFO] [stdout] failures:
[INFO] [stdout]     false_test
[INFO] [stdout] 
[INFO] [stdout] test result: FAILED. 1 passed; 1 failed; 0 ignored; 0 measured; 0 filtered out; finished in 0.02s
[INFO] [stdout] 
[INFO] running `Command { std: "docker" "inspect" "d6e7ab35342bef9b6be9d8f58fdb8e95663d14703bc87da0916b36855dd55986", kill_on_drop: false }`
[INFO] running `Command { std: "docker" "rm" "-f" "d6e7ab35342bef9b6be9d8f58fdb8e95663d14703bc87da0916b36855dd55986", kill_on_drop: false }`
[INFO] [stdout] d6e7ab35342bef9b6be9d8f58fdb8e95663d14703bc87da0916b36855dd55986
